
--
-- Table structure for table `snapshots`
--

CREATE TABLE `snapshots` (
  `id` int(11) NOT NULL AUTO_INCREMENT,
  `created_at` datetime DEFAULT NULL,
  `project_id` int(11) NOT NULL,
  `parent_snapshot_id` int(11) DEFAULT NULL,
  `status` varchar(4) COLLATE utf8_bin NOT NULL DEFAULT 'U',
  `islast` tinyint(1) NOT NULL DEFAULT '0',
  `scope` varchar(3) COLLATE utf8_bin DEFAULT NULL,
  `qualifier` varchar(10) COLLATE utf8_bin DEFAULT NULL,
  `root_snapshot_id` int(11) DEFAULT NULL,
  `version` varchar(500) COLLATE utf8_bin DEFAULT NULL,
  `path` varchar(500) COLLATE utf8_bin DEFAULT NULL,
  `depth` int(11) DEFAULT NULL,
  `root_project_id` int(11) DEFAULT NULL,
  `period1_mode` varchar(100) COLLATE utf8_bin DEFAULT NULL,
  `period1_param` varchar(100) COLLATE utf8_bin DEFAULT NULL,
  `period1_date` datetime DEFAULT NULL,
  `period2_mode` varchar(100) COLLATE utf8_bin DEFAULT NULL,
  `period2_param` varchar(100) COLLATE utf8_bin DEFAULT NULL,
  `period2_date` datetime DEFAULT NULL,
  `period3_mode` varchar(100) COLLATE utf8_bin DEFAULT NULL,
  `period3_param` varchar(100) COLLATE utf8_bin DEFAULT NULL,
  `period3_date` datetime DEFAULT NULL,
  `period4_mode` varchar(100) COLLATE utf8_bin DEFAULT NULL,
  `period4_param` varchar(100) COLLATE utf8_bin DEFAULT NULL,
  `period4_date` datetime DEFAULT NULL,
  `period5_mode` varchar(100) COLLATE utf8_bin DEFAULT NULL,
  `period5_param` varchar(100) COLLATE utf8_bin DEFAULT NULL,
  `period5_date` datetime DEFAULT NULL,
  `build_date` datetime DEFAULT NULL,
  `purge_status` int(11) DEFAULT NULL,
  PRIMARY KEY (`id`),
  KEY `snapshot_project_id` (`project_id`),
  KEY `snapshots_parent` (`parent_snapshot_id`),
  KEY `snapshots_root` (`root_snapshot_id`),
  KEY `snapshots_qualifier` (`qualifier`),
  KEY `snapshots_root_project_id` (`root_project_id`)
) ENGINE=InnoDB AUTO_INCREMENT=5744 DEFAULT CHARSET=utf8 COLLATE=utf8_bin;

--
-- Dumping data for table `snapshots`
--

INSERT INTO `snapshots` VALUES (1,'2015-04-06 11:22:18',1,NULL,'P',0,'PRJ','TRK',NULL,'1.0.1b-SNAPSHOT','',0,1,NULL,NULL,NULL,NULL,NULL,NULL,NULL,NULL,NULL,NULL,NULL,NULL,NULL,NULL,NULL,'2015-04-06 11:22:18',1),(157,'2015-04-06 11:22:18',157,NULL,'P',0,'PRJ','LIB',NULL,'4.11','',0,157,NULL,NULL,NULL,NULL,NULL,NULL,NULL,NULL,NULL,NULL,NULL,NULL,NULL,NULL,NULL,'2015-04-06 11:22:30',NULL),(158,'2015-04-06 11:22:18',158,NULL,'P',0,'PRJ','LIB',NULL,'1.3','',0,158,NULL,NULL,NULL,NULL,NULL,NULL,NULL,NULL,NULL,NULL,NULL,NULL,NULL,NULL,NULL,'2015-04-06 11:22:30',NULL),(159,'2015-04-06 11:22:18',159,NULL,'P',0,'PRJ','LIB',NULL,'3.1.1','',0,159,NULL,NULL,NULL,NULL,NULL,NULL,NULL,NULL,NULL,NULL,NULL,NULL,NULL,NULL,NULL,'2015-04-06 11:22:30',NULL),(160,'2015-04-06 11:22:18',160,NULL,'P',0,'PRJ','LIB',NULL,'20090211','',0,160,NULL,NULL,NULL,NULL,NULL,NULL,NULL,NULL,NULL,NULL,NULL,NULL,NULL,NULL,NULL,'2015-04-06 11:22:30',NULL),(161,'2015-04-06 11:22:18',161,NULL,'P',0,'PRJ','LIB',NULL,'2.6.1','',0,161,NULL,NULL,NULL,NULL,NULL,NULL,NULL,NULL,NULL,NULL,NULL,NULL,NULL,NULL,NULL,'2015-04-06 11:22:30',NULL),(162,'2015-04-06 11:22:18',162,NULL,'P',0,'PRJ','LIB',NULL,'2.6.1','',0,162,NULL,NULL,NULL,NULL,NULL,NULL,NULL,NULL,NULL,NULL,NULL,NULL,NULL,NULL,NULL,'2015-04-06 11:22:30',NULL),(163,'2015-04-06 11:22:18',163,NULL,'P',0,'PRJ','LIB',NULL,'2.6.1','',0,163,NULL,NULL,NULL,NULL,NULL,NULL,NULL,NULL,NULL,NULL,NULL,NULL,NULL,NULL,NULL,'2015-04-06 11:22:30',NULL),(164,'2015-04-06 11:22:18',164,NULL,'P',0,'PRJ','LIB',NULL,'2.6.1','',0,164,NULL,NULL,NULL,NULL,NULL,NULL,NULL,NULL,NULL,NULL,NULL,NULL,NULL,NULL,NULL,'2015-04-06 11:22:30',NULL),(165,'2015-04-06 11:22:18',165,NULL,'P',0,'PRJ','LIB',NULL,'2.6.1','',0,165,NULL,NULL,NULL,NULL,NULL,NULL,NULL,NULL,NULL,NULL,NULL,NULL,NULL,NULL,NULL,'2015-04-06 11:22:30',NULL),(166,'2015-04-06 11:22:18',166,NULL,'P',0,'PRJ','LIB',NULL,'1.0','',0,166,NULL,NULL,NULL,NULL,NULL,NULL,NULL,NULL,NULL,NULL,NULL,NULL,NULL,NULL,NULL,'2015-04-06 11:22:30',NULL),(167,'2015-04-06 11:22:18',167,NULL,'P',0,'PRJ','LIB',NULL,'1.5.0','',0,167,NULL,NULL,NULL,NULL,NULL,NULL,NULL,NULL,NULL,NULL,NULL,NULL,NULL,NULL,NULL,'2015-04-06 11:22:30',NULL),(168,'2015-04-06 11:22:18',168,NULL,'P',0,'PRJ','LIB',NULL,'3.0','',0,168,NULL,NULL,NULL,NULL,NULL,NULL,NULL,NULL,NULL,NULL,NULL,NULL,NULL,NULL,NULL,'2015-04-06 11:22:30',NULL),(169,'2015-04-06 11:22:18',169,NULL,'P',0,'PRJ','LIB',NULL,'1','',0,169,NULL,NULL,NULL,NULL,NULL,NULL,NULL,NULL,NULL,NULL,NULL,NULL,NULL,NULL,NULL,'2015-04-06 11:22:30',NULL),(170,'2015-04-06 11:22:18',170,NULL,'P',0,'PRJ','LIB',NULL,'3.0','',0,170,NULL,NULL,NULL,NULL,NULL,NULL,NULL,NULL,NULL,NULL,NULL,NULL,NULL,NULL,NULL,'2015-04-06 11:22:30',NULL),(171,'2015-04-06 11:22:18',171,NULL,'P',0,'PRJ','LIB',NULL,'3.0','',0,171,NULL,NULL,NULL,NULL,NULL,NULL,NULL,NULL,NULL,NULL,NULL,NULL,NULL,NULL,NULL,'2015-04-06 11:22:30',NULL),(172,'2015-04-06 11:22:18',172,NULL,'P',0,'PRJ','LIB',NULL,'4.1.0.Final','',0,172,NULL,NULL,NULL,NULL,NULL,NULL,NULL,NULL,NULL,NULL,NULL,NULL,NULL,NULL,NULL,'2015-04-06 11:22:30',NULL),(173,'2015-04-06 11:22:18',173,NULL,'P',0,'PRJ','LIB',NULL,'1.0.0.GA','',0,173,NULL,NULL,NULL,NULL,NULL,NULL,NULL,NULL,NULL,NULL,NULL,NULL,NULL,NULL,NULL,'2015-04-06 11:22:30',NULL),(174,'2015-04-06 11:22:18',174,NULL,'P',0,'PRJ','LIB',NULL,'1.7.7','',0,174,NULL,NULL,NULL,NULL,NULL,NULL,NULL,NULL,NULL,NULL,NULL,NULL,NULL,NULL,NULL,'2015-04-06 11:22:30',NULL),(175,'2015-04-06 11:22:18',175,NULL,'P',0,'PRJ','LIB',NULL,'1.7.7','',0,175,NULL,NULL,NULL,NULL,NULL,NULL,NULL,NULL,NULL,NULL,NULL,NULL,NULL,NULL,NULL,'2015-04-06 11:22:30',NULL),(176,'2015-04-06 11:22:18',176,NULL,'P',0,'PRJ','LIB',NULL,'1.2.17','',0,176,NULL,NULL,NULL,NULL,NULL,NULL,NULL,NULL,NULL,NULL,NULL,NULL,NULL,NULL,NULL,'2015-04-06 11:22:30',NULL),(177,'2015-04-06 11:22:18',177,NULL,'P',0,'PRJ','LIB',NULL,'1.3.1','',0,177,NULL,NULL,NULL,NULL,NULL,NULL,NULL,NULL,NULL,NULL,NULL,NULL,NULL,NULL,NULL,'2015-04-06 11:22:30',NULL),(178,'2015-04-06 11:22:18',178,NULL,'P',0,'PRJ','LIB',NULL,'2.4','',0,178,NULL,NULL,NULL,NULL,NULL,NULL,NULL,NULL,NULL,NULL,NULL,NULL,NULL,NULL,NULL,'2015-04-06 11:22:30',NULL),(179,'2015-04-06 11:22:18',179,NULL,'P',0,'PRJ','LIB',NULL,'3.0.4a','',0,179,NULL,NULL,NULL,NULL,NULL,NULL,NULL,NULL,NULL,NULL,NULL,NULL,NULL,NULL,NULL,'2015-04-06 11:22:30',NULL),(180,'2015-04-06 11:22:18',180,NULL,'P',0,'PRJ','LIB',NULL,'3.0.4a','',0,180,NULL,NULL,NULL,NULL,NULL,NULL,NULL,NULL,NULL,NULL,NULL,NULL,NULL,NULL,NULL,'2015-04-06 11:22:30',NULL),(181,'2015-04-06 11:22:18',181,NULL,'P',0,'PRJ','LIB',NULL,'3.0.4a','',0,181,NULL,NULL,NULL,NULL,NULL,NULL,NULL,NULL,NULL,NULL,NULL,NULL,NULL,NULL,NULL,'2015-04-06 11:22:30',NULL),(182,'2015-04-06 11:22:18',182,NULL,'P',0,'PRJ','LIB',NULL,'3.0.4a','',0,182,NULL,NULL,NULL,NULL,NULL,NULL,NULL,NULL,NULL,NULL,NULL,NULL,NULL,NULL,NULL,'2015-04-06 11:22:30',NULL),(183,'2015-04-06 11:22:18',183,NULL,'P',0,'PRJ','LIB',NULL,'1.2.14','',0,183,NULL,NULL,NULL,NULL,NULL,NULL,NULL,NULL,NULL,NULL,NULL,NULL,NULL,NULL,NULL,'2015-04-06 11:22:30',NULL),(184,'2015-04-06 11:22:18',184,NULL,'P',0,'PRJ','LIB',NULL,'1.1','',0,184,NULL,NULL,NULL,NULL,NULL,NULL,NULL,NULL,NULL,NULL,NULL,NULL,NULL,NULL,NULL,'2015-04-06 11:22:30',NULL),(185,'2015-04-06 11:22:18',185,NULL,'P',0,'PRJ','LIB',NULL,'1.7.1','',0,185,NULL,NULL,NULL,NULL,NULL,NULL,NULL,NULL,NULL,NULL,NULL,NULL,NULL,NULL,NULL,'2015-04-06 11:22:30',NULL),(186,'2015-04-06 11:22:18',186,NULL,'P',0,'PRJ','LIB',NULL,'1.1.1','',0,186,NULL,NULL,NULL,NULL,NULL,NULL,NULL,NULL,NULL,NULL,NULL,NULL,NULL,NULL,NULL,'2015-04-06 11:22:30',NULL),(187,'2015-04-06 11:22:18',187,NULL,'P',0,'PRJ','LIB',NULL,'1.1.4','',0,187,NULL,NULL,NULL,NULL,NULL,NULL,NULL,NULL,NULL,NULL,NULL,NULL,NULL,NULL,NULL,'2015-04-06 11:22:30',NULL),(188,'2015-04-06 11:22:18',188,NULL,'P',0,'PRJ','LIB',NULL,'1.0.1','',0,188,NULL,NULL,NULL,NULL,NULL,NULL,NULL,NULL,NULL,NULL,NULL,NULL,NULL,NULL,NULL,'2015-04-06 11:22:30',NULL),(189,'2015-04-06 11:22:18',189,NULL,'P',0,'PRJ','LIB',NULL,'0.7.2','',0,189,NULL,NULL,NULL,NULL,NULL,NULL,NULL,NULL,NULL,NULL,NULL,NULL,NULL,NULL,NULL,'2015-04-06 11:22:30',NULL),(190,'2015-04-06 11:22:18',190,NULL,'P',0,'PRJ','LIB',NULL,'4.1.4','',0,190,NULL,NULL,NULL,NULL,NULL,NULL,NULL,NULL,NULL,NULL,NULL,NULL,NULL,NULL,NULL,'2015-04-06 11:22:30',NULL),(191,'2015-04-06 11:22:18',191,NULL,'P',0,'PRJ','LIB',NULL,'3.1.1','',0,191,NULL,NULL,NULL,NULL,NULL,NULL,NULL,NULL,NULL,NULL,NULL,NULL,NULL,NULL,NULL,'2015-04-06 11:22:30',NULL),(192,'2015-04-06 11:22:18',192,NULL,'P',0,'PRJ','LIB',NULL,'1.2.14','',0,192,NULL,NULL,NULL,NULL,NULL,NULL,NULL,NULL,NULL,NULL,NULL,NULL,NULL,NULL,NULL,'2015-04-06 11:22:30',NULL),(193,'2015-04-06 11:22:18',193,NULL,'P',0,'PRJ','LIB',NULL,'1.2.10','',0,193,NULL,NULL,NULL,NULL,NULL,NULL,NULL,NULL,NULL,NULL,NULL,NULL,NULL,NULL,NULL,'2015-04-06 11:22:30',NULL),(194,'2015-04-06 11:22:18',194,NULL,'P',0,'PRJ','LIB',NULL,'3.2.9','',0,194,NULL,NULL,NULL,NULL,NULL,NULL,NULL,NULL,NULL,NULL,NULL,NULL,NULL,NULL,NULL,'2015-04-06 11:22:30',NULL),(195,'2015-04-06 13:17:55',195,NULL,'P',1,'PRJ','TRK',NULL,'3.0.4a-SNAPSHOT','',0,195,NULL,NULL,NULL,NULL,NULL,NULL,NULL,NULL,NULL,NULL,NULL,NULL,NULL,NULL,NULL,'2015-04-06 13:17:56',NULL),(196,'2015-04-06 13:17:55',196,195,'P',1,'DIR','DIR',195,NULL,'195.',1,195,NULL,NULL,NULL,NULL,NULL,NULL,NULL,NULL,NULL,NULL,NULL,NULL,NULL,NULL,NULL,'2015-04-06 13:17:58',NULL),(197,'2015-04-06 13:17:55',197,196,'P',1,'FIL','FIL',195,NULL,'195.196.',2,195,NULL,NULL,NULL,NULL,NULL,NULL,NULL,NULL,NULL,NULL,NULL,NULL,NULL,NULL,NULL,'2015-04-06 13:17:58',NULL),(198,'2015-04-06 13:17:55',198,196,'P',1,'FIL','FIL',195,NULL,'195.196.',2,195,NULL,NULL,NULL,NULL,NULL,NULL,NULL,NULL,NULL,NULL,NULL,NULL,NULL,NULL,NULL,'2015-04-06 13:17:58',NULL),(199,'2015-04-06 13:17:55',199,196,'P',1,'FIL','FIL',195,NULL,'195.196.',2,195,NULL,NULL,NULL,NULL,NULL,NULL,NULL,NULL,NULL,NULL,NULL,NULL,NULL,NULL,NULL,'2015-04-06 13:17:58',NULL),(200,'2015-04-06 13:17:55',200,195,'P',1,'DIR','DIR',195,NULL,'195.',1,195,NULL,NULL,NULL,NULL,NULL,NULL,NULL,NULL,NULL,NULL,NULL,NULL,NULL,NULL,NULL,'2015-04-06 13:17:58',NULL),(201,'2015-04-06 13:17:55',201,200,'P',1,'FIL','FIL',195,NULL,'195.200.',2,195,NULL,NULL,NULL,NULL,NULL,NULL,NULL,NULL,NULL,NULL,NULL,NULL,NULL,NULL,NULL,'2015-04-06 13:17:58',NULL),(202,'2015-04-06 13:17:55',202,200,'P',1,'FIL','FIL',195,NULL,'195.200.',2,195,NULL,NULL,NULL,NULL,NULL,NULL,NULL,NULL,NULL,NULL,NULL,NULL,NULL,NULL,NULL,'2015-04-06 13:17:58',NULL),(203,'2015-04-06 13:17:55',203,200,'P',1,'FIL','FIL',195,NULL,'195.200.',2,195,NULL,NULL,NULL,NULL,NULL,NULL,NULL,NULL,NULL,NULL,NULL,NULL,NULL,NULL,NULL,'2015-04-06 13:17:58',NULL),(204,'2015-04-06 13:17:55',204,195,'P',1,'DIR','DIR',195,NULL,'195.',1,195,NULL,NULL,NULL,NULL,NULL,NULL,NULL,NULL,NULL,NULL,NULL,NULL,NULL,NULL,NULL,'2015-04-06 13:17:58',NULL),(205,'2015-04-06 13:17:55',205,204,'P',1,'FIL','FIL',195,NULL,'195.204.',2,195,NULL,NULL,NULL,NULL,NULL,NULL,NULL,NULL,NULL,NULL,NULL,NULL,NULL,NULL,NULL,'2015-04-06 13:17:58',NULL),(206,'2015-04-06 13:17:55',206,204,'P',1,'FIL','FIL',195,NULL,'195.204.',2,195,NULL,NULL,NULL,NULL,NULL,NULL,NULL,NULL,NULL,NULL,NULL,NULL,NULL,NULL,NULL,'2015-04-06 13:17:58',NULL),(207,'2015-04-06 13:17:55',207,195,'P',1,'DIR','DIR',195,NULL,'195.',1,195,NULL,NULL,NULL,NULL,NULL,NULL,NULL,NULL,NULL,NULL,NULL,NULL,NULL,NULL,NULL,'2015-04-06 13:17:58',NULL),(208,'2015-04-06 13:17:55',208,207,'P',1,'FIL','FIL',195,NULL,'195.207.',2,195,NULL,NULL,NULL,NULL,NULL,NULL,NULL,NULL,NULL,NULL,NULL,NULL,NULL,NULL,NULL,'2015-04-06 13:17:58',NULL),(209,'2015-04-06 13:17:55',209,207,'P',1,'FIL','FIL',195,NULL,'195.207.',2,195,NULL,NULL,NULL,NULL,NULL,NULL,NULL,NULL,NULL,NULL,NULL,NULL,NULL,NULL,NULL,'2015-04-06 13:17:58',NULL),(210,'2015-04-06 13:17:55',210,207,'P',1,'FIL','FIL',195,NULL,'195.207.',2,195,NULL,NULL,NULL,NULL,NULL,NULL,NULL,NULL,NULL,NULL,NULL,NULL,NULL,NULL,NULL,'2015-04-06 13:17:58',NULL),(211,'2015-04-06 13:17:55',211,195,'P',1,'DIR','DIR',195,NULL,'195.',1,195,NULL,NULL,NULL,NULL,NULL,NULL,NULL,NULL,NULL,NULL,NULL,NULL,NULL,NULL,NULL,'2015-04-06 13:17:58',NULL),(212,'2015-04-06 13:17:55',212,211,'P',1,'FIL','FIL',195,NULL,'195.211.',2,195,NULL,NULL,NULL,NULL,NULL,NULL,NULL,NULL,NULL,NULL,NULL,NULL,NULL,NULL,NULL,'2015-04-06 13:17:58',NULL),(213,'2015-04-06 13:17:55',213,211,'P',1,'FIL','FIL',195,NULL,'195.211.',2,195,NULL,NULL,NULL,NULL,NULL,NULL,NULL,NULL,NULL,NULL,NULL,NULL,NULL,NULL,NULL,'2015-04-06 13:17:58',NULL),(214,'2015-04-06 13:17:55',214,211,'P',1,'FIL','FIL',195,NULL,'195.211.',2,195,NULL,NULL,NULL,NULL,NULL,NULL,NULL,NULL,NULL,NULL,NULL,NULL,NULL,NULL,NULL,'2015-04-06 13:17:58',NULL),(215,'2015-04-06 13:17:55',215,211,'P',1,'FIL','FIL',195,NULL,'195.211.',2,195,NULL,NULL,NULL,NULL,NULL,NULL,NULL,NULL,NULL,NULL,NULL,NULL,NULL,NULL,NULL,'2015-04-06 13:17:58',NULL),(216,'2015-04-06 13:17:55',216,211,'P',1,'FIL','FIL',195,NULL,'195.211.',2,195,NULL,NULL,NULL,NULL,NULL,NULL,NULL,NULL,NULL,NULL,NULL,NULL,NULL,NULL,NULL,'2015-04-06 13:17:58',NULL),(217,'2015-04-06 13:17:55',217,211,'P',1,'FIL','FIL',195,NULL,'195.211.',2,195,NULL,NULL,NULL,NULL,NULL,NULL,NULL,NULL,NULL,NULL,NULL,NULL,NULL,NULL,NULL,'2015-04-06 13:17:58',NULL),(218,'2015-04-06 13:17:55',218,211,'P',1,'FIL','FIL',195,NULL,'195.211.',2,195,NULL,NULL,NULL,NULL,NULL,NULL,NULL,NULL,NULL,NULL,NULL,NULL,NULL,NULL,NULL,'2015-04-06 13:17:58',NULL),(219,'2015-04-06 13:17:55',219,195,'P',1,'DIR','DIR',195,NULL,'195.',1,195,NULL,NULL,NULL,NULL,NULL,NULL,NULL,NULL,NULL,NULL,NULL,NULL,NULL,NULL,NULL,'2015-04-06 13:17:58',NULL),(220,'2015-04-06 13:17:55',220,219,'P',1,'FIL','FIL',195,NULL,'195.219.',2,195,NULL,NULL,NULL,NULL,NULL,NULL,NULL,NULL,NULL,NULL,NULL,NULL,NULL,NULL,NULL,'2015-04-06 13:17:58',NULL),(221,'2015-04-06 13:17:55',221,219,'P',1,'FIL','FIL',195,NULL,'195.219.',2,195,NULL,NULL,NULL,NULL,NULL,NULL,NULL,NULL,NULL,NULL,NULL,NULL,NULL,NULL,NULL,'2015-04-06 13:17:58',NULL),(222,'2015-04-06 13:17:55',222,219,'P',1,'FIL','FIL',195,NULL,'195.219.',2,195,NULL,NULL,NULL,NULL,NULL,NULL,NULL,NULL,NULL,NULL,NULL,NULL,NULL,NULL,NULL,'2015-04-06 13:17:58',NULL),(223,'2015-04-06 13:17:55',223,211,'P',1,'FIL','FIL',195,NULL,'195.211.',2,195,NULL,NULL,NULL,NULL,NULL,NULL,NULL,NULL,NULL,NULL,NULL,NULL,NULL,NULL,NULL,'2015-04-06 13:17:58',NULL),(224,'2015-04-06 13:17:55',224,211,'P',1,'FIL','FIL',195,NULL,'195.211.',2,195,NULL,NULL,NULL,NULL,NULL,NULL,NULL,NULL,NULL,NULL,NULL,NULL,NULL,NULL,NULL,'2015-04-06 13:17:58',NULL),(225,'2015-04-06 13:17:55',225,195,'P',1,'DIR','DIR',195,NULL,'195.',1,195,NULL,NULL,NULL,NULL,NULL,NULL,NULL,NULL,NULL,NULL,NULL,NULL,NULL,NULL,NULL,'2015-04-06 13:17:58',NULL),(226,'2015-04-06 13:17:55',226,225,'P',1,'FIL','FIL',195,NULL,'195.225.',2,195,NULL,NULL,NULL,NULL,NULL,NULL,NULL,NULL,NULL,NULL,NULL,NULL,NULL,NULL,NULL,'2015-04-06 13:17:58',NULL),(227,'2015-04-06 13:17:55',227,225,'P',1,'FIL','FIL',195,NULL,'195.225.',2,195,NULL,NULL,NULL,NULL,NULL,NULL,NULL,NULL,NULL,NULL,NULL,NULL,NULL,NULL,NULL,'2015-04-06 13:17:58',NULL),(228,'2015-04-06 13:17:55',228,225,'P',1,'FIL','FIL',195,NULL,'195.225.',2,195,NULL,NULL,NULL,NULL,NULL,NULL,NULL,NULL,NULL,NULL,NULL,NULL,NULL,NULL,NULL,'2015-04-06 13:17:58',NULL),(229,'2015-04-06 13:17:55',229,225,'P',1,'FIL','FIL',195,NULL,'195.225.',2,195,NULL,NULL,NULL,NULL,NULL,NULL,NULL,NULL,NULL,NULL,NULL,NULL,NULL,NULL,NULL,'2015-04-06 13:17:58',NULL),(230,'2015-04-06 13:17:55',230,225,'P',1,'FIL','FIL',195,NULL,'195.225.',2,195,NULL,NULL,NULL,NULL,NULL,NULL,NULL,NULL,NULL,NULL,NULL,NULL,NULL,NULL,NULL,'2015-04-06 13:17:58',NULL),(231,'2015-04-06 13:17:55',231,195,'P',1,'DIR','DIR',195,NULL,'195.',1,195,NULL,NULL,NULL,NULL,NULL,NULL,NULL,NULL,NULL,NULL,NULL,NULL,NULL,NULL,NULL,'2015-04-06 13:17:58',NULL),(232,'2015-04-06 13:17:55',232,231,'P',1,'FIL','FIL',195,NULL,'195.231.',2,195,NULL,NULL,NULL,NULL,NULL,NULL,NULL,NULL,NULL,NULL,NULL,NULL,NULL,NULL,NULL,'2015-04-06 13:17:58',NULL),(233,'2015-04-06 13:17:55',233,231,'P',1,'FIL','FIL',195,NULL,'195.231.',2,195,NULL,NULL,NULL,NULL,NULL,NULL,NULL,NULL,NULL,NULL,NULL,NULL,NULL,NULL,NULL,'2015-04-06 13:17:58',NULL),(234,'2015-04-06 13:17:55',234,195,'P',1,'DIR','DIR',195,NULL,'195.',1,195,NULL,NULL,NULL,NULL,NULL,NULL,NULL,NULL,NULL,NULL,NULL,NULL,NULL,NULL,NULL,'2015-04-06 13:17:58',NULL),(235,'2015-04-06 13:17:55',235,234,'P',1,'FIL','FIL',195,NULL,'195.234.',2,195,NULL,NULL,NULL,NULL,NULL,NULL,NULL,NULL,NULL,NULL,NULL,NULL,NULL,NULL,NULL,'2015-04-06 13:17:58',NULL),(236,'2015-04-06 13:17:55',236,234,'P',1,'FIL','FIL',195,NULL,'195.234.',2,195,NULL,NULL,NULL,NULL,NULL,NULL,NULL,NULL,NULL,NULL,NULL,NULL,NULL,NULL,NULL,'2015-04-06 13:17:58',NULL),(237,'2015-04-06 13:17:55',237,195,'P',1,'DIR','DIR',195,NULL,'195.',1,195,NULL,NULL,NULL,NULL,NULL,NULL,NULL,NULL,NULL,NULL,NULL,NULL,NULL,NULL,NULL,'2015-04-06 13:17:58',NULL),(238,'2015-04-06 13:17:55',238,237,'P',1,'FIL','FIL',195,NULL,'195.237.',2,195,NULL,NULL,NULL,NULL,NULL,NULL,NULL,NULL,NULL,NULL,NULL,NULL,NULL,NULL,NULL,'2015-04-06 13:17:58',NULL),(239,'2015-04-06 13:17:55',239,237,'P',1,'FIL','FIL',195,NULL,'195.237.',2,195,NULL,NULL,NULL,NULL,NULL,NULL,NULL,NULL,NULL,NULL,NULL,NULL,NULL,NULL,NULL,'2015-04-06 13:17:58',NULL),(240,'2015-04-06 13:17:55',240,237,'P',1,'FIL','FIL',195,NULL,'195.237.',2,195,NULL,NULL,NULL,NULL,NULL,NULL,NULL,NULL,NULL,NULL,NULL,NULL,NULL,NULL,NULL,'2015-04-06 13:17:58',NULL),(241,'2015-04-06 13:17:55',241,195,'P',1,'DIR','DIR',195,NULL,'195.',1,195,NULL,NULL,NULL,NULL,NULL,NULL,NULL,NULL,NULL,NULL,NULL,NULL,NULL,NULL,NULL,'2015-04-06 13:17:58',NULL),(242,'2015-04-06 13:17:55',242,241,'P',1,'FIL','FIL',195,NULL,'195.241.',2,195,NULL,NULL,NULL,NULL,NULL,NULL,NULL,NULL,NULL,NULL,NULL,NULL,NULL,NULL,NULL,'2015-04-06 13:17:58',NULL),(243,'2015-04-06 13:17:55',243,195,'P',1,'DIR','DIR',195,NULL,'195.',1,195,NULL,NULL,NULL,NULL,NULL,NULL,NULL,NULL,NULL,NULL,NULL,NULL,NULL,NULL,NULL,'2015-04-06 13:17:58',NULL),(244,'2015-04-06 13:17:55',244,243,'P',1,'FIL','FIL',195,NULL,'195.243.',2,195,NULL,NULL,NULL,NULL,NULL,NULL,NULL,NULL,NULL,NULL,NULL,NULL,NULL,NULL,NULL,'2015-04-06 13:17:58',NULL),(245,'2015-04-06 13:17:55',245,195,'P',1,'DIR','DIR',195,NULL,'195.',1,195,NULL,NULL,NULL,NULL,NULL,NULL,NULL,NULL,NULL,NULL,NULL,NULL,NULL,NULL,NULL,'2015-04-06 13:17:58',NULL),(246,'2015-04-06 13:17:55',246,245,'P',1,'FIL','FIL',195,NULL,'195.245.',2,195,NULL,NULL,NULL,NULL,NULL,NULL,NULL,NULL,NULL,NULL,NULL,NULL,NULL,NULL,NULL,'2015-04-06 13:17:58',NULL),(247,'2015-04-06 13:17:55',247,245,'P',1,'FIL','FIL',195,NULL,'195.245.',2,195,NULL,NULL,NULL,NULL,NULL,NULL,NULL,NULL,NULL,NULL,NULL,NULL,NULL,NULL,NULL,'2015-04-06 13:17:58',NULL),(248,'2015-04-06 13:17:55',248,245,'P',1,'FIL','FIL',195,NULL,'195.245.',2,195,NULL,NULL,NULL,NULL,NULL,NULL,NULL,NULL,NULL,NULL,NULL,NULL,NULL,NULL,NULL,'2015-04-06 13:17:58',NULL),(249,'2015-04-06 13:17:55',249,245,'P',1,'FIL','FIL',195,NULL,'195.245.',2,195,NULL,NULL,NULL,NULL,NULL,NULL,NULL,NULL,NULL,NULL,NULL,NULL,NULL,NULL,NULL,'2015-04-06 13:17:59',NULL),(250,'2015-04-06 13:17:55',250,245,'P',1,'FIL','FIL',195,NULL,'195.245.',2,195,NULL,NULL,NULL,NULL,NULL,NULL,NULL,NULL,NULL,NULL,NULL,NULL,NULL,NULL,NULL,'2015-04-06 13:17:59',NULL),(251,'2015-04-06 13:17:55',251,245,'P',1,'FIL','FIL',195,NULL,'195.245.',2,195,NULL,NULL,NULL,NULL,NULL,NULL,NULL,NULL,NULL,NULL,NULL,NULL,NULL,NULL,NULL,'2015-04-06 13:17:59',NULL),(252,'2015-04-06 13:17:55',252,245,'P',1,'FIL','FIL',195,NULL,'195.245.',2,195,NULL,NULL,NULL,NULL,NULL,NULL,NULL,NULL,NULL,NULL,NULL,NULL,NULL,NULL,NULL,'2015-04-06 13:17:59',NULL),(253,'2015-04-06 13:17:55',253,245,'P',1,'FIL','FIL',195,NULL,'195.245.',2,195,NULL,NULL,NULL,NULL,NULL,NULL,NULL,NULL,NULL,NULL,NULL,NULL,NULL,NULL,NULL,'2015-04-06 13:17:59',NULL),(254,'2015-04-06 13:17:55',254,245,'P',1,'FIL','FIL',195,NULL,'195.245.',2,195,NULL,NULL,NULL,NULL,NULL,NULL,NULL,NULL,NULL,NULL,NULL,NULL,NULL,NULL,NULL,'2015-04-06 13:17:59',NULL),(255,'2015-04-06 13:17:55',255,245,'P',1,'FIL','FIL',195,NULL,'195.245.',2,195,NULL,NULL,NULL,NULL,NULL,NULL,NULL,NULL,NULL,NULL,NULL,NULL,NULL,NULL,NULL,'2015-04-06 13:17:59',NULL),(256,'2015-04-06 13:17:55',256,195,'P',1,'DIR','DIR',195,NULL,'195.',1,195,NULL,NULL,NULL,NULL,NULL,NULL,NULL,NULL,NULL,NULL,NULL,NULL,NULL,NULL,NULL,'2015-04-06 13:17:59',NULL),(257,'2015-04-06 13:17:55',257,256,'P',1,'FIL','FIL',195,NULL,'195.256.',2,195,NULL,NULL,NULL,NULL,NULL,NULL,NULL,NULL,NULL,NULL,NULL,NULL,NULL,NULL,NULL,'2015-04-06 13:17:59',NULL),(258,'2015-04-06 13:17:55',258,256,'P',1,'FIL','FIL',195,NULL,'195.256.',2,195,NULL,NULL,NULL,NULL,NULL,NULL,NULL,NULL,NULL,NULL,NULL,NULL,NULL,NULL,NULL,'2015-04-06 13:17:59',NULL),(259,'2015-04-06 13:17:55',259,256,'P',1,'FIL','FIL',195,NULL,'195.256.',2,195,NULL,NULL,NULL,NULL,NULL,NULL,NULL,NULL,NULL,NULL,NULL,NULL,NULL,NULL,NULL,'2015-04-06 13:17:59',NULL),(260,'2015-04-06 13:17:55',260,256,'P',1,'FIL','FIL',195,NULL,'195.256.',2,195,NULL,NULL,NULL,NULL,NULL,NULL,NULL,NULL,NULL,NULL,NULL,NULL,NULL,NULL,NULL,'2015-04-06 13:17:59',NULL),(261,'2015-04-06 13:17:55',261,256,'P',1,'FIL','FIL',195,NULL,'195.256.',2,195,NULL,NULL,NULL,NULL,NULL,NULL,NULL,NULL,NULL,NULL,NULL,NULL,NULL,NULL,NULL,'2015-04-06 13:17:59',NULL),(262,'2015-04-06 13:17:55',262,256,'P',1,'FIL','FIL',195,NULL,'195.256.',2,195,NULL,NULL,NULL,NULL,NULL,NULL,NULL,NULL,NULL,NULL,NULL,NULL,NULL,NULL,NULL,'2015-04-06 13:17:59',NULL),(263,'2015-04-06 13:17:55',263,256,'P',1,'FIL','FIL',195,NULL,'195.256.',2,195,NULL,NULL,NULL,NULL,NULL,NULL,NULL,NULL,NULL,NULL,NULL,NULL,NULL,NULL,NULL,'2015-04-06 13:17:59',NULL),(264,'2015-04-06 13:17:55',264,195,'P',1,'DIR','DIR',195,NULL,'195.',1,195,NULL,NULL,NULL,NULL,NULL,NULL,NULL,NULL,NULL,NULL,NULL,NULL,NULL,NULL,NULL,'2015-04-06 13:17:59',NULL),(265,'2015-04-06 13:17:55',265,264,'P',1,'FIL','FIL',195,NULL,'195.264.',2,195,NULL,NULL,NULL,NULL,NULL,NULL,NULL,NULL,NULL,NULL,NULL,NULL,NULL,NULL,NULL,'2015-04-06 13:17:59',NULL),(266,'2015-04-06 13:17:55',266,195,'P',1,'DIR','DIR',195,NULL,'195.',1,195,NULL,NULL,NULL,NULL,NULL,NULL,NULL,NULL,NULL,NULL,NULL,NULL,NULL,NULL,NULL,'2015-04-06 13:17:59',NULL),(267,'2015-04-06 13:17:55',267,266,'P',1,'FIL','FIL',195,NULL,'195.266.',2,195,NULL,NULL,NULL,NULL,NULL,NULL,NULL,NULL,NULL,NULL,NULL,NULL,NULL,NULL,NULL,'2015-04-06 13:17:59',NULL),(268,'2015-04-06 13:17:55',268,266,'P',1,'FIL','FIL',195,NULL,'195.266.',2,195,NULL,NULL,NULL,NULL,NULL,NULL,NULL,NULL,NULL,NULL,NULL,NULL,NULL,NULL,NULL,'2015-04-06 13:17:59',NULL),(269,'2015-04-06 13:17:55',269,266,'P',1,'FIL','FIL',195,NULL,'195.266.',2,195,NULL,NULL,NULL,NULL,NULL,NULL,NULL,NULL,NULL,NULL,NULL,NULL,NULL,NULL,NULL,'2015-04-06 13:17:59',NULL),(270,'2015-04-06 13:17:55',270,266,'P',1,'FIL','FIL',195,NULL,'195.266.',2,195,NULL,NULL,NULL,NULL,NULL,NULL,NULL,NULL,NULL,NULL,NULL,NULL,NULL,NULL,NULL,'2015-04-06 13:17:59',NULL),(271,'2015-04-06 13:17:55',271,266,'P',1,'FIL','FIL',195,NULL,'195.266.',2,195,NULL,NULL,NULL,NULL,NULL,NULL,NULL,NULL,NULL,NULL,NULL,NULL,NULL,NULL,NULL,'2015-04-06 13:17:59',NULL),(272,'2015-04-06 13:17:55',272,266,'P',1,'FIL','FIL',195,NULL,'195.266.',2,195,NULL,NULL,NULL,NULL,NULL,NULL,NULL,NULL,NULL,NULL,NULL,NULL,NULL,NULL,NULL,'2015-04-06 13:17:59',NULL),(273,'2015-04-06 13:17:55',273,195,'P',1,'DIR','DIR',195,NULL,'195.',1,195,NULL,NULL,NULL,NULL,NULL,NULL,NULL,NULL,NULL,NULL,NULL,NULL,NULL,NULL,NULL,'2015-04-06 13:17:59',NULL),(274,'2015-04-06 13:17:55',274,273,'P',1,'FIL','FIL',195,NULL,'195.273.',2,195,NULL,NULL,NULL,NULL,NULL,NULL,NULL,NULL,NULL,NULL,NULL,NULL,NULL,NULL,NULL,'2015-04-06 13:17:59',NULL),(275,'2015-04-06 13:17:55',275,195,'P',1,'DIR','DIR',195,NULL,'195.',1,195,NULL,NULL,NULL,NULL,NULL,NULL,NULL,NULL,NULL,NULL,NULL,NULL,NULL,NULL,NULL,'2015-04-06 13:17:59',NULL),(276,'2015-04-06 13:17:55',276,275,'P',1,'FIL','FIL',195,NULL,'195.275.',2,195,NULL,NULL,NULL,NULL,NULL,NULL,NULL,NULL,NULL,NULL,NULL,NULL,NULL,NULL,NULL,'2015-04-06 13:17:59',NULL),(277,'2015-04-06 13:17:55',277,275,'P',1,'FIL','FIL',195,NULL,'195.275.',2,195,NULL,NULL,NULL,NULL,NULL,NULL,NULL,NULL,NULL,NULL,NULL,NULL,NULL,NULL,NULL,'2015-04-06 13:17:59',NULL),(278,'2015-04-06 13:17:55',278,275,'P',1,'FIL','FIL',195,NULL,'195.275.',2,195,NULL,NULL,NULL,NULL,NULL,NULL,NULL,NULL,NULL,NULL,NULL,NULL,NULL,NULL,NULL,'2015-04-06 13:17:59',NULL),(279,'2015-04-06 13:17:55',279,275,'P',1,'FIL','FIL',195,NULL,'195.275.',2,195,NULL,NULL,NULL,NULL,NULL,NULL,NULL,NULL,NULL,NULL,NULL,NULL,NULL,NULL,NULL,'2015-04-06 13:17:59',NULL),(280,'2015-04-06 13:17:55',280,275,'P',1,'FIL','FIL',195,NULL,'195.275.',2,195,NULL,NULL,NULL,NULL,NULL,NULL,NULL,NULL,NULL,NULL,NULL,NULL,NULL,NULL,NULL,'2015-04-06 13:17:59',NULL),(281,'2015-04-06 13:17:55',281,195,'P',1,'DIR','DIR',195,NULL,'195.',1,195,NULL,NULL,NULL,NULL,NULL,NULL,NULL,NULL,NULL,NULL,NULL,NULL,NULL,NULL,NULL,'2015-04-06 13:17:59',NULL),(282,'2015-04-06 13:17:55',282,281,'P',1,'FIL','FIL',195,NULL,'195.281.',2,195,NULL,NULL,NULL,NULL,NULL,NULL,NULL,NULL,NULL,NULL,NULL,NULL,NULL,NULL,NULL,'2015-04-06 13:17:59',NULL),(283,'2015-04-06 13:17:55',283,281,'P',1,'FIL','FIL',195,NULL,'195.281.',2,195,NULL,NULL,NULL,NULL,NULL,NULL,NULL,NULL,NULL,NULL,NULL,NULL,NULL,NULL,NULL,'2015-04-06 13:17:59',NULL),(284,'2015-04-06 13:17:55',284,195,'P',1,'DIR','DIR',195,NULL,'195.',1,195,NULL,NULL,NULL,NULL,NULL,NULL,NULL,NULL,NULL,NULL,NULL,NULL,NULL,NULL,NULL,'2015-04-06 13:17:59',NULL),(285,'2015-04-06 13:17:55',285,284,'P',1,'FIL','FIL',195,NULL,'195.284.',2,195,NULL,NULL,NULL,NULL,NULL,NULL,NULL,NULL,NULL,NULL,NULL,NULL,NULL,NULL,NULL,'2015-04-06 13:17:59',NULL),(286,'2015-04-06 13:17:55',286,284,'P',1,'FIL','FIL',195,NULL,'195.284.',2,195,NULL,NULL,NULL,NULL,NULL,NULL,NULL,NULL,NULL,NULL,NULL,NULL,NULL,NULL,NULL,'2015-04-06 13:17:59',NULL),(287,'2015-04-06 13:17:55',287,195,'P',1,'DIR','DIR',195,NULL,'195.',1,195,NULL,NULL,NULL,NULL,NULL,NULL,NULL,NULL,NULL,NULL,NULL,NULL,NULL,NULL,NULL,'2015-04-06 13:17:59',NULL),(288,'2015-04-06 13:17:55',288,287,'P',1,'FIL','FIL',195,NULL,'195.287.',2,195,NULL,NULL,NULL,NULL,NULL,NULL,NULL,NULL,NULL,NULL,NULL,NULL,NULL,NULL,NULL,'2015-04-06 13:17:59',NULL),(289,'2015-04-06 13:17:55',289,287,'P',1,'FIL','FIL',195,NULL,'195.287.',2,195,NULL,NULL,NULL,NULL,NULL,NULL,NULL,NULL,NULL,NULL,NULL,NULL,NULL,NULL,NULL,'2015-04-06 13:17:59',NULL),(290,'2015-04-06 13:17:55',290,195,'P',1,'DIR','DIR',195,NULL,'195.',1,195,NULL,NULL,NULL,NULL,NULL,NULL,NULL,NULL,NULL,NULL,NULL,NULL,NULL,NULL,NULL,'2015-04-06 13:17:59',NULL),(291,'2015-04-06 13:17:55',291,290,'P',1,'FIL','FIL',195,NULL,'195.290.',2,195,NULL,NULL,NULL,NULL,NULL,NULL,NULL,NULL,NULL,NULL,NULL,NULL,NULL,NULL,NULL,'2015-04-06 13:17:59',NULL),(292,'2015-04-06 13:17:55',292,195,'P',1,'DIR','DIR',195,NULL,'195.',1,195,NULL,NULL,NULL,NULL,NULL,NULL,NULL,NULL,NULL,NULL,NULL,NULL,NULL,NULL,NULL,'2015-04-06 13:17:59',NULL),(293,'2015-04-06 13:17:55',293,292,'P',1,'FIL','FIL',195,NULL,'195.292.',2,195,NULL,NULL,NULL,NULL,NULL,NULL,NULL,NULL,NULL,NULL,NULL,NULL,NULL,NULL,NULL,'2015-04-06 13:17:59',NULL),(294,'2015-04-06 13:17:55',294,292,'P',1,'FIL','FIL',195,NULL,'195.292.',2,195,NULL,NULL,NULL,NULL,NULL,NULL,NULL,NULL,NULL,NULL,NULL,NULL,NULL,NULL,NULL,'2015-04-06 13:17:59',NULL),(295,'2015-04-06 13:17:55',295,292,'P',1,'FIL','FIL',195,NULL,'195.292.',2,195,NULL,NULL,NULL,NULL,NULL,NULL,NULL,NULL,NULL,NULL,NULL,NULL,NULL,NULL,NULL,'2015-04-06 13:17:59',NULL),(296,'2015-04-06 13:17:55',296,292,'P',1,'FIL','FIL',195,NULL,'195.292.',2,195,NULL,NULL,NULL,NULL,NULL,NULL,NULL,NULL,NULL,NULL,NULL,NULL,NULL,NULL,NULL,'2015-04-06 13:17:59',NULL),(297,'2015-04-06 13:17:55',297,292,'P',1,'FIL','FIL',195,NULL,'195.292.',2,195,NULL,NULL,NULL,NULL,NULL,NULL,NULL,NULL,NULL,NULL,NULL,NULL,NULL,NULL,NULL,'2015-04-06 13:17:59',NULL),(298,'2015-04-06 13:17:55',298,292,'P',1,'FIL','FIL',195,NULL,'195.292.',2,195,NULL,NULL,NULL,NULL,NULL,NULL,NULL,NULL,NULL,NULL,NULL,NULL,NULL,NULL,NULL,'2015-04-06 13:17:59',NULL),(299,'2015-04-06 13:17:55',299,195,'P',1,'DIR','DIR',195,NULL,'195.',1,195,NULL,NULL,NULL,NULL,NULL,NULL,NULL,NULL,NULL,NULL,NULL,NULL,NULL,NULL,NULL,'2015-04-06 13:17:59',NULL),(300,'2015-04-06 13:17:55',300,299,'P',1,'FIL','FIL',195,NULL,'195.299.',2,195,NULL,NULL,NULL,NULL,NULL,NULL,NULL,NULL,NULL,NULL,NULL,NULL,NULL,NULL,NULL,'2015-04-06 13:17:59',NULL),(301,'2015-04-06 13:17:55',301,292,'P',1,'FIL','FIL',195,NULL,'195.292.',2,195,NULL,NULL,NULL,NULL,NULL,NULL,NULL,NULL,NULL,NULL,NULL,NULL,NULL,NULL,NULL,'2015-04-06 13:17:59',NULL),(302,'2015-04-06 13:17:55',302,195,'P',1,'DIR','DIR',195,NULL,'195.',1,195,NULL,NULL,NULL,NULL,NULL,NULL,NULL,NULL,NULL,NULL,NULL,NULL,NULL,NULL,NULL,'2015-04-06 13:17:59',NULL),(303,'2015-04-06 13:17:55',303,302,'P',1,'FIL','FIL',195,NULL,'195.302.',2,195,NULL,NULL,NULL,NULL,NULL,NULL,NULL,NULL,NULL,NULL,NULL,NULL,NULL,NULL,NULL,'2015-04-06 13:17:59',NULL),(304,'2015-04-06 13:17:55',304,195,'P',1,'DIR','DIR',195,NULL,'195.',1,195,NULL,NULL,NULL,NULL,NULL,NULL,NULL,NULL,NULL,NULL,NULL,NULL,NULL,NULL,NULL,'2015-04-06 13:17:59',NULL),(305,'2015-04-06 13:17:55',305,304,'P',1,'FIL','FIL',195,NULL,'195.304.',2,195,NULL,NULL,NULL,NULL,NULL,NULL,NULL,NULL,NULL,NULL,NULL,NULL,NULL,NULL,NULL,'2015-04-06 13:17:59',NULL),(306,'2015-04-06 13:17:55',306,304,'P',1,'FIL','FIL',195,NULL,'195.304.',2,195,NULL,NULL,NULL,NULL,NULL,NULL,NULL,NULL,NULL,NULL,NULL,NULL,NULL,NULL,NULL,'2015-04-06 13:17:59',NULL),(307,'2015-04-06 13:17:55',307,304,'P',1,'FIL','FIL',195,NULL,'195.304.',2,195,NULL,NULL,NULL,NULL,NULL,NULL,NULL,NULL,NULL,NULL,NULL,NULL,NULL,NULL,NULL,'2015-04-06 13:17:59',NULL),(308,'2015-04-06 13:17:55',308,304,'P',1,'FIL','FIL',195,NULL,'195.304.',2,195,NULL,NULL,NULL,NULL,NULL,NULL,NULL,NULL,NULL,NULL,NULL,NULL,NULL,NULL,NULL,'2015-04-06 13:17:59',NULL),(309,'2015-04-06 13:17:55',309,304,'P',1,'FIL','FIL',195,NULL,'195.304.',2,195,NULL,NULL,NULL,NULL,NULL,NULL,NULL,NULL,NULL,NULL,NULL,NULL,NULL,NULL,NULL,'2015-04-06 13:17:59',NULL),(310,'2015-04-06 13:17:55',310,304,'P',1,'FIL','FIL',195,NULL,'195.304.',2,195,NULL,NULL,NULL,NULL,NULL,NULL,NULL,NULL,NULL,NULL,NULL,NULL,NULL,NULL,NULL,'2015-04-06 13:17:59',NULL),(311,'2015-04-06 13:17:55',311,292,'P',1,'FIL','FIL',195,NULL,'195.292.',2,195,NULL,NULL,NULL,NULL,NULL,NULL,NULL,NULL,NULL,NULL,NULL,NULL,NULL,NULL,NULL,'2015-04-06 13:17:59',NULL),(312,'2015-04-06 13:17:55',312,195,'P',1,'DIR','DIR',195,NULL,'195.',1,195,NULL,NULL,NULL,NULL,NULL,NULL,NULL,NULL,NULL,NULL,NULL,NULL,NULL,NULL,NULL,'2015-04-06 13:17:59',NULL),(313,'2015-04-06 13:17:55',313,312,'P',1,'FIL','FIL',195,NULL,'195.312.',2,195,NULL,NULL,NULL,NULL,NULL,NULL,NULL,NULL,NULL,NULL,NULL,NULL,NULL,NULL,NULL,'2015-04-06 13:17:59',NULL),(314,'2015-04-06 13:17:55',314,312,'P',1,'FIL','FIL',195,NULL,'195.312.',2,195,NULL,NULL,NULL,NULL,NULL,NULL,NULL,NULL,NULL,NULL,NULL,NULL,NULL,NULL,NULL,'2015-04-06 13:17:59',NULL),(315,'2015-04-06 13:17:55',315,312,'P',1,'FIL','FIL',195,NULL,'195.312.',2,195,NULL,NULL,NULL,NULL,NULL,NULL,NULL,NULL,NULL,NULL,NULL,NULL,NULL,NULL,NULL,'2015-04-06 13:17:59',NULL),(316,'2015-04-06 13:17:55',316,312,'P',1,'FIL','FIL',195,NULL,'195.312.',2,195,NULL,NULL,NULL,NULL,NULL,NULL,NULL,NULL,NULL,NULL,NULL,NULL,NULL,NULL,NULL,'2015-04-06 13:17:59',NULL),(317,'2015-04-06 13:17:55',317,195,'P',1,'DIR','DIR',195,NULL,'195.',1,195,NULL,NULL,NULL,NULL,NULL,NULL,NULL,NULL,NULL,NULL,NULL,NULL,NULL,NULL,NULL,'2015-04-06 13:17:59',NULL),(318,'2015-04-06 13:17:55',318,317,'P',1,'FIL','FIL',195,NULL,'195.317.',2,195,NULL,NULL,NULL,NULL,NULL,NULL,NULL,NULL,NULL,NULL,NULL,NULL,NULL,NULL,NULL,'2015-04-06 13:17:59',NULL),(319,'2015-04-06 13:17:55',319,317,'P',1,'FIL','FIL',195,NULL,'195.317.',2,195,NULL,NULL,NULL,NULL,NULL,NULL,NULL,NULL,NULL,NULL,NULL,NULL,NULL,NULL,NULL,'2015-04-06 13:17:59',NULL),(320,'2015-04-06 13:17:55',320,317,'P',1,'FIL','FIL',195,NULL,'195.317.',2,195,NULL,NULL,NULL,NULL,NULL,NULL,NULL,NULL,NULL,NULL,NULL,NULL,NULL,NULL,NULL,'2015-04-06 13:17:59',NULL),(321,'2015-04-06 13:17:55',321,317,'P',1,'FIL','FIL',195,NULL,'195.317.',2,195,NULL,NULL,NULL,NULL,NULL,NULL,NULL,NULL,NULL,NULL,NULL,NULL,NULL,NULL,NULL,'2015-04-06 13:17:59',NULL),(322,'2015-04-06 13:17:55',322,317,'P',1,'FIL','FIL',195,NULL,'195.317.',2,195,NULL,NULL,NULL,NULL,NULL,NULL,NULL,NULL,NULL,NULL,NULL,NULL,NULL,NULL,NULL,'2015-04-06 13:17:59',NULL),(323,'2015-04-06 13:17:55',323,317,'P',1,'FIL','FIL',195,NULL,'195.317.',2,195,NULL,NULL,NULL,NULL,NULL,NULL,NULL,NULL,NULL,NULL,NULL,NULL,NULL,NULL,NULL,'2015-04-06 13:17:59',NULL),(324,'2015-04-06 13:17:55',324,195,'P',1,'DIR','DIR',195,NULL,'195.',1,195,NULL,NULL,NULL,NULL,NULL,NULL,NULL,NULL,NULL,NULL,NULL,NULL,NULL,NULL,NULL,'2015-04-06 13:17:59',NULL),(325,'2015-04-06 13:17:55',325,324,'P',1,'FIL','FIL',195,NULL,'195.324.',2,195,NULL,NULL,NULL,NULL,NULL,NULL,NULL,NULL,NULL,NULL,NULL,NULL,NULL,NULL,NULL,'2015-04-06 13:17:59',NULL),(326,'2015-04-06 13:17:55',326,195,'P',1,'DIR','DIR',195,NULL,'195.',1,195,NULL,NULL,NULL,NULL,NULL,NULL,NULL,NULL,NULL,NULL,NULL,NULL,NULL,NULL,NULL,'2015-04-06 13:17:59',NULL),(327,'2015-04-06 13:17:55',327,326,'P',1,'FIL','FIL',195,NULL,'195.326.',2,195,NULL,NULL,NULL,NULL,NULL,NULL,NULL,NULL,NULL,NULL,NULL,NULL,NULL,NULL,NULL,'2015-04-06 13:17:59',NULL),(328,'2015-04-06 13:17:55',328,195,'P',1,'DIR','DIR',195,NULL,'195.',1,195,NULL,NULL,NULL,NULL,NULL,NULL,NULL,NULL,NULL,NULL,NULL,NULL,NULL,NULL,NULL,'2015-04-06 13:17:59',NULL),(329,'2015-04-06 13:17:55',329,328,'P',1,'FIL','FIL',195,NULL,'195.328.',2,195,NULL,NULL,NULL,NULL,NULL,NULL,NULL,NULL,NULL,NULL,NULL,NULL,NULL,NULL,NULL,'2015-04-06 13:17:59',NULL),(330,'2015-04-06 13:17:55',330,328,'P',1,'FIL','FIL',195,NULL,'195.328.',2,195,NULL,NULL,NULL,NULL,NULL,NULL,NULL,NULL,NULL,NULL,NULL,NULL,NULL,NULL,NULL,'2015-04-06 13:17:59',NULL),(331,'2015-04-06 13:17:55',331,328,'P',1,'FIL','FIL',195,NULL,'195.328.',2,195,NULL,NULL,NULL,NULL,NULL,NULL,NULL,NULL,NULL,NULL,NULL,NULL,NULL,NULL,NULL,'2015-04-06 13:17:59',NULL),(332,'2015-04-06 13:17:55',332,195,'P',1,'DIR','DIR',195,NULL,'195.',1,195,NULL,NULL,NULL,NULL,NULL,NULL,NULL,NULL,NULL,NULL,NULL,NULL,NULL,NULL,NULL,'2015-04-06 13:17:59',NULL),(333,'2015-04-06 13:17:55',333,332,'P',1,'FIL','FIL',195,NULL,'195.332.',2,195,NULL,NULL,NULL,NULL,NULL,NULL,NULL,NULL,NULL,NULL,NULL,NULL,NULL,NULL,NULL,'2015-04-06 13:17:59',NULL),(334,'2015-04-06 13:17:55',334,332,'P',1,'FIL','FIL',195,NULL,'195.332.',2,195,NULL,NULL,NULL,NULL,NULL,NULL,NULL,NULL,NULL,NULL,NULL,NULL,NULL,NULL,NULL,'2015-04-06 13:17:59',NULL),(335,'2015-04-06 13:17:55',335,332,'P',1,'FIL','FIL',195,NULL,'195.332.',2,195,NULL,NULL,NULL,NULL,NULL,NULL,NULL,NULL,NULL,NULL,NULL,NULL,NULL,NULL,NULL,'2015-04-06 13:17:59',NULL),(336,'2015-04-06 13:17:55',336,195,'P',1,'DIR','DIR',195,NULL,'195.',1,195,NULL,NULL,NULL,NULL,NULL,NULL,NULL,NULL,NULL,NULL,NULL,NULL,NULL,NULL,NULL,'2015-04-06 13:17:59',NULL),(337,'2015-04-06 13:17:55',337,336,'P',1,'FIL','FIL',195,NULL,'195.336.',2,195,NULL,NULL,NULL,NULL,NULL,NULL,NULL,NULL,NULL,NULL,NULL,NULL,NULL,NULL,NULL,'2015-04-06 13:17:59',NULL),(338,'2015-04-06 13:17:55',338,195,'P',1,'DIR','DIR',195,NULL,'195.',1,195,NULL,NULL,NULL,NULL,NULL,NULL,NULL,NULL,NULL,NULL,NULL,NULL,NULL,NULL,NULL,'2015-04-06 13:17:59',NULL),(339,'2015-04-06 13:17:55',339,338,'P',1,'FIL','FIL',195,NULL,'195.338.',2,195,NULL,NULL,NULL,NULL,NULL,NULL,NULL,NULL,NULL,NULL,NULL,NULL,NULL,NULL,NULL,'2015-04-06 13:17:59',NULL),(340,'2015-04-06 13:17:55',340,338,'P',1,'FIL','FIL',195,NULL,'195.338.',2,195,NULL,NULL,NULL,NULL,NULL,NULL,NULL,NULL,NULL,NULL,NULL,NULL,NULL,NULL,NULL,'2015-04-06 13:17:59',NULL),(341,'2015-04-06 13:17:55',341,338,'P',1,'FIL','FIL',195,NULL,'195.338.',2,195,NULL,NULL,NULL,NULL,NULL,NULL,NULL,NULL,NULL,NULL,NULL,NULL,NULL,NULL,NULL,'2015-04-06 13:17:59',NULL),(342,'2015-04-06 13:17:55',342,338,'P',1,'FIL','FIL',195,NULL,'195.338.',2,195,NULL,NULL,NULL,NULL,NULL,NULL,NULL,NULL,NULL,NULL,NULL,NULL,NULL,NULL,NULL,'2015-04-06 13:17:59',NULL),(343,'2015-04-06 13:17:55',343,195,'P',1,'DIR','DIR',195,NULL,'195.',1,195,NULL,NULL,NULL,NULL,NULL,NULL,NULL,NULL,NULL,NULL,NULL,NULL,NULL,NULL,NULL,'2015-04-06 13:17:59',NULL),(344,'2015-04-06 13:17:55',344,343,'P',1,'FIL','FIL',195,NULL,'195.343.',2,195,NULL,NULL,NULL,NULL,NULL,NULL,NULL,NULL,NULL,NULL,NULL,NULL,NULL,NULL,NULL,'2015-04-06 13:17:59',NULL),(345,'2015-04-06 13:17:55',345,343,'P',1,'FIL','FIL',195,NULL,'195.343.',2,195,NULL,NULL,NULL,NULL,NULL,NULL,NULL,NULL,NULL,NULL,NULL,NULL,NULL,NULL,NULL,'2015-04-06 13:17:59',NULL),(346,'2015-04-06 13:17:55',346,343,'P',1,'FIL','FIL',195,NULL,'195.343.',2,195,NULL,NULL,NULL,NULL,NULL,NULL,NULL,NULL,NULL,NULL,NULL,NULL,NULL,NULL,NULL,'2015-04-06 13:17:59',NULL),(347,'2015-04-06 13:17:55',347,195,'P',1,'DIR','DIR',195,NULL,'195.',1,195,NULL,NULL,NULL,NULL,NULL,NULL,NULL,NULL,NULL,NULL,NULL,NULL,NULL,NULL,NULL,'2015-04-06 13:17:59',NULL),(348,'2015-04-06 13:17:55',348,347,'P',1,'FIL','FIL',195,NULL,'195.347.',2,195,NULL,NULL,NULL,NULL,NULL,NULL,NULL,NULL,NULL,NULL,NULL,NULL,NULL,NULL,NULL,'2015-04-06 13:17:59',NULL),(349,'2015-04-06 13:17:55',349,347,'P',1,'FIL','FIL',195,NULL,'195.347.',2,195,NULL,NULL,NULL,NULL,NULL,NULL,NULL,NULL,NULL,NULL,NULL,NULL,NULL,NULL,NULL,'2015-04-06 13:17:59',NULL),(350,'2015-04-06 13:17:55',350,347,'P',1,'FIL','FIL',195,NULL,'195.347.',2,195,NULL,NULL,NULL,NULL,NULL,NULL,NULL,NULL,NULL,NULL,NULL,NULL,NULL,NULL,NULL,'2015-04-06 13:17:59',NULL),(351,'2015-04-06 13:17:55',351,347,'P',1,'FIL','FIL',195,NULL,'195.347.',2,195,NULL,NULL,NULL,NULL,NULL,NULL,NULL,NULL,NULL,NULL,NULL,NULL,NULL,NULL,NULL,'2015-04-06 13:17:59',NULL),(352,'2015-04-06 13:17:55',352,347,'P',1,'FIL','FIL',195,NULL,'195.347.',2,195,NULL,NULL,NULL,NULL,NULL,NULL,NULL,NULL,NULL,NULL,NULL,NULL,NULL,NULL,NULL,'2015-04-06 13:17:59',NULL),(353,'2015-04-06 13:17:55',353,347,'P',1,'FIL','FIL',195,NULL,'195.347.',2,195,NULL,NULL,NULL,NULL,NULL,NULL,NULL,NULL,NULL,NULL,NULL,NULL,NULL,NULL,NULL,'2015-04-06 13:17:59',NULL),(354,'2015-04-06 13:17:55',354,347,'P',1,'FIL','FIL',195,NULL,'195.347.',2,195,NULL,NULL,NULL,NULL,NULL,NULL,NULL,NULL,NULL,NULL,NULL,NULL,NULL,NULL,NULL,'2015-04-06 13:17:59',NULL),(355,'2015-04-06 13:17:55',355,195,'P',1,'DIR','DIR',195,NULL,'195.',1,195,NULL,NULL,NULL,NULL,NULL,NULL,NULL,NULL,NULL,NULL,NULL,NULL,NULL,NULL,NULL,'2015-04-06 13:17:59',NULL),(356,'2015-04-06 13:17:55',356,355,'P',1,'FIL','FIL',195,NULL,'195.355.',2,195,NULL,NULL,NULL,NULL,NULL,NULL,NULL,NULL,NULL,NULL,NULL,NULL,NULL,NULL,NULL,'2015-04-06 13:17:59',NULL),(357,'2015-04-06 13:17:55',357,355,'P',1,'FIL','FIL',195,NULL,'195.355.',2,195,NULL,NULL,NULL,NULL,NULL,NULL,NULL,NULL,NULL,NULL,NULL,NULL,NULL,NULL,NULL,'2015-04-06 13:17:59',NULL),(358,'2015-04-06 13:17:55',358,355,'P',1,'FIL','FIL',195,NULL,'195.355.',2,195,NULL,NULL,NULL,NULL,NULL,NULL,NULL,NULL,NULL,NULL,NULL,NULL,NULL,NULL,NULL,'2015-04-06 13:17:59',NULL),(359,'2015-04-06 13:17:55',359,195,'P',1,'DIR','DIR',195,NULL,'195.',1,195,NULL,NULL,NULL,NULL,NULL,NULL,NULL,NULL,NULL,NULL,NULL,NULL,NULL,NULL,NULL,'2015-04-06 13:17:59',NULL),(360,'2015-04-06 13:17:55',360,359,'P',1,'FIL','FIL',195,NULL,'195.359.',2,195,NULL,NULL,NULL,NULL,NULL,NULL,NULL,NULL,NULL,NULL,NULL,NULL,NULL,NULL,NULL,'2015-04-06 13:17:59',NULL),(361,'2015-04-06 13:17:55',361,359,'P',1,'FIL','FIL',195,NULL,'195.359.',2,195,NULL,NULL,NULL,NULL,NULL,NULL,NULL,NULL,NULL,NULL,NULL,NULL,NULL,NULL,NULL,'2015-04-06 13:17:59',NULL),(362,'2015-04-06 13:17:55',362,359,'P',1,'FIL','FIL',195,NULL,'195.359.',2,195,NULL,NULL,NULL,NULL,NULL,NULL,NULL,NULL,NULL,NULL,NULL,NULL,NULL,NULL,NULL,'2015-04-06 13:17:59',NULL),(363,'2015-04-06 13:17:55',363,359,'P',1,'FIL','FIL',195,NULL,'195.359.',2,195,NULL,NULL,NULL,NULL,NULL,NULL,NULL,NULL,NULL,NULL,NULL,NULL,NULL,NULL,NULL,'2015-04-06 13:17:59',NULL),(364,'2015-04-06 13:17:55',364,359,'P',1,'FIL','FIL',195,NULL,'195.359.',2,195,NULL,NULL,NULL,NULL,NULL,NULL,NULL,NULL,NULL,NULL,NULL,NULL,NULL,NULL,NULL,'2015-04-06 13:17:59',NULL),(365,'2015-04-06 13:17:55',365,195,'P',1,'DIR','DIR',195,NULL,'195.',1,195,NULL,NULL,NULL,NULL,NULL,NULL,NULL,NULL,NULL,NULL,NULL,NULL,NULL,NULL,NULL,'2015-04-06 13:17:59',NULL),(366,'2015-04-06 13:17:55',366,365,'P',1,'FIL','FIL',195,NULL,'195.365.',2,195,NULL,NULL,NULL,NULL,NULL,NULL,NULL,NULL,NULL,NULL,NULL,NULL,NULL,NULL,NULL,'2015-04-06 13:17:59',NULL),(367,'2015-04-06 13:17:55',367,365,'P',1,'FIL','FIL',195,NULL,'195.365.',2,195,NULL,NULL,NULL,NULL,NULL,NULL,NULL,NULL,NULL,NULL,NULL,NULL,NULL,NULL,NULL,'2015-04-06 13:17:59',NULL),(368,'2015-04-06 13:17:55',368,365,'P',1,'FIL','FIL',195,NULL,'195.365.',2,195,NULL,NULL,NULL,NULL,NULL,NULL,NULL,NULL,NULL,NULL,NULL,NULL,NULL,NULL,NULL,'2015-04-06 13:17:59',NULL),(369,'2015-04-06 13:17:55',369,365,'P',1,'FIL','FIL',195,NULL,'195.365.',2,195,NULL,NULL,NULL,NULL,NULL,NULL,NULL,NULL,NULL,NULL,NULL,NULL,NULL,NULL,NULL,'2015-04-06 13:17:59',NULL),(370,'2015-04-06 13:17:55',370,365,'P',1,'FIL','FIL',195,NULL,'195.365.',2,195,NULL,NULL,NULL,NULL,NULL,NULL,NULL,NULL,NULL,NULL,NULL,NULL,NULL,NULL,NULL,'2015-04-06 13:17:59',NULL),(371,'2015-04-06 13:17:55',371,365,'P',1,'FIL','FIL',195,NULL,'195.365.',2,195,NULL,NULL,NULL,NULL,NULL,NULL,NULL,NULL,NULL,NULL,NULL,NULL,NULL,NULL,NULL,'2015-04-06 13:17:59',NULL),(372,'2015-04-06 13:17:55',372,195,'P',1,'DIR','DIR',195,NULL,'195.',1,195,NULL,NULL,NULL,NULL,NULL,NULL,NULL,NULL,NULL,NULL,NULL,NULL,NULL,NULL,NULL,'2015-04-06 13:17:59',NULL),(373,'2015-04-06 13:17:55',373,372,'P',1,'FIL','FIL',195,NULL,'195.372.',2,195,NULL,NULL,NULL,NULL,NULL,NULL,NULL,NULL,NULL,NULL,NULL,NULL,NULL,NULL,NULL,'2015-04-06 13:17:59',NULL),(374,'2015-04-06 13:17:55',374,372,'P',1,'FIL','FIL',195,NULL,'195.372.',2,195,NULL,NULL,NULL,NULL,NULL,NULL,NULL,NULL,NULL,NULL,NULL,NULL,NULL,NULL,NULL,'2015-04-06 13:17:59',NULL),(375,'2015-04-06 13:17:55',375,195,'P',1,'DIR','DIR',195,NULL,'195.',1,195,NULL,NULL,NULL,NULL,NULL,NULL,NULL,NULL,NULL,NULL,NULL,NULL,NULL,NULL,NULL,'2015-04-06 13:17:59',NULL),(376,'2015-04-06 13:17:55',376,375,'P',1,'FIL','FIL',195,NULL,'195.375.',2,195,NULL,NULL,NULL,NULL,NULL,NULL,NULL,NULL,NULL,NULL,NULL,NULL,NULL,NULL,NULL,'2015-04-06 13:17:59',NULL),(377,'2015-04-06 13:17:55',377,195,'P',1,'DIR','DIR',195,NULL,'195.',1,195,NULL,NULL,NULL,NULL,NULL,NULL,NULL,NULL,NULL,NULL,NULL,NULL,NULL,NULL,NULL,'2015-04-06 13:17:59',NULL),(378,'2015-04-06 13:17:55',378,377,'P',1,'FIL','FIL',195,NULL,'195.377.',2,195,NULL,NULL,NULL,NULL,NULL,NULL,NULL,NULL,NULL,NULL,NULL,NULL,NULL,NULL,NULL,'2015-04-06 13:17:59',NULL),(379,'2015-04-06 13:17:55',379,377,'P',1,'FIL','FIL',195,NULL,'195.377.',2,195,NULL,NULL,NULL,NULL,NULL,NULL,NULL,NULL,NULL,NULL,NULL,NULL,NULL,NULL,NULL,'2015-04-06 13:17:59',NULL),(380,'2015-04-06 13:17:55',380,377,'P',1,'FIL','FIL',195,NULL,'195.377.',2,195,NULL,NULL,NULL,NULL,NULL,NULL,NULL,NULL,NULL,NULL,NULL,NULL,NULL,NULL,NULL,'2015-04-06 13:17:59',NULL),(381,'2015-04-06 13:17:55',381,377,'P',1,'FIL','FIL',195,NULL,'195.377.',2,195,NULL,NULL,NULL,NULL,NULL,NULL,NULL,NULL,NULL,NULL,NULL,NULL,NULL,NULL,NULL,'2015-04-06 13:17:59',NULL),(382,'2015-04-06 13:17:55',382,377,'P',1,'FIL','FIL',195,NULL,'195.377.',2,195,NULL,NULL,NULL,NULL,NULL,NULL,NULL,NULL,NULL,NULL,NULL,NULL,NULL,NULL,NULL,'2015-04-06 13:17:59',NULL),(383,'2015-04-06 13:17:55',383,377,'P',1,'FIL','FIL',195,NULL,'195.377.',2,195,NULL,NULL,NULL,NULL,NULL,NULL,NULL,NULL,NULL,NULL,NULL,NULL,NULL,NULL,NULL,'2015-04-06 13:17:59',NULL),(384,'2015-04-06 13:17:55',384,377,'P',1,'FIL','FIL',195,NULL,'195.377.',2,195,NULL,NULL,NULL,NULL,NULL,NULL,NULL,NULL,NULL,NULL,NULL,NULL,NULL,NULL,NULL,'2015-04-06 13:17:59',NULL),(385,'2015-04-06 13:17:55',385,377,'P',1,'FIL','FIL',195,NULL,'195.377.',2,195,NULL,NULL,NULL,NULL,NULL,NULL,NULL,NULL,NULL,NULL,NULL,NULL,NULL,NULL,NULL,'2015-04-06 13:17:59',NULL),(386,'2015-04-06 13:17:55',386,377,'P',1,'FIL','FIL',195,NULL,'195.377.',2,195,NULL,NULL,NULL,NULL,NULL,NULL,NULL,NULL,NULL,NULL,NULL,NULL,NULL,NULL,NULL,'2015-04-06 13:17:59',NULL),(387,'2015-04-06 13:17:55',387,375,'P',1,'FIL','FIL',195,NULL,'195.375.',2,195,NULL,NULL,NULL,NULL,NULL,NULL,NULL,NULL,NULL,NULL,NULL,NULL,NULL,NULL,NULL,'2015-04-06 13:17:59',NULL),(388,'2015-04-06 13:17:55',388,195,'P',1,'DIR','DIR',195,NULL,'195.',1,195,NULL,NULL,NULL,NULL,NULL,NULL,NULL,NULL,NULL,NULL,NULL,NULL,NULL,NULL,NULL,'2015-04-06 13:17:59',NULL),(389,'2015-04-06 13:17:55',389,388,'P',1,'FIL','FIL',195,NULL,'195.388.',2,195,NULL,NULL,NULL,NULL,NULL,NULL,NULL,NULL,NULL,NULL,NULL,NULL,NULL,NULL,NULL,'2015-04-06 13:17:59',NULL),(390,'2015-04-06 13:17:55',390,388,'P',1,'FIL','FIL',195,NULL,'195.388.',2,195,NULL,NULL,NULL,NULL,NULL,NULL,NULL,NULL,NULL,NULL,NULL,NULL,NULL,NULL,NULL,'2015-04-06 13:17:59',NULL),(391,'2015-04-06 13:17:55',391,195,'P',1,'DIR','DIR',195,NULL,'195.',1,195,NULL,NULL,NULL,NULL,NULL,NULL,NULL,NULL,NULL,NULL,NULL,NULL,NULL,NULL,NULL,'2015-04-06 13:18:00',NULL),(392,'2015-04-06 13:17:55',392,391,'P',1,'FIL','FIL',195,NULL,'195.391.',2,195,NULL,NULL,NULL,NULL,NULL,NULL,NULL,NULL,NULL,NULL,NULL,NULL,NULL,NULL,NULL,'2015-04-06 13:18:00',NULL),(393,'2015-04-06 13:17:55',163,NULL,'P',0,'PRJ','LIB',NULL,'2.5.1','',0,163,NULL,NULL,NULL,NULL,NULL,NULL,NULL,NULL,NULL,NULL,NULL,NULL,NULL,NULL,NULL,'2015-04-06 13:18:11',NULL),(394,'2015-04-06 13:17:55',161,NULL,'P',0,'PRJ','LIB',NULL,'2.5.1','',0,161,NULL,NULL,NULL,NULL,NULL,NULL,NULL,NULL,NULL,NULL,NULL,NULL,NULL,NULL,NULL,'2015-04-06 13:18:11',NULL),(395,'2015-04-06 13:17:55',168,NULL,'P',0,'PRJ','LIB',NULL,'3.0-rc2','',0,168,NULL,NULL,NULL,NULL,NULL,NULL,NULL,NULL,NULL,NULL,NULL,NULL,NULL,NULL,NULL,'2015-04-06 13:18:11',NULL),(396,'2015-04-06 13:17:55',171,NULL,'P',0,'PRJ','LIB',NULL,'3.0-rc2','',0,171,NULL,NULL,NULL,NULL,NULL,NULL,NULL,NULL,NULL,NULL,NULL,NULL,NULL,NULL,NULL,'2015-04-06 13:18:11',NULL),(397,'2015-04-06 13:17:55',393,NULL,'P',0,'PRJ','LIB',NULL,'5.0p','',0,393,NULL,NULL,NULL,NULL,NULL,NULL,NULL,NULL,NULL,NULL,NULL,NULL,NULL,NULL,NULL,'2015-04-06 13:18:11',NULL),(398,'2015-04-06 13:17:55',394,NULL,'P',0,'PRJ','LIB',NULL,'5.0p','',0,394,NULL,NULL,NULL,NULL,NULL,NULL,NULL,NULL,NULL,NULL,NULL,NULL,NULL,NULL,NULL,'2015-04-06 13:18:11',NULL),(399,'2015-04-06 13:17:55',395,NULL,'P',0,'PRJ','LIB',NULL,'1.9','',0,395,NULL,NULL,NULL,NULL,NULL,NULL,NULL,NULL,NULL,NULL,NULL,NULL,NULL,NULL,NULL,'2015-04-06 13:18:11',NULL),(400,'2015-04-06 13:17:55',396,NULL,'P',0,'PRJ','LIB',NULL,'3.1','',0,396,NULL,NULL,NULL,NULL,NULL,NULL,NULL,NULL,NULL,NULL,NULL,NULL,NULL,NULL,NULL,'2015-04-06 13:18:11',NULL),(401,'2015-04-06 13:17:55',397,NULL,'P',0,'PRJ','LIB',NULL,'1.9','',0,397,NULL,NULL,NULL,NULL,NULL,NULL,NULL,NULL,NULL,NULL,NULL,NULL,NULL,NULL,NULL,'2015-04-06 13:18:11',NULL),(402,'2015-04-06 13:17:55',182,NULL,'P',0,'PRJ','LIB',NULL,'3.0.4a-SNAPSHOT','',0,182,NULL,NULL,NULL,NULL,NULL,NULL,NULL,NULL,NULL,NULL,NULL,NULL,NULL,NULL,NULL,'2015-04-06 13:18:11',NULL),(403,'2015-04-06 13:17:55',398,NULL,'P',0,'PRJ','LIB',NULL,'3.0.4a-SNAPSHOT','',0,398,NULL,NULL,NULL,NULL,NULL,NULL,NULL,NULL,NULL,NULL,NULL,NULL,NULL,NULL,NULL,'2015-04-06 13:18:11',NULL),(404,'2015-04-06 13:17:55',399,NULL,'P',0,'PRJ','LIB',NULL,'2.4','',0,399,NULL,NULL,NULL,NULL,NULL,NULL,NULL,NULL,NULL,NULL,NULL,NULL,NULL,NULL,NULL,'2015-04-06 13:18:11',NULL),(405,'2015-04-06 13:17:55',400,NULL,'P',0,'PRJ','LIB',NULL,'1.9.12','',0,400,NULL,NULL,NULL,NULL,NULL,NULL,NULL,NULL,NULL,NULL,NULL,NULL,NULL,NULL,NULL,'2015-04-06 13:18:11',NULL),(406,'2015-04-06 13:17:55',401,NULL,'P',0,'PRJ','LIB',NULL,'1.9.12','',0,401,NULL,NULL,NULL,NULL,NULL,NULL,NULL,NULL,NULL,NULL,NULL,NULL,NULL,NULL,NULL,'2015-04-06 13:18:11',NULL),(407,'2015-04-06 13:17:55',181,NULL,'P',0,'PRJ','LIB',NULL,'3.0.4a-SNAPSHOT','',0,181,NULL,NULL,NULL,NULL,NULL,NULL,NULL,NULL,NULL,NULL,NULL,NULL,NULL,NULL,NULL,'2015-04-06 13:18:11',NULL),(408,'2015-04-06 13:17:55',402,NULL,'P',0,'PRJ','LIB',NULL,'2.10.0','',0,402,NULL,NULL,NULL,NULL,NULL,NULL,NULL,NULL,NULL,NULL,NULL,NULL,NULL,NULL,NULL,'2015-04-06 13:18:11',NULL),(409,'2015-04-06 13:17:55',403,NULL,'P',0,'PRJ','LIB',NULL,'1.4.01','',0,403,NULL,NULL,NULL,NULL,NULL,NULL,NULL,NULL,NULL,NULL,NULL,NULL,NULL,NULL,NULL,'2015-04-06 13:18:11',NULL),(410,'2015-04-06 13:17:55',404,NULL,'P',0,'PRJ','LIB',NULL,'3.0.4a-SNAPSHOT','',0,404,NULL,NULL,NULL,NULL,NULL,NULL,NULL,NULL,NULL,NULL,NULL,NULL,NULL,NULL,NULL,'2015-04-06 13:18:11',NULL),(411,'2015-04-06 13:17:55',405,NULL,'P',0,'PRJ','LIB',NULL,'1.0','',0,405,NULL,NULL,NULL,NULL,NULL,NULL,NULL,NULL,NULL,NULL,NULL,NULL,NULL,NULL,NULL,'2015-04-06 13:18:11',NULL),(412,'2015-04-06 13:17:55',406,NULL,'P',0,'PRJ','LIB',NULL,'2.0.0','',0,406,NULL,NULL,NULL,NULL,NULL,NULL,NULL,NULL,NULL,NULL,NULL,NULL,NULL,NULL,NULL,'2015-04-06 13:18:11',NULL),(413,'2015-04-06 13:17:55',407,NULL,'P',0,'PRJ','LIB',NULL,'3.0.4a-SNAPSHOT','',0,407,NULL,NULL,NULL,NULL,NULL,NULL,NULL,NULL,NULL,NULL,NULL,NULL,NULL,NULL,NULL,'2015-04-06 13:18:11',NULL),(414,'2015-04-06 13:17:55',408,NULL,'P',0,'PRJ','LIB',NULL,'3.0.4a-SNAPSHOT','',0,408,NULL,NULL,NULL,NULL,NULL,NULL,NULL,NULL,NULL,NULL,NULL,NULL,NULL,NULL,NULL,'2015-04-06 13:18:11',NULL),(415,'2015-04-06 13:17:55',409,NULL,'P',0,'PRJ','LIB',NULL,'3.0.4a-SNAPSHOT','',0,409,NULL,NULL,NULL,NULL,NULL,NULL,NULL,NULL,NULL,NULL,NULL,NULL,NULL,NULL,NULL,'2015-04-06 13:18:11',NULL),(416,'2015-04-06 13:17:55',410,NULL,'P',0,'PRJ','LIB',NULL,'3.0.4a-SNAPSHOT','',0,410,NULL,NULL,NULL,NULL,NULL,NULL,NULL,NULL,NULL,NULL,NULL,NULL,NULL,NULL,NULL,'2015-04-06 13:18:11',NULL),(417,'2015-04-06 13:17:55',411,NULL,'P',0,'PRJ','LIB',NULL,'3.0.4a-SNAPSHOT','',0,411,NULL,NULL,NULL,NULL,NULL,NULL,NULL,NULL,NULL,NULL,NULL,NULL,NULL,NULL,NULL,'2015-04-06 13:18:11',NULL),(418,'2015-04-06 13:17:55',412,NULL,'P',0,'PRJ','LIB',NULL,'1.4.3','',0,412,NULL,NULL,NULL,NULL,NULL,NULL,NULL,NULL,NULL,NULL,NULL,NULL,NULL,NULL,NULL,'2015-04-06 13:18:11',NULL),(419,'2015-04-06 13:17:55',413,NULL,'P',0,'PRJ','LIB',NULL,'1.1','',0,413,NULL,NULL,NULL,NULL,NULL,NULL,NULL,NULL,NULL,NULL,NULL,NULL,NULL,NULL,NULL,'2015-04-06 13:18:11',NULL),(420,'2015-04-06 13:17:55',414,NULL,'P',0,'PRJ','LIB',NULL,'3.0.4a-SNAPSHOT','',0,414,NULL,NULL,NULL,NULL,NULL,NULL,NULL,NULL,NULL,NULL,NULL,NULL,NULL,NULL,NULL,'2015-04-06 13:18:11',NULL),(421,'2015-04-06 13:17:55',415,NULL,'P',0,'PRJ','LIB',NULL,'2.3.1','',0,415,NULL,NULL,NULL,NULL,NULL,NULL,NULL,NULL,NULL,NULL,NULL,NULL,NULL,NULL,NULL,'2015-04-06 13:18:11',NULL),(422,'2015-04-06 13:17:55',416,NULL,'P',0,'PRJ','LIB',NULL,'3.0.4a-SNAPSHOT','',0,416,NULL,NULL,NULL,NULL,NULL,NULL,NULL,NULL,NULL,NULL,NULL,NULL,NULL,NULL,NULL,'2015-04-06 13:18:11',NULL),(423,'2015-04-06 13:17:55',417,NULL,'P',0,'PRJ','LIB',NULL,'2.3','',0,417,NULL,NULL,NULL,NULL,NULL,NULL,NULL,NULL,NULL,NULL,NULL,NULL,NULL,NULL,NULL,'2015-04-06 13:18:11',NULL),(424,'2015-04-06 13:17:55',418,NULL,'P',0,'PRJ','LIB',NULL,'1.5','',0,418,NULL,NULL,NULL,NULL,NULL,NULL,NULL,NULL,NULL,NULL,NULL,NULL,NULL,NULL,NULL,'2015-04-06 13:18:11',NULL),(425,'2015-04-06 13:17:55',419,NULL,'P',0,'PRJ','LIB',NULL,'3.1','',0,419,NULL,NULL,NULL,NULL,NULL,NULL,NULL,NULL,NULL,NULL,NULL,NULL,NULL,NULL,NULL,'2015-04-06 13:18:11',NULL),(426,'2015-04-06 13:17:55',420,NULL,'P',0,'PRJ','LIB',NULL,'2.0.8','',0,420,NULL,NULL,NULL,NULL,NULL,NULL,NULL,NULL,NULL,NULL,NULL,NULL,NULL,NULL,NULL,'2015-04-06 13:18:11',NULL),(427,'2015-04-06 13:17:55',421,NULL,'P',0,'PRJ','LIB',NULL,'0.7-groovy-2.0','',0,421,NULL,NULL,NULL,NULL,NULL,NULL,NULL,NULL,NULL,NULL,NULL,NULL,NULL,NULL,NULL,'2015-04-06 13:18:11',NULL),(428,'2015-04-06 13:17:55',422,NULL,'P',0,'PRJ','LIB',NULL,'1.5.7','',0,422,NULL,NULL,NULL,NULL,NULL,NULL,NULL,NULL,NULL,NULL,NULL,NULL,NULL,NULL,NULL,'2015-04-06 13:18:11',NULL),(429,'2015-04-06 13:17:55',423,NULL,'P',0,'PRJ','LIB',NULL,'4.0','',0,423,NULL,NULL,NULL,NULL,NULL,NULL,NULL,NULL,NULL,NULL,NULL,NULL,NULL,NULL,NULL,'2015-04-06 13:18:11',NULL),(430,'2015-04-06 13:17:55',424,NULL,'P',0,'PRJ','LIB',NULL,'2.0','',0,424,NULL,NULL,NULL,NULL,NULL,NULL,NULL,NULL,NULL,NULL,NULL,NULL,NULL,NULL,NULL,'2015-04-06 13:18:11',NULL),(431,'2015-04-06 13:17:55',425,NULL,'P',0,'PRJ','LIB',NULL,'2.0','',0,425,NULL,NULL,NULL,NULL,NULL,NULL,NULL,NULL,NULL,NULL,NULL,NULL,NULL,NULL,NULL,'2015-04-06 13:18:11',NULL),(432,'2015-04-06 13:17:55',426,NULL,'P',0,'PRJ','LIB',NULL,'2.0','',0,426,NULL,NULL,NULL,NULL,NULL,NULL,NULL,NULL,NULL,NULL,NULL,NULL,NULL,NULL,NULL,'2015-04-06 13:18:11',NULL),(433,'2015-04-06 13:17:55',427,NULL,'P',0,'PRJ','LIB',NULL,'2.0','',0,427,NULL,NULL,NULL,NULL,NULL,NULL,NULL,NULL,NULL,NULL,NULL,NULL,NULL,NULL,NULL,'2015-04-06 13:18:11',NULL),(434,'2015-04-06 13:17:55',428,NULL,'P',0,'PRJ','LIB',NULL,'2.0','',0,428,NULL,NULL,NULL,NULL,NULL,NULL,NULL,NULL,NULL,NULL,NULL,NULL,NULL,NULL,NULL,'2015-04-06 13:18:11',NULL),(435,'2015-04-06 13:17:55',429,NULL,'P',0,'PRJ','LIB',NULL,'1.0-alpha-8','',0,429,NULL,NULL,NULL,NULL,NULL,NULL,NULL,NULL,NULL,NULL,NULL,NULL,NULL,NULL,NULL,'2015-04-06 13:18:11',NULL),(436,'2015-04-06 13:17:55',430,NULL,'P',0,'PRJ','LIB',NULL,'1.1-alpha-2','',0,430,NULL,NULL,NULL,NULL,NULL,NULL,NULL,NULL,NULL,NULL,NULL,NULL,NULL,NULL,NULL,'2015-04-06 13:18:11',NULL),(437,'2015-04-06 13:17:55',431,NULL,'P',0,'PRJ','LIB',NULL,'0.7-groovy-2.0','',0,431,NULL,NULL,NULL,NULL,NULL,NULL,NULL,NULL,NULL,NULL,NULL,NULL,NULL,NULL,NULL,'2015-04-06 13:18:11',NULL),(438,'2015-04-06 13:17:55',432,NULL,'P',0,'PRJ','LIB',NULL,'4.10','',0,432,NULL,NULL,NULL,NULL,NULL,NULL,NULL,NULL,NULL,NULL,NULL,NULL,NULL,NULL,NULL,'2015-04-06 13:18:11',NULL),(439,'2015-04-06 13:17:55',433,NULL,'P',0,'PRJ','LIB',NULL,'2.0','',0,433,NULL,NULL,NULL,NULL,NULL,NULL,NULL,NULL,NULL,NULL,NULL,NULL,NULL,NULL,NULL,'2015-04-06 13:18:11',NULL),(440,'2015-04-06 13:17:55',434,NULL,'P',0,'PRJ','LIB',NULL,'2.0','',0,434,NULL,NULL,NULL,NULL,NULL,NULL,NULL,NULL,NULL,NULL,NULL,NULL,NULL,NULL,NULL,'2015-04-06 13:18:11',NULL),(441,'2015-04-06 13:17:55',435,NULL,'P',0,'PRJ','LIB',NULL,'1.0-alpha-5','',0,435,NULL,NULL,NULL,NULL,NULL,NULL,NULL,NULL,NULL,NULL,NULL,NULL,NULL,NULL,NULL,'2015-04-06 13:18:11',NULL),(442,'2015-04-06 13:17:55',436,NULL,'P',0,'PRJ','LIB',NULL,'2.0','',0,436,NULL,NULL,NULL,NULL,NULL,NULL,NULL,NULL,NULL,NULL,NULL,NULL,NULL,NULL,NULL,'2015-04-06 13:18:11',NULL),(443,'2015-04-06 13:17:55',437,NULL,'P',0,'PRJ','LIB',NULL,'1.0-alpha-5','',0,437,NULL,NULL,NULL,NULL,NULL,NULL,NULL,NULL,NULL,NULL,NULL,NULL,NULL,NULL,NULL,'2015-04-06 13:18:11',NULL),(444,'2015-04-06 13:17:55',438,NULL,'P',0,'PRJ','LIB',NULL,'2.0','',0,438,NULL,NULL,NULL,NULL,NULL,NULL,NULL,NULL,NULL,NULL,NULL,NULL,NULL,NULL,NULL,'2015-04-06 13:18:11',NULL),(445,'2015-04-06 13:17:55',439,NULL,'P',0,'PRJ','LIB',NULL,'1.0-alpha-4','',0,439,NULL,NULL,NULL,NULL,NULL,NULL,NULL,NULL,NULL,NULL,NULL,NULL,NULL,NULL,NULL,'2015-04-06 13:18:11',NULL),(446,'2015-04-06 13:17:55',440,NULL,'P',0,'PRJ','LIB',NULL,'1.0-alpha-5','',0,440,NULL,NULL,NULL,NULL,NULL,NULL,NULL,NULL,NULL,NULL,NULL,NULL,NULL,NULL,NULL,'2015-04-06 13:18:11',NULL),(447,'2015-04-06 13:17:55',441,NULL,'P',0,'PRJ','LIB',NULL,'2.0','',0,441,NULL,NULL,NULL,NULL,NULL,NULL,NULL,NULL,NULL,NULL,NULL,NULL,NULL,NULL,NULL,'2015-04-06 13:18:11',NULL),(448,'2015-04-06 13:17:55',442,NULL,'P',0,'PRJ','LIB',NULL,'2.0','',0,442,NULL,NULL,NULL,NULL,NULL,NULL,NULL,NULL,NULL,NULL,NULL,NULL,NULL,NULL,NULL,'2015-04-06 13:18:11',NULL),(449,'2015-04-06 13:17:55',443,NULL,'P',0,'PRJ','LIB',NULL,'2.0','',0,443,NULL,NULL,NULL,NULL,NULL,NULL,NULL,NULL,NULL,NULL,NULL,NULL,NULL,NULL,NULL,'2015-04-06 13:18:11',NULL),(450,'2015-04-06 13:17:55',444,NULL,'P',0,'PRJ','LIB',NULL,'1.0','',0,444,NULL,NULL,NULL,NULL,NULL,NULL,NULL,NULL,NULL,NULL,NULL,NULL,NULL,NULL,NULL,'2015-04-06 13:18:11',NULL),(451,'2015-04-06 13:17:55',445,NULL,'P',0,'PRJ','LIB',NULL,'2.0','',0,445,NULL,NULL,NULL,NULL,NULL,NULL,NULL,NULL,NULL,NULL,NULL,NULL,NULL,NULL,NULL,'2015-04-06 13:18:11',NULL),(452,'2015-04-06 13:17:55',446,NULL,'P',0,'PRJ','LIB',NULL,'1.0-alpha-4','',0,446,NULL,NULL,NULL,NULL,NULL,NULL,NULL,NULL,NULL,NULL,NULL,NULL,NULL,NULL,NULL,'2015-04-06 13:18:11',NULL),(453,'2015-04-06 13:17:55',447,NULL,'P',0,'PRJ','LIB',NULL,'2.0','',0,447,NULL,NULL,NULL,NULL,NULL,NULL,NULL,NULL,NULL,NULL,NULL,NULL,NULL,NULL,NULL,'2015-04-06 13:18:11',NULL),(454,'2015-04-06 13:17:55',448,NULL,'P',0,'PRJ','LIB',NULL,'1.0-alpha-5','',0,448,NULL,NULL,NULL,NULL,NULL,NULL,NULL,NULL,NULL,NULL,NULL,NULL,NULL,NULL,NULL,'2015-04-06 13:18:11',NULL),(455,'2015-04-06 13:17:55',449,NULL,'P',0,'PRJ','LIB',NULL,'0.1.23','',0,449,NULL,NULL,NULL,NULL,NULL,NULL,NULL,NULL,NULL,NULL,NULL,NULL,NULL,NULL,NULL,'2015-04-06 13:18:11',NULL),(456,'2015-04-06 13:17:55',450,NULL,'P',0,'PRJ','LIB',NULL,'2.0','',0,450,NULL,NULL,NULL,NULL,NULL,NULL,NULL,NULL,NULL,NULL,NULL,NULL,NULL,NULL,NULL,'2015-04-06 13:18:11',NULL),(457,'2015-04-06 13:17:55',451,NULL,'P',0,'PRJ','LIB',NULL,'3.1','',0,451,NULL,NULL,NULL,NULL,NULL,NULL,NULL,NULL,NULL,NULL,NULL,NULL,NULL,NULL,NULL,'2015-04-06 13:18:11',NULL),(458,'2015-04-06 13:17:55',452,NULL,'P',0,'PRJ','LIB',NULL,'3.0.4a-SNAPSHOT','',0,452,NULL,NULL,NULL,NULL,NULL,NULL,NULL,NULL,NULL,NULL,NULL,NULL,NULL,NULL,NULL,'2015-04-06 13:18:11',NULL),(459,'2015-04-06 13:17:55',453,NULL,'P',0,'PRJ','LIB',NULL,'2.0.8','',0,453,NULL,NULL,NULL,NULL,NULL,NULL,NULL,NULL,NULL,NULL,NULL,NULL,NULL,NULL,NULL,'2015-04-06 13:18:11',NULL),(460,'2015-04-06 13:17:55',184,NULL,'P',0,'PRJ','LIB',NULL,'1.0.2','',0,184,NULL,NULL,NULL,NULL,NULL,NULL,NULL,NULL,NULL,NULL,NULL,NULL,NULL,NULL,NULL,'2015-04-06 13:18:11',NULL),(461,'2015-04-06 13:17:55',185,NULL,'P',0,'PRJ','LIB',NULL,'1.6','',0,185,NULL,NULL,NULL,NULL,NULL,NULL,NULL,NULL,NULL,NULL,NULL,NULL,NULL,NULL,NULL,'2015-04-06 13:18:11',NULL),(462,'2015-04-06 13:17:55',454,NULL,'P',0,'PRJ','LIB',NULL,'3.0.4a-SNAPSHOT','',0,454,NULL,NULL,NULL,NULL,NULL,NULL,NULL,NULL,NULL,NULL,NULL,NULL,NULL,NULL,NULL,'2015-04-06 13:18:11',NULL),(463,'2015-04-06 13:17:55',455,NULL,'P',0,'PRJ','LIB',NULL,'5.1.12','',0,455,NULL,NULL,NULL,NULL,NULL,NULL,NULL,NULL,NULL,NULL,NULL,NULL,NULL,NULL,NULL,'2015-04-06 13:18:11',NULL),(464,'2015-04-06 13:17:55',456,NULL,'P',0,'PRJ','LIB',NULL,'3.0.4a-SNAPSHOT','',0,456,NULL,NULL,NULL,NULL,NULL,NULL,NULL,NULL,NULL,NULL,NULL,NULL,NULL,NULL,NULL,'2015-04-06 13:18:11',NULL),(465,'2015-04-06 13:17:55',174,NULL,'P',0,'PRJ','LIB',NULL,'1.7.5','',0,174,NULL,NULL,NULL,NULL,NULL,NULL,NULL,NULL,NULL,NULL,NULL,NULL,NULL,NULL,NULL,'2015-04-06 13:18:11',NULL),(466,'2015-04-06 13:17:55',457,NULL,'P',0,'PRJ','LIB',NULL,'1.7.5','',0,457,NULL,NULL,NULL,NULL,NULL,NULL,NULL,NULL,NULL,NULL,NULL,NULL,NULL,NULL,NULL,'2015-04-06 13:18:11',NULL),(467,'2015-04-06 13:17:55',458,NULL,'P',0,'PRJ','LIB',NULL,'3.1','',0,458,NULL,NULL,NULL,NULL,NULL,NULL,NULL,NULL,NULL,NULL,NULL,NULL,NULL,NULL,NULL,'2015-04-06 13:18:11',NULL),(468,'2015-04-06 13:17:55',459,NULL,'P',0,'PRJ','LIB',NULL,'10.11.1.1','',0,459,NULL,NULL,NULL,NULL,NULL,NULL,NULL,NULL,NULL,NULL,NULL,NULL,NULL,NULL,NULL,'2015-04-06 13:18:11',NULL),(469,'2015-04-06 13:17:55',460,NULL,'P',0,'PRJ','LIB',NULL,'10.11.1.1','',0,460,NULL,NULL,NULL,NULL,NULL,NULL,NULL,NULL,NULL,NULL,NULL,NULL,NULL,NULL,NULL,'2015-04-06 13:18:11',NULL),(470,'2015-04-06 13:17:55',461,NULL,'P',0,'PRJ','LIB',NULL,'2.2.5','',0,461,NULL,NULL,NULL,NULL,NULL,NULL,NULL,NULL,NULL,NULL,NULL,NULL,NULL,NULL,NULL,'2015-04-06 13:18:11',NULL),(471,'2015-04-06 13:17:55',462,NULL,'P',0,'PRJ','LIB',NULL,'3.18.1-GA','',0,462,NULL,NULL,NULL,NULL,NULL,NULL,NULL,NULL,NULL,NULL,NULL,NULL,NULL,NULL,NULL,'2015-04-06 13:18:11',NULL),(472,'2015-04-06 13:17:55',463,NULL,'P',0,'PRJ','LIB',NULL,'3.0.4a-SNAPSHOT','',0,463,NULL,NULL,NULL,NULL,NULL,NULL,NULL,NULL,NULL,NULL,NULL,NULL,NULL,NULL,NULL,'2015-04-06 13:18:11',NULL),(473,'2015-04-06 13:17:55',464,NULL,'P',0,'PRJ','LIB',NULL,'3.0.4a-SNAPSHOT','',0,464,NULL,NULL,NULL,NULL,NULL,NULL,NULL,NULL,NULL,NULL,NULL,NULL,NULL,NULL,NULL,'2015-04-06 13:18:11',NULL),(474,'2015-04-06 13:17:55',465,NULL,'P',0,'PRJ','LIB',NULL,'3.0.4a-SNAPSHOT','',0,465,NULL,NULL,NULL,NULL,NULL,NULL,NULL,NULL,NULL,NULL,NULL,NULL,NULL,NULL,NULL,'2015-04-06 13:18:11',NULL),(475,'2015-04-06 13:17:55',466,NULL,'P',0,'PRJ','LIB',NULL,'3.0.4a-SNAPSHOT','',0,466,NULL,NULL,NULL,NULL,NULL,NULL,NULL,NULL,NULL,NULL,NULL,NULL,NULL,NULL,NULL,'2015-04-06 13:18:11',NULL),(476,'2015-04-06 13:17:55',179,NULL,'P',0,'PRJ','LIB',NULL,'3.0.4a-SNAPSHOT','',0,179,NULL,NULL,NULL,NULL,NULL,NULL,NULL,NULL,NULL,NULL,NULL,NULL,NULL,NULL,NULL,'2015-04-06 13:18:11',NULL),(477,'2015-04-06 13:17:55',467,NULL,'P',0,'PRJ','LIB',NULL,'3.0.4a-SNAPSHOT','',0,467,NULL,NULL,NULL,NULL,NULL,NULL,NULL,NULL,NULL,NULL,NULL,NULL,NULL,NULL,NULL,'2015-04-06 13:18:11',NULL),(478,'2015-04-06 13:17:55',468,NULL,'P',0,'PRJ','LIB',NULL,'1.4','',0,468,NULL,NULL,NULL,NULL,NULL,NULL,NULL,NULL,NULL,NULL,NULL,NULL,NULL,NULL,NULL,'2015-04-06 13:18:11',NULL),(479,'2015-04-06 13:17:55',469,NULL,'P',0,'PRJ','LIB',NULL,'3.0.4a-SNAPSHOT','',0,469,NULL,NULL,NULL,NULL,NULL,NULL,NULL,NULL,NULL,NULL,NULL,NULL,NULL,NULL,NULL,'2015-04-06 13:18:11',NULL),(480,'2015-04-06 13:17:55',470,NULL,'P',0,'PRJ','LIB',NULL,'0.0.81','',0,470,NULL,NULL,NULL,NULL,NULL,NULL,NULL,NULL,NULL,NULL,NULL,NULL,NULL,NULL,NULL,'2015-04-06 13:18:11',NULL),(481,'2015-04-06 13:17:55',471,NULL,'P',0,'PRJ','LIB',NULL,'1.9','',0,471,NULL,NULL,NULL,NULL,NULL,NULL,NULL,NULL,NULL,NULL,NULL,NULL,NULL,NULL,NULL,'2015-04-06 13:18:11',NULL),(482,'2015-04-06 13:17:55',472,NULL,'P',0,'PRJ','LIB',NULL,'1.1.3.1','',0,472,NULL,NULL,NULL,NULL,NULL,NULL,NULL,NULL,NULL,NULL,NULL,NULL,NULL,NULL,NULL,'2015-04-06 13:18:11',NULL),(483,'2015-04-06 13:17:55',473,NULL,'P',0,'PRJ','LIB',NULL,'2.3.1','',0,473,NULL,NULL,NULL,NULL,NULL,NULL,NULL,NULL,NULL,NULL,NULL,NULL,NULL,NULL,NULL,'2015-04-06 13:18:11',NULL),(484,'2015-04-06 13:17:55',474,NULL,'P',0,'PRJ','LIB',NULL,'3.0.4a-SNAPSHOT','',0,474,NULL,NULL,NULL,NULL,NULL,NULL,NULL,NULL,NULL,NULL,NULL,NULL,NULL,NULL,NULL,'2015-04-06 13:18:11',NULL),(485,'2015-04-06 13:17:55',475,NULL,'P',0,'PRJ','LIB',NULL,'3.0.5','',0,475,NULL,NULL,NULL,NULL,NULL,NULL,NULL,NULL,NULL,NULL,NULL,NULL,NULL,NULL,NULL,'2015-04-06 13:18:11',NULL),(486,'2015-04-06 13:17:55',476,NULL,'P',0,'PRJ','LIB',NULL,'1.1','',0,476,NULL,NULL,NULL,NULL,NULL,NULL,NULL,NULL,NULL,NULL,NULL,NULL,NULL,NULL,NULL,'2015-04-06 13:18:11',NULL),(487,'2015-04-06 13:17:55',477,NULL,'P',0,'PRJ','LIB',NULL,'3.0.4a-SNAPSHOT','',0,477,NULL,NULL,NULL,NULL,NULL,NULL,NULL,NULL,NULL,NULL,NULL,NULL,NULL,NULL,NULL,'2015-04-06 13:18:11',NULL),(644,'2015-04-07 18:23:59',1,NULL,'P',0,'PRJ','TRK',NULL,'1.0.1b-SNAPSHOT','',0,1,'previous_analysis','2015-04-06','2015-04-06 14:54:14','days','30','2015-04-06 11:22:18',NULL,NULL,NULL,NULL,NULL,NULL,NULL,NULL,NULL,'2015-04-07 18:23:59',1),(1282,'2015-04-08 10:22:42',1,NULL,'P',0,'PRJ','TRK',NULL,'1.0.1b-SNAPSHOT','',0,1,'previous_analysis','2015-04-08','2015-04-08 10:16:07','days','30','2015-04-06 11:22:18',NULL,NULL,NULL,NULL,NULL,NULL,NULL,NULL,NULL,'2015-04-08 10:22:42',1),(1918,'2015-04-08 12:01:07',1,NULL,'P',0,'PRJ','TRK',NULL,'1.0.1b-SNAPSHOT','',0,1,'previous_analysis','2015-04-08','2015-04-08 11:05:41','days','30','2015-04-06 11:22:18',NULL,NULL,NULL,NULL,NULL,NULL,NULL,NULL,NULL,'2015-04-08 12:01:07',1),(2554,'2015-04-09 10:13:59',1,NULL,'P',0,'PRJ','TRK',NULL,'1.0.1b-SNAPSHOT','',0,1,'previous_analysis','2015-04-08','2015-04-08 13:07:13','days','30','2015-04-06 11:22:18',NULL,NULL,NULL,NULL,NULL,NULL,NULL,NULL,NULL,'2015-04-09 10:13:59',1),(2714,'2015-04-09 10:23:53',1,NULL,'P',0,'PRJ','TRK',NULL,'1.0.1b-SNAPSHOT','',0,1,'previous_analysis','2015-04-09','2015-04-09 10:13:59','days','30','2015-04-06 11:22:18',NULL,NULL,NULL,NULL,NULL,NULL,NULL,NULL,NULL,'2015-04-09 10:23:54',1),(2874,'2015-04-09 10:26:19',1,NULL,'P',0,'PRJ','TRK',NULL,'1.0.1b-SNAPSHOT','',0,1,'previous_analysis','2015-04-09','2015-04-09 10:23:53','days','30','2015-04-06 11:22:18',NULL,NULL,NULL,NULL,NULL,NULL,NULL,NULL,NULL,'2015-04-09 10:26:19',1),(3034,'2015-04-09 10:33:08',1,NULL,'P',0,'PRJ','TRK',NULL,'1.0.1b-SNAPSHOT','',0,1,'previous_analysis','2015-04-09','2015-04-09 10:26:19','days','30','2015-04-06 11:22:18',NULL,NULL,NULL,NULL,NULL,NULL,NULL,NULL,NULL,'2015-04-09 10:33:08',1),(3194,'2015-04-09 10:37:33',1,NULL,'P',0,'PRJ','TRK',NULL,'1.0.1b-SNAPSHOT','',0,1,'previous_analysis','2015-04-09','2015-04-09 10:33:08','days','30','2015-04-06 11:22:18',NULL,NULL,NULL,NULL,NULL,NULL,NULL,NULL,NULL,'2015-04-09 10:37:33',1),(3354,'2015-04-09 10:43:16',1,NULL,'P',0,'PRJ','TRK',NULL,'1.0.1b-SNAPSHOT','',0,1,'previous_analysis','2015-04-09','2015-04-09 10:37:33','days','30','2015-04-06 11:22:18',NULL,NULL,NULL,NULL,NULL,NULL,NULL,NULL,NULL,'2015-04-09 10:43:16',1),(3514,'2015-04-09 10:45:41',1,NULL,'P',0,'PRJ','TRK',NULL,'1.0.1b-SNAPSHOT','',0,1,'previous_analysis','2015-04-09','2015-04-09 10:43:16','days','30','2015-04-06 11:22:18',NULL,NULL,NULL,NULL,NULL,NULL,NULL,NULL,NULL,'2015-04-09 10:45:41',1),(3674,'2015-04-09 10:49:02',1,NULL,'P',0,'PRJ','TRK',NULL,'1.0.1b-SNAPSHOT','',0,1,'previous_analysis','2015-04-09','2015-04-09 10:45:41','days','30','2015-04-06 11:22:18',NULL,NULL,NULL,NULL,NULL,NULL,NULL,NULL,NULL,'2015-04-09 10:49:02',1),(3834,'2015-04-09 10:55:09',1,NULL,'P',0,'PRJ','TRK',NULL,'1.0.1b-SNAPSHOT','',0,1,'previous_analysis','2015-04-09','2015-04-09 10:49:02','days','30','2015-04-06 11:22:18',NULL,NULL,NULL,NULL,NULL,NULL,NULL,NULL,NULL,'2015-04-09 10:55:10',1),(3994,'2015-04-09 10:59:55',1,NULL,'P',0,'PRJ','TRK',NULL,'1.0.1b-SNAPSHOT','',0,1,'previous_analysis','2015-04-09','2015-04-09 10:55:09','days','30','2015-04-06 11:22:18',NULL,NULL,NULL,NULL,NULL,NULL,NULL,NULL,NULL,'2015-04-09 10:59:55',1),(4154,'2015-04-09 11:05:44',1,NULL,'P',0,'PRJ','TRK',NULL,'1.0.1b-SNAPSHOT','',0,1,'previous_analysis','2015-04-09','2015-04-09 10:59:55','days','30','2015-04-06 11:22:18',NULL,NULL,NULL,NULL,NULL,NULL,NULL,NULL,NULL,'2015-04-09 11:05:44',1),(4313,'2015-04-09 12:30:20',1,NULL,'P',0,'PRJ','TRK',NULL,'1.0.1b-SNAPSHOT','',0,1,'previous_analysis','2015-04-09','2015-04-09 11:05:44','days','30','2015-04-06 11:22:18',NULL,NULL,NULL,NULL,NULL,NULL,NULL,NULL,NULL,'2015-04-09 12:30:21',1),(4472,'2015-04-09 13:18:50',1,NULL,'P',0,'PRJ','TRK',NULL,'1.0.1b-SNAPSHOT','',0,1,'previous_analysis','2015-04-09','2015-04-09 12:30:20','days','30','2015-04-06 11:22:18',NULL,NULL,NULL,NULL,NULL,NULL,NULL,NULL,NULL,'2015-04-09 13:18:50',1),(4631,'2015-04-09 13:23:24',1,NULL,'P',0,'PRJ','TRK',NULL,'1.0.1b-SNAPSHOT','',0,1,'previous_analysis','2015-04-09','2015-04-09 13:18:50','days','30','2015-04-06 11:22:18',NULL,NULL,NULL,NULL,NULL,NULL,NULL,NULL,NULL,'2015-04-09 13:23:24',1),(4790,'2015-04-09 13:34:27',1,NULL,'P',0,'PRJ','TRK',NULL,'1.0.1b-SNAPSHOT','',0,1,'previous_analysis','2015-04-09','2015-04-09 13:23:24','days','30','2015-04-06 11:22:18',NULL,NULL,NULL,NULL,NULL,NULL,NULL,NULL,NULL,'2015-04-09 13:34:27',1),(4949,'2015-04-09 13:38:57',1,NULL,'P',0,'PRJ','TRK',NULL,'1.0.1b-SNAPSHOT','',0,1,'previous_analysis','2015-04-09','2015-04-09 13:34:27','days','30','2015-04-06 11:22:18',NULL,NULL,NULL,NULL,NULL,NULL,NULL,NULL,NULL,'2015-04-09 13:38:57',1),(5108,'2015-04-09 15:18:27',1,NULL,'P',0,'PRJ','TRK',NULL,'1.0.1b-SNAPSHOT','',0,1,'previous_analysis','2015-04-09','2015-04-09 13:38:57','days','30','2015-04-06 11:22:18',NULL,NULL,NULL,NULL,NULL,NULL,NULL,NULL,NULL,'2015-04-09 15:18:27',1),(5267,'2015-04-09 15:33:23',1,NULL,'P',0,'PRJ','TRK',NULL,'1.0.1b-SNAPSHOT','',0,1,'previous_analysis','2015-04-09','2015-04-09 15:18:27','days','30','2015-04-06 11:22:18',NULL,NULL,NULL,NULL,NULL,NULL,NULL,NULL,NULL,'2015-04-09 15:33:24',1),(5426,'2015-04-09 15:48:49',1,NULL,'P',0,'PRJ','TRK',NULL,'1.0.1b-SNAPSHOT','',0,1,'previous_analysis','2015-04-09','2015-04-09 15:33:23','days','30','2015-04-06 11:22:18',NULL,NULL,NULL,NULL,NULL,NULL,NULL,NULL,NULL,'2015-04-09 15:48:49',1),(5585,'2015-04-09 16:53:54',1,NULL,'P',1,'PRJ','TRK',NULL,'1.0.1b-SNAPSHOT','',0,1,'previous_analysis','2015-04-09','2015-04-09 15:48:49','days','30','2015-04-06 11:22:18',NULL,NULL,NULL,NULL,NULL,NULL,NULL,NULL,NULL,'2015-04-09 16:53:54',NULL),(5586,'2015-04-09 16:53:54',2,5585,'P',1,'DIR','DIR',5585,NULL,'5585.',1,1,NULL,NULL,NULL,NULL,NULL,NULL,NULL,NULL,NULL,NULL,NULL,NULL,NULL,NULL,NULL,'2015-04-09 16:53:56',NULL),(5587,'2015-04-09 16:53:54',3,5586,'P',1,'FIL','FIL',5585,NULL,'5585.5586.',2,1,NULL,NULL,NULL,NULL,NULL,NULL,NULL,NULL,NULL,NULL,NULL,NULL,NULL,NULL,NULL,'2015-04-09 16:53:56',NULL),(5588,'2015-04-09 16:53:54',4,5586,'P',1,'FIL','FIL',5585,NULL,'5585.5586.',2,1,NULL,NULL,NULL,NULL,NULL,NULL,NULL,NULL,NULL,NULL,NULL,NULL,NULL,NULL,NULL,'2015-04-09 16:53:56',NULL),(5589,'2015-04-09 16:53:54',5,5585,'P',1,'DIR','DIR',5585,NULL,'5585.',1,1,NULL,NULL,NULL,NULL,NULL,NULL,NULL,NULL,NULL,NULL,NULL,NULL,NULL,NULL,NULL,'2015-04-09 16:53:56',NULL),(5590,'2015-04-09 16:53:54',6,5589,'P',1,'FIL','FIL',5585,NULL,'5585.5589.',2,1,NULL,NULL,NULL,NULL,NULL,NULL,NULL,NULL,NULL,NULL,NULL,NULL,NULL,NULL,NULL,'2015-04-09 16:53:56',NULL),(5591,'2015-04-09 16:53:54',7,5585,'P',1,'DIR','DIR',5585,NULL,'5585.',1,1,NULL,NULL,NULL,NULL,NULL,NULL,NULL,NULL,NULL,NULL,NULL,NULL,NULL,NULL,NULL,'2015-04-09 16:53:56',NULL),(5592,'2015-04-09 16:53:54',8,5591,'P',1,'FIL','FIL',5585,NULL,'5585.5591.',2,1,NULL,NULL,NULL,NULL,NULL,NULL,NULL,NULL,NULL,NULL,NULL,NULL,NULL,NULL,NULL,'2015-04-09 16:53:56',NULL),(5593,'2015-04-09 16:53:54',9,5591,'P',1,'FIL','FIL',5585,NULL,'5585.5591.',2,1,NULL,NULL,NULL,NULL,NULL,NULL,NULL,NULL,NULL,NULL,NULL,NULL,NULL,NULL,NULL,'2015-04-09 16:53:56',NULL),(5594,'2015-04-09 16:53:54',10,5591,'P',1,'FIL','FIL',5585,NULL,'5585.5591.',2,1,NULL,NULL,NULL,NULL,NULL,NULL,NULL,NULL,NULL,NULL,NULL,NULL,NULL,NULL,NULL,'2015-04-09 16:53:56',NULL),(5595,'2015-04-09 16:53:54',11,5591,'P',1,'FIL','FIL',5585,NULL,'5585.5591.',2,1,NULL,NULL,NULL,NULL,NULL,NULL,NULL,NULL,NULL,NULL,NULL,NULL,NULL,NULL,NULL,'2015-04-09 16:53:56',NULL),(5596,'2015-04-09 16:53:54',12,5591,'P',1,'FIL','FIL',5585,NULL,'5585.5591.',2,1,NULL,NULL,NULL,NULL,NULL,NULL,NULL,NULL,NULL,NULL,NULL,NULL,NULL,NULL,NULL,'2015-04-09 16:53:56',NULL),(5597,'2015-04-09 16:53:54',13,5585,'P',1,'DIR','DIR',5585,NULL,'5585.',1,1,NULL,NULL,NULL,NULL,NULL,NULL,NULL,NULL,NULL,NULL,NULL,NULL,NULL,NULL,NULL,'2015-04-09 16:53:56',NULL),(5598,'2015-04-09 16:53:54',14,5597,'P',1,'FIL','FIL',5585,NULL,'5585.5597.',2,1,NULL,NULL,NULL,NULL,NULL,NULL,NULL,NULL,NULL,NULL,NULL,NULL,NULL,NULL,NULL,'2015-04-09 16:53:56',NULL),(5599,'2015-04-09 16:53:54',15,5597,'P',1,'FIL','FIL',5585,NULL,'5585.5597.',2,1,NULL,NULL,NULL,NULL,NULL,NULL,NULL,NULL,NULL,NULL,NULL,NULL,NULL,NULL,NULL,'2015-04-09 16:53:56',NULL),(5600,'2015-04-09 16:53:54',16,5597,'P',1,'FIL','FIL',5585,NULL,'5585.5597.',2,1,NULL,NULL,NULL,NULL,NULL,NULL,NULL,NULL,NULL,NULL,NULL,NULL,NULL,NULL,NULL,'2015-04-09 16:53:56',NULL),(5601,'2015-04-09 16:53:54',17,5597,'P',1,'FIL','FIL',5585,NULL,'5585.5597.',2,1,NULL,NULL,NULL,NULL,NULL,NULL,NULL,NULL,NULL,NULL,NULL,NULL,NULL,NULL,NULL,'2015-04-09 16:53:56',NULL),(5602,'2015-04-09 16:53:54',18,5597,'P',1,'FIL','FIL',5585,NULL,'5585.5597.',2,1,NULL,NULL,NULL,NULL,NULL,NULL,NULL,NULL,NULL,NULL,NULL,NULL,NULL,NULL,NULL,'2015-04-09 16:53:56',NULL),(5603,'2015-04-09 16:53:54',19,5585,'P',1,'DIR','DIR',5585,NULL,'5585.',1,1,NULL,NULL,NULL,NULL,NULL,NULL,NULL,NULL,NULL,NULL,NULL,NULL,NULL,NULL,NULL,'2015-04-09 16:53:56',NULL),(5604,'2015-04-09 16:53:54',20,5603,'P',1,'FIL','FIL',5585,NULL,'5585.5603.',2,1,NULL,NULL,NULL,NULL,NULL,NULL,NULL,NULL,NULL,NULL,NULL,NULL,NULL,NULL,NULL,'2015-04-09 16:53:56',NULL),(5605,'2015-04-09 16:53:54',21,5603,'P',1,'FIL','FIL',5585,NULL,'5585.5603.',2,1,NULL,NULL,NULL,NULL,NULL,NULL,NULL,NULL,NULL,NULL,NULL,NULL,NULL,NULL,NULL,'2015-04-09 16:53:56',NULL),(5606,'2015-04-09 16:53:54',22,5603,'P',1,'FIL','FIL',5585,NULL,'5585.5603.',2,1,NULL,NULL,NULL,NULL,NULL,NULL,NULL,NULL,NULL,NULL,NULL,NULL,NULL,NULL,NULL,'2015-04-09 16:53:56',NULL),(5607,'2015-04-09 16:53:54',23,5603,'P',1,'FIL','FIL',5585,NULL,'5585.5603.',2,1,NULL,NULL,NULL,NULL,NULL,NULL,NULL,NULL,NULL,NULL,NULL,NULL,NULL,NULL,NULL,'2015-04-09 16:53:56',NULL),(5608,'2015-04-09 16:53:54',24,5603,'P',1,'FIL','FIL',5585,NULL,'5585.5603.',2,1,NULL,NULL,NULL,NULL,NULL,NULL,NULL,NULL,NULL,NULL,NULL,NULL,NULL,NULL,NULL,'2015-04-09 16:53:56',NULL),(5609,'2015-04-09 16:53:54',25,5585,'P',1,'DIR','DIR',5585,NULL,'5585.',1,1,NULL,NULL,NULL,NULL,NULL,NULL,NULL,NULL,NULL,NULL,NULL,NULL,NULL,NULL,NULL,'2015-04-09 16:53:56',NULL),(5610,'2015-04-09 16:53:54',26,5609,'P',1,'FIL','FIL',5585,NULL,'5585.5609.',2,1,NULL,NULL,NULL,NULL,NULL,NULL,NULL,NULL,NULL,NULL,NULL,NULL,NULL,NULL,NULL,'2015-04-09 16:53:56',NULL),(5611,'2015-04-09 16:53:54',27,5609,'P',1,'FIL','FIL',5585,NULL,'5585.5609.',2,1,NULL,NULL,NULL,NULL,NULL,NULL,NULL,NULL,NULL,NULL,NULL,NULL,NULL,NULL,NULL,'2015-04-09 16:53:56',NULL),(5612,'2015-04-09 16:53:54',28,5609,'P',1,'FIL','FIL',5585,NULL,'5585.5609.',2,1,NULL,NULL,NULL,NULL,NULL,NULL,NULL,NULL,NULL,NULL,NULL,NULL,NULL,NULL,NULL,'2015-04-09 16:53:56',NULL),(5613,'2015-04-09 16:53:54',29,5585,'P',1,'DIR','DIR',5585,NULL,'5585.',1,1,NULL,NULL,NULL,NULL,NULL,NULL,NULL,NULL,NULL,NULL,NULL,NULL,NULL,NULL,NULL,'2015-04-09 16:53:56',NULL),(5614,'2015-04-09 16:53:54',30,5613,'P',1,'FIL','FIL',5585,NULL,'5585.5613.',2,1,NULL,NULL,NULL,NULL,NULL,NULL,NULL,NULL,NULL,NULL,NULL,NULL,NULL,NULL,NULL,'2015-04-09 16:53:56',NULL),(5615,'2015-04-09 16:53:54',31,5613,'P',1,'FIL','FIL',5585,NULL,'5585.5613.',2,1,NULL,NULL,NULL,NULL,NULL,NULL,NULL,NULL,NULL,NULL,NULL,NULL,NULL,NULL,NULL,'2015-04-09 16:53:56',NULL),(5616,'2015-04-09 16:53:54',32,5585,'P',1,'DIR','DIR',5585,NULL,'5585.',1,1,NULL,NULL,NULL,NULL,NULL,NULL,NULL,NULL,NULL,NULL,NULL,NULL,NULL,NULL,NULL,'2015-04-09 16:53:56',NULL),(5617,'2015-04-09 16:53:54',33,5616,'P',1,'FIL','FIL',5585,NULL,'5585.5616.',2,1,NULL,NULL,NULL,NULL,NULL,NULL,NULL,NULL,NULL,NULL,NULL,NULL,NULL,NULL,NULL,'2015-04-09 16:53:56',NULL),(5618,'2015-04-09 16:53:54',34,5616,'P',1,'FIL','FIL',5585,NULL,'5585.5616.',2,1,NULL,NULL,NULL,NULL,NULL,NULL,NULL,NULL,NULL,NULL,NULL,NULL,NULL,NULL,NULL,'2015-04-09 16:53:56',NULL),(5619,'2015-04-09 16:53:54',35,5616,'P',1,'FIL','FIL',5585,NULL,'5585.5616.',2,1,NULL,NULL,NULL,NULL,NULL,NULL,NULL,NULL,NULL,NULL,NULL,NULL,NULL,NULL,NULL,'2015-04-09 16:53:56',NULL),(5620,'2015-04-09 16:53:54',36,5616,'P',1,'FIL','FIL',5585,NULL,'5585.5616.',2,1,NULL,NULL,NULL,NULL,NULL,NULL,NULL,NULL,NULL,NULL,NULL,NULL,NULL,NULL,NULL,'2015-04-09 16:53:56',NULL),(5621,'2015-04-09 16:53:54',37,5616,'P',1,'FIL','FIL',5585,NULL,'5585.5616.',2,1,NULL,NULL,NULL,NULL,NULL,NULL,NULL,NULL,NULL,NULL,NULL,NULL,NULL,NULL,NULL,'2015-04-09 16:53:56',NULL),(5622,'2015-04-09 16:53:54',38,5585,'P',1,'DIR','DIR',5585,NULL,'5585.',1,1,NULL,NULL,NULL,NULL,NULL,NULL,NULL,NULL,NULL,NULL,NULL,NULL,NULL,NULL,NULL,'2015-04-09 16:53:56',NULL),(5623,'2015-04-09 16:53:54',39,5622,'P',1,'FIL','FIL',5585,NULL,'5585.5622.',2,1,NULL,NULL,NULL,NULL,NULL,NULL,NULL,NULL,NULL,NULL,NULL,NULL,NULL,NULL,NULL,'2015-04-09 16:53:56',NULL),(5624,'2015-04-09 16:53:54',40,5622,'P',1,'FIL','FIL',5585,NULL,'5585.5622.',2,1,NULL,NULL,NULL,NULL,NULL,NULL,NULL,NULL,NULL,NULL,NULL,NULL,NULL,NULL,NULL,'2015-04-09 16:53:56',NULL),(5625,'2015-04-09 16:53:54',42,5585,'P',1,'DIR','DIR',5585,NULL,'5585.',1,1,NULL,NULL,NULL,NULL,NULL,NULL,NULL,NULL,NULL,NULL,NULL,NULL,NULL,NULL,NULL,'2015-04-09 16:53:56',NULL),(5626,'2015-04-09 16:53:54',43,5625,'P',1,'FIL','FIL',5585,NULL,'5585.5625.',2,1,NULL,NULL,NULL,NULL,NULL,NULL,NULL,NULL,NULL,NULL,NULL,NULL,NULL,NULL,NULL,'2015-04-09 16:53:56',NULL),(5627,'2015-04-09 16:53:54',44,5625,'P',1,'FIL','FIL',5585,NULL,'5585.5625.',2,1,NULL,NULL,NULL,NULL,NULL,NULL,NULL,NULL,NULL,NULL,NULL,NULL,NULL,NULL,NULL,'2015-04-09 16:53:56',NULL),(5628,'2015-04-09 16:53:54',45,5585,'P',1,'DIR','DIR',5585,NULL,'5585.',1,1,NULL,NULL,NULL,NULL,NULL,NULL,NULL,NULL,NULL,NULL,NULL,NULL,NULL,NULL,NULL,'2015-04-09 16:53:56',NULL),(5629,'2015-04-09 16:53:54',46,5628,'P',1,'FIL','FIL',5585,NULL,'5585.5628.',2,1,NULL,NULL,NULL,NULL,NULL,NULL,NULL,NULL,NULL,NULL,NULL,NULL,NULL,NULL,NULL,'2015-04-09 16:53:56',NULL),(5630,'2015-04-09 16:53:54',47,5628,'P',1,'FIL','FIL',5585,NULL,'5585.5628.',2,1,NULL,NULL,NULL,NULL,NULL,NULL,NULL,NULL,NULL,NULL,NULL,NULL,NULL,NULL,NULL,'2015-04-09 16:53:56',NULL),(5631,'2015-04-09 16:53:54',48,5628,'P',1,'FIL','FIL',5585,NULL,'5585.5628.',2,1,NULL,NULL,NULL,NULL,NULL,NULL,NULL,NULL,NULL,NULL,NULL,NULL,NULL,NULL,NULL,'2015-04-09 16:53:56',NULL),(5632,'2015-04-09 16:53:54',49,5622,'P',1,'FIL','FIL',5585,NULL,'5585.5622.',2,1,NULL,NULL,NULL,NULL,NULL,NULL,NULL,NULL,NULL,NULL,NULL,NULL,NULL,NULL,NULL,'2015-04-09 16:53:56',NULL),(5633,'2015-04-09 16:53:54',50,5622,'P',1,'FIL','FIL',5585,NULL,'5585.5622.',2,1,NULL,NULL,NULL,NULL,NULL,NULL,NULL,NULL,NULL,NULL,NULL,NULL,NULL,NULL,NULL,'2015-04-09 16:53:56',NULL),(5634,'2015-04-09 16:53:54',51,5585,'P',1,'DIR','DIR',5585,NULL,'5585.',1,1,NULL,NULL,NULL,NULL,NULL,NULL,NULL,NULL,NULL,NULL,NULL,NULL,NULL,NULL,NULL,'2015-04-09 16:53:56',NULL),(5635,'2015-04-09 16:53:54',52,5634,'P',1,'FIL','FIL',5585,NULL,'5585.5634.',2,1,NULL,NULL,NULL,NULL,NULL,NULL,NULL,NULL,NULL,NULL,NULL,NULL,NULL,NULL,NULL,'2015-04-09 16:53:56',NULL),(5636,'2015-04-09 16:53:54',53,5634,'P',1,'FIL','FIL',5585,NULL,'5585.5634.',2,1,NULL,NULL,NULL,NULL,NULL,NULL,NULL,NULL,NULL,NULL,NULL,NULL,NULL,NULL,NULL,'2015-04-09 16:53:56',NULL),(5637,'2015-04-09 16:53:54',54,5634,'P',1,'FIL','FIL',5585,NULL,'5585.5634.',2,1,NULL,NULL,NULL,NULL,NULL,NULL,NULL,NULL,NULL,NULL,NULL,NULL,NULL,NULL,NULL,'2015-04-09 16:53:56',NULL),(5638,'2015-04-09 16:53:54',55,5634,'P',1,'FIL','FIL',5585,NULL,'5585.5634.',2,1,NULL,NULL,NULL,NULL,NULL,NULL,NULL,NULL,NULL,NULL,NULL,NULL,NULL,NULL,NULL,'2015-04-09 16:53:56',NULL),(5639,'2015-04-09 16:53:54',56,5634,'P',1,'FIL','FIL',5585,NULL,'5585.5634.',2,1,NULL,NULL,NULL,NULL,NULL,NULL,NULL,NULL,NULL,NULL,NULL,NULL,NULL,NULL,NULL,'2015-04-09 16:53:56',NULL),(5640,'2015-04-09 16:53:54',57,5634,'P',1,'FIL','FIL',5585,NULL,'5585.5634.',2,1,NULL,NULL,NULL,NULL,NULL,NULL,NULL,NULL,NULL,NULL,NULL,NULL,NULL,NULL,NULL,'2015-04-09 16:53:56',NULL),(5641,'2015-04-09 16:53:54',58,5622,'P',1,'FIL','FIL',5585,NULL,'5585.5622.',2,1,NULL,NULL,NULL,NULL,NULL,NULL,NULL,NULL,NULL,NULL,NULL,NULL,NULL,NULL,NULL,'2015-04-09 16:53:56',NULL),(5642,'2015-04-09 16:53:54',60,5622,'P',1,'FIL','FIL',5585,NULL,'5585.5622.',2,1,NULL,NULL,NULL,NULL,NULL,NULL,NULL,NULL,NULL,NULL,NULL,NULL,NULL,NULL,NULL,'2015-04-09 16:53:56',NULL),(5643,'2015-04-09 16:53:54',61,5622,'P',1,'FIL','FIL',5585,NULL,'5585.5622.',2,1,NULL,NULL,NULL,NULL,NULL,NULL,NULL,NULL,NULL,NULL,NULL,NULL,NULL,NULL,NULL,'2015-04-09 16:53:56',NULL),(5644,'2015-04-09 16:53:54',62,5585,'P',1,'DIR','DIR',5585,NULL,'5585.',1,1,NULL,NULL,NULL,NULL,NULL,NULL,NULL,NULL,NULL,NULL,NULL,NULL,NULL,NULL,NULL,'2015-04-09 16:53:56',NULL),(5645,'2015-04-09 16:53:54',63,5644,'P',1,'FIL','FIL',5585,NULL,'5585.5644.',2,1,NULL,NULL,NULL,NULL,NULL,NULL,NULL,NULL,NULL,NULL,NULL,NULL,NULL,NULL,NULL,'2015-04-09 16:53:56',NULL),(5646,'2015-04-09 16:53:54',64,5644,'P',1,'FIL','FIL',5585,NULL,'5585.5644.',2,1,NULL,NULL,NULL,NULL,NULL,NULL,NULL,NULL,NULL,NULL,NULL,NULL,NULL,NULL,NULL,'2015-04-09 16:53:56',NULL),(5647,'2015-04-09 16:53:54',65,5644,'P',1,'FIL','FIL',5585,NULL,'5585.5644.',2,1,NULL,NULL,NULL,NULL,NULL,NULL,NULL,NULL,NULL,NULL,NULL,NULL,NULL,NULL,NULL,'2015-04-09 16:53:56',NULL),(5648,'2015-04-09 16:53:54',66,5644,'P',1,'FIL','FIL',5585,NULL,'5585.5644.',2,1,NULL,NULL,NULL,NULL,NULL,NULL,NULL,NULL,NULL,NULL,NULL,NULL,NULL,NULL,NULL,'2015-04-09 16:53:56',NULL),(5649,'2015-04-09 16:53:54',67,5644,'P',1,'FIL','FIL',5585,NULL,'5585.5644.',2,1,NULL,NULL,NULL,NULL,NULL,NULL,NULL,NULL,NULL,NULL,NULL,NULL,NULL,NULL,NULL,'2015-04-09 16:53:56',NULL),(5650,'2015-04-09 16:53:54',68,5644,'P',1,'FIL','FIL',5585,NULL,'5585.5644.',2,1,NULL,NULL,NULL,NULL,NULL,NULL,NULL,NULL,NULL,NULL,NULL,NULL,NULL,NULL,NULL,'2015-04-09 16:53:56',NULL),(5651,'2015-04-09 16:53:54',69,5644,'P',1,'FIL','FIL',5585,NULL,'5585.5644.',2,1,NULL,NULL,NULL,NULL,NULL,NULL,NULL,NULL,NULL,NULL,NULL,NULL,NULL,NULL,NULL,'2015-04-09 16:53:56',NULL),(5652,'2015-04-09 16:53:54',70,5644,'P',1,'FIL','FIL',5585,NULL,'5585.5644.',2,1,NULL,NULL,NULL,NULL,NULL,NULL,NULL,NULL,NULL,NULL,NULL,NULL,NULL,NULL,NULL,'2015-04-09 16:53:56',NULL),(5653,'2015-04-09 16:53:54',478,5644,'P',1,'FIL','FIL',5585,NULL,'5585.5644.',2,1,NULL,NULL,NULL,NULL,NULL,NULL,NULL,NULL,NULL,NULL,NULL,NULL,NULL,NULL,NULL,'2015-04-09 16:53:56',NULL),(5654,'2015-04-09 16:53:54',71,5644,'P',1,'FIL','FIL',5585,NULL,'5585.5644.',2,1,NULL,NULL,NULL,NULL,NULL,NULL,NULL,NULL,NULL,NULL,NULL,NULL,NULL,NULL,NULL,'2015-04-09 16:53:56',NULL),(5655,'2015-04-09 16:53:54',72,5644,'P',1,'FIL','FIL',5585,NULL,'5585.5644.',2,1,NULL,NULL,NULL,NULL,NULL,NULL,NULL,NULL,NULL,NULL,NULL,NULL,NULL,NULL,NULL,'2015-04-09 16:53:56',NULL),(5656,'2015-04-09 16:53:54',73,5644,'P',1,'FIL','FIL',5585,NULL,'5585.5644.',2,1,NULL,NULL,NULL,NULL,NULL,NULL,NULL,NULL,NULL,NULL,NULL,NULL,NULL,NULL,NULL,'2015-04-09 16:53:56',NULL),(5657,'2015-04-09 16:53:54',74,5585,'P',1,'DIR','DIR',5585,NULL,'5585.',1,1,NULL,NULL,NULL,NULL,NULL,NULL,NULL,NULL,NULL,NULL,NULL,NULL,NULL,NULL,NULL,'2015-04-09 16:53:56',NULL),(5658,'2015-04-09 16:53:54',75,5657,'P',1,'FIL','FIL',5585,NULL,'5585.5657.',2,1,NULL,NULL,NULL,NULL,NULL,NULL,NULL,NULL,NULL,NULL,NULL,NULL,NULL,NULL,NULL,'2015-04-09 16:53:56',NULL),(5659,'2015-04-09 16:53:54',76,5657,'P',1,'FIL','FIL',5585,NULL,'5585.5657.',2,1,NULL,NULL,NULL,NULL,NULL,NULL,NULL,NULL,NULL,NULL,NULL,NULL,NULL,NULL,NULL,'2015-04-09 16:53:56',NULL),(5660,'2015-04-09 16:53:54',77,5657,'P',1,'FIL','FIL',5585,NULL,'5585.5657.',2,1,NULL,NULL,NULL,NULL,NULL,NULL,NULL,NULL,NULL,NULL,NULL,NULL,NULL,NULL,NULL,'2015-04-09 16:53:56',NULL),(5661,'2015-04-09 16:53:54',78,5657,'P',1,'FIL','FIL',5585,NULL,'5585.5657.',2,1,NULL,NULL,NULL,NULL,NULL,NULL,NULL,NULL,NULL,NULL,NULL,NULL,NULL,NULL,NULL,'2015-04-09 16:53:56',NULL),(5662,'2015-04-09 16:53:54',79,5657,'P',1,'FIL','FIL',5585,NULL,'5585.5657.',2,1,NULL,NULL,NULL,NULL,NULL,NULL,NULL,NULL,NULL,NULL,NULL,NULL,NULL,NULL,NULL,'2015-04-09 16:53:56',NULL),(5663,'2015-04-09 16:53:54',80,5585,'P',1,'DIR','DIR',5585,NULL,'5585.',1,1,NULL,NULL,NULL,NULL,NULL,NULL,NULL,NULL,NULL,NULL,NULL,NULL,NULL,NULL,NULL,'2015-04-09 16:53:56',NULL),(5664,'2015-04-09 16:53:54',81,5663,'P',1,'FIL','FIL',5585,NULL,'5585.5663.',2,1,NULL,NULL,NULL,NULL,NULL,NULL,NULL,NULL,NULL,NULL,NULL,NULL,NULL,NULL,NULL,'2015-04-09 16:53:56',NULL),(5665,'2015-04-09 16:53:54',82,5663,'P',1,'FIL','FIL',5585,NULL,'5585.5663.',2,1,NULL,NULL,NULL,NULL,NULL,NULL,NULL,NULL,NULL,NULL,NULL,NULL,NULL,NULL,NULL,'2015-04-09 16:53:56',NULL),(5666,'2015-04-09 16:53:54',83,5663,'P',1,'FIL','FIL',5585,NULL,'5585.5663.',2,1,NULL,NULL,NULL,NULL,NULL,NULL,NULL,NULL,NULL,NULL,NULL,NULL,NULL,NULL,NULL,'2015-04-09 16:53:56',NULL),(5667,'2015-04-09 16:53:54',84,5585,'P',1,'DIR','DIR',5585,NULL,'5585.',1,1,NULL,NULL,NULL,NULL,NULL,NULL,NULL,NULL,NULL,NULL,NULL,NULL,NULL,NULL,NULL,'2015-04-09 16:53:56',NULL),(5668,'2015-04-09 16:53:54',479,5667,'P',1,'FIL','FIL',5585,NULL,'5585.5667.',2,1,NULL,NULL,NULL,NULL,NULL,NULL,NULL,NULL,NULL,NULL,NULL,NULL,NULL,NULL,NULL,'2015-04-09 16:53:56',NULL),(5669,'2015-04-09 16:53:54',85,5667,'P',1,'FIL','FIL',5585,NULL,'5585.5667.',2,1,NULL,NULL,NULL,NULL,NULL,NULL,NULL,NULL,NULL,NULL,NULL,NULL,NULL,NULL,NULL,'2015-04-09 16:53:56',NULL),(5670,'2015-04-09 16:53:54',86,5667,'P',1,'FIL','FIL',5585,NULL,'5585.5667.',2,1,NULL,NULL,NULL,NULL,NULL,NULL,NULL,NULL,NULL,NULL,NULL,NULL,NULL,NULL,NULL,'2015-04-09 16:53:56',NULL),(5671,'2015-04-09 16:53:54',87,5667,'P',1,'FIL','FIL',5585,NULL,'5585.5667.',2,1,NULL,NULL,NULL,NULL,NULL,NULL,NULL,NULL,NULL,NULL,NULL,NULL,NULL,NULL,NULL,'2015-04-09 16:53:56',NULL),(5672,'2015-04-09 16:53:54',88,5585,'P',1,'DIR','DIR',5585,NULL,'5585.',1,1,NULL,NULL,NULL,NULL,NULL,NULL,NULL,NULL,NULL,NULL,NULL,NULL,NULL,NULL,NULL,'2015-04-09 16:53:56',NULL),(5673,'2015-04-09 16:53:54',89,5672,'P',1,'FIL','FIL',5585,NULL,'5585.5672.',2,1,NULL,NULL,NULL,NULL,NULL,NULL,NULL,NULL,NULL,NULL,NULL,NULL,NULL,NULL,NULL,'2015-04-09 16:53:56',NULL),(5674,'2015-04-09 16:53:54',90,5672,'P',1,'FIL','FIL',5585,NULL,'5585.5672.',2,1,NULL,NULL,NULL,NULL,NULL,NULL,NULL,NULL,NULL,NULL,NULL,NULL,NULL,NULL,NULL,'2015-04-09 16:53:56',NULL),(5675,'2015-04-09 16:53:54',91,5672,'P',1,'FIL','FIL',5585,NULL,'5585.5672.',2,1,NULL,NULL,NULL,NULL,NULL,NULL,NULL,NULL,NULL,NULL,NULL,NULL,NULL,NULL,NULL,'2015-04-09 16:53:56',NULL),(5676,'2015-04-09 16:53:54',92,5672,'P',1,'FIL','FIL',5585,NULL,'5585.5672.',2,1,NULL,NULL,NULL,NULL,NULL,NULL,NULL,NULL,NULL,NULL,NULL,NULL,NULL,NULL,NULL,'2015-04-09 16:53:56',NULL),(5677,'2015-04-09 16:53:54',93,5672,'P',1,'FIL','FIL',5585,NULL,'5585.5672.',2,1,NULL,NULL,NULL,NULL,NULL,NULL,NULL,NULL,NULL,NULL,NULL,NULL,NULL,NULL,NULL,'2015-04-09 16:53:56',NULL),(5678,'2015-04-09 16:53:54',94,5672,'P',1,'FIL','FIL',5585,NULL,'5585.5672.',2,1,NULL,NULL,NULL,NULL,NULL,NULL,NULL,NULL,NULL,NULL,NULL,NULL,NULL,NULL,NULL,'2015-04-09 16:53:56',NULL),(5679,'2015-04-09 16:53:54',95,5672,'P',1,'FIL','FIL',5585,NULL,'5585.5672.',2,1,NULL,NULL,NULL,NULL,NULL,NULL,NULL,NULL,NULL,NULL,NULL,NULL,NULL,NULL,NULL,'2015-04-09 16:53:56',NULL),(5680,'2015-04-09 16:53:54',96,5585,'P',1,'DIR','DIR',5585,NULL,'5585.',1,1,NULL,NULL,NULL,NULL,NULL,NULL,NULL,NULL,NULL,NULL,NULL,NULL,NULL,NULL,NULL,'2015-04-09 16:53:56',NULL),(5681,'2015-04-09 16:53:54',97,5680,'P',1,'FIL','FIL',5585,NULL,'5585.5680.',2,1,NULL,NULL,NULL,NULL,NULL,NULL,NULL,NULL,NULL,NULL,NULL,NULL,NULL,NULL,NULL,'2015-04-09 16:53:56',NULL),(5682,'2015-04-09 16:53:54',98,5680,'P',1,'FIL','FIL',5585,NULL,'5585.5680.',2,1,NULL,NULL,NULL,NULL,NULL,NULL,NULL,NULL,NULL,NULL,NULL,NULL,NULL,NULL,NULL,'2015-04-09 16:53:56',NULL),(5683,'2015-04-09 16:53:54',480,5680,'P',1,'FIL','FIL',5585,NULL,'5585.5680.',2,1,NULL,NULL,NULL,NULL,NULL,NULL,NULL,NULL,NULL,NULL,NULL,NULL,NULL,NULL,NULL,'2015-04-09 16:53:56',NULL),(5684,'2015-04-09 16:53:54',99,5585,'P',1,'DIR','DIR',5585,NULL,'5585.',1,1,NULL,NULL,NULL,NULL,NULL,NULL,NULL,NULL,NULL,NULL,NULL,NULL,NULL,NULL,NULL,'2015-04-09 16:53:56',NULL),(5685,'2015-04-09 16:53:54',100,5684,'P',1,'FIL','FIL',5585,NULL,'5585.5684.',2,1,NULL,NULL,NULL,NULL,NULL,NULL,NULL,NULL,NULL,NULL,NULL,NULL,NULL,NULL,NULL,'2015-04-09 16:53:56',NULL),(5686,'2015-04-09 16:53:54',101,5684,'P',1,'FIL','FIL',5585,NULL,'5585.5684.',2,1,NULL,NULL,NULL,NULL,NULL,NULL,NULL,NULL,NULL,NULL,NULL,NULL,NULL,NULL,NULL,'2015-04-09 16:53:56',NULL),(5687,'2015-04-09 16:53:54',102,5684,'P',1,'FIL','FIL',5585,NULL,'5585.5684.',2,1,NULL,NULL,NULL,NULL,NULL,NULL,NULL,NULL,NULL,NULL,NULL,NULL,NULL,NULL,NULL,'2015-04-09 16:53:56',NULL),(5688,'2015-04-09 16:53:54',103,5585,'P',1,'DIR','DIR',5585,NULL,'5585.',1,1,NULL,NULL,NULL,NULL,NULL,NULL,NULL,NULL,NULL,NULL,NULL,NULL,NULL,NULL,NULL,'2015-04-09 16:53:56',NULL),(5689,'2015-04-09 16:53:54',104,5688,'P',1,'FIL','FIL',5585,NULL,'5585.5688.',2,1,NULL,NULL,NULL,NULL,NULL,NULL,NULL,NULL,NULL,NULL,NULL,NULL,NULL,NULL,NULL,'2015-04-09 16:53:56',NULL),(5690,'2015-04-09 16:53:54',105,5688,'P',1,'FIL','FIL',5585,NULL,'5585.5688.',2,1,NULL,NULL,NULL,NULL,NULL,NULL,NULL,NULL,NULL,NULL,NULL,NULL,NULL,NULL,NULL,'2015-04-09 16:53:56',NULL),(5691,'2015-04-09 16:53:54',106,5688,'P',1,'FIL','FIL',5585,NULL,'5585.5688.',2,1,NULL,NULL,NULL,NULL,NULL,NULL,NULL,NULL,NULL,NULL,NULL,NULL,NULL,NULL,NULL,'2015-04-09 16:53:56',NULL),(5692,'2015-04-09 16:53:54',107,5688,'P',1,'FIL','FIL',5585,NULL,'5585.5688.',2,1,NULL,NULL,NULL,NULL,NULL,NULL,NULL,NULL,NULL,NULL,NULL,NULL,NULL,NULL,NULL,'2015-04-09 16:53:56',NULL),(5693,'2015-04-09 16:53:54',108,5585,'P',1,'DIR','DIR',5585,NULL,'5585.',1,1,NULL,NULL,NULL,NULL,NULL,NULL,NULL,NULL,NULL,NULL,NULL,NULL,NULL,NULL,NULL,'2015-04-09 16:53:56',NULL),(5694,'2015-04-09 16:53:54',109,5693,'P',1,'FIL','FIL',5585,NULL,'5585.5693.',2,1,NULL,NULL,NULL,NULL,NULL,NULL,NULL,NULL,NULL,NULL,NULL,NULL,NULL,NULL,NULL,'2015-04-09 16:53:56',NULL),(5695,'2015-04-09 16:53:54',110,5693,'P',1,'FIL','FIL',5585,NULL,'5585.5693.',2,1,NULL,NULL,NULL,NULL,NULL,NULL,NULL,NULL,NULL,NULL,NULL,NULL,NULL,NULL,NULL,'2015-04-09 16:53:56',NULL),(5696,'2015-04-09 16:53:54',111,5693,'P',1,'FIL','FIL',5585,NULL,'5585.5693.',2,1,NULL,NULL,NULL,NULL,NULL,NULL,NULL,NULL,NULL,NULL,NULL,NULL,NULL,NULL,NULL,'2015-04-09 16:53:56',NULL),(5697,'2015-04-09 16:53:54',112,5693,'P',1,'FIL','FIL',5585,NULL,'5585.5693.',2,1,NULL,NULL,NULL,NULL,NULL,NULL,NULL,NULL,NULL,NULL,NULL,NULL,NULL,NULL,NULL,'2015-04-09 16:53:56',NULL),(5698,'2015-04-09 16:53:54',113,5693,'P',1,'FIL','FIL',5585,NULL,'5585.5693.',2,1,NULL,NULL,NULL,NULL,NULL,NULL,NULL,NULL,NULL,NULL,NULL,NULL,NULL,NULL,NULL,'2015-04-09 16:53:56',NULL),(5699,'2015-04-09 16:53:54',114,5693,'P',1,'FIL','FIL',5585,NULL,'5585.5693.',2,1,NULL,NULL,NULL,NULL,NULL,NULL,NULL,NULL,NULL,NULL,NULL,NULL,NULL,NULL,NULL,'2015-04-09 16:53:56',NULL),(5700,'2015-04-09 16:53:54',115,5585,'P',1,'DIR','DIR',5585,NULL,'5585.',1,1,NULL,NULL,NULL,NULL,NULL,NULL,NULL,NULL,NULL,NULL,NULL,NULL,NULL,NULL,NULL,'2015-04-09 16:53:56',NULL),(5701,'2015-04-09 16:53:54',116,5700,'P',1,'FIL','FIL',5585,NULL,'5585.5700.',2,1,NULL,NULL,NULL,NULL,NULL,NULL,NULL,NULL,NULL,NULL,NULL,NULL,NULL,NULL,NULL,'2015-04-09 16:53:56',NULL),(5702,'2015-04-09 16:53:54',117,5700,'P',1,'FIL','FIL',5585,NULL,'5585.5700.',2,1,NULL,NULL,NULL,NULL,NULL,NULL,NULL,NULL,NULL,NULL,NULL,NULL,NULL,NULL,NULL,'2015-04-09 16:53:56',NULL),(5703,'2015-04-09 16:53:54',481,5700,'P',1,'FIL','FIL',5585,NULL,'5585.5700.',2,1,NULL,NULL,NULL,NULL,NULL,NULL,NULL,NULL,NULL,NULL,NULL,NULL,NULL,NULL,NULL,'2015-04-09 16:53:56',NULL),(5704,'2015-04-09 16:53:54',118,5700,'P',1,'FIL','FIL',5585,NULL,'5585.5700.',2,1,NULL,NULL,NULL,NULL,NULL,NULL,NULL,NULL,NULL,NULL,NULL,NULL,NULL,NULL,NULL,'2015-04-09 16:53:56',NULL),(5705,'2015-04-09 16:53:54',119,5700,'P',1,'FIL','FIL',5585,NULL,'5585.5700.',2,1,NULL,NULL,NULL,NULL,NULL,NULL,NULL,NULL,NULL,NULL,NULL,NULL,NULL,NULL,NULL,'2015-04-09 16:53:56',NULL),(5706,'2015-04-09 16:53:54',120,5700,'P',1,'FIL','FIL',5585,NULL,'5585.5700.',2,1,NULL,NULL,NULL,NULL,NULL,NULL,NULL,NULL,NULL,NULL,NULL,NULL,NULL,NULL,NULL,'2015-04-09 16:53:56',NULL),(5707,'2015-04-09 16:53:54',482,5700,'P',1,'FIL','FIL',5585,NULL,'5585.5700.',2,1,NULL,NULL,NULL,NULL,NULL,NULL,NULL,NULL,NULL,NULL,NULL,NULL,NULL,NULL,NULL,'2015-04-09 16:53:56',NULL),(5708,'2015-04-09 16:53:54',121,5585,'P',1,'DIR','DIR',5585,NULL,'5585.',1,1,NULL,NULL,NULL,NULL,NULL,NULL,NULL,NULL,NULL,NULL,NULL,NULL,NULL,NULL,NULL,'2015-04-09 16:53:56',NULL),(5709,'2015-04-09 16:53:54',122,5708,'P',1,'FIL','FIL',5585,NULL,'5585.5708.',2,1,NULL,NULL,NULL,NULL,NULL,NULL,NULL,NULL,NULL,NULL,NULL,NULL,NULL,NULL,NULL,'2015-04-09 16:53:56',NULL),(5710,'2015-04-09 16:53:54',123,5708,'P',1,'FIL','FIL',5585,NULL,'5585.5708.',2,1,NULL,NULL,NULL,NULL,NULL,NULL,NULL,NULL,NULL,NULL,NULL,NULL,NULL,NULL,NULL,'2015-04-09 16:53:56',NULL),(5711,'2015-04-09 16:53:54',124,5708,'P',1,'FIL','FIL',5585,NULL,'5585.5708.',2,1,NULL,NULL,NULL,NULL,NULL,NULL,NULL,NULL,NULL,NULL,NULL,NULL,NULL,NULL,NULL,'2015-04-09 16:53:56',NULL),(5712,'2015-04-09 16:53:54',125,5708,'P',1,'FIL','FIL',5585,NULL,'5585.5708.',2,1,NULL,NULL,NULL,NULL,NULL,NULL,NULL,NULL,NULL,NULL,NULL,NULL,NULL,NULL,NULL,'2015-04-09 16:53:57',NULL),(5713,'2015-04-09 16:53:54',126,5585,'P',1,'DIR','DIR',5585,NULL,'5585.',1,1,NULL,NULL,NULL,NULL,NULL,NULL,NULL,NULL,NULL,NULL,NULL,NULL,NULL,NULL,NULL,'2015-04-09 16:53:57',NULL),(5714,'2015-04-09 16:53:54',127,5713,'P',1,'FIL','FIL',5585,NULL,'5585.5713.',2,1,NULL,NULL,NULL,NULL,NULL,NULL,NULL,NULL,NULL,NULL,NULL,NULL,NULL,NULL,NULL,'2015-04-09 16:53:57',NULL),(5715,'2015-04-09 16:53:54',128,5713,'P',1,'FIL','FIL',5585,NULL,'5585.5713.',2,1,NULL,NULL,NULL,NULL,NULL,NULL,NULL,NULL,NULL,NULL,NULL,NULL,NULL,NULL,NULL,'2015-04-09 16:53:57',NULL),(5716,'2015-04-09 16:53:54',129,5713,'P',1,'FIL','FIL',5585,NULL,'5585.5713.',2,1,NULL,NULL,NULL,NULL,NULL,NULL,NULL,NULL,NULL,NULL,NULL,NULL,NULL,NULL,NULL,'2015-04-09 16:53:57',NULL),(5717,'2015-04-09 16:53:54',130,5713,'P',1,'FIL','FIL',5585,NULL,'5585.5713.',2,1,NULL,NULL,NULL,NULL,NULL,NULL,NULL,NULL,NULL,NULL,NULL,NULL,NULL,NULL,NULL,'2015-04-09 16:53:57',NULL),(5718,'2015-04-09 16:53:54',131,5585,'P',1,'DIR','DIR',5585,NULL,'5585.',1,1,NULL,NULL,NULL,NULL,NULL,NULL,NULL,NULL,NULL,NULL,NULL,NULL,NULL,NULL,NULL,'2015-04-09 16:53:57',NULL),(5719,'2015-04-09 16:53:54',132,5718,'P',1,'FIL','FIL',5585,NULL,'5585.5718.',2,1,NULL,NULL,NULL,NULL,NULL,NULL,NULL,NULL,NULL,NULL,NULL,NULL,NULL,NULL,NULL,'2015-04-09 16:53:57',NULL),(5720,'2015-04-09 16:53:54',133,5718,'P',1,'FIL','FIL',5585,NULL,'5585.5718.',2,1,NULL,NULL,NULL,NULL,NULL,NULL,NULL,NULL,NULL,NULL,NULL,NULL,NULL,NULL,NULL,'2015-04-09 16:53:57',NULL),(5721,'2015-04-09 16:53:54',134,5718,'P',1,'FIL','FIL',5585,NULL,'5585.5718.',2,1,NULL,NULL,NULL,NULL,NULL,NULL,NULL,NULL,NULL,NULL,NULL,NULL,NULL,NULL,NULL,'2015-04-09 16:53:57',NULL),(5722,'2015-04-09 16:53:54',135,5718,'P',1,'FIL','FIL',5585,NULL,'5585.5718.',2,1,NULL,NULL,NULL,NULL,NULL,NULL,NULL,NULL,NULL,NULL,NULL,NULL,NULL,NULL,NULL,'2015-04-09 16:53:57',NULL),(5723,'2015-04-09 16:53:54',136,5718,'P',1,'FIL','FIL',5585,NULL,'5585.5718.',2,1,NULL,NULL,NULL,NULL,NULL,NULL,NULL,NULL,NULL,NULL,NULL,NULL,NULL,NULL,NULL,'2015-04-09 16:53:57',NULL),(5724,'2015-04-09 16:53:54',137,5718,'P',1,'FIL','FIL',5585,NULL,'5585.5718.',2,1,NULL,NULL,NULL,NULL,NULL,NULL,NULL,NULL,NULL,NULL,NULL,NULL,NULL,NULL,NULL,'2015-04-09 16:53:57',NULL),(5725,'2015-04-09 16:53:54',138,5718,'P',1,'FIL','FIL',5585,NULL,'5585.5718.',2,1,NULL,NULL,NULL,NULL,NULL,NULL,NULL,NULL,NULL,NULL,NULL,NULL,NULL,NULL,NULL,'2015-04-09 16:53:57',NULL),(5726,'2015-04-09 16:53:54',139,5718,'P',1,'FIL','FIL',5585,NULL,'5585.5718.',2,1,NULL,NULL,NULL,NULL,NULL,NULL,NULL,NULL,NULL,NULL,NULL,NULL,NULL,NULL,NULL,'2015-04-09 16:53:57',NULL),(5727,'2015-04-09 16:53:54',140,5718,'P',1,'FIL','FIL',5585,NULL,'5585.5718.',2,1,NULL,NULL,NULL,NULL,NULL,NULL,NULL,NULL,NULL,NULL,NULL,NULL,NULL,NULL,NULL,'2015-04-09 16:53:57',NULL),(5728,'2015-04-09 16:53:54',141,5718,'P',1,'FIL','FIL',5585,NULL,'5585.5718.',2,1,NULL,NULL,NULL,NULL,NULL,NULL,NULL,NULL,NULL,NULL,NULL,NULL,NULL,NULL,NULL,'2015-04-09 16:53:57',NULL),(5729,'2015-04-09 16:53:54',142,5718,'P',1,'FIL','FIL',5585,NULL,'5585.5718.',2,1,NULL,NULL,NULL,NULL,NULL,NULL,NULL,NULL,NULL,NULL,NULL,NULL,NULL,NULL,NULL,'2015-04-09 16:53:57',NULL),(5730,'2015-04-09 16:53:54',143,5718,'P',1,'FIL','FIL',5585,NULL,'5585.5718.',2,1,NULL,NULL,NULL,NULL,NULL,NULL,NULL,NULL,NULL,NULL,NULL,NULL,NULL,NULL,NULL,'2015-04-09 16:53:57',NULL),(5731,'2015-04-09 16:53:54',144,5718,'P',1,'FIL','FIL',5585,NULL,'5585.5718.',2,1,NULL,NULL,NULL,NULL,NULL,NULL,NULL,NULL,NULL,NULL,NULL,NULL,NULL,NULL,NULL,'2015-04-09 16:53:57',NULL),(5732,'2015-04-09 16:53:54',145,5718,'P',1,'FIL','FIL',5585,NULL,'5585.5718.',2,1,NULL,NULL,NULL,NULL,NULL,NULL,NULL,NULL,NULL,NULL,NULL,NULL,NULL,NULL,NULL,'2015-04-09 16:53:57',NULL),(5733,'2015-04-09 16:53:54',146,5718,'P',1,'FIL','FIL',5585,NULL,'5585.5718.',2,1,NULL,NULL,NULL,NULL,NULL,NULL,NULL,NULL,NULL,NULL,NULL,NULL,NULL,NULL,NULL,'2015-04-09 16:53:57',NULL),(5734,'2015-04-09 16:53:54',147,5718,'P',1,'FIL','FIL',5585,NULL,'5585.5718.',2,1,NULL,NULL,NULL,NULL,NULL,NULL,NULL,NULL,NULL,NULL,NULL,NULL,NULL,NULL,NULL,'2015-04-09 16:53:57',NULL),(5735,'2015-04-09 16:53:54',148,5718,'P',1,'FIL','FIL',5585,NULL,'5585.5718.',2,1,NULL,NULL,NULL,NULL,NULL,NULL,NULL,NULL,NULL,NULL,NULL,NULL,NULL,NULL,NULL,'2015-04-09 16:53:57',NULL),(5736,'2015-04-09 16:53:54',149,5718,'P',1,'FIL','FIL',5585,NULL,'5585.5718.',2,1,NULL,NULL,NULL,NULL,NULL,NULL,NULL,NULL,NULL,NULL,NULL,NULL,NULL,NULL,NULL,'2015-04-09 16:53:57',NULL),(5737,'2015-04-09 16:53:54',150,5718,'P',1,'FIL','FIL',5585,NULL,'5585.5718.',2,1,NULL,NULL,NULL,NULL,NULL,NULL,NULL,NULL,NULL,NULL,NULL,NULL,NULL,NULL,NULL,'2015-04-09 16:53:57',NULL),(5738,'2015-04-09 16:53:54',151,5585,'P',1,'DIR','DIR',5585,NULL,'5585.',1,1,NULL,NULL,NULL,NULL,NULL,NULL,NULL,NULL,NULL,NULL,NULL,NULL,NULL,NULL,NULL,'2015-04-09 16:53:57',NULL),(5739,'2015-04-09 16:53:54',152,5738,'P',1,'FIL','UTS',5585,NULL,'5585.5738.',2,1,NULL,NULL,NULL,NULL,NULL,NULL,NULL,NULL,NULL,NULL,NULL,NULL,NULL,NULL,NULL,'2015-04-09 16:53:57',NULL),(5740,'2015-04-09 16:53:54',153,5738,'P',1,'FIL','UTS',5585,NULL,'5585.5738.',2,1,NULL,NULL,NULL,NULL,NULL,NULL,NULL,NULL,NULL,NULL,NULL,NULL,NULL,NULL,NULL,'2015-04-09 16:53:57',NULL),(5741,'2015-04-09 16:53:54',154,5585,'P',1,'DIR','DIR',5585,NULL,'5585.',1,1,NULL,NULL,NULL,NULL,NULL,NULL,NULL,NULL,NULL,NULL,NULL,NULL,NULL,NULL,NULL,'2015-04-09 16:53:57',NULL),(5742,'2015-04-09 16:53:54',155,5741,'P',1,'FIL','UTS',5585,NULL,'5585.5741.',2,1,NULL,NULL,NULL,NULL,NULL,NULL,NULL,NULL,NULL,NULL,NULL,NULL,NULL,NULL,NULL,'2015-04-09 16:53:57',NULL),(5743,'2015-04-09 16:53:54',156,5741,'P',1,'FIL','UTS',5585,NULL,'5585.5741.',2,1,NULL,NULL,NULL,NULL,NULL,NULL,NULL,NULL,NULL,NULL,NULL,NULL,NULL,NULL,NULL,'2015-04-09 16:53:57',NULL);

--
-- Table structure for table `user_roles`
--

CREATE TABLE `user_roles` (
  `id` int(11) NOT NULL AUTO_INCREMENT,
  `user_id` int(11) DEFAULT NULL,
  `resource_id` int(11) DEFAULT NULL,
  `role` varchar(64) COLLATE utf8_bin NOT NULL,
  PRIMARY KEY (`id`),
  KEY `user_roles_user` (`user_id`),
  KEY `user_roles_resource` (`resource_id`)
) ENGINE=InnoDB DEFAULT CHARSET=utf8 COLLATE=utf8_bin;

--
-- Dumping data for table `user_roles`
--


--
-- Table structure for table `users`
--

CREATE TABLE `users` (
  `id` int(11) NOT NULL AUTO_INCREMENT,
  `login` varchar(255) COLLATE utf8_bin DEFAULT NULL,
  `name` varchar(200) COLLATE utf8_bin DEFAULT NULL,
  `email` varchar(100) COLLATE utf8_bin DEFAULT NULL,
  `crypted_password` varchar(40) COLLATE utf8_bin DEFAULT NULL,
  `salt` varchar(40) COLLATE utf8_bin DEFAULT NULL,
  `created_at` datetime DEFAULT NULL,
  `updated_at` datetime DEFAULT NULL,
  `remember_token` varchar(500) COLLATE utf8_bin DEFAULT NULL,
  `remember_token_expires_at` datetime DEFAULT NULL,
  `active` tinyint(1) DEFAULT '1',
  PRIMARY KEY (`id`),
  UNIQUE KEY `users_login` (`login`)
) ENGINE=InnoDB AUTO_INCREMENT=2 DEFAULT CHARSET=utf8 COLLATE=utf8_bin;

--
-- Dumping data for table `users`
--

INSERT INTO `users` VALUES (1,'admin','Administrator','','7548919375405aab1bd7d05625a754d308efd291','0aedbb1052e231f387ca19102a9ab3f56428d193','2015-04-06 11:18:04','2015-04-06 11:18:04',NULL,NULL,1);

--
-- Table structure for table `widget_properties`
--

CREATE TABLE `widget_properties` (
  `id` int(11) NOT NULL AUTO_INCREMENT,
  `widget_id` int(11) NOT NULL,
  `kee` varchar(100) COLLATE utf8_bin DEFAULT NULL,
  `text_value` varchar(4000) COLLATE utf8_bin DEFAULT NULL,
  PRIMARY KEY (`id`),
  KEY `widget_properties_widgets` (`widget_id`)
) ENGINE=InnoDB AUTO_INCREMENT=188 DEFAULT CHARSET=utf8 COLLATE=utf8_bin;

--
-- Dumping data for table `widget_properties`
--

INSERT INTO `widget_properties` VALUES (1,16,'metric1','complexity'),(2,16,'metric2','sqale_index'),(3,16,'metric3','coverage'),(4,17,'displaySparkLine','true'),(5,17,'metric1','ncloc'),(6,17,'metric2','lines'),(7,17,'metric3','statements'),(8,17,'metric4','files'),(9,17,'metric5','classes'),(10,17,'metric6','functions'),(11,17,'metric7','accessors'),(12,18,'displaySparkLine','true'),(13,18,'metric1','comment_lines_density'),(14,18,'metric2','comment_lines'),(15,18,'metric3','public_documented_api_density'),(16,18,'metric4','public_undocumented_api'),(17,19,'displaySparkLine','true'),(18,19,'metric1','duplicated_lines_density'),(19,19,'metric2','duplicated_lines'),(20,19,'metric3','duplicated_blocks'),(21,19,'metric4','duplicated_files'),(22,20,'displaySparkLine','true'),(23,20,'metric1','violations'),(24,20,'metric2','blocker_violations'),(25,20,'metric3','critical_violations'),(26,20,'metric4','major_violations'),(27,20,'metric5','minor_violations'),(28,20,'metric6','info_violations'),(29,20,'metric7','sqale_index'),(30,21,'displaySparkLine','true'),(31,21,'metric1','complexity'),(32,21,'metric2','function_complexity'),(33,21,'metric3','class_complexity'),(34,21,'metric4','file_complexity'),(35,22,'metric8','test_execution_time'),(36,22,'displaySparkLine','true'),(37,22,'metric1','coverage'),(38,22,'metric2','line_coverage'),(39,22,'metric3','branch_coverage'),(40,22,'metric4','test_success_density'),(41,22,'metric5','test_failures'),(42,22,'metric6','test_errors'),(43,22,'metric7','tests'),(81,51,'metric2','complexity'),(82,51,'metric3','sqale_index'),(164,66,'filter','1'),(174,79,'filter','1'),(182,26,'filter','1'),(183,26,'sizeMetric','violations'),(184,26,'colorMetric','public_documented_api_density'),(185,46,'chartTitle','Size = issues, color=duplicated lines (%)'),(186,46,'colorMetric','duplicated_lines_density'),(187,46,'sizeMetric','violations');

--
-- Table structure for table `widgets`
--

CREATE TABLE `widgets` (
  `id` int(11) NOT NULL AUTO_INCREMENT,
  `dashboard_id` int(11) NOT NULL,
  `widget_key` varchar(256) COLLATE utf8_bin NOT NULL,
  `name` varchar(256) COLLATE utf8_bin DEFAULT NULL,
  `description` varchar(1000) COLLATE utf8_bin DEFAULT NULL,
  `column_index` int(11) DEFAULT NULL,
  `row_index` int(11) DEFAULT NULL,
  `configured` tinyint(1) DEFAULT NULL,
  `created_at` datetime DEFAULT NULL,
  `updated_at` datetime DEFAULT NULL,
  `resource_id` int(11) DEFAULT NULL,
  PRIMARY KEY (`id`),
  KEY `widgets_dashboards` (`dashboard_id`),
  KEY `widgets_widgetkey` (`widget_key`(255))
) ENGINE=InnoDB AUTO_INCREMENT=98 DEFAULT CHARSET=utf8 COLLATE=utf8_bin;

--
-- Dumping data for table `widgets`
--

INSERT INTO `widgets` VALUES (1,1,'size',NULL,NULL,1,3,1,'2015-04-06 11:18:54','2015-04-09 14:14:32',NULL),(2,1,'duplications',NULL,NULL,1,5,1,'2015-04-06 11:18:54','2015-04-09 14:14:32',NULL),(3,1,'complexity',NULL,NULL,1,6,1,'2015-04-06 11:18:54','2015-04-09 14:14:32',NULL),(4,1,'events',NULL,NULL,1,7,1,'2015-04-06 11:18:54','2015-04-09 14:14:32',NULL),(6,1,'debt_overview',NULL,NULL,2,1,1,'2015-04-06 11:18:54','2015-04-06 11:18:54',NULL),(7,1,'rules',NULL,NULL,2,2,1,'2015-04-06 11:18:54','2015-04-09 14:15:56',NULL),(9,1,'file_design',NULL,NULL,2,5,1,'2015-04-06 11:18:54','2015-04-09 14:15:10',NULL),(10,1,'code_coverage',NULL,NULL,1,8,1,'2015-04-06 11:18:54','2015-04-09 14:15:08',NULL),(11,2,'unresolved_issues_statuses',NULL,NULL,1,1,1,'2015-04-06 11:18:54','2015-04-06 11:18:54',NULL),(12,2,'action_plans',NULL,NULL,1,2,1,'2015-04-06 11:18:54','2015-04-06 11:18:54',NULL),(13,2,'reviews_per_developer',NULL,NULL,2,1,1,'2015-04-06 11:18:54','2015-04-06 11:18:54',NULL),(14,2,'my_reviews',NULL,NULL,2,2,1,'2015-04-06 11:18:54','2015-04-06 11:18:54',NULL),(15,2,'false_positive_reviews',NULL,NULL,2,3,1,'2015-04-06 11:18:54','2015-04-06 11:18:54',NULL),(16,3,'timeline',NULL,NULL,1,1,1,'2015-04-06 11:18:54','2015-04-06 11:18:54',NULL),(17,3,'time_machine',NULL,NULL,1,2,1,'2015-04-06 11:18:54','2015-04-06 11:18:54',NULL),(18,3,'time_machine',NULL,NULL,1,3,1,'2015-04-06 11:18:54','2015-04-06 11:18:54',NULL),(19,3,'time_machine',NULL,NULL,1,4,1,'2015-04-06 11:18:54','2015-04-06 11:18:54',NULL),(20,3,'time_machine',NULL,NULL,2,1,1,'2015-04-06 11:18:54','2015-04-06 11:18:54',NULL),(21,3,'time_machine',NULL,NULL,2,2,1,'2015-04-06 11:18:54','2015-04-06 11:18:54',NULL),(22,3,'time_machine',NULL,NULL,2,3,1,'2015-04-06 11:18:54','2015-04-06 11:18:54',NULL),(23,4,'welcome',NULL,NULL,1,1,1,'2015-04-06 11:18:54','2015-04-09 14:13:54',NULL),(26,4,'measure_filter_treemap',NULL,NULL,2,2,1,'2015-04-06 11:18:54','2015-04-09 14:13:25',NULL),(29,1,'documentation_comments','Documentation Metrics',NULL,1,4,1,'2015-04-09 13:40:35','2015-04-09 14:14:32',NULL),(46,1,'project_file_cloud','Project File Word Cloud',NULL,2,6,1,'2015-04-09 13:47:33','2015-04-09 14:15:10',NULL),(48,1,'hotspot_most_violated_rules','Most violated rules',NULL,2,4,1,'2015-04-09 13:48:03','2015-04-09 13:48:41',NULL),(49,1,'technical_debt_pyramid','Technical Debt Pyramid',NULL,2,3,1,'2015-04-09 13:48:33','2015-04-09 14:15:56',NULL),(51,1,'timeline','Timeline',NULL,1,2,1,'2015-04-09 13:49:39','2015-04-09 14:14:32',NULL),(66,4,'measure_filter_histogram','Measure Filter as Histogram',NULL,2,1,1,'2015-04-09 14:03:50','2015-04-09 14:13:25',NULL),(79,4,'measure_filter_list','Measure Filter as List',NULL,1,2,1,'2015-04-09 14:09:21','2015-04-09 14:13:54',NULL),(97,1,'description','Description',NULL,1,1,1,'2015-04-09 14:14:32','2015-04-09 14:14:32',NULL);


