-- http://www.phpmyadmin.net
--
-- Хост: 127.0.0.1
-- Время создания: Окт 13 2014 г., 14:45
-- Версия сервера: 5.5.25
-- Версия PHP: 5.3.13




--
-- База данных: `kidsmonitoring`
--

-- --------------------------------------------------------

--
-- Структура таблицы `administration`
--

CREATE TABLE IF NOT EXISTS `administration` (
  `admin_id` int(11) NOT NULL AUTO_INCREMENT,
  `admin_email` varchar(30) NOT NULL,
  `admin_phone` varchar(30) NOT NULL,
  `admin_name` varchar(30) NOT NULL,
  PRIMARY KEY (`admin_id`)
) ENGINE=InnoDB  DEFAULT CHARSET=utf8 AUTO_INCREMENT=500 ;

--
-- Дамп данных таблицы `administration`
--

INSERT INTO `administration` (`admin_id`, `admin_email`, `admin_phone`, `admin_name`) VALUES
(2, 'Kevin.Lee@kidsmonitoring.com', '485-5426-7748', 'Kevin Lee'),
(3, 'Dora.Altschuler@kidsmonitoring', '544-5793-4493', 'Dora Altschuler'),
(4, 'Kenton.Foutty@kidsmonitoring.c', '743-4958-3180', 'Kenton Foutty'),
(5, 'Lisa Ann.Gillespie@kidsmonitor', '639-9935-2089', 'Lisa Ann Gillespie'),
(6, 'Thomas L.Zeller@kidsmonitoring', '813-5527-7069', 'Thomas L Zeller'),
(7, 'Brian B.Stanko@kidsmonitoring.', '850-2430-6467', 'Brian B Stanko'),
(8, 'Charles A.Werner@kidsmonitorin', '427-7756-3204', 'Charles A Werner'),
(9, 'David.Jordan@kidsmonitoring.co', '644-4735-2872', 'David Jordan'),
(10, 'Ellen L..Landgraf@kidsmonitori', '175-9560-5765', 'Ellen L. Landgraf'),
(11, 'John M.Janiga@kidsmonitoring.c', '133-7695-4158', 'John M Janiga'),
(12, 'John W..Kostolansky@kidsmonito', '11-2551-9585', 'John W. Kostolansky'),
(13, 'Andrew D.Klemens@kidsmonitorin', '785-8001-5378', 'Andrew D Klemens'),
(14, 'Gregory A..Ramenofsky@kidsmoni', '235-5439-336', 'Gregory A. Ramenofsky'),
(15, 'Nitin Deepak.Bhojraj@kidsmonit', '553-1830-272', 'Nitin Deepak Bhojraj'),
(16, 'Noah.Butler@kidsmonitoring.com', '762-9968-5800', 'Noah Butler'),
(17, 'Kathleen M.Adams@kidsmonitorin', '469-8471-8230', 'Kathleen M Adams'),
(18, 'Thea.Strand@kidsmonitoring.com', '115-2744-5987', 'Thea Strand'),
(19, 'Jesse.Mumm@kidsmonitoring.com', '436-9186-722', 'Jesse Mumm'),
(20, 'Damian.Peoples@kidsmonitoring.', '723-939-283', 'Damian Peoples'),
(21, 'Juliet.Brophy@kidsmonitoring.c', '300-2278-7978', 'Juliet Brophy'),
(22, 'Ruth.Gomberg-Munoz@kidsmonitor', '716-2388-530', 'Ruth Gomberg-Munoz'),
(23, 'James M.STAFF@kidsmonitoring.c', '674-247-8531', 'James M STAFF'),
(24, 'Richard Benjamin.Calcagno@kids', '212-2599-3971', 'Richard Benjamin Calcagno'),
(25, 'Daniel S.Penglase@kidsmonitori', '246-8131-5802', 'Daniel S Penglase'),
(26, 'Philip J.Amick@kidsmonitoring.', '273-5754-5770', 'Philip J Amick'),
(27, 'Kristin.Arnold@kidsmonitoring.', '853-445-4241', 'Kristin Arnold'),
(28, 'Anne L.Krueger@kidsmonitoring.', '676-1605-6986', 'Anne L Krueger'),
(29, 'Sawsan.Grauer@kidsmonitoring.c', '275-5969-6173', 'Sawsan Grauer'),
(30, 'Janaan.Abbadi@kidsmonitoring.c', '347-3207-7112', 'Janaan Abbadi'),
(31, 'Janet.Hashim@kidsmonitoring.co', '375-6209-9391', 'Janet Hashim'),
(32, 'Shelley.Fair@kidsmonitoring.co', '173-3370-1780', 'Shelley Fair'),
(33, 'Eugene M.Ochs@kidsmonitoring.c', '226-116-2027', 'Eugene M Ochs'),
(34, 'Russell.Geinzer@kidsmonitoring', '79-2241-4626', 'Russell Geinzer'),
(35, 'Kayhan.Moses@kidsmonitoring.co', '476-4701-2758', 'Kayhan Moses'),
(36, 'Mark.Parsi@kidsmonitoring.com', '57-7434-8513', 'Mark Parsi'),
(37, 'Mary E.Kuczewski@kidsmonitorin', '634-5967-8958', 'Mary E Kuczewski'),
(38, 'Mine.Malliaris@kidsmonitoring.', '58-2731-564', 'Mine Malliaris'),
(39, 'Stacy B..Cinar@kidsmonitoring.', '756-5482-6534', 'Stacy B. Cinar'),
(40, 'Pamela.Neier@kidsmonitoring.co', '374-8955-9741', 'Pamela Neier'),
(41, 'Howard M..Osenkowski@kidsmonit', '85-2712-5950', 'Howard M. Osenkowski'),
(42, 'Catherine.Laten@kidsmonitoring', '24-4448-9321', 'Catherine Laten'),
(43, 'Kenneth W.Putonti@kidsmonitori', '202-6714-9437', 'Kenneth W Putonti'),
(44, 'Dali.Olsen@kidsmonitoring.com', '405-7511-1678', 'Dali Olsen'),
(45, 'Jennifer.Liu@kidsmonitoring.co', '868-2280-6380', 'Jennifer Liu'),
(46, 'Timothy.Mierisch@kidsmonitorin', '144-2850-3815', 'Timothy Mierisch'),
(47, 'Stefan.O''Brien@kidsmonitoring.', '995-9191-9783', 'Stefan O''Brien'),
(48, 'Sushma.Kanzok@kidsmonitoring.c', '891-9773-2515', 'Sushma Kanzok'),
(49, 'John.Reddy@kidsmonitoring.com', '947-7342-7997', 'John Reddy'),
(50, 'Domenic.Kelly@kidsmonitoring.c', '601-1084-6953', 'Domenic Kelly'),
(51, 'Gordon.Castignetti@kidsmonitor', '575-1939-9666', 'Gordon Castignetti'),
(52, 'Bree.Duffie@kidsmonitoring.com', '170-2185-4114', 'Bree Duffie'),
(53, 'Barbara L.Sines@kidsmonitoring', '102-4212-828', 'Barbara L Sines'),
(54, 'Diane M.Haas@kidsmonitoring.co', '46-8266-8339', 'Diane M Haas'),
(55, 'Dione.Jokinen@kidsmonitoring.c', '214-6948-619', 'Dione Jokinen'),
(56, 'Alfred.Helfgott@kidsmonitoring', '852-8388-3470', 'Alfred Helfgott'),
(57, 'Melissa M..Diggs@kidsmonitorin', '233-8341-2661', 'Melissa M. Diggs'),
(58, 'Jeanine.Cogan@kidsmonitoring.c', '212-7253-2435', 'Jeanine Cogan'),
(59, 'Nicole Emilie.Seitz-Partridge@', '463-6730-9778', 'Nicole Emilie Seitz-Partridge'),
(60, 'Laurel.Furlan@kidsmonitoring.c', '263-2740-862', 'Laurel Furlan'),
(61, 'Mary Ann.Nida@kidsmonitoring.c', '958-8492-2801', 'Mary Ann Nida'),
(62, 'Roberta K.Glogowski@kidsmonito', '925-195-4987', 'Roberta K Glogowski'),
(63, 'Shetha Ali.Lammers@kidsmonitor', '336-1219-9199', 'Shetha Ali Lammers'),
(64, 'Peter W..Shukair@kidsmonitorin', '419-1682-7466', 'Peter W. Shukair'),
(65, 'Lisa M.Breslin SJ@kidsmonitori', '253-3823-4414', 'Lisa M Breslin SJ'),
(66, 'Michael W.Godsel@kidsmonitorin', '315-2345-2803', 'Michael W Godsel'),
(67, 'Hariklia.Calik@kidsmonitoring.', '662-4683-1144', 'Hariklia Calik'),
(68, 'Dawn.Dimitropoulos@kidsmonitor', '928-6804-8397', 'Dawn Dimitropoulos'),
(69, 'Ali.Franks@kidsmonitoring.com', '172-1441-5128', 'Ali Franks'),
(70, 'Stephen.Jawaid@kidsmonitoring.', '150-4075-7868', 'Stephen Jawaid'),
(71, 'Trent Jordan.Murata@kidsmonito', '236-3663-6361', 'Trent Jordan Murata'),
(72, 'Vytas Petras.Auguston@kidsmoni', '516-2917-6557', 'Vytas Petras Auguston'),
(73, 'John Thomas.Karalius@kidsmonit', '15-6285-7777', 'John Thomas Karalius'),
(74, 'Keith.Belcik@kidsmonitoring.co', '935-482-9459', 'Keith Belcik'),
(75, 'Alex.Hultman@kidsmonitoring.co', '682-3018-3282', 'Alex Hultman'),
(76, 'Constance.Kula@kidsmonitoring.', '123-6174-5628', 'Constance Kula'),
(77, 'Lindsay Anne.Markle@kidsmonito', '403-2801-311', 'Lindsay Anne Markle'),
(78, 'Michael C.Scarpitta@kidsmonito', '518-2089-7115', 'Michael C Scarpitta'),
(79, 'Robert A.Hassett@kidsmonitorin', '358-3813-8557', 'Robert A Hassett'),
(80, 'Erin.Zitzner@kidsmonitoring.co', '870-5315-2633', 'Erin Zitzner'),
(81, 'Warren R..Morgan@kidsmonitorin', '657-7679-6296', 'Warren R. Morgan'),
(82, 'Michelle.Hayes@kidsmonitoring.', '293-2845-9214', 'Michelle Hayes'),
(83, 'William C.Jones@kidsmonitoring', '949-2998-5500', 'William C Jones'),
(84, 'Rodney.Manrique-Fleming@kidsmo', '727-2352-5982', 'Rodney Manrique-Fleming'),
(85, 'M. William.Borden@kidsmonitori', '673-9172-9001', 'M. William Borden'),
(86, 'Arden M..Dale@kidsmonitoring.c', '1-407-5175', 'Arden M. Dale'),
(87, 'Emma M.Rochlin@kidsmonitoring.', '564-4445-7977', 'Emma M Rochlin'),
(88, 'Joseph R.Davidson@kidsmonitori', '595-9627-66', 'Joseph R Davidson'),
(89, 'Martin B.Feeney@kidsmonitoring', '307-3208-3880', 'Martin B Feeney'),
(90, 'William.Hoellein@kidsmonitorin', '162-1916-9195', 'William Hoellein'),
(91, 'Jeffrey.Milanovich@kidsmonitor', '426-8494-6874', 'Jeffrey Milanovich'),
(92, 'G. Hunter.Berg@kidsmonitoring.', '55-1433-9719', 'G. Hunter Berg'),
(93, 'Gerald L.Kroll@kidsmonitoring.', '977-929-2718', 'Gerald L Kroll'),
(94, 'Theresa C.Doering@kidsmonitori', '527-8203-5070', 'Theresa C Doering'),
(95, 'Fred B.Cole@kidsmonitoring.com', '125-4936-4243', 'Fred B Cole'),
(96, 'Kim C.Buldak@kidsmonitoring.co', '25-4952-4650', 'Kim C Buldak'),
(97, 'Hui.Grande@kidsmonitoring.com', '543-596-9095', 'Hui Grande'),
(98, 'Tham Chung.Pickett@kidsmonitor', '341-6551-8723', 'Tham Chung Pickett'),
(99, 'Jim.Williamson@kidsmonitoring.', '347-9622-1931', 'Jim Williamson'),
(100, 'Jessica H.Ye@kidsmonitoring.co', '735-1251-3848', 'Jessica H Ye'),
(101, 'James.Hoang@kidsmonitoring.com', '655-5512-2342', 'James Hoang'),
(102, 'Joseph N.Crumrine@kidsmonitori', '342-6071-3775', 'Joseph N Crumrine'),
(103, 'Paul.Cheverud@kidsmonitoring.c', '314-5844-4704', 'Paul Cheverud'),
(104, 'Andrew.Brann@kidsmonitoring.co', '586-1118-2908', 'Andrew Brann'),
(105, 'Christopher G.Lodolce@kidsmoni', '93-2374-7844', 'Christopher G Lodolce'),
(106, 'Anne K.Schluep@kidsmonitoring.', '517-2632-2796', 'Anne K Schluep'),
(107, 'Shane C.Setlak@kidsmonitoring.', '982-8065-3392', 'Shane C Setlak'),
(108, 'Stephan.Garinger@kidsmonitorin', '892-1476-9943', 'Stephan Garinger'),
(109, 'Robert.Peterson@kidsmonitoring', '764-4953-9566', 'Robert Peterson'),
(110, 'Reuben Peter.Sutter@kidsmonito', '958-2311-817', 'Reuben Peter Sutter'),
(111, 'Emily.Lishawa@kidsmonitoring.c', '342-8864-6330', 'Emily Lishawa'),
(112, 'Adam.Steidl@kidsmonitoring.com', '577-2291-2401', 'Adam Steidl'),
(113, 'Thomas M.Morrison Jr@kidsmonit', '954-5438-8246', 'Thomas M Morrison Jr'),
(114, 'Nancy.Keller@kidsmonitoring.co', '425-1304-9364', 'Nancy Keller'),
(115, 'Leanne L.Anderson@kidsmonitori', '715-2241-1738', 'Leanne L Anderson'),
(116, 'Erika.Driks@kidsmonitoring.com', '500-7421-4370', 'Erika Driks'),
(117, 'Jaime.Gallagher@kidsmonitoring', '779-7251-2436', 'Jaime Gallagher'),
(118, 'Paula Emily.Zeleznik-Le@kidsmo', '119-6176-3912', 'Paula Emily Zeleznik-Le'),
(119, 'Susan C..Cribbs@kidsmonitoring', '113-3825-8866', 'Susan C. Cribbs'),
(120, 'Sara K.Riesche@kidsmonitoring.', '70-3405-1177', 'Sara K Riesche'),
(121, 'Jennifer Rachael.Giovacchini@k', '152-6833-41', 'Jennifer Rachael Giovacchini'),
(122, 'Pamela R.Ries PhD@kidsmonitori', '785-2604-2333', 'Pamela R Ries PhD'),
(123, 'John G.Gramata@kidsmonitoring.', '25-2150-7772', 'John G Gramata'),
(124, 'Ayana.Huntley@kidsmonitoring.c', '849-6401-9077', 'Ayana Huntley'),
(125, 'Frederick H..McCoy@kidsmonitor', '786-3560-1318', 'Frederick H. McCoy'),
(126, 'John J..Steenken@kidsmonitorin', '960-8563-8740', 'John J. Steenken'),
(127, 'Phong T.Karanja@kidsmonitoring', '397-6362-5991', 'Phong T Karanja'),
(128, 'Ethel.Bosco@kidsmonitoring.com', '640-7555-2168', 'Ethel Bosco'),
(129, 'Rolf.Wezeman PhD@kidsmonitorin', '32-8691-5993', 'Rolf Wezeman PhD'),
(130, 'Susan.Callaci@kidsmonitoring.c', '918-9393-9399', 'Susan Callaci'),
(131, 'Mindy.Le@kidsmonitoring.com', '36-913-6232', 'Mindy Le'),
(132, 'Michael.Hammer@kidsmonitoring.', '40-8763-8837', 'Michael Hammer'),
(133, 'Cynthia Manuela.Achilles@kidsm', '274-9015-987', 'Cynthia Manuela Achilles'),
(134, 'Khalil M..Finerty@kidsmonitori', '51-7514-7388', 'Khalil M. Finerty'),
(135, 'Katherine.Trafman@kidsmonitori', '959-5376-949', 'Katherine Trafman'),
(136, 'Cheryl.Roper@kidsmonitoring.co', '90-4978-9512', 'Cheryl Roper'),
(137, 'Gwen.Carrasco@kidsmonitoring.c', '964-8950-5875', 'Gwen Carrasco'),
(138, 'Megan F.Marrar@kidsmonitoring.', '564-5359-3430', 'Megan F Marrar'),
(139, 'Laura.Rogers@kidsmonitoring.co', '780-5681-2121', 'Laura Rogers'),
(140, 'Sandra Ann.Kilgallen SJ@kidsmo', '380-4869-1515', 'Sandra Ann Kilgallen SJ'),
(141, 'Conrad A..Hart@kidsmonitoring.', '320-5234-2428', 'Conrad A. Hart'),
(142, 'Willetta.Reed@kidsmonitoring.c', '943-5642-1192', 'Willetta Reed'),
(143, 'Zachary Richard.Ihnat@kidsmoni', '827-8383-208', 'Zachary Richard Ihnat'),
(144, 'George.Weinerman@kidsmonitorin', '925-8896-7722', 'George Weinerman'),
(145, 'Jan.Kamedulski@kidsmonitoring.', '664-8487-3099', 'Jan Kamedulski'),
(146, 'Alanah.Helquist@kidsmonitoring', '759-9396-8077', 'Alanah Helquist'),
(147, 'Katrina Lyn.Naleway@kidsmonito', '711-9046-7028', 'Katrina Lyn Naleway'),
(148, 'Angela.Greene-Johnson@kidsmoni', '298-4687-2387', 'Angela Greene-Johnson'),
(149, 'Mir.Osner@kidsmonitoring.com', '641-2496-8069', 'Mir Osner'),
(150, 'M P.Chlipala@kidsmonitoring.co', '853-6299-2938', 'M P Chlipala'),
(151, 'Daniel.Florian@kidsmonitoring.', '5-9501-8172', 'Daniel Florian'),
(152, 'Carole B..Fitch@kidsmonitoring', '248-8936-3814', 'Carole B. Fitch'),
(153, 'Donald A.Binaku@kidsmonitoring', '367-7208-2197', 'Donald A Binaku'),
(154, 'James H.Boerger@kidsmonitoring', '388-6467-1094', 'James H Boerger'),
(155, 'Timothy L..Shamsuddin@kidsmoni', '160-3116-9581', 'Timothy L. Shamsuddin'),
(156, 'Jessica L.Chiarelli@kidsmonito', '470-713-8978', 'Jessica L Chiarelli'),
(157, 'Miguel A..Becker@kidsmonitorin', '278-7824-8024', 'Miguel A. Becker'),
(158, 'Jacob W..Szpunar@kidsmonitorin', '981-809-2711', 'Jacob W. Szpunar'),
(159, 'Patrick L..May@kidsmonitoring.', '220-7226-5208', 'Patrick L. May'),
(160, 'Chad.Babler@kidsmonitoring.com', '26-5764-1508', 'Chad Babler'),
(161, 'Daniel J.Thomas@kidsmonitoring', '320-5817-1010', 'Daniel J Thomas'),
(162, 'Albert W.Eisenberg@kidsmonitor', '138-8299-9946', 'Albert W Eisenberg'),
(163, 'Richard C..Ballicora@kidsmonit', '519-1973-7155', 'Richard C. Ballicora'),
(164, 'Duarte E..Ciszek@kidsmonitorin', '739-5857-3623', 'Duarte E. Ciszek'),
(165, 'Martina.Daubenmire@kidsmonitor', '848-7464-6739', 'Martina Daubenmire'),
(166, 'Agnieszka Maria.Eichman@kidsmo', '806-2170-7453', 'Agnieszka Maria Eichman'),
(167, 'Karl A..Graham@kidsmonitoring.', '704-4953-5277', 'Karl A. Graham'),
(168, 'Hong.Herlinger@kidsmonitoring.', '507-4765-6087', 'Hong Herlinger'),
(169, 'Darlene R..Holz@kidsmonitoring', '778-6965-3313', 'Darlene R. Holz'),
(170, 'Lisa Marie.Killelea@kidsmonito', '299-7235-9077', 'Lisa Marie Killelea'),
(171, 'Donald.Mota de Freitas@kidsmon', '450-442-4894', 'Donald Mota de Freitas'),
(172, 'Diane P.Schmeling@kidsmonitori', '551-1822-3194', 'Diane P Schmeling'),
(173, 'Elizabeth Rimkus.Orlof@kidsmon', '545-7018-5168', 'Elizabeth Rimkus Orlof'),
(174, 'Daniel Jason.Larsen@kidsmonito', '261-4411-1025', 'Daniel Jason Larsen'),
(175, 'Marc.Chen@kidsmonitoring.com', '623-2899-8489', 'Marc Chen'),
(176, 'Sheryl.McClendon@kidsmonitorin', '297-968-659', 'Sheryl McClendon'),
(177, 'Carol.Caputo Love@kidsmonitori', '42-8015-5613', 'Carol Caputo Love'),
(178, 'Michelle Inez.Sibley@kidsmonit', '570-3086-379', 'Michelle Inez Sibley'),
(179, 'Kathryn.Ryan@kidsmonitoring.co', '179-869-7344', 'Kathryn Ryan'),
(180, 'R James.Schiller@kidsmonitorin', '510-3861-4580', 'R James Schiller'),
(181, 'Chelsea.Coleman@kidsmonitoring', '418-8361-5022', 'Chelsea Coleman'),
(182, 'Scott Alan.Birmingham@kidsmoni', '908-3872-6845', 'Scott Alan Birmingham'),
(183, 'Ingrid Tamara.Frazier@kidsmoni', '227-9329-3863', 'Ingrid Tamara Frazier'),
(184, 'Mary Catherine.Blitstein@kidsm', '744-1941-8275', 'Mary Catherine Blitstein'),
(185, 'Jane Mary.Covitt@kidsmonitorin', '846-8177-1174', 'Jane Mary Covitt'),
(186, 'Kimberly S.Brunkowski@kidsmoni', '695-1153-2142', 'Kimberly S Brunkowski'),
(187, 'Hank M..Cohen@kidsmonitoring.c', '761-1582-158', 'Hank M. Cohen'),
(188, 'Mary A..Khoshaba@kidsmonitorin', '323-7288-3244', 'Mary A. Khoshaba'),
(189, 'Brigid Marie.Breunlin EdD@kids', '360-9083-4114', 'Brigid Marie Breunlin EdD'),
(190, 'Jennifer K.Ruff@kidsmonitoring', '95-4191-7976', 'Jennifer K Ruff'),
(191, 'Nancy Jo.Harris@kidsmonitoring', '553-8376-6337', 'Nancy Jo Harris'),
(192, 'Sabina.Colon@kidsmonitoring.co', '55-7457-209', 'Sabina Colon'),
(193, 'Alison Jane.Young@kidsmonitori', '740-9732-9539', 'Alison Jane Young'),
(194, 'Amy.Hunt@kidsmonitoring.com', '126-7174-1481', 'Amy Hunt'),
(195, 'Dorothy.Thier@kidsmonitoring.c', '954-5643-9658', 'Dorothy Thier'),
(196, 'Ann M..Bohanon@kidsmonitoring.', '71-2601-811', 'Ann M. Bohanon'),
(197, 'John P.Hicks@kidsmonitoring.co', '285-218-2394', 'John P Hicks'),
(198, 'Martha.Schultz@kidsmonitoring.', '301-3449-9683', 'Martha Schultz'),
(199, 'Ruanda.Shah@kidsmonitoring.com', '626-7059-8766', 'Ruanda Shah'),
(200, 'Mary C..Tarpey-Cole@kidsmonito', '37-8014-2957', 'Mary C. Tarpey-Cole'),
(201, 'Donna K..Neugebauer@kidsmonito', '835-3549-1334', 'Donna K. Neugebauer'),
(202, 'Christine R.Alves@kidsmonitori', '469-4106-8791', 'Christine R Alves'),
(203, 'Mary J.Heineke@kidsmonitoring.', '490-1509-8523', 'Mary J Heineke'),
(204, 'Bruce A.Giroux@kidsmonitoring.', '443-2776-5698', 'Bruce A Giroux'),
(205, 'Anna R..Forde@kidsmonitoring.c', '592-2319-1341', 'Anna R. Forde'),
(206, 'Monica Ann.Wynne@kidsmonitorin', '557-3036-3942', 'Monica Ann Wynne'),
(207, 'Rosario C.Garth-McCullough@kid', '639-5895-4161', 'Rosario C Garth-McCullough'),
(208, 'Pamela A.McCarthy@kidsmonitori', '878-8913-7610', 'Pamela A McCarthy'),
(209, 'Michael J..Gnau@kidsmonitoring', '846-5176-4669', 'Michael J. Gnau'),
(210, 'Marlon.Mau EdD@kidsmonitoring.', '723-5553-2684', 'Marlon Mau EdD'),
(211, 'Carolina.Berrong@kidsmonitorin', '19-3906-6233', 'Carolina Berrong'),
(212, 'Michelle Lynnette.Quish@kidsmo', '152-8597-340', 'Michelle Lynnette Quish'),
(213, 'Gina.Montes@kidsmonitoring.com', '31-3497-1849', 'Gina Montes'),
(214, 'Lynne.Hamilton@kidsmonitoring.', '884-7937-4626', 'Lynne Hamilton'),
(215, 'Elizabeth Willingham.Swope@kid', '454-3858-6945', 'Elizabeth Willingham Swope'),
(216, 'Theresa.Pesce@kidsmonitoring.c', '588-9438-9981', 'Theresa Pesce'),
(217, 'Leanne.Morrison@kidsmonitoring', '982-5829-5877', 'Leanne Morrison'),
(218, 'Meng-Jia.Fenning@kidsmonitorin', '398-4615-4790', 'Meng-Jia Fenning'),
(219, 'Vesna.Boyle PhD@kidsmonitoring', '159-3084-9967', 'Vesna Boyle PhD'),
(220, 'Kristin Johnson.Shriberg@kidsm', '626-319-5520', 'Kristin Johnson Shriberg'),
(221, 'David C..James@kidsmonitoring.', '895-512-9426', 'David C. James'),
(222, 'Michelle Patrice.Gibbs@kidsmon', '518-2038-8023', 'Michelle Patrice Gibbs'),
(223, 'Lorraine A.Fry@kidsmonitoring.', '552-2356-1521', 'Lorraine A Fry'),
(224, 'Aimee.Coffee@kidsmonitoring.co', '737-1198-9459', 'Aimee Coffee'),
(225, 'Lara.Golomb@kidsmonitoring.com', '200-5738-3317', 'Lara Golomb'),
(226, 'Charles.Ferrell@kidsmonitoring', '894-1620-2755', 'Charles Ferrell'),
(227, 'Darlene S.Pigott@kidsmonitorin', '892-1444-8585', 'Darlene S Pigott'),
(228, 'Kelly Lee.Kallemeyn@kidsmonito', '480-5429-3201', 'Kelly Lee Kallemeyn'),
(229, 'Dennis J..Wu@kidsmonitoring.co', '959-7025-6285', 'Dennis J. Wu'),
(230, 'Bernard J..Cejovic@kidsmonitor', '956-3291-6605', 'Bernard J. Cejovic'),
(231, 'Gipsy.Davin@kidsmonitoring.com', '508-2242-7117', 'Gipsy Davin'),
(232, 'Deborah Rose.Ensminger@kidsmon', '450-7425-9156', 'Deborah Rose Ensminger'),
(233, 'Don D..Kennedy@kidsmonitoring.', '253-2949-1513', 'Don D. Kennedy'),
(234, 'David E.Lia@kidsmonitoring.com', '405-323-2711', 'David E Lia'),
(235, 'Ira.Ozar@kidsmonitoring.com', '351-2323-8449', 'Ira Ozar'),
(236, 'Brandi.Papola@kidsmonitoring.c', '683-1268-70', 'Brandi Papola'),
(237, 'Josie M..Smetana@kidsmonitorin', '958-195-1514', 'Josie M. Smetana'),
(238, 'Jona.Tocci@kidsmonitoring.com', '817-5000-6944', 'Jona Tocci'),
(239, 'Laurel A.Mayo@kidsmonitoring.c', '137-4595-3969', 'Laurel A Mayo'),
(240, 'Garry.Morrissey@kidsmonitoring', '765-4157-7261', 'Garry Morrissey'),
(241, 'Rachel.Simon PhD@kidsmonitorin', '426-9240-9503', 'Rachel Simon PhD'),
(242, 'Arthur J.Ward@kidsmonitoring.c', '138-3749-6929', 'Arthur J Ward'),
(243, 'Loretta J.Escobar@kidsmonitori', '53-6282-9878', 'Loretta J Escobar'),
(244, 'Giovanni.Baskin@kidsmonitoring', '205-336-202', 'Giovanni Baskin'),
(245, 'Patricia C.Stemen@kidsmonitori', '476-3849-2525', 'Patricia C Stemen'),
(246, 'Brian M.Olson@kidsmonitoring.c', '321-680-3793', 'Brian M Olson'),
(247, 'Edith P.Sommers@kidsmonitoring', '328-267-3989', 'Edith P Sommers'),
(248, 'Jonathan.Vigil@kidsmonitoring.', '479-8439-8989', 'Jonathan Vigil'),
(249, 'Kirk Arthur.Gough@kidsmonitori', '174-9812-3584', 'Kirk Arthur Gough'),
(250, 'Anna.Goldschmidt@kidsmonitorin', '571-7472-7742', 'Anna Goldschmidt'),
(251, 'Alexander W.Rohan@kidsmonitori', '297-1737-6983', 'Alexander W Rohan'),
(252, 'Jacqueline F.Lombardo@kidsmoni', '247-3119-732', 'Jacqueline F Lombardo'),
(253, 'John F.Mazar@kidsmonitoring.co', '940-3659-7015', 'John F Mazar'),
(254, 'Constance M.Bombard@kidsmonito', '928-5711-7351', 'Constance M Bombard'),
(255, 'Shirley A.Johnston@kidsmonitor', '948-475-1201', 'Shirley A Johnston'),
(256, 'Gail F..Lurigio@kidsmonitoring', '201-3689-1882', 'Gail F. Lurigio'),
(257, 'Harriet.Stalans@kidsmonitoring', '580-6973-2149', 'Harriet Stalans'),
(258, 'Arleen Carol.Gawlinski@kidsmon', '979-1772-588', 'Arleen Carol Gawlinski'),
(259, 'Chandra F.Scichilone@kidsmonit', '878-3514-401', 'Chandra F Scichilone'),
(260, 'Kimberly.Graham-Skoul@kidsmoni', '237-9227-7873', 'Kimberly Graham-Skoul'),
(261, 'Monique.Lavelle@kidsmonitoring', '11-2201-9610', 'Monique Lavelle'),
(262, 'Pamela Ann.Livermore@kidsmonit', '709-4679-2730', 'Pamela Ann Livermore'),
(263, 'Jorgia.Mannering@kidsmonitorin', '782-4086-6390', 'Jorgia Mannering'),
(264, 'Florence C.Shellko@kidsmonitor', '484-3372-2101', 'Florence C Shellko'),
(265, 'Janet A..Keenan@kidsmonitoring', '219-2861-2577', 'Janet A. Keenan'),
(266, 'Patricia.Evers@kidsmonitoring.', '339-4874-6267', 'Patricia Evers'),
(267, 'Phyllis Ann.Long@kidsmonitorin', '528-681-3241', 'Phyllis Ann Long'),
(268, 'Jeanne.Makowski@kidsmonitoring', '743-478-5013', 'Jeanne Makowski'),
(269, 'Kerry.Ritzman@kidsmonitoring.c', '801-9264-8528', 'Kerry Ritzman'),
(270, 'Diana P..Greiner-Weinstein@kid', '842-1635-7755', 'Diana P. Greiner-Weinstein'),
(271, 'Ida M..Trapani@kidsmonitoring.', '629-1749-9956', 'Ida M. Trapani'),
(272, 'Sheila A..Dunmars@kidsmonitori', '590-8846-4636', 'Sheila A. Dunmars'),
(273, 'Margaret.Lucas@kidsmonitoring.', '863-6676-8722', 'Margaret Lucas'),
(274, 'Christine.Whitmore@kidsmonitor', '502-1521-2095', 'Christine Whitmore'),
(275, 'Ashley Jordan.Ridosh@kidsmonit', '712-3717-4956', 'Ashley Jordan Ridosh'),
(276, 'Ralph.Andresen@kidsmonitoring.', '970-7116-9831', 'Ralph Andresen'),
(277, 'Pamela Kay.Connor@kidsmonitori', '597-2397-513', 'Pamela Kay Connor'),
(278, 'Beth.O''Leary@kidsmonitoring.co', '921-9827-991', 'Beth O''Leary'),
(279, 'Jeffrey T.Myers RN@kidsmonitor', '422-7847-255', 'Jeffrey T Myers RN'),
(280, 'Shannon.McCarron@kidsmonitorin', '275-6267-1891', 'Shannon McCarron'),
(281, 'Edmund.Kennelly@kidsmonitoring', '51-2562-3640', 'Edmund Kennelly'),
(282, 'Vincent.Solari-Twadell@kidsmon', '46-8467-2486', 'Vincent Solari-Twadell'),
(283, 'Milan.Dougherty@kidsmonitoring', '510-7104-9162', 'Milan Dougherty'),
(284, 'Alexis.Lazewski@kidsmonitoring', '382-2130-683', 'Alexis Lazewski'),
(285, 'Julia.Hackbarth@kidsmonitoring', '592-9258-4401', 'Julia Hackbarth'),
(286, 'Kevin A.Androwich@kidsmonitori', '87-8964-1517', 'Kevin A Androwich'),
(287, 'Cyndi.Haas PhD@kidsmonitoring.', '71-4936-3915', 'Cyndi Haas PhD'),
(288, 'Britto M.Kraft@kidsmonitoring.', '122-4150-3743', 'Britto M Kraft'),
(289, 'Elizabeth.Boltz@kidsmonitoring', '221-8378-1590', 'Elizabeth Boltz'),
(290, 'John C.Currier@kidsmonitoring.', '247-1133-7858', 'John C Currier'),
(291, 'Jeffrey S.Braseth@kidsmonitori', '436-1644-420', 'Jeffrey S Braseth'),
(292, 'David M.Morris@kidsmonitoring.', '800-2112-8888', 'David M Morris'),
(293, 'Bren.Konrad@kidsmonitoring.com', '48-7216-5992', 'Bren Konrad'),
(294, 'Meghan.Lamberti@kidsmonitoring', '965-1042-8123', 'Meghan Lamberti'),
(295, 'B H.Castorino-Minkoff@kidsmoni', '33-6964-7381', 'B H Castorino-Minkoff'),
(296, 'Richelle.Wike@kidsmonitoring.c', '473-7843-6345', 'Richelle Wike'),
(297, 'Florence M.Gore@kidsmonitoring', '625-8554-1282', 'Florence M Gore'),
(298, 'Connie M.Forst@kidsmonitoring.', '16-9778-5433', 'Connie M Forst'),
(299, 'Bruce.Gerasole@kidsmonitoring.', '391-1993-3811', 'Bruce Gerasole'),
(300, 'Kalyn.Hofstetter@kidsmonitorin', '550-4464-4945', 'Kalyn Hofstetter'),
(301, 'Jerome.Pribisic@kidsmonitoring', '336-8826-6589', 'Jerome Pribisic'),
(302, 'Jessica Renee.Sarkisian@kidsmo', '378-6828-8702', 'Jessica Renee Sarkisian'),
(303, 'Julianne.Lieblich@kidsmonitori', '267-7316-5918', 'Julianne Lieblich'),
(304, 'Patricia K.Davis@kidsmonitorin', '866-6967-6961', 'Patricia K Davis'),
(305, 'Marjorie J..Maxey@kidsmonitori', '678-7302-3926', 'Marjorie J. Maxey'),
(306, 'Frank P..Berchmans@kidsmonitor', '416-2038-1769', 'Frank P. Berchmans'),
(307, 'Seung-Chul.Daly@kidsmonitoring', '51-8291-324', 'Seung-Chul Daly'),
(308, 'Leona.Cox@kidsmonitoring.com', '179-8461-102', 'Leona Cox'),
(309, 'Noel Don.Goheen@kidsmonitoring', '723-2373-2095', 'Noel Don Goheen'),
(310, 'Bastiaan.Harder@kidsmonitoring', '104-7876-6559', 'Bastiaan Harder'),
(311, 'Randall.Romanelli@kidsmonitori', '598-1237-5385', 'Randall Romanelli'),
(312, 'Mark A.Madalinski@kidsmonitori', '257-5019-2214', 'Mark A Madalinski'),
(313, 'Gilda C.Murphy@kidsmonitoring.', '127-7690-9531', 'Gilda C Murphy'),
(314, 'Kevin E.Limon@kidsmonitoring.c', '719-6353-6499', 'Kevin E Limon'),
(315, 'Charlene.Coffman@kidsmonitorin', '415-3140-3801', 'Charlene Coffman'),
(316, 'Aaron.Rockwell@kidsmonitoring.', '808-7308-5839', 'Aaron Rockwell'),
(317, 'Luke.Chee@kidsmonitoring.com', '985-7822-4131', 'Luke Chee'),
(318, 'Herbert M..Lozano@kidsmonitori', '17-9618-2592', 'Herbert M. Lozano'),
(319, 'Kathryn J..Fletcher@kidsmonito', '28-6849-4966', 'Kathryn J. Fletcher'),
(320, 'Kristina.Japsen@kidsmonitoring', '237-7891-2842', 'Kristina Japsen'),
(321, 'Gary.Dailing@kidsmonitoring.co', '893-3878-4080', 'Gary Dailing'),
(322, 'Lauren.Belsha@kidsmonitoring.c', '432-6455-9100', 'Lauren Belsha'),
(323, 'Leonard.De Perlinghi@kidsmonit', '653-7734-6790', 'Leonard De Perlinghi'),
(324, 'Channah.Brown@kidsmonitoring.c', '606-4932-3144', 'Channah Brown'),
(325, 'Andrew N.Hill@kidsmonitoring.c', '256-9091-6284', 'Andrew N Hill'),
(326, 'Maria Del Carmen.Felkins@kidsm', '636-7175-3592', 'Maria Del Carmen Felkins'),
(327, 'Ronald I.Kruvand@kidsmonitorin', '220-7030-1414', 'Ronald I Kruvand'),
(328, 'Gabriel.Wirth@kidsmonitoring.c', '634-7209-1033', 'Gabriel Wirth'),
(329, 'Conrad.Yoo@kidsmonitoring.com', '893-7491-7882', 'Conrad Yoo'),
(330, 'Roxanne.Hood@kidsmonitoring.co', '389-9868-5774', 'Roxanne Hood'),
(331, 'Guy.Wycliff@kidsmonitoring.com', '674-8805-9652', 'Guy Wycliff'),
(332, 'Chandra N.Vanacker@kidsmonitor', '82-3128-6108', 'Chandra N Vanacker'),
(333, 'Konstantin.Iden@kidsmonitoring', '992-9665-3843', 'Konstantin Iden'),
(334, 'Peter L.Pollock@kidsmonitoring', '671-5733-8776', 'Peter L Pollock'),
(335, 'Matthew William.Parrella@kidsm', '985-8301-7867', 'Matthew William Parrella'),
(336, 'Berhane.OConnor@kidsmonitoring', '614-4670-5043', 'Berhane OConnor'),
(337, 'Joseph Paul.Wenc@kidsmonitorin', '973-6879-2073', 'Joseph Paul Wenc'),
(338, 'Corby.Greer@kidsmonitoring.com', '114-3219-9283', 'Corby Greer'),
(339, 'Joseph.Strosnider@kidsmonitori', '218-2153-6774', 'Joseph Strosnider'),
(340, 'Karim.Ritchell@kidsmonitoring.', '6-6052-6643', 'Karim Ritchell'),
(341, 'Corey Lynn.Cummings@kidsmonito', '584-2794-5448', 'Corey Lynn Cummings'),
(342, 'Matthew J..Sfondeles@kidsmonit', '549-3617-8576', 'Matthew J. Sfondeles'),
(343, 'Ramiza.Derrick@kidsmonitoring.', '160-3540-8241', 'Ramiza Derrick'),
(344, 'Charles E..Hoover@kidsmonitori', '544-254-3975', 'Charles E. Hoover'),
(345, 'Paula.Kamerer@kidsmonitoring.c', '422-113-2277', 'Paula Kamerer'),
(346, 'Susan Marie.Carpenter@kidsmoni', '208-6255-6948', 'Susan Marie Carpenter'),
(347, 'Christine Chih-Ting.Labrecque@', '713-5990-3827', 'Christine Chih-Ting Labrecque'),
(348, 'Michael D..Watson@kidsmonitori', '920-7140-7047', 'Michael D. Watson'),
(349, 'Steven D.Slania@kidsmonitoring', '848-9323-9200', 'Steven D Slania'),
(350, 'Denada.Honig@kidsmonitoring.co', '526-9389-5253', 'Denada Honig'),
(351, 'Amber.Naiman@kidsmonitoring.co', '190-5230-8047', 'Amber Naiman'),
(352, 'Anita J..Yacobellis@kidsmonito', '735-723-1665', 'Anita J. Yacobellis'),
(353, 'Eunju.Harrington@kidsmonitorin', '593-2325-5205', 'Eunju Harrington'),
(354, 'Laura L.Saenz@kidsmonitoring.c', '417-7770-5460', 'Laura L Saenz'),
(355, 'Christofer J..Greenberg@kidsmo', '814-1991-5573', 'Christofer J. Greenberg'),
(356, 'Nicole Denise.Conant@kidsmonit', '42-4080-1829', 'Nicole Denise Conant'),
(357, 'Kathleen.Thiruvathukal@kidsmon', '737-1211-7819', 'Kathleen Thiruvathukal'),
(358, 'Kelly Elizabeth.Weisert@kidsmo', '120-417-4960', 'Kelly Elizabeth Weisert'),
(359, 'Christopher Cobb.Schwab@kidsmo', '824-8906-4284', 'Christopher Cobb Schwab'),
(360, 'Holly J.Bevente@kidsmonitoring', '745-4169-3673', 'Holly J Bevente'),
(361, 'Ramon.Sekharan@kidsmonitoring.', '270-6076-8903', 'Ramon Sekharan'),
(362, 'Timothy M.Laufer@kidsmonitorin', '75-3431-9627', 'Timothy M Laufer'),
(363, 'Serhat.Dordal@kidsmonitoring.c', '241-9363-1952', 'Serhat Dordal'),
(364, 'Mei-Kuang.Bone@kidsmonitoring.', '762-3536-9722', 'Mei-Kuang Bone'),
(365, 'Amy Michelle.Zewdie@kidsmonito', '308-1686-1714', 'Amy Michelle Zewdie'),
(366, 'Cora.Kaylor@kidsmonitoring.com', '865-2112-5794', 'Cora Kaylor'),
(367, 'Deborah Carol.Schmitz@kidsmoni', '48-9487-7006', 'Deborah Carol Schmitz'),
(368, 'Sandra C.Albert@kidsmonitoring', '830-690-7423', 'Sandra C Albert'),
(369, 'Mari.Hummel@kidsmonitoring.com', '326-8940-6329', 'Mari Hummel'),
(370, 'Sarah.Kabani@kidsmonitoring.co', '755-6390-499', 'Sarah Kabani'),
(371, 'Scott.Polk@kidsmonitoring.com', '122-9094-6576', 'Scott Polk'),
(372, 'Nicholas J.Thibeau@kidsmonitor', '12-9845-7', 'Nicholas J Thibeau'),
(373, 'Steven E.Vulic@kidsmonitoring.', '975-2262-9370', 'Steven E Vulic'),
(374, 'Norma A.Schutt@kidsmonitoring.', '170-9884-2907', 'Norma A Schutt'),
(375, 'Karole S..Pelissero@kidsmonito', '143-2967-4593', 'Karole S. Pelissero'),
(376, 'Mary E..McNally@kidsmonitoring', '314-1624-6706', 'Mary E. McNally'),
(377, 'Roy T.Wortman@kidsmonitoring.c', '893-2110-6194', 'Roy T Wortman'),
(378, 'Bobby.Chang@kidsmonitoring.com', '594-417-6884', 'Bobby Chang'),
(379, 'David B.Gaubatz PhD@kidsmonito', '337-3683-5824', 'David B Gaubatz PhD'),
(380, 'Jacqueline.Tews@kidsmonitoring', '970-1234-2215', 'Jacqueline Tews'),
(381, 'Timothy J..Hoxha@kidsmonitorin', '20-2458-1309', 'Timothy J. Hoxha'),
(382, 'Paul E.Bolden@kidsmonitoring.c', '677-2586-1155', 'Paul E Bolden'),
(383, 'Regina.Thomas PhD@kidsmonitori', '678-2342-3417', 'Regina Thomas PhD'),
(384, 'Marc D.Yoon@kidsmonitoring.com', '615-4049-3301', 'Marc D Yoon'),
(385, 'Anastasios.Riggs@kidsmonitorin', '906-5480-6269', 'Anastasios Riggs'),
(386, 'Louis P.Cooper@kidsmonitoring.', '365-8625-7894', 'Louis P Cooper'),
(387, 'Frank.Neal@kidsmonitoring.com', '36-7565-5', 'Frank Neal'),
(388, 'Julian P.Kordesh@kidsmonitorin', '655-3511-422', 'Julian P Kordesh'),
(389, 'Maryann P.Neville@kidsmonitori', '344-6882-4105', 'Maryann P Neville'),
(390, 'David T.Vera@kidsmonitoring.co', '926-6582-5339', 'David T Vera'),
(391, 'Michael Terrence Kha.Rector@ki', '148-6782-7798', 'Michael Terrence Kha Rector'),
(392, 'Teresa Ann.Mattix-Kramer@kidsm', '279-3559-384', 'Teresa Ann Mattix-Kramer'),
(393, 'Kate.Sinacore@kidsmonitoring.c', '394-342-2727', 'Kate Sinacore'),
(394, 'Jamie.Durazo-Arvizu@kidsmonito', '736-6497-6776', 'Jamie Durazo-Arvizu'),
(395, 'John P..Nicholas@kidsmonitorin', '66-5559-2257', 'John P. Nicholas'),
(396, 'Amy B.Knight@kidsmonitoring.co', '693-9214-882', 'Amy B Knight'),
(397, 'Juan.Cicekoglu@kidsmonitoring.', '482-9577-8448', 'Juan Cicekoglu'),
(398, 'Terry E.Wilkinson@kidsmonitori', '483-6134-1960', 'Terry E Wilkinson'),
(399, 'OiYan.Mitchell@kidsmonitoring.', '525-9575-8842', 'OiYan Mitchell'),
(400, 'Jennifer Grant.Goodman@kidsmon', '936-8842-5425', 'Jennifer Grant Goodman'),
(401, 'Mark D.Kaufmann@kidsmonitoring', '470-323-2208', 'Mark D Kaufmann'),
(402, 'Art.Irbe@kidsmonitoring.com', '250-3115-5767', 'Art Irbe'),
(403, 'Bridget.Cullen@kidsmonitoring.', '288-7061-6110', 'Bridget Cullen'),
(404, 'Tavis.Heston@kidsmonitoring.co', '561-4425-2607', 'Tavis Heston'),
(405, 'Janis B.Newsom@kidsmonitoring.', '238-5090-8166', 'Janis B Newsom'),
(406, 'Marla.Hayward@kidsmonitoring.c', '464-2026-7381', 'Marla Hayward'),
(407, 'Deborah Katherine.Mailand@kids', '553-6855-6958', 'Deborah Katherine Mailand'),
(408, 'Benjamin Paul.Mourek PhD@kidsm', '397-1690-3093', 'Benjamin Paul Mourek PhD'),
(409, 'Harry P.Gobin@kidsmonitoring.c', '593-6947-2669', 'Harry P Gobin'),
(410, 'Cydney B.Barnes@kidsmonitoring', '478-6310-1511', 'Cydney B Barnes'),
(411, 'Richard G.Mirza@kidsmonitoring', '20-1013-1835', 'Richard G Mirza'),
(412, 'Linda.Classen@kidsmonitoring.c', '241-3514-4950', 'Linda Classen'),
(413, 'Sandra D.Foster@kidsmonitoring', '818-6400-2011', 'Sandra D Foster'),
(414, 'Sandria.Gabriel@kidsmonitoring', '429-2012-6437', 'Sandria Gabriel'),
(415, 'Richard.Trevino@kidsmonitoring', '690-4402-1528', 'Richard Trevino'),
(416, 'Catherine A.Hayford@kidsmonito', '506-9049-3554', 'Catherine A Hayford'),
(417, 'Wendy.Cain@kidsmonitoring.com', '244-4579-410', 'Wendy Cain'),
(418, 'Garin L.Hawke@kidsmonitoring.c', '940-8558-2101', 'Garin L Hawke'),
(419, 'Joseph M.Hunter@kidsmonitoring', '250-4496-9049', 'Joseph M Hunter'),
(420, 'Amy Louise.Diaz@kidsmonitoring', '517-9278-5359', 'Amy Louise Diaz'),
(421, 'Christopher.Mc Grath@kidsmonit', '668-9485-6373', 'Christopher Mc Grath'),
(422, 'Lawrence.Sobe@kidsmonitoring.c', '851-1900-9887', 'Lawrence Sobe'),
(423, 'Jennifer Leigh.Boven@kidsmonit', '346-83-6287', 'Jennifer Leigh Boven'),
(424, 'Verna A.Hines@kidsmonitoring.c', '548-4377-8300', 'Verna A Hines'),
(425, 'Edward.Barton@kidsmonitoring.c', '191-1278-2703', 'Edward Barton'),
(426, 'Terence.Wright@kidsmonitoring.', '344-6346-1753', 'Terence Wright'),
(427, 'Nathan Allen.Phillippo@kidsmon', '700-8796-6333', 'Nathan Allen Phillippo'),
(428, 'Elissa Janae Weeks.Kowalczyk@k', '741-8205-4891', 'Elissa Janae Weeks Kowalczyk'),
(429, 'Andrew James.McAvoy@kidsmonito', '951-707-9387', 'Andrew James McAvoy'),
(430, 'Justin A.Dugan@kidsmonitoring.', '856-5878-8666', 'Justin A Dugan'),
(431, 'Michael C..Shuffelton@kidsmoni', '392-2561-8151', 'Michael C. Shuffelton'),
(432, 'James P.Guardia@kidsmonitoring', '29-1079-51', 'James P Guardia'),
(433, 'Devon A.Williams@kidsmonitorin', '18-4548-135', 'Devon A Williams'),
(434, 'Badia S..Poon@kidsmonitoring.c', '646-28-4513', 'Badia S. Poon'),
(435, 'Melissa.Haworth@kidsmonitoring', '477-1946-5792', 'Melissa Haworth'),
(436, 'Suzanne M..Engberg@kidsmonitor', '747-5392-2139', 'Suzanne M. Engberg'),
(437, 'Micael M.Manderino@kidsmonitor', '922-2392-936', 'Micael M Manderino'),
(438, 'Pamela L.Munin@kidsmonitoring.', '556-9802-9141', 'Pamela L Munin'),
(439, 'J B.Anthony@kidsmonitoring.com', '45-9314-9848', 'J B Anthony'),
(440, 'Heather V..Jules@kidsmonitorin', '983-7874-5726', 'Heather V. Jules'),
(441, 'Lowell David.Sostak@kidsmonito', '850-1795-8288', 'Lowell David Sostak'),
(442, 'Sean Patrick.Fine@kidsmonitori', '665-2089-9367', 'Sean Patrick Fine'),
(443, 'Sarah Louise.Israel@kidsmonito', '670-2271-3915', 'Sarah Louise Israel'),
(444, 'Francis L.Martin@kidsmonitorin', '684-8741-3944', 'Francis L Martin'),
(445, 'Harveen.Correia@kidsmonitoring', '135-3511-5891', 'Harveen Correia'),
(446, 'Karolus.Rossi@kidsmonitoring.c', '715-985-1283', 'Karolus Rossi'),
(447, 'Victoria.Fields@kidsmonitoring', '929-212-3675', 'Victoria Fields'),
(448, 'Baird.Smith@kidsmonitoring.com', '22-5772-3478', 'Baird Smith'),
(449, 'Virginia.Coles@kidsmonitoring.', '936-6223-2792', 'Virginia Coles'),
(450, 'Joyce.Traback@kidsmonitoring.c', '921-6062-667', 'Joyce Traback'),
(451, 'Paul L.Morten@kidsmonitoring.c', '494-4567-2463', 'Paul L Morten'),
(452, 'Jack.Guerin@kidsmonitoring.com', '323-1224-4552', 'Jack Guerin'),
(453, 'Jasper.Ramsden@kidsmonitoring.', '259-7932-6824', 'Jasper Ramsden'),
(454, 'Dave.Tanagho@kidsmonitoring.co', '651-4777-5565', 'Dave Tanagho'),
(455, 'Jeremy.Tomas@kidsmonitoring.co', '45-6135-9076', 'Jeremy Tomas'),
(456, 'Ping.Cycholl@kidsmonitoring.co', '635-3285-61', 'Ping Cycholl'),
(457, 'Tania.Meinhardt@kidsmonitoring', '763-2575-274', 'Tania Meinhardt'),
(458, 'Lane Marie.Janangelo@kidsmonit', '130-2802-6046', 'Lane Marie Janangelo'),
(459, 'Veer Bala.Kessel@kidsmonitorin', '478-2169-2269', 'Veer Bala Kessel'),
(460, 'Kelly.Jacobs@kidsmonitoring.co', '757-1385-8332', 'Kelly Jacobs'),
(461, 'Stephen Francis.Kendrick@kidsm', '824-6328-2900', 'Stephen Francis Kendrick'),
(462, 'Laurie Ellen.Janowski@kidsmoni', '71-9559-4124', 'Laurie Ellen Janowski'),
(463, 'Gilda.Frey@kidsmonitoring.com', '526-2158-2057', 'Gilda Frey'),
(464, 'Nora.Wheatley@kidsmonitoring.c', '208-8673-6834', 'Nora Wheatley'),
(465, 'Mariam.Boyle@kidsmonitoring.co', '765-9132-2969', 'Mariam Boyle'),
(466, 'Nancy Valeria.Lahey@kidsmonito', '672-5483-6255', 'Nancy Valeria Lahey'),
(467, 'Christina.Quirk@kidsmonitoring', '679-3116-8831', 'Christina Quirk'),
(468, 'Sara.Jung@kidsmonitoring.com', '706-4426-1633', 'Sara Jung'),
(469, 'Stephanie.Stogner@kidsmonitori', '311-9213-3803', 'Stephanie Stogner'),
(470, 'Beata.Welch@kidsmonitoring.com', '538-6793-5189', 'Beata Welch'),
(471, 'Katarzyna.Hastings@kidsmonitor', '371-5040-1517', 'Katarzyna Hastings'),
(472, 'Sharon.Rydel@kidsmonitoring.co', '661-5751-1077', 'Sharon Rydel'),
(473, 'Airica.Biester@kidsmonitoring.', '73-1014-3235', 'Airica Biester'),
(474, 'Lara Ruth.Wallace@kidsmonitori', '279-3101-1909', 'Lara Ruth Wallace'),
(475, 'Brian.Knapp@kidsmonitoring.com', '963-754-1041', 'Brian Knapp'),
(476, 'Benny.Shapiro@kidsmonitoring.c', '260-7483-6524', 'Benny Shapiro'),
(477, 'Swasti.Ahad@kidsmonitoring.com', '885-4274-9641', 'Swasti Ahad'),
(478, 'Hae mi.Bradshaw@kidsmonitoring', '768-1339-4067', 'Hae mi Bradshaw'),
(479, 'Yiping.Bost@kidsmonitoring.com', '932-4451-3281', 'Yiping Bost'),
(480, 'Lu.Clarke@kidsmonitoring.com', '312-9832-74', 'Lu Clarke'),
(481, 'Nicholas.Caughie@kidsmonitorin', '831-3546-5115', 'Nicholas Caughie'),
(482, 'Suk H.Bouson@kidsmonitoring.co', '983-160-866', 'Suk H Bouson'),
(483, 'Steven K.Cramond@kidsmonitorin', '90-898-1880', 'Steven K Cramond'),
(484, 'Vefa.Wyse@kidsmonitoring.com', '414-3694-4981', 'Vefa Wyse'),
(485, 'George G.Delancey@kidsmonitori', '605-3324-5735', 'George G Delancey'),
(486, 'Robert W..Eilefson@kidsmonitor', '709-5924-3219', 'Robert W. Eilefson'),
(487, 'Kelli.Fennell@kidsmonitoring.c', '362-4780-7493', 'Kelli Fennell'),
(488, 'Michel.Geoghegan@kidsmonitorin', '326-2468-8832', 'Michel Geoghegan'),
(489, 'Patricia J.Mann@kidsmonitoring', '733-1789-3284', 'Patricia J Mann'),
(490, 'Christian.Smejda@kidsmonitorin', '61-4915-3116', 'Christian Smejda'),
(491, 'Daniela A.Goldstein@kidsmonito', '68-3229-6662', 'Daniela A Goldstein'),
(492, 'Roberto.Baker@kidsmonitoring.c', '580-3061-6822', 'Roberto Baker'),
(493, 'Jennifer E..Harper@kidsmonitor', '666-3971-7721', 'Jennifer E. Harper'),
(494, 'James S.Kaplan@kidsmonitoring.', '854-8117-1415', 'James S Kaplan'),
(495, 'Peter.Strain@kidsmonitoring.co', '352-4172-4740', 'Peter Strain'),
(496, 'Matthew.Wexler@kidsmonitoring.', '926-1268-665', 'Matthew Wexler'),
(497, 'Renee.Jay@kidsmonitoring.com', '248-4889-5446', 'Renee Jay'),
(498, 'Nicole.Glover@kidsmonitoring.c', '997-8152-7914', 'Nicole Glover'),
(499, 'Frank J.Heckman@kidsmonitoring', '880-5482-9704', 'Frank J Heckman');

-- --------------------------------------------------------

--
-- Структура таблицы `attendance`
--

CREATE TABLE IF NOT EXISTS `attendance` (
  `attendance_id` int(11) NOT NULL AUTO_INCREMENT,
  `student_id` int(11) NOT NULL,
  `class_id` int(11) NOT NULL,
  `attendance_rate` double NOT NULL,
  PRIMARY KEY (`attendance_id`)
) ENGINE=InnoDB DEFAULT CHARSET=utf8 AUTO_INCREMENT=1 ;

-- --------------------------------------------------------

--
-- Структура таблицы `classes`
--

CREATE TABLE IF NOT EXISTS `classes` (
  `class_id` int(11) NOT NULL AUTO_INCREMENT,
  `student_id` int(11) NOT NULL,
  `class_name` text NOT NULL,
  PRIMARY KEY (`class_id`)
) ENGINE=InnoDB  DEFAULT CHARSET=utf8 AUTO_INCREMENT=1792 ;

--
-- Дамп данных таблицы `classes`
--

INSERT INTO `classes` (`class_id`, `student_id`, `class_name`) VALUES
(1, 269, 'Introductory Accounting I'),
(2, 307, 'Intro Accounting I - Honors'),
(3, 459, 'Intro Accounting II'),
(4, 267, 'Managerial Accounting'),
(5, 267, 'Intermediate Accounting I'),
(6, 388, 'Intermed Accounting II'),
(7, 174, 'Adv Acct Bus Com Consl In'),
(8, 341, 'Adv Acct:Nt-Fr-Pft Ent'),
(9, 474, 'Acctg Information Systems'),
(10, 227, 'Auditg & Intrnl Cntrl Sys'),
(11, 129, 'Advanced CPA Topics'),
(12, 269, 'Concepts in Taxation'),
(13, 256, 'Adv Studies in Taxation'),
(14, 390, 'Finc Acct Bus Decisions'),
(15, 36, 'Finc Acct for Bus Decisions'),
(16, 485, 'Intl Finan Reporting & Analysi'),
(17, 135, 'Fed Income Tax & Bus Decs'),
(18, 189, 'Special Topics in Accounting'),
(19, 99, 'International Accounting'),
(20, 258, 'Forensic Acct and Fraud'),
(21, 474, 'Fin Stat Anlys & Dec Makg'),
(22, 449, 'Globalization&Local Cultures'),
(23, 40, 'Human Origins'),
(24, 148, 'Intro Cultural Anth'),
(25, 10, 'Bio Bkgrnd Hum Soc Behvr'),
(26, 163, 'The Human Eco Footprint'),
(27, 172, 'Peoples of Latin America'),
(28, 290, 'Contemp African Culture'),
(29, 66, 'Cultures of Migration'),
(30, 97, 'Principles of Archaeology'),
(31, 401, 'Mesoamerican Archaeology'),
(32, 334, 'Refugee Resettlement'),
(33, 404, 'History of Anthro Thought'),
(34, 360, 'Human Evolution'),
(35, 101, 'Human Osteology Lec/Lab'),
(36, 170, 'Issues Cultural Anth'),
(37, 248, 'Iss in Biological Anthropology'),
(38, 274, 'Dirct Readings-Anth'),
(39, 11, 'Independent Study-Anth'),
(40, 221, 'Fieldwork in Anthropology'),
(41, 1, 'Arabic I'),
(42, 139, 'Arabic III'),
(43, 490, 'Adv Composition & Conversation'),
(44, 256, 'Explorations in Asian Studies'),
(45, 29, 'TP: Topics in Asia'),
(46, 25, 'Clin Topics in Bioethics'),
(47, 241, 'Justice & Health Care'),
(48, 163, 'Biomed Ethics and Law'),
(49, 213, 'Religion and Bioethics'),
(50, 339, 'Public Health Ethics'),
(51, 420, 'Hist of Medicine and Bioethics'),
(52, 186, 'Moral Theology for Bioethics'),
(53, 288, 'Practicum in Clinical Ethics'),
(54, 460, 'Practicum in Ldrshp/Org Ethics'),
(55, 334, 'Doctoral Capstone I'),
(56, 297, 'Doctoral Capstone II'),
(57, 122, 'Special Topics'),
(58, 5, 'Master''s Research-Capstone'),
(59, 86, 'Independent Study'),
(60, 187, 'Business Honors Seminar I'),
(61, 102, 'Business Honors Seminar II'),
(62, 487, 'Business Honors Seminar III'),
(63, 21, 'Bus Mgmt: Global & Social Pers'),
(64, 5, 'Research Practicum'),
(65, 346, 'Research in Biochemistry'),
(66, 121, 'Bioinformatics Internship'),
(67, 174, 'Bioinformatics Research'),
(68, 93, 'General Biology I'),
(69, 395, 'General Biology II'),
(70, 185, 'Intro Biol Health & Illness'),
(71, 314, 'General Biology I Lab'),
(72, 396, 'Hum Anat & Phys I Lec/Lab'),
(73, 324, 'Plant Biology Lect/Lab'),
(74, 303, 'Clinical Microbiology'),
(75, 151, 'Human Structure and Function I'),
(76, 352, 'Cell Biology'),
(77, 327, 'Cell Biology Laboratory'),
(78, 392, 'Ecology'),
(79, 14, 'Ecology Laboratory'),
(80, 40, 'Genetics'),
(81, 230, 'Genetics Laboratory'),
(82, 434, 'Introduction to Research'),
(83, 226, 'Intro Devlpmntl Biol'),
(84, 17, 'Intro Immunology Lec/Lab'),
(85, 393, 'Evolution'),
(86, 60, 'Animal Behavior'),
(87, 314, 'Neurobiology'),
(88, 15, 'Invertebrate Biology'),
(89, 65, 'Neuroscience Lab I'),
(90, 400, 'Molecular Pathogenesis'),
(91, 202, 'Molecular Genetics'),
(92, 166, 'Electron Microscopy Lc/Lb'),
(93, 386, 'Bioinformatics'),
(94, 222, 'Intro Pharmacology'),
(95, 170, 'Molecular Biology Lab'),
(96, 232, 'Forensic Molecular BiologyLcLb'),
(97, 343, 'Sptp: Biology'),
(98, 344, 'Research'),
(99, 324, 'Senior Honors Thesis'),
(100, 238, 'Internship in Biology'),
(101, 28, 'Individual Study'),
(102, 137, 'Medical Literature and Ethics'),
(103, 133, 'Adv Genetics:'),
(104, 351, 'Human Anat and Physiology I'),
(105, 439, 'Advanced Biochemistry'),
(106, 284, 'Biostats/Exp Desgn Lc/Lb'),
(107, 203, 'Directed Reading'),
(108, 266, 'Seminar'),
(109, 175, 'Department Seminar'),
(110, 216, 'Inst in Teaching Biology'),
(111, 306, 'Biol Teaching Practicum'),
(112, 405, 'Thesis Supervision'),
(113, 150, 'Master''s Study'),
(114, 31, 'Ethics in Biomedical Sc'),
(115, 422, 'Biochemistry&Molecular Biology'),
(116, 42, 'Methods Biomedical Science'),
(117, 91, 'Dissertation Supervision'),
(118, 235, 'Career Preparation'),
(119, 56, 'Bus Intrnshp-Elective Credit'),
(120, 155, 'Bus Intrnshp-Engaged Learning'),
(121, 134, 'Curric Prac Training'),
(122, 257, 'Business Foundations'),
(123, 320, 'Intro to Black World Studies'),
(124, 20, 'Culture,Identity & Performance'),
(125, 479, 'PARsch Meth in Black Wrld Std'),
(126, 489, 'Topic:'),
(127, 251, 'Capstone/Internship'),
(128, 322, 'Ignatian/Jesuit Tradition'),
(129, 332, 'Gross Anatomy'),
(130, 75, 'Neuroscience'),
(131, 59, 'Advanced Gross Anatomy'),
(132, 360, 'Sci Lit:Review/Critique'),
(133, 212, 'Teaching of Anatomy I'),
(134, 192, 'Special Topics in Anatomy'),
(135, 210, 'Art of the Belle Epoque'),
(136, 151, 'Chicago''s Architectural Style'),
(137, 475, 'Photographing Culture'),
(138, 413, 'Farnsworth'),
(139, 417, 'Accounting'),
(140, 149, 'Personal Branding'),
(141, 129, 'Career Dev Package'),
(142, 222, 'Presentation Skills for Women'),
(143, 53, 'Financial Analysis 101'),
(144, 278, 'South American Wines'),
(145, 253, 'Learning About Beer'),
(146, 474, 'Norse Mythology'),
(147, 319, 'Intro to Arabic'),
(148, 343, 'Beginning Spanish'),
(149, 209, 'Global Network Societies'),
(150, 375, 'China and U.S. Relations'),
(151, 497, 'Yoga Techniques'),
(152, 343, 'Personal Training'),
(153, 132, 'Matthew/Luke: Christmas'),
(154, 316, 'Special Events'),
(155, 362, 'Voiceovers'),
(156, 111, 'Editing Package'),
(157, 304, 'Short Fiction'),
(158, 113, 'Develop Editing & Writing'),
(159, 432, 'Copyediting'),
(160, 136, 'Craft/Historical Rsrch&Wrtng'),
(161, 188, 'Enhance Wrtn Commun w/Style'),
(162, 491, 'General Chem A Lec/Disc'),
(163, 495, 'General Chem B Lec/Disc'),
(164, 399, 'Chemical Principles'),
(165, 182, 'General Chemistry Lab A'),
(166, 205, 'Elem Physiological Chem A'),
(167, 49, 'Quantitative Analysis Lecture'),
(168, 156, 'Quantitative Analysis Lab'),
(169, 117, 'Organic Chem I Lec/Disc'),
(170, 465, 'Organic Chem A Lec/Disc'),
(171, 304, 'Organic Chem B Lec/Disc'),
(172, 245, 'Organic Chemistry Lab A'),
(173, 187, 'Undergraduate Research'),
(174, 357, 'Physical Chemistry I'),
(175, 22, 'Physical Biochemistry'),
(176, 439, 'Environmental Chemistry'),
(177, 331, 'Environmental Chem Lab'),
(178, 341, 'Advanced Inorganic Chem'),
(179, 281, 'Survey in Biochem'),
(180, 39, 'Biochemistry I'),
(181, 216, 'Biochemistry Lab I'),
(182, 278, 'Chemistry Seminar'),
(183, 381, 'Plant Biochemistry'),
(184, 347, 'Special Topics in Chemistry'),
(185, 93, 'Sp Top Org Chem'),
(186, 243, 'Research in Organic Chem'),
(187, 457, 'Physical Chemical Survey'),
(188, 397, 'Research in Physical Chem'),
(189, 355, 'Adv Inorg Chem'),
(190, 389, 'Research:Inorganic Chem'),
(191, 33, 'Top-Analytical Chem:'),
(192, 43, 'Research:Analytical Chem'),
(193, 379, 'Biochemistry'),
(194, 27, 'Top-Biochem:'),
(195, 441, 'Research in Chem Ed'),
(196, 60, 'Directed Study'),
(197, 232, 'Doctoral Research'),
(198, 490, 'Doctoral Study'),
(199, 216, 'Chinese I'),
(200, 348, 'Chinese III'),
(201, 455, 'Regular Elementary Chinese I'),
(202, 20, 'Regular Elementary Chinese II'),
(203, 93, 'Regular Intermediate Chinese I'),
(204, 141, 'Reg Intermediate Chinese II'),
(205, 376, 'Intensive Elemen Chinese I'),
(206, 115, 'Intensive Elemen Chinese II'),
(207, 79, 'Intensive Intermed Chinese I'),
(208, 206, 'Intensive Intermed Chinese II'),
(209, 455, 'Composition/Conversation'),
(210, 360, 'Intensive Advanced Chinese I'),
(211, 244, 'Intensive Advanced Chinese II'),
(212, 170, 'Modern Chinese Fiction'),
(213, 137, 'Mod Chin Lit in Chinese'),
(214, 125, 'Adv Conversational Chinese I'),
(215, 17, 'Master''s Project'),
(216, 230, 'Exceptional Learner II'),
(217, 367, 'Access/Adapt/GenEd Curr'),
(218, 474, 'Fam, Comm&Sch-Based Cnslt'),
(219, 127, 'Sp Ed Meth: Birth -5'),
(220, 222, 'Mtls&Mths Math Instr G-8'),
(221, 362, 'Tchng Sci in Elem Schls'),
(222, 159, 'Student Tchng:Special Educ'),
(223, 264, 'Stu Tchng Elem Schl'),
(224, 240, 'Stu Tchng Sec Schl'),
(225, 186, 'Math for Teachers II'),
(226, 205, 'Strategies for Learning'),
(227, 300, 'Children''s Literature'),
(228, 417, 'Language Devel & Literacy'),
(229, 194, 'Assessment and Diagnosis'),
(230, 15, 'Materials,Resources,Strategies'),
(231, 264, 'School Wide Applications'),
(232, 148, 'Transition Planning'),
(233, 34, 'Adolescent Literature'),
(234, 357, 'Curr & Tchng in Mid Schl'),
(235, 288, 'Lit Instr in Content Area'),
(236, 410, 'Thcl Fdns of Bi-L/Ell Educ'),
(237, 471, 'The Exceptional Child'),
(238, 367, 'Instruc Meth-Diverse Popu'),
(239, 116, 'Adv Lit Inst in Cont Area'),
(240, 426, 'Classroom Assessment'),
(241, 227, 'Teaching Child and Adult Lit'),
(242, 359, 'Self-Management'),
(243, 96, 'Math Elem & MID Schl Tchr'),
(244, 364, 'Tchg Sci Elem & Mid Schls'),
(245, 484, 'Curriculum & Instruction'),
(246, 112, 'Curr Devel & Implement'),
(247, 93, 'Mid School Theory & Practice'),
(248, 350, 'Tech Enhanced Instruct I'),
(249, 85, 'Practicum:School Technology'),
(250, 219, 'Educational Psychology'),
(251, 71, 'Psychology of Learning'),
(252, 446, 'Classroom Management'),
(253, 378, 'Practicum: School Psych I'),
(254, 335, 'Sem Professionl Schl Psyc'),
(255, 186, 'Schl Psyc Topics:'),
(256, 63, 'Teach & Learn Urban Comm'),
(257, 39, 'Theo Fnd ESL Bilingual Educ'),
(258, 486, 'Curriculum Workshop'),
(259, 479, 'Acad Asmts & Intrvntions'),
(260, 232, 'Beh Intrv:Assess&Supports'),
(261, 500, 'Soc/Emot/Beh Asmt/Intrv'),
(262, 243, 'Intrnshp:Schl Psychology'),
(263, 380, 'Act Resch in Tchng & Lrng'),
(264, 34, 'Directed Research'),
(265, 99, 'Cult Rel Lit for Chldrn & Adol'),
(266, 168, 'Lit & Numeracy Principals'),
(267, 444, 'Devel Thry & Disabilities'),
(268, 70, 'Spec Educ:The Profession'),
(269, 35, 'Doctoral Seminar'),
(270, 59, 'Curric Theory and Research'),
(271, 495, 'Multcult Ed Urban Classroom'),
(272, 261, 'Prosem:Edu Psyc/Schl Psyc'),
(273, 417, 'Sem Research Curr & Instr'),
(274, 90, 'Adv Sys Cnslt&Sch Psyc Sp'),
(275, 124, 'Sch Psyc Specialty Prac'),
(276, 400, 'Clerkship: Sch & Ed Psych'),
(277, 202, 'Sem:Educ & Schl Psych'),
(278, 216, 'Student Tchng-Grad Level'),
(279, 250, 'Grad Special Ed-Stu Tchg'),
(280, 286, 'Student Teaching Grad'),
(281, 435, 'Doctoral Int: Sch Psych'),
(282, 320, 'The Criminl Justice Systm'),
(283, 232, 'Theories of Criminal Behavior'),
(284, 312, 'Criminal Courts'),
(285, 155, 'Policing'),
(286, 418, 'Corrections'),
(287, 374, 'Research Methods'),
(288, 193, 'Statistics'),
(289, 403, 'Juvenile Justice System'),
(290, 353, 'Criminal Law'),
(291, 424, 'Criminal Procedure'),
(292, 403, 'Community-Based Corrections'),
(293, 95, 'Mental Illness and Crime'),
(294, 304, 'Organized Crime'),
(295, 437, 'Women in The Crmj System'),
(296, 194, 'Victimology'),
(297, 471, 'Race, Ethnicity & Crim Just'),
(298, 380, 'Intro to Forensic Science'),
(299, 263, 'Capstone Exp Internship'),
(300, 5, 'Honors Rdng Tutorl I (H)'),
(301, 438, 'Politics and Policy Analysis'),
(302, 257, 'Program Evaluation'),
(303, 266, 'Advanced Topics in Corrections'),
(304, 355, 'General Special Topics'),
(305, 347, 'Indp Study'),
(306, 389, 'Thesis Research'),
(307, 255, 'Practicum'),
(308, 48, 'Art of Ancient Greece'),
(309, 105, 'Classical Mythology'),
(310, 4, 'Classical Mythology - WSGS'),
(311, 334, 'Heroes & Classical Epics'),
(312, 39, 'Classical Tragedy'),
(313, 324, 'World of Archaic Greece'),
(314, 66, 'World of Classical Rome'),
(315, 351, 'World of Late Antiquity'),
(316, 478, 'Romance Novel in Anc Wrld'),
(317, 483, 'Greece to Alexander Great'),
(318, 225, 'Intro Classicl Archeology'),
(319, 170, 'Humanism of Antiquity I'),
(320, 386, 'Mental Health Patterns'),
(321, 77, 'Mental Health Pat: Lab'),
(322, 94, 'Community Health Nursing'),
(323, 288, 'Community Health'),
(324, 172, 'Community Health: Lab'),
(325, 398, 'Epidemiology'),
(326, 224, 'APN Pract: Infectn Prevention'),
(327, 365, 'Epidemlogy Infectn Prevention'),
(328, 368, 'APN Practicum:Hlth Sys Mgmt'),
(329, 104, 'Hlth Policy&Hlthcare Delv'),
(330, 127, 'Adv Prac Cncpts Community Hlth'),
(331, 373, 'Adv Cncpts Hlth Systems Mgmt'),
(332, 41, 'Hlthcare Sys Analysis&Design'),
(333, 383, 'Mgmt Prof Hlth Care Orgs'),
(334, 138, 'SOC Seminar'),
(335, 395, 'Pub Speak/Crit Thinking'),
(336, 230, 'Bus & Profes Speaking'),
(337, 26, 'Intro Audio Production'),
(338, 149, 'Intro Video Production'),
(339, 277, 'Intercollegiate Debate'),
(340, 131, 'Communication Processes'),
(341, 153, 'Introduction to Communication'),
(342, 111, 'Communication & New Media'),
(343, 169, 'Media Theory & Criticism'),
(344, 477, 'Topics in Cinema History'),
(345, 176, 'Reporting & Writing'),
(346, 20, 'Writing for the Web'),
(347, 454, 'Photojournalism'),
(348, 158, 'Technology for Journalists'),
(349, 244, 'Principles of Public Relations'),
(350, 124, 'Principles of Advertising'),
(351, 44, 'Ethics & Communication'),
(352, 321, 'Introduction to Rhetoric'),
(353, 218, 'Argumentation & Advocacy'),
(354, 331, 'Conflict Mgmt & Commun'),
(355, 493, 'Digital Cinema Production'),
(356, 115, 'Persuasive Presentations'),
(357, 55, 'Small Group Communication'),
(358, 357, 'Broadcast News'),
(359, 483, 'Game Studies'),
(360, 158, 'Feature & Opinion Writing'),
(361, 483, 'Introduction to Design and Edi'),
(362, 355, 'Interpersonal Communication'),
(363, 199, 'Introduction to Cinema'),
(364, 366, 'Web Design and Usability'),
(365, 493, 'Organizational Communication'),
(366, 93, 'Hist&Crit Issues in Jrnlsm'),
(367, 96, 'Commun, Language & Gender'),
(368, 18, 'Media Law'),
(369, 242, 'TV Reporting'),
(370, 372, 'Rhetoric Cold War and 9/11'),
(371, 148, 'Screen Directing'),
(372, 394, 'Corp and Organizatnl Comm'),
(373, 482, 'Public Relations Cases'),
(374, 317, 'Advanced Reporting Topics'),
(375, 370, 'Advertising Creative Copywrit'),
(376, 157, 'Media Planning'),
(377, 337, 'Public Relations Writing'),
(378, 324, 'Public Service Communication'),
(379, 315, 'Advertising Campaigns'),
(380, 81, 'Screenwriting'),
(381, 448, 'New Media Campaigns'),
(382, 359, 'Investig&Pub Affr Reprtng'),
(383, 401, 'Video Documentary'),
(384, 165, 'Journalism and Religion'),
(385, 190, 'Journalism Research Methods'),
(386, 393, 'Observ/Measur Cmun Behvr'),
(387, 280, 'Rhetorical Criticism'),
(388, 244, 'Sp Tp: Advertising/Public Rela'),
(389, 250, 'Sp Tp: Communication Studies'),
(390, 262, 'Sp Tp: Journalism'),
(391, 402, 'New Media Practicum'),
(392, 233, 'Debate Practicum'),
(393, 117, 'Communication Practicum'),
(394, 100, 'Radio Practicum'),
(395, 99, 'Digital Cinema Practicum'),
(396, 109, 'AD/PR Capstone'),
(397, 193, 'Ad / PR Internship'),
(398, 194, 'Journalism Internship'),
(399, 127, 'Communication Studies Internsh'),
(400, 434, 'Introduction to Digital Media'),
(401, 66, 'Narrative Communication Techni'),
(402, 275, 'Digital Prod.: Telling Stories'),
(403, 328, 'Audiences and Distribution'),
(404, 47, 'Capstone I'),
(405, 91, 'Visual Information Processing'),
(406, 198, 'Introduction to Computing'),
(407, 204, 'Discrete Structures'),
(408, 428, 'Intro Obj-Oriented Prog'),
(409, 22, 'Intro Sci and Tech Comm'),
(410, 19, 'Intro to Database Systems'),
(411, 8, 'Data Structs and Apps'),
(412, 469, 'Intermed Obj-Orient Devel'),
(413, 377, 'Prob Solving Strategies I'),
(414, 409, 'Problem Solving Strategy II'),
(415, 134, 'SocialLegal&EthicIssuComp'),
(416, 66, 'Software Systems Analysis'),
(417, 302, 'Markup Languages'),
(418, 413, 'Server-based Software Dev'),
(419, 310, 'Distributed Programming'),
(420, 51, 'Intro to Computer Network'),
(421, 175, 'Intro Computer Security'),
(422, 212, 'Database Programming'),
(423, 283, 'Desgn/Anlys Comp Algorthm'),
(424, 292, 'Topics:'),
(425, 311, 'Broadening Particip STEM'),
(426, 382, 'Internship in CS'),
(427, 400, 'Intermed Object-Orientd Devel'),
(428, 3, 'Social & Ethical Iss Comp'),
(429, 75, 'Wireless/Mobile Softw Dev'),
(430, 27, 'Client-Side Web Design'),
(431, 437, 'Distributed Systems'),
(432, 140, 'Server-Side Software Dev'),
(433, 301, 'Computer Networks'),
(434, 264, 'Intrusion Detection'),
(435, 187, 'Top:'),
(436, 392, 'Independent Project'),
(437, 462, 'Internship'),
(438, 391, 'Master of Science Study'),
(439, 319, 'INTRO TO CPST'),
(440, 483, 'Comp Concepts/Applications'),
(441, 410, 'Found of Organizations'),
(442, 326, 'Acctng Prin and Application'),
(443, 451, 'Marktng Conc&Strategies'),
(444, 287, 'Project Management'),
(445, 234, 'Human Resources Prin and Opr'),
(446, 84, 'Develop and Change in Orgs'),
(447, 353, 'Leadrshp Theor & Applc'),
(448, 36, 'Org Theory and Practice'),
(449, 497, 'Career & Life Planning Seminar'),
(450, 163, 'Adoles Dev & Ed Implictns'),
(451, 86, 'Identity and Pluralism'),
(452, 172, 'Counseling Skills'),
(453, 374, 'Professional Issues'),
(454, 369, 'Career Devel & Counseling'),
(455, 463, 'Group Counseling'),
(456, 185, 'Intro to School Couns'),
(457, 250, 'Multicultural Counseling'),
(458, 363, 'Sel Tops in Counseling'),
(459, 188, 'Clerkship'),
(460, 325, 'Resrch Meth in Counseling'),
(461, 389, 'Human Dev:Educ Implictns'),
(462, 124, 'Independent Research'),
(463, 465, 'Ethic&Legl Issu CounsPsyc'),
(464, 190, 'Adv Theories Psychothrpy'),
(465, 388, 'Proseminar'),
(466, 152, 'Sem In Superv & Consultation'),
(467, 81, 'Supervision Practicum'),
(468, 349, 'Intrnshp:Counseling Psych'),
(469, 42, 'Epidemiology I'),
(470, 400, 'Epidemiology II'),
(471, 331, 'Biostatistics I'),
(472, 452, 'Biostatistics II'),
(473, 225, 'Data Mining'),
(474, 282, 'Managing Emerging Tech'),
(475, 239, 'Ballet I: Theory & Technique'),
(476, 459, 'Modern Dance I:Thry&Techniques'),
(477, 366, 'Jazz Dance I:Thry & Techniques'),
(478, 91, 'Ballet II:Theories&Technique'),
(479, 494, 'Mod Dance II:Theory&Technique'),
(480, 363, 'Jazz Dance II:Thry&Techniques'),
(481, 254, 'Dance Physiology'),
(482, 80, 'Ballet Dance III'),
(483, 34, 'Pointe I'),
(484, 127, 'Ballet IV'),
(485, 448, 'Pointe II'),
(486, 497, 'Modern Dance III'),
(487, 311, 'Rehearsal and Performance'),
(488, 198, 'Majors Modern III'),
(489, 359, 'Jazz Dance III'),
(490, 498, 'Majors Ballet III'),
(491, 22, 'Majors Ballet IV'),
(492, 248, 'Dance Pedagogy'),
(493, 122, 'Internship in Dance'),
(494, 486, 'Fieldwork in Chicago/Dance'),
(495, 437, 'Intro to DH Research'),
(496, 9, 'Intro to Computing'),
(497, 138, 'Digital Humanities Project'),
(498, 18, 'Leadership'),
(499, 358, 'Population-Focused Health'),
(500, 180, 'EPI Principles Health Care'),
(501, 417, 'Capstone Seminar'),
(502, 189, 'Econ Principles I (Micro)'),
(503, 131, 'Econ Principles I - Honors'),
(504, 142, 'Econ Principles II(Macro)'),
(505, 471, 'Vietnamese Economy'),
(506, 369, 'Microeconomics'),
(507, 101, 'Macroeconomics'),
(508, 336, 'Urban Economics'),
(509, 460, 'International Economics'),
(510, 95, 'Econ of Developmnt&Growth'),
(511, 199, 'Amer Econ & Bus History'),
(512, 213, 'Environmental Economics'),
(513, 174, 'Economics of Labor'),
(514, 233, 'China in the World Economy'),
(515, 340, 'Managerial Economics'),
(516, 122, 'Business Fluctuations'),
(517, 229, 'Mangrs, Mkts, & Dec Making'),
(518, 150, 'American Education'),
(519, 319, 'Urban Ed Policy&Practice'),
(520, 88, 'Cult&Ed Policy Internship'),
(521, 148, 'Philosophy of Education'),
(522, 341, 'Stu Leadshp Univ Res Hall'),
(523, 336, 'Sociology of Education'),
(524, 270, 'Leadership in Higher Education'),
(525, 327, 'Std Affair Profsn-High Ed'),
(526, 272, 'American Higher Education'),
(527, 278, 'Sel Topic Higher Educ'),
(528, 464, 'Evaluation Higher Educ'),
(529, 290, 'Soc Justice in Higher Ed'),
(530, 136, 'Student Dev Higher Educ'),
(531, 143, 'American College Student'),
(532, 206, 'Hist Mod European Educ'),
(533, 324, 'Comparative Education'),
(534, 273, 'International Education'),
(535, 347, 'Org & Governance Highr Ed'),
(536, 294, 'Issues in School Law'),
(537, 142, 'Workshops'),
(538, 447, 'AdmnSpec Ed & Pupil Ser'),
(539, 130, 'HR for District Leaders'),
(540, 102, 'School Supervision'),
(541, 41, 'Sem Phil of Education'),
(542, 328, 'Internship Higher Educ I'),
(543, 315, 'Admin Sem:'),
(544, 215, 'Practicum School Admn'),
(545, 60, 'Administrative Internship'),
(546, 154, 'International Educ Internship'),
(547, 336, 'Doctrl Stu Residency Sem'),
(548, 289, 'Dissertation Research'),
(549, 304, 'Developmental Writing'),
(550, 154, 'College Composition ESL 2'),
(551, 377, 'Business Writing'),
(552, 451, 'Theory/Practice Tutoring'),
(553, 495, 'Exploring Poetry'),
(554, 212, 'Exploring Drama'),
(555, 220, 'Exploring Fiction'),
(556, 321, 'Exploring Shakespeare'),
(557, 484, 'Afr.-Amer. Lit Post-1900'),
(558, 498, 'Women in Literature'),
(559, 284, 'Intro to Film History'),
(560, 273, 'Religion and Literature'),
(561, 134, 'Nature in Literature'),
(562, 427, 'Human Values in Lit'),
(563, 478, 'South Asian Lit&Civilizations'),
(564, 457, 'Grammar:Prncipls&Pedagogy'),
(565, 200, 'Women Writers Post-1900'),
(566, 325, 'Adv Writ:'),
(567, 251, 'World Lit in Engl Post-1900'),
(568, 342, 'The Writing of Poetry'),
(569, 271, 'The Writing of Fiction'),
(570, 381, 'Writing Creative Nonfiction'),
(571, 443, 'Engl Lit:Medieval Period'),
(572, 312, 'Brit Lit-The Renaissance'),
(573, 208, 'Plays of Shakespeare'),
(574, 257, 'Brit Lit:Victorian Period'),
(575, 26, 'Brit Lit:20th Century'),
(576, 268, 'Contemp Critical Theory'),
(577, 410, 'Women in Drama Post-1900'),
(578, 362, 'American Lit to 1865'),
(579, 57, 'Adv Afr-Amer Lit Post -1900'),
(580, 214, 'Adv Sem:'),
(581, 16, 'Tchg English to Adults'),
(582, 433, 'Hon Tutr:'),
(583, 165, 'Adv Writing Wkshp:Poetry'),
(584, 10, 'Adv Writing Wkshp:Fiction'),
(585, 144, 'Special Studies in Lit'),
(586, 385, 'Intro to Graduate Study'),
(587, 331, 'Media and Culture'),
(588, 127, 'Topics in Romanticism'),
(589, 382, 'Victorian Poetry'),
(590, 114, 'Modern Poetry'),
(591, 399, 'Contemporary Literature'),
(592, 15, 'Directed Readings'),
(593, 41, 'Doctoral Qualification'),
(594, 377, 'Newberry Seminar'),
(595, 472, 'Innovation & Entrepreneurship'),
(596, 240, 'ENTR Global Opportunity Scan'),
(597, 201, 'Foundations Environmental Sci.'),
(598, 223, 'Evolution & Genetics'),
(599, 81, 'Plants and Civilization'),
(600, 472, 'Erth Sci-Changing Planet'),
(601, 103, 'Weather & Climatology'),
(602, 24, 'Energy & Environment'),
(603, 283, 'Humn Impct on Environment'),
(604, 310, 'Environmental Sustainability'),
(605, 281, 'STEP: Water'),
(606, 309, 'STEP: Food Systems'),
(607, 78, 'Intro. to GIS'),
(608, 191, 'Integrative Seminar'),
(609, 170, 'Environmental Research'),
(610, 134, 'Environmental Internship'),
(611, 404, 'Integrated Science & Math II'),
(612, 185, 'Human Development I'),
(613, 66, 'Proseminar:Appl Chld Dev'),
(614, 68, 'Tch&Lrn: Link Theor&Rsrch'),
(615, 194, 'Dev,Eval Erly Chld Interv'),
(616, 209, 'Research Internship'),
(617, 452, 'Teaching Internship'),
(618, 25, 'Special Topics:'),
(619, 336, 'Independent Stdy:Adv Research'),
(620, 334, 'English for Specific Purposes'),
(621, 138, 'Beginning Reading & Vocabulary'),
(622, 234, 'Beginning Listening & Speaking'),
(623, 348, 'Beginning Writing and Grammar'),
(624, 179, 'Low Intermediate Reading & Voc'),
(625, 111, 'Low Inter Listening & Speaking'),
(626, 320, 'Intermed Lecture Preparation'),
(627, 419, 'Inter Reading & Vocabulary'),
(628, 311, 'Intr Listening & Speaking'),
(629, 42, 'High Inter Writing and Grammar'),
(630, 499, 'Adv Reading&Vocabulary'),
(631, 282, 'Adv Listening and Speaking'),
(632, 144, 'Adv Writing and Grammar'),
(633, 23, 'Business English'),
(634, 65, 'English Pronounciation'),
(635, 454, 'TOEFL Preparation'),
(636, 303, 'Graduate Preparation'),
(637, 373, 'Bus Ethics & Resp Leadership'),
(638, 32, 'Intro to Exercise Physiology'),
(639, 493, 'Physiology of Exercise'),
(640, 43, 'PhysicalGrowth,Devel&Nutrition'),
(641, 166, 'Assessment & Strength w/Lab'),
(642, 396, 'Testing and Prescription w/Lab'),
(643, 227, 'Methods, Design and Ethics'),
(644, 231, 'Health and Exercise'),
(645, 464, 'Business Finance'),
(646, 421, 'Business Finance - Honors'),
(647, 440, 'Investments'),
(648, 415, 'Emerging Financial Markets'),
(649, 445, 'Advanced Business Finance'),
(650, 276, 'Portfolio Management'),
(651, 248, 'Intro to Options'),
(652, 83, 'Financial Institutions'),
(653, 10, 'International Finc Mgmt'),
(654, 96, 'Special Topics in FINC'),
(655, 262, 'Financial Management'),
(656, 120, 'Financial Mkts & Inst'),
(657, 415, 'Investment Management'),
(658, 180, 'Top:Adv Finan Mgmt'),
(659, 430, 'Intnatnl Finan Mgmt'),
(660, 457, 'Cases Corporate Finance'),
(661, 179, 'Enterprise Risk Management'),
(662, 212, 'Finc Math & Modeling I'),
(663, 101, 'Derivative Securities'),
(664, 201, 'Two-Dimensional Design'),
(665, 276, 'Drawing I'),
(666, 55, 'Painting I'),
(667, 3, 'Photography I'),
(668, 149, 'Ceramics: Handbuilding'),
(669, 86, 'Ceramics: Wheelthrowing'),
(670, 496, 'Metalwork and Jewelry I'),
(671, 191, 'Sculpture I'),
(672, 251, 'Visual Communication I'),
(673, 392, 'Three-Dimensional Design'),
(674, 418, 'Color Theory'),
(675, 482, 'Art & Visual Culture'),
(676, 355, 'Art Hist:Prehist-Renais'),
(677, 339, 'Art Hist:Renais-Modern'),
(678, 422, 'Modern Art'),
(679, 269, 'Women, Art, and Society'),
(680, 283, 'Drawing II'),
(681, 197, 'Digital Photography I'),
(682, 17, 'Ceramics Studio'),
(683, 366, 'Visual Communication II'),
(684, 206, 'Digital Media I: Pixel'),
(685, 112, 'Digital Media II: Vector'),
(686, 127, 'Figure Studio'),
(687, 326, 'Std Wrkshp Adv Draw&Paint'),
(688, 27, 'View Camera & Studio Photo'),
(689, 306, 'Ceramics Seminar'),
(690, 255, 'Visual Communication III'),
(691, 483, 'Digital Media III: Motion'),
(692, 484, 'Intro to Greek Art'),
(693, 467, 'Art in Rome'),
(694, 84, 'Baroque Art'),
(695, 185, 'Early Italian Renaissance Art'),
(696, 242, 'Art of Africa'),
(697, 138, 'History of Graphic Design'),
(698, 188, 'Gallery Internship'),
(699, 391, 'Internship I'),
(700, 223, 'Internship II'),
(701, 183, 'Seminar in Art and Ideas'),
(702, 81, 'Senior Thesis I'),
(703, 474, 'Senior Thesis II'),
(704, 74, 'Topics in Art History:'),
(705, 499, 'Fundamentals of Nutrition'),
(706, 455, 'Nutri Focus Physical Assessmnt'),
(707, 429, 'LDI TranSuprvPracDieticIntr'),
(708, 337, 'Medical Nutrition Therapy Thry'),
(709, 377, 'SP: Medical Nutrition Therapy'),
(710, 197, 'PubHlthNutrRschThryDietPracti'),
(711, 120, 'SP:PubHlthNutrRsrchProfDevMark'),
(712, 73, 'French I'),
(713, 213, 'French II'),
(714, 485, 'French III'),
(715, 279, 'French IV'),
(716, 325, 'Composition&Conversatn I'),
(717, 112, 'Main Currnts Frnch Lit I'),
(718, 104, 'Tutorial for Credit'),
(719, 351, 'Stylistics'),
(720, 418, 'Survey 20C Lit'),
(721, 359, 'Survey of 18C Lit'),
(722, 333, 'Culture and Civilization'),
(723, 402, 'Honors Tutorial'),
(724, 325, 'Intro to Pattern Evidence'),
(725, 417, 'Intro to Pattern Evidence Lab'),
(726, 86, 'US Culture & Academic Success'),
(727, 67, 'German I'),
(728, 54, 'German III'),
(729, 273, 'Intro to Prof Nursing Practice'),
(730, 457, 'Bridge Crse Nur Concepts'),
(731, 276, 'Ind/Fam/Comm Welness&Hlth'),
(732, 456, 'Foundations of Nurs Practice'),
(733, 38, 'Pathophysiology'),
(734, 250, 'Found of Pharmacology'),
(735, 29, 'Nutrition'),
(736, 37, 'Introduction to Spiritual Care'),
(737, 205, 'Physical Assessment for R.N.s'),
(738, 458, 'Prf Rol Dev: Researcher'),
(739, 373, 'Nursing Ethics'),
(740, 81, 'Leadership for Nursing'),
(741, 154, 'Leadership for Nursing Lab'),
(742, 492, 'Nrsg Concepts & Theories'),
(743, 154, 'Ethics for Health Professional'),
(744, 367, 'Adv Hlth Assessment'),
(745, 477, 'Adv Hlth Assessment Peds'),
(746, 432, 'Adv Hlth Assessment Lab'),
(747, 191, 'Advanced Pharmacology'),
(748, 88, 'Phil Bases of Nsg Science'),
(749, 36, 'Adv Physiology/Pathophysiology'),
(750, 41, 'Research Hlth Professionals'),
(751, 6, 'Writing for Advanced Practice'),
(752, 394, 'Cancer Support Care&Sympt Mgmt'),
(753, 374, 'Cancer Patho & Disease Mgmt'),
(754, 407, 'Info Systems in Health Care'),
(755, 218, 'Conceptual Inquiry'),
(756, 291, 'Teaching Practicum'),
(757, 492, 'APN Practicum:PrimaryHlthCare'),
(758, 285, 'Standardized Patient Lab'),
(759, 344, 'Measurement in Nsg Research'),
(760, 265, 'Nursing as a Moral Practice'),
(761, 242, 'Ancient Greek I'),
(762, 120, 'Intro New Testament Greek'),
(763, 220, 'Readings in Greek Lit I'),
(764, 280, 'Healthcare Economics'),
(765, 369, 'Health Care Informatics'),
(766, 249, 'Modern Hebrew I'),
(767, 316, 'Modern Hebrew III'),
(768, 73, 'EMT - Basic'),
(769, 206, 'Intro to Emergency Mgmt'),
(770, 188, 'Evol Wst Idea/Inst to 17C'),
(771, 154, 'Evol Wst Idea/Inst Sn 17C'),
(772, 360, 'American Pluralism'),
(773, 180, 'Global History since 1500'),
(774, 307, 'East Asia Since 1500'),
(775, 226, 'United States to 1865'),
(776, 156, 'United States Since 1865'),
(777, 239, 'Intro to African History'),
(778, 417, 'Historical Methods'),
(779, 244, 'Women in East Asia'),
(780, 274, 'Global Issues (Non-U.S./Eur.)'),
(781, 458, 'Tp'),
(782, 249, 'Topics in Premodern History'),
(783, 167, 'Tps in Eur History (post-1700)'),
(784, 332, 'Topics in U.S. History'),
(785, 156, 'Topics in World History'),
(786, 385, 'Holocaust & 20th Cent Genocide'),
(787, 122, 'Roman Hist to Constantine'),
(788, 147, 'Renaissance'),
(789, 169, 'Germany in the 19th Century'),
(790, 465, 'Arab-Israeli Conflict'),
(791, 411, '20th Century Peacemaking'),
(792, 411, 'England to 1485'),
(793, 84, 'Great Britain Since 1760'),
(794, 131, '19th & 20th Cent Italy'),
(795, 190, 'Russia pre-1917:Empr Bldg'),
(796, 453, 'Pre-Modern Chinese History'),
(797, 379, 'China Sn 1949:Peoples Rep'),
(798, 5, 'Latin Amer:Recent Times'),
(799, 25, 'History of the American Indian'),
(800, 84, 'Hist of U.S. Sexuality'),
(801, 193, 'The Sixties'),
(802, 179, 'History Honors Tutorial'),
(803, 443, 'History Internship'),
(804, 373, '20C Approaches Hist'),
(805, 485, 'Topics'),
(806, 169, '19C America'),
(807, 29, 'Urban America'),
(808, 223, 'Publ Hist:Method & Theory'),
(809, 86, 'Oral Hist-Method & Pract'),
(810, 273, 'Mod Eur 1789-1870'),
(811, 496, 'SEM: Medvl Hist:'),
(812, 43, 'Sem-Gender & Wmn''s Hist'),
(813, 22, 'Practicum in Public Hist'),
(814, 163, 'Public History Internship'),
(815, 375, 'Dissertation Proposal Sem'),
(816, 177, 'Directed Primary Research'),
(817, 47, 'Survey of Human Services'),
(818, 496, 'Hindi-Urdu I'),
(819, 324, 'Hindi-Urdu III'),
(820, 216, 'Dev West Thght I Disc'),
(821, 461, 'Westrn Trad:Antiquty/Mid Ages'),
(822, 235, 'United States Experience'),
(823, 126, 'Science and Society'),
(824, 45, 'Latin America & The Caribbean'),
(825, 365, 'Encountering Asia'),
(826, 315, 'Encountering Africa'),
(827, 497, 'Encountering the Middle East'),
(828, 244, 'Encountering Europe'),
(829, 320, 'Literacy Center'),
(830, 22, 'Moral Responsibility (PHIL)'),
(831, 327, 'Moral Responsibility (Theo)'),
(832, 13, 'Fieldwork in Honors-Internship'),
(833, 200, 'Compensation Management'),
(834, 270, 'Negotiations/HR Professionals'),
(835, 386, 'Principles of HR Management'),
(836, 185, 'Compensation'),
(837, 439, 'Manag&Motivating/Workplace'),
(838, 414, 'Human Resources Law'),
(839, 407, 'Global HR Management'),
(840, 24, 'Labor Managemnt Relations'),
(841, 186, 'Staffing'),
(842, 403, 'Performance Management'),
(843, 67, 'Health Care in America'),
(844, 208, 'Introduction to Global Health'),
(845, 65, 'Aging in America'),
(846, 441, 'Hlth Care Vulnrable Population'),
(847, 384, 'Hlth Care Wrkforce Environment'),
(848, 111, 'Intro to Hlth Care Project Mgt'),
(849, 437, 'Quality and Performance Improv'),
(850, 208, 'Health Care Fiscal Management'),
(851, 326, 'HC Legal&Regulatory Environ'),
(852, 397, 'HC Leadership & Policy'),
(853, 442, 'Mgmt of Hlth Care Organization'),
(854, 452, 'Infectious Disease'),
(855, 442, 'Theology and Society'),
(856, 307, 'Arts & Democratic Society'),
(857, 267, 'TBA-Foreign Stdy'),
(858, 438, 'Business Information Systems'),
(859, 50, 'Business Info Systems - Honors'),
(860, 86, 'Database & Business Intell Sys'),
(861, 460, 'Systems Analysis & Design'),
(862, 376, 'Emerg Tech - Bus Intel & Data'),
(863, 99, 'Intro to Intl Studies'),
(864, 159, 'International Studies Capstone'),
(865, 146, 'Intnl Std Internship'),
(866, 484, 'Psth-'),
(867, 343, 'Scrp-'),
(868, 85, 'Spir-'),
(869, 397, 'Rlcm-'),
(870, 250, 'Mtry-'),
(871, 108, 'Hmrl-'),
(872, 83, 'B&Dv-'),
(873, 152, 'Hlthcare Intgr Prjct'),
(874, 175, 'Guided Study'),
(875, 290, 'Hum Rl Skls fr Pstrl Cnsl'),
(876, 217, 'Grp Apprchs Pstrl Counsel'),
(877, 115, 'Assessment & Intervention'),
(878, 174, 'Psychopathology'),
(879, 327, 'Internship Supervision I'),
(880, 52, 'Crisis Intrvntn:Pstl Cnlg'),
(881, 381, 'Models of Counselng'),
(882, 153, 'Pastoral Practicum I'),
(883, 449, 'Persnl Grwth&Dev in Mtry'),
(884, 322, 'CPE Registration'),
(885, 105, 'Social Context'),
(886, 390, 'Liturgy & Christian Sacraments'),
(887, 128, 'Christian Spirituality'),
(888, 371, 'Human Person Psyc Dev'),
(889, 328, 'Intro to Theology and Ministry'),
(890, 178, 'Ign Sprtly I: Hrts on Fire'),
(891, 456, 'Ignatian Exercises Practicum I'),
(892, 287, 'Field Education I'),
(893, 53, 'Field Education II'),
(894, 55, 'M.Div. Project'),
(895, 445, 'Foundations for Social Justice'),
(896, 199, 'Intrn I:Begn Act Rflctn Contxt'),
(897, 38, 'Princ/Proc of Comm Development'),
(898, 288, 'Current Housing Issues'),
(899, 283, 'Strategies/Faith-BasedCommDev'),
(900, 435, 'Ldrshp in Soc Justice Org'),
(901, 38, 'Asst-Bsd Comm Dev'),
(902, 391, 'Business Statistics'),
(903, 18, 'Requirements Analysis&Cmun'),
(904, 189, 'Special Topics in ISOM'),
(905, 65, 'Quantitative Methods'),
(906, 308, 'Managerial Statistics'),
(907, 406, 'Data Analysis for Managers'),
(908, 180, 'Strategic Experimentation'),
(909, 481, 'Strategic Use of IT'),
(910, 232, 'Italian I'),
(911, 232, 'Italian II'),
(912, 361, 'Italian III'),
(913, 385, 'Italian IV'),
(914, 180, 'Main Currents Ital Lit I'),
(915, 183, 'Dante-The Divine Comedy'),
(916, 489, 'Survey 13C & 14C Lit'),
(917, 70, 'Ital Renaissance Lit'),
(918, 311, 'Japanese I'),
(919, 360, 'Japanese III'),
(920, 397, 'Intro Latin Amer Studies'),
(921, 488, 'Capstone in Latin Amer Studies'),
(922, 315, 'Tp in Latin Amer Stds-Advanced'),
(923, 183, 'Latin I'),
(924, 41, 'Intro to Roman Prose'),
(925, 370, 'The Age of Caesar'),
(926, 128, 'Readings in Latin Lit I'),
(927, 240, 'Prac Skls Boot Camp for 3Ls'),
(928, 407, 'Law and Film'),
(929, 416, 'Civil Procedure'),
(930, 22, 'Equal Protection and Civil Rts'),
(931, 342, 'Corporate Compliance Programs'),
(932, 453, 'Law and Psychology'),
(933, 413, 'Illinois Criminal Law & Policy'),
(934, 359, 'Housing Law & Policy in US'),
(935, 141, 'Property'),
(936, 477, 'Natural Law & Natural Rghts'),
(937, 166, 'Law & the Subprime Debacle'),
(938, 46, 'Litigation Ethics'),
(939, 157, 'Educ Policy and Practice'),
(940, 147, 'Torts'),
(941, 278, 'Mergers and Acquisitions'),
(942, 388, 'Education Law Practicum'),
(943, 8, 'Life After Innocence Program'),
(944, 163, 'Litigation Process & Technique'),
(945, 67, 'Comparative Law'),
(946, 190, 'International Trade Law'),
(947, 152, 'The Law of Jury Selection'),
(948, 136, 'Supreme Court Seminar'),
(949, 1, 'Advanced Issues in Family Law'),
(950, 11, 'AdvCorp Law: Conduct Due Dilig'),
(951, 33, 'Legal Writing I'),
(952, 489, 'Intensive Leg Wtg Workshop'),
(953, 326, 'The Fundamentals of School Law'),
(954, 215, 'Business Valuation (Kent)'),
(955, 30, 'Academic Tutor'),
(956, 195, 'Law,Life&Jesuit Spiritlty'),
(957, 343, 'Evidence'),
(958, 270, 'First Amendment Rights'),
(959, 102, 'Administrative Law'),
(960, 258, 'Transportation Law'),
(961, 292, 'Sexual Harassment Law'),
(962, 443, 'Negotiable Instruments'),
(963, 210, 'Secured Transactions'),
(964, 204, 'Entertainment and Sports Law'),
(965, 302, 'Crimnl Procedr:Investigtn'),
(966, 351, 'Cyberlaw'),
(967, 180, 'Family Law'),
(968, 468, 'Adv Med Advoc Prac: EEOC'),
(969, 397, 'Human Traffick in the U.S.'),
(970, 337, 'Estates'),
(971, 114, 'Comp Issues in Law & Religion'),
(972, 175, 'Contract Negot & Draft'),
(973, 224, 'Intl Law Review Exec Editors'),
(974, 121, 'Intl Law Review Sen Editors'),
(975, 337, 'Intl Law Review Members'),
(976, 291, 'Business Organizations'),
(977, 311, 'Patent Law Litigation'),
(978, 489, 'Federal Income Tax'),
(979, 427, 'Accounting for Lawyers'),
(980, 312, 'Constitutional Law Seminar'),
(981, 500, 'Intl Law Review Assoc Editor'),
(982, 459, 'Intl & Comp Emplymnt Law'),
(983, 301, 'Adv Leg Rsrch: Spec Topics'),
(984, 325, 'Adv Legal Research'),
(985, 173, 'Adv Wrtg for Litigation'),
(986, 330, 'Legal Writing Tutors'),
(987, 20, 'Prac Intro to Daley Ctr Crtrms'),
(988, 15, 'Advanced Evidence'),
(989, 99, 'Street Law'),
(990, 122, 'Immigration Law'),
(991, 272, 'Jurisprudence I'),
(992, 390, 'Remedies'),
(993, 65, 'Toxic Torts'),
(994, 482, 'Employment Law'),
(995, 94, 'Workout for Finan Trbld Comp'),
(996, 366, 'Environmental Law'),
(997, 332, 'Land Use'),
(998, 274, 'Adv Courtroom Communication'),
(999, 334, 'Water Resources Law (Kent)'),
(1000, 228, 'Internatnl Business Tran'),
(1001, 110, 'Intl Law and Practice'),
(1002, 447, 'Intellectual Property Law'),
(1003, 402, 'Estate & Gift Tax'),
(1004, 333, 'Advanced Corporate Tax'),
(1005, 67, 'Consmr Law Rev Assoc Editors'),
(1006, 239, 'Estates and Trusts'),
(1007, 124, 'Consumr Law Review Sr Editor'),
(1008, 377, 'Consumer Law Rev Exec Edits'),
(1009, 228, 'Consmr Law Review Members'),
(1010, 50, 'Corboy Fellows I'),
(1011, 189, 'Corboy Fellows II'),
(1012, 227, 'Client Counseling Seminar'),
(1013, 8, 'Mediation Advocacy'),
(1014, 489, 'Advocacy'),
(1015, 52, 'Trial Practice I'),
(1016, 180, 'Trial Practice II'),
(1017, 318, 'Current Issues in Crm Justice'),
(1018, 71, 'Professionl Responsibilty'),
(1019, 195, 'Pre-Trial Litigation'),
(1020, 417, 'Reg of Prosecutors Conduct'),
(1021, 193, 'Pub Int Law Rep Exec Edit'),
(1022, 467, 'Pub Int Law Report Assoc Ed'),
(1023, 307, 'Pub Int Law Reporter Members'),
(1024, 257, 'Docum & Neg Finance Trans'),
(1025, 448, 'Pub Int Law Reporter Senior Ed'),
(1026, 400, 'Skls Competition Teams'),
(1027, 123, 'Adv Trl Adv with Courtrm Tech'),
(1028, 280, 'Federal Criminal Practice'),
(1029, 173, 'Negotiation Workshop'),
(1030, 456, 'Negotiation Seminar'),
(1031, 7, 'Mediation Seminar'),
(1032, 282, 'Intro to Engl Legal Prof'),
(1033, 402, 'Art Law'),
(1034, 409, 'Business Planning'),
(1035, 115, 'Federal Tax Clinic'),
(1036, 469, 'Senior Tax Seminar'),
(1037, 148, 'Federal Tax Clinic II'),
(1038, 238, 'Law Journal Members'),
(1039, 346, 'Law Journal Exec Editors'),
(1040, 375, 'Law Journal Senior Editors'),
(1041, 287, 'Moot Court Board'),
(1042, 34, 'Law Journal Associate Editors'),
(1043, 101, 'Client Counsel & Negotiation'),
(1044, 294, 'Trial Pract Competition'),
(1045, 22, 'Collaborative Law'),
(1046, 152, 'Leg Analy&Writing Enhancement'),
(1047, 474, 'Patent Prosecution Seminar'),
(1048, 340, 'The Art of the Presentation'),
(1049, 223, 'Predatory Lending (DePaul)'),
(1050, 169, 'Grad Fellowship Ind Resch'),
(1051, 256, 'National Security Law'),
(1052, 415, 'Election Law'),
(1053, 135, 'Sales'),
(1054, 63, 'Construction Law (Kent)'),
(1055, 172, 'Energy Law (Kent)'),
(1056, 83, 'Trademark Law Seminar'),
(1057, 462, 'Comm Lawyr & Civic Rts Prac'),
(1058, 295, 'Advising Not For Profit Orgs'),
(1059, 362, 'Srch & Seizure: 4th Amendment'),
(1060, 135, 'Family Law Practicum'),
(1061, 250, 'Alternative Dispute Resolution'),
(1062, 369, 'Law of Risk Mgmt'),
(1063, 416, 'Education Litigation'),
(1064, 152, 'International Research'),
(1065, 278, 'Spec Educ Dispute Resolution'),
(1066, 31, 'Canon Law on Ecclesiasticl Adm'),
(1067, 120, 'Employment Law Counseling'),
(1068, 425, 'Prac Fund: Interviewing Skls'),
(1069, 268, 'Derivatives for Lawyers'),
(1070, 465, 'Mediatn Cert & Courthse Prac'),
(1071, 299, 'Lawy the Sale of Comm Property'),
(1072, 55, 'Arbitration Workshop'),
(1073, 499, 'Legal Issues in Std Discipline'),
(1074, 400, 'Grad Fellowship Extern'),
(1075, 349, 'Community Law Ctr Clinics'),
(1076, 20, 'Comm Law Center Clinic II'),
(1077, 52, 'Appellate Advocacy Honors Prgm'),
(1078, 322, 'Extern Intensive Fld Placement'),
(1079, 359, 'Child,Parent & the State'),
(1080, 274, 'ChildLaw Legislation Clinic'),
(1081, 491, 'Policy Prac: Iss in Chld'),
(1082, 115, 'Childlaw Clinic'),
(1083, 189, 'ChildLaw Grad Extern'),
(1084, 125, 'Chldrn Leg Rts Jrnl Members'),
(1085, 177, 'Childlaw Directed Study'),
(1086, 361, 'Chld Leg Rts Jrnl Exec Edt'),
(1087, 208, 'Chl Leg Rts Jrn Asoc Edit'),
(1088, 138, 'Chldrn Leg Rts Jrnl Sr Edt'),
(1089, 155, 'LL.M. Chldlaw Paper'),
(1090, 70, 'LLM Paper Cmpltn-Chldlaw'),
(1091, 273, 'ChildLaw LLM Seminar'),
(1092, 405, 'Special Education Law'),
(1093, 438, 'Intro to Stdy of Law & Leg Sys'),
(1094, 189, 'Intro to Chldrn''s Law & Policy'),
(1095, 56, 'Juvenile Justice Law & Policy'),
(1096, 216, 'Mental Health Law and Chldrn'),
(1097, 219, 'Thesis/Capstone Project'),
(1098, 175, 'Intl Children''s Rights'),
(1099, 140, 'ChldLaw MJ Independent Stdy'),
(1100, 487, 'Health Law Directed Study'),
(1101, 140, 'Hlth Law Grad Externship'),
(1102, 439, 'Life Sciences, Resch & the FDA'),
(1103, 42, 'Health Care Labor Law Sem'),
(1104, 138, 'Health Care Payment & Policy'),
(1105, 339, 'Antitrust Hlth Care Field'),
(1106, 390, 'Annals of Hlth Law Exec Edt'),
(1107, 158, 'Government Hlth Policy I'),
(1108, 390, 'Adv Iss in Hlth Care Fraud'),
(1109, 212, 'Annals of Hlth Law Sen Edts'),
(1110, 16, 'Annals of Hlth Law Members'),
(1111, 164, 'Health Care Bus & Finance'),
(1112, 202, 'LL.M. Seminar-Health Law'),
(1113, 130, 'LL.M. Paper-Health Law'),
(1114, 353, 'LL.M. Paper Supervision'),
(1115, 327, 'Intro to Health Justice'),
(1116, 307, 'Health Justice Project'),
(1117, 213, 'Interdiscpl Hlth Advocacy'),
(1118, 34, 'Adv Health Justice Project'),
(1119, 445, 'Health Justice Policy'),
(1120, 368, 'Doct Dissertation Rsch I'),
(1121, 103, 'Bibliography Tutorial'),
(1122, 217, 'Doct Disseration Rsch II'),
(1123, 272, 'Doct Dissertation Supv'),
(1124, 41, 'Physician Regulation Seminar'),
(1125, 405, 'Doc Dissert Supv/Comp'),
(1126, 327, 'Risk Mgt, Patien Safety &Qual'),
(1127, 256, 'M.J. Intro to Bus & Law'),
(1128, 123, 'M.J. Legal Rsrch aand Writing'),
(1129, 2, 'MJ Business Organizations'),
(1130, 396, 'MJ Bus Ethics & Soc Respon'),
(1131, 110, 'MJ Financial Inst Regulation'),
(1132, 142, 'MJ Securities Regulation'),
(1133, 335, 'MJ Real Estate Transactions'),
(1134, 151, 'MJ Mergers & Acquisitions'),
(1135, 279, 'MJ Intl Business Transactions'),
(1136, 173, 'Bus Law Ctr Clin & Sem'),
(1137, 40, 'Bus Law Ctr Clinic II'),
(1138, 437, 'Marketing for Lawyers'),
(1139, 62, 'Intl Comm Arbit & CISG'),
(1140, 252, 'LLM Writing Proj-Business Law'),
(1141, 452, 'LLM Writing Proj Compltn-BSLW'),
(1142, 225, 'LLM Tax Seminar'),
(1143, 453, 'LLM Research'),
(1144, 82, 'Fed Crim Trial Advocacy'),
(1145, 77, 'Intro to the Law of the U.S.'),
(1146, 279, 'Legal Research and Writing I'),
(1147, 388, 'Intro to Legal Stdy & Leg Wrtg'),
(1148, 290, 'Intro to Legal Research'),
(1149, 313, 'Intro to Hlth Law and Policy'),
(1150, 333, 'Hlth Care Bus and Finance'),
(1151, 157, 'Hlth Care Reg and Policy'),
(1152, 415, 'Law and Bioethics'),
(1153, 49, 'Health Care Risk Management'),
(1154, 428, 'Health Care Compliance'),
(1155, 455, 'Fundamentals of Writing'),
(1156, 453, 'Legal Issues in eHealth'),
(1157, 254, 'Public Health and the Law'),
(1158, 211, 'Health Law Seminar Series'),
(1159, 76, 'Hlth Insurance & Hlth Care Reg'),
(1160, 256, 'MJ Thesis Completion'),
(1161, 107, 'MJ Thesis Project'),
(1162, 186, 'Hlth Care Payment and Policy'),
(1163, 397, 'Research, Life Sciences & FDA'),
(1164, 441, 'Fraud & Abuse-Stark Intensive'),
(1165, 336, 'Drafting'),
(1166, 176, 'LLM Thesis Completion'),
(1167, 113, 'LLM Thesis Project'),
(1168, 376, 'Nature of Language'),
(1169, 112, 'European Masterpieces'),
(1170, 174, 'European Novel'),
(1171, 127, 'Arabic Lit in Translation'),
(1172, 64, 'Asian Masterpieces'),
(1173, 399, 'Italian Film Genre'),
(1174, 79, 'Italian Film History'),
(1175, 145, 'Italy: Cultural History'),
(1176, 476, 'Topics: Drama in Translation'),
(1177, 358, 'Topics: Major Authors in Trans'),
(1178, 33, 'Topics: International Film'),
(1179, 265, 'Literature and Opera'),
(1180, 170, 'Classical Chinese Liteature'),
(1181, 366, 'Law/Rgltry Environ Bus I'),
(1182, 421, 'Law/Rgltry Enviro I - Honors'),
(1183, 85, 'Fundamentals of Marketing'),
(1184, 414, 'Consumer Behavior'),
(1185, 349, 'Marketing Research'),
(1186, 40, 'Sales Management'),
(1187, 367, 'Global Marketing'),
(1188, 102, 'International Marketing'),
(1189, 250, 'Digital Marketing'),
(1190, 443, 'Marketing Strategies'),
(1191, 357, 'Marketing Management'),
(1192, 356, 'Rsrch Meths in Marketing'),
(1193, 128, 'Internet Marketing'),
(1194, 253, 'Strategic Brand Management'),
(1195, 296, 'Intermediate Algebra'),
(1196, 464, 'Real World Modeling'),
(1197, 429, 'College Algebra'),
(1198, 408, 'Precalculus'),
(1199, 339, 'Applied Calculus I'),
(1200, 40, 'Applied Calculus II'),
(1201, 82, 'Prob & Stat MidGrdTcher'),
(1202, 465, 'Calculus I'),
(1203, 103, 'Calculus II'),
(1204, 481, 'Elementary Number Theory'),
(1205, 44, 'Linear Algebra'),
(1206, 248, 'Object-Oriented Prog-Math'),
(1207, 456, 'Multivariable Calculus'),
(1208, 402, 'Ordinry Differntl Equatns'),
(1209, 281, 'Problem-Solving Seminar'),
(1210, 220, 'History of Mathematics'),
(1211, 71, 'Probability&Statistics I'),
(1212, 146, 'Abstract Algebra'),
(1213, 141, 'Adv Topics Linear Algebra'),
(1214, 155, 'Cryptography'),
(1215, 60, 'Geometry'),
(1216, 489, 'Intro to Real Analysis I'),
(1217, 194, 'Intro Complex Analysis'),
(1218, 426, 'Introduction to Game Theory'),
(1219, 91, 'Capstone Experience'),
(1220, 444, 'Probability & Stat I'),
(1221, 368, 'Topics in Linear Algebra'),
(1222, 448, 'Theory of Games'),
(1223, 299, 'Special Topics in Mathematics:'),
(1224, 496, 'Comp Molecular Genetics'),
(1225, 201, 'Spec Tpcs Molecular Biol'),
(1226, 95, 'Rsrch in Molecular Biol'),
(1227, 459, 'Molec Bio Journal Club'),
(1228, 129, 'Seminar in Molecular Biol'),
(1229, 3, 'Family Health Patterns I'),
(1230, 297, 'Family Health Pat I: Lab'),
(1231, 168, 'Family Health Pat II'),
(1232, 85, 'Family Health Pat II:Lab'),
(1233, 262, 'Child/Family Health'),
(1234, 271, 'APN. Pract:Child/Family Health'),
(1235, 65, 'Introduction to Modern Greek I'),
(1236, 306, 'SSOM Year 1-Fall'),
(1237, 18, 'SSOM Year 2-Fall'),
(1238, 20, 'SSOM Year 3-Fall'),
(1239, 207, 'SSOM Year 4-Fall'),
(1240, 299, 'Managing People &Organizations'),
(1241, 240, 'People &Organizations - Honors'),
(1242, 277, 'Strategic Management'),
(1243, 444, 'International Management'),
(1244, 381, 'Organization Devel/Change'),
(1245, 432, 'Leading&Managing Teams'),
(1246, 4, 'International Business Ethics'),
(1247, 370, 'Ethics in Business'),
(1248, 125, 'Ethics Econ & Entrepreneurship'),
(1249, 429, 'Values-Based Leadership'),
(1250, 460, 'Values-Based Leader - Honors'),
(1251, 69, 'Strategy and Leadership'),
(1252, 297, 'Business Ethics'),
(1253, 407, 'Global Environmntl Ethics'),
(1254, 368, 'Ethics in Finance'),
(1255, 293, 'Managing&Motivating Workplace'),
(1256, 108, 'Entrepreneurship'),
(1257, 462, 'Entrepreneurial Marketing'),
(1258, 251, 'Business Strategy'),
(1259, 236, 'Principles of Entrepreneurship'),
(1260, 465, 'Strategy - Capstone I'),
(1261, 48, 'Basc Moleculr Microbiolgy'),
(1262, 404, 'Molecular Biology of Viruses'),
(1263, 49, 'Cell&Molecular Immunology'),
(1264, 309, 'Molec Microbial Gentics'),
(1265, 174, 'Current Literature'),
(1266, 114, 'Military Science I'),
(1267, 114, 'Physical Readiness I'),
(1268, 192, 'Military Science II'),
(1269, 133, 'Physical Readiness II'),
(1270, 321, 'Military Science III'),
(1271, 491, 'Military Science IV'),
(1272, 373, 'Physical Readiness III'),
(1273, 97, 'Physical Readiness IV'),
(1274, 435, 'Military History -Indep Study'),
(1275, 253, 'Environmental Health'),
(1276, 29, 'Introduction to Public Health'),
(1277, 438, 'Introduction to Epidemiology'),
(1278, 122, 'Biostats Health Sciences'),
(1279, 154, 'Pub Hlth Pol:Concepts&Practice'),
(1280, 366, 'MPH Practicum'),
(1281, 82, 'MPH Capstone'),
(1282, 222, 'Policy Design and Analysis'),
(1283, 163, 'Public Policy Process'),
(1284, 489, 'Stat Analysis Policy I'),
(1285, 89, 'Local Econ Development'),
(1286, 455, 'Public Policy Internship'),
(1287, 96, 'Prof Dvlpmt Skills'),
(1288, 51, 'Adult Health I'),
(1289, 205, 'Adult Health II Lab'),
(1290, 332, 'Adult Health II'),
(1291, 15, 'Adult Health II - Clinical'),
(1292, 252, 'APN Practicum'),
(1293, 235, 'Comn Hlth Prob Adlt-Oldr Acute'),
(1294, 64, 'CNS Prac Acrss Adult Age Spect'),
(1295, 61, 'Cmplx Hlth Prob Adlt/Oldr Adlt'),
(1296, 409, 'APNPract:Adlt/Old Adlt AcuteNP'),
(1297, 177, 'Integrative Expr I'),
(1298, 175, 'Voice'),
(1299, 100, 'Piano'),
(1300, 310, 'Music:Art of Listening'),
(1301, 495, 'Class Piano for Beginners'),
(1302, 90, 'Class Guitar for Beginners'),
(1303, 182, 'Orchestra'),
(1304, 92, 'Chorus'),
(1305, 24, 'Liturgical Choir: Cantorum'),
(1306, 435, 'Jazz Ensemble'),
(1307, 121, 'Wind Ensemble'),
(1308, 462, 'Class Voice for Beginners'),
(1309, 57, 'Music Theory I'),
(1310, 274, 'Musicianship Lab I'),
(1311, 327, 'Intro to Opera'),
(1312, 139, 'Music Technology I'),
(1313, 496, 'Chamber Choir'),
(1314, 490, 'Jazz Comp & Arranging'),
(1315, 127, 'Music in Catholic Worship'),
(1316, 84, 'Applied Music: Clarinet'),
(1317, 444, 'Applied Music: Percussion'),
(1318, 222, 'Applied Music: Oboe'),
(1319, 135, 'Applied Music: Trumpet'),
(1320, 149, 'Applied Music: Saxophone'),
(1321, 53, 'Applied Music:Classical Guitar'),
(1322, 150, 'Applied Music: Organ'),
(1323, 401, 'Applied Music: Piano'),
(1324, 288, 'Applied Music: Voice'),
(1325, 213, 'Applied Music: Violin/Viola'),
(1326, 461, 'Applied Music: Flute'),
(1327, 196, 'Applied Music: Cello/Bass'),
(1328, 389, 'Applied Music: Double Bass'),
(1329, 136, 'Applied Music: Horn'),
(1330, 296, 'Applied Music: Trombone'),
(1331, 199, 'Applied Music: Drum Set'),
(1332, 131, 'Applied Music: Bassoon'),
(1333, 386, 'Chamber Ensemble'),
(1334, 381, 'Music Theory III'),
(1335, 223, 'Music History II'),
(1336, 410, 'Advanced Clarinet'),
(1337, 315, 'Advanced Percussion'),
(1338, 343, 'Advanced Oboe'),
(1339, 371, 'Advanced Trumpet'),
(1340, 372, 'Advanced Saxophone'),
(1341, 116, 'Advanced Guitar'),
(1342, 197, 'Advanced Organ'),
(1343, 10, 'Advanced Piano'),
(1344, 112, 'Advanced Voice'),
(1345, 187, 'Advanced Violin'),
(1346, 137, 'Advanced Flute'),
(1347, 195, 'Advanced Cello'),
(1348, 130, 'Advanced Double Bass'),
(1349, 359, 'Advanced Drum Set'),
(1350, 330, 'Internship in Music'),
(1351, 278, 'Fieldwork in Chicago/Music'),
(1352, 412, 'Neuroscience Seminar'),
(1353, 479, 'Neuroscience Teaching'),
(1354, 179, 'Operations Management'),
(1355, 199, 'Operations Management - Honors'),
(1356, 191, 'Fund of Lean Production'),
(1357, 140, 'Logistics in Global Econ'),
(1358, 394, 'Intro to Operations Mgmt'),
(1359, 80, 'Perf Impr in Bus Processes'),
(1360, 275, 'Global Logistics'),
(1361, 190, 'Peace Studies Overview'),
(1362, 278, 'Graduate Therapeutics'),
(1363, 406, 'Pharmacology Journal Club'),
(1364, 75, 'Spec Probs Pharmacology'),
(1365, 158, 'Drug Discovery & Development'),
(1366, 128, 'Signal Transduction'),
(1367, 484, 'Philosophy & Persons'),
(1368, 473, 'Ethics'),
(1369, 470, 'Social&Political Philosophy'),
(1370, 354, 'Traditional Chinese Philosophy'),
(1371, 345, 'Philosophy of Religion'),
(1372, 86, 'Philosophy of Science'),
(1373, 51, 'Logic'),
(1374, 355, 'Aesthetics'),
(1375, 197, 'Judgment&Decision-making'),
(1376, 237, 'Health Care Ethics'),
(1377, 491, 'Environmental Ethics'),
(1378, 392, 'Symbolic Logic'),
(1379, 367, 'History of Ancient Phil'),
(1380, 349, '19th Century Philosophy'),
(1381, 221, 'Prblms in Phil of God'),
(1382, 145, 'Ethics and Society'),
(1383, 260, 'The British Philosophers'),
(1384, 199, 'Philosophy of Medicine'),
(1385, 323, 'Ind Study for Majors'),
(1386, 459, 'Cap Sem in Clas-Mod Phil'),
(1387, 390, 'Cap Sem in Contemp Phil'),
(1388, 462, 'Cap Sem Top Phil'),
(1389, 353, 'Plato'),
(1390, 470, 'Classical Rationalism'),
(1391, 237, 'Hegel'),
(1392, 42, 'Marx'),
(1393, 248, 'Contemp French Phil'),
(1394, 142, 'Studies in Logic'),
(1395, 116, 'Philosophy of Law'),
(1396, 406, 'Contemp Ethical Theories'),
(1397, 269, 'Directed Readings I'),
(1398, 100, 'Planetary & Stellar Astronomy'),
(1399, 378, 'Astronomy Stars&Galaxies'),
(1400, 239, 'College Physics I Lec/Dis'),
(1401, 453, 'College Physics Lab I'),
(1402, 223, 'Coll Physics II Lec/Disc');
INSERT INTO `classes` (`class_id`, `student_id`, `class_name`) VALUES
(1403, 325, 'General Physics I'),
(1404, 4, 'General Physics Laboratory I'),
(1405, 77, 'Modern Physics'),
(1406, 21, 'Modern Physics Laboratory'),
(1407, 241, 'Optics'),
(1408, 67, 'Optics Lab'),
(1409, 413, 'Theoretical Mechanics I'),
(1410, 107, 'Thermal Phys & Stat Mech'),
(1411, 416, 'Special Topics in Physics'),
(1412, 133, 'Math Methods of Physics'),
(1413, 251, 'Earth Space Science I'),
(1414, 176, 'Prob Solving & Lab Techniques'),
(1415, 332, 'Earth, Space & Envr Science'),
(1416, 74, 'Graduate Colloquy'),
(1417, 134, 'Research Seminar'),
(1418, 222, 'Cellular Physiology'),
(1419, 35, 'Biochemical Physiology'),
(1420, 486, 'Function of the Human Body I'),
(1421, 191, 'Cardiovasc Jour Club'),
(1422, 271, 'Excitability & Ion Transp'),
(1423, 27, 'Professional Development'),
(1424, 438, 'Comparative Lawyering'),
(1425, 413, 'History and Practice'),
(1426, 143, 'Needs Assessment'),
(1427, 343, 'Thesis Research & Wtg'),
(1428, 182, 'Self,Soc., Civic Resp. I'),
(1429, 242, 'Political Theory'),
(1430, 221, 'American Politics'),
(1431, 420, 'Int Rel Age of Globalization'),
(1432, 195, 'Contemp Political Issues'),
(1433, 444, 'Contmp Pol Iss:Amer Politics'),
(1434, 244, 'Contmp Pol Iss: Political Thry'),
(1435, 198, 'Contmp Pol Iss:Comparative Pol'),
(1436, 20, 'Contmp Pol Iss:Internat''l Rltn'),
(1437, 265, 'Ancient Political Thought'),
(1438, 439, 'Modern Political Thought'),
(1439, 87, 'Contemp Political Thought'),
(1440, 177, 'Women, Law &Public Policy'),
(1441, 45, 'Amer National Security'),
(1442, 3, 'Terrorism'),
(1443, 310, 'Comparative Politics'),
(1444, 295, 'The European Union'),
(1445, 178, 'Eastern European Politics'),
(1446, 142, 'Latin Amer Intrntl System'),
(1447, 369, 'Canadian Politics'),
(1448, 311, 'International Law'),
(1449, 364, 'Intervent in Wrld Politcs'),
(1450, 403, 'Revolutions'),
(1451, 297, 'International Politics'),
(1452, 55, 'UN & Intrntl Organization'),
(1453, 174, 'Fieldwrk in Plsc-Intrnshp'),
(1454, 324, 'Democracy'),
(1455, 492, 'Public Opinion'),
(1456, 87, 'The Judicial Process'),
(1457, 466, 'Introduction to Law'),
(1458, 335, 'Parties & Elections'),
(1459, 268, 'Urban Politics'),
(1460, 208, 'Chicago Politics'),
(1461, 56, 'Environmental Politics'),
(1462, 187, 'Intro Rsrch Design/Meth'),
(1463, 403, 'Constitutional Politics'),
(1464, 500, 'Sel Probs Comparative Pol'),
(1465, 431, 'International Conflict'),
(1466, 101, 'Polit Analysis Tech I'),
(1467, 20, 'Intro to Paralegal Studies'),
(1468, 196, 'Legal Res and Writing II'),
(1469, 39, 'Legal Research and Writing III'),
(1470, 106, 'Legal Ethics'),
(1471, 373, 'Corp Topics for Lit Paralegal'),
(1472, 83, 'Adv Business Organizations'),
(1473, 108, 'Secured Trans & Bankruptcy'),
(1474, 183, 'Civil Litigation I'),
(1475, 378, 'Civil Litigation II'),
(1476, 286, 'Civil Litigation III'),
(1477, 325, 'Law Office Computer Applns'),
(1478, 246, 'Adv Litigation Computer Applns'),
(1479, 97, 'Securities Regulation'),
(1480, 188, 'Estates, Trusts & Wills'),
(1481, 149, 'Contract Admin & Analysis'),
(1482, 393, 'Lit & Invstgn for Corp Plgls'),
(1483, 242, 'E-Discov & Civil Lit Supp Tech'),
(1484, 323, 'Polish I'),
(1485, 216, 'Polish III'),
(1486, 234, 'Comp & Conversation I'),
(1487, 409, 'Portuguese I'),
(1488, 182, 'POST: Intro Topics'),
(1489, 69, 'POST: Intermediate Topics'),
(1490, 176, 'Polish Studies Capstone'),
(1491, 390, 'Psyc Perspec Globalization'),
(1492, 125, 'General Psychology'),
(1493, 363, 'Psychology of Peace'),
(1494, 293, 'Psych of Human Sexuality'),
(1495, 124, 'Gender&Sex Diff & Similr'),
(1496, 293, 'Psych-Biol of Perception'),
(1497, 393, 'Cognitive Psychology'),
(1498, 143, 'Learning and Behavior'),
(1499, 489, 'Developmental Psychology'),
(1500, 431, 'Social Psychology'),
(1501, 249, 'Comparative Psychology'),
(1502, 361, 'Brain and Behavior'),
(1503, 14, 'Research Methods in Psyc'),
(1504, 357, 'Lab in Psychobiology'),
(1505, 44, 'Lab Exprmntl Psy:Cognitn'),
(1506, 392, 'Lab:Tests & Measurements'),
(1507, 142, 'Lab in Developmental Psyc'),
(1508, 368, 'Lab in Social Psychology'),
(1509, 138, 'Abnormal Psychology'),
(1510, 238, 'Psychology of Personality'),
(1511, 55, 'Psychology of Women'),
(1512, 286, 'Childhood Psychopathology'),
(1513, 131, 'Psychology of Adolescence'),
(1514, 297, 'Indus/Organizational Psyc'),
(1515, 108, 'Counseling I'),
(1516, 346, 'Honors Readings'),
(1517, 30, 'Honors Research'),
(1518, 16, 'Psychology & Law'),
(1519, 28, 'Behav Cog Neuroscience'),
(1520, 99, 'Internship in Psychology'),
(1521, 192, 'Psyc Sem:'),
(1522, 418, 'Special Studies in Psych'),
(1523, 223, 'Intro Profes of Clin Psyc.'),
(1524, 54, 'Intell/Personality Assess'),
(1525, 210, 'Psychopath-Chldhd&Adolesc'),
(1526, 346, 'Psychotherapy Practicum I'),
(1527, 347, 'Advanced Statistics'),
(1528, 102, 'Political Cognition'),
(1529, 489, 'Sem: Teaching Psychology'),
(1530, 335, 'Seminar in Social Psych'),
(1531, 33, 'Intrnshp:Appld Soc Psych'),
(1532, 237, 'Risk/Opportunity in Chld/Adol'),
(1533, 196, 'Neuropsychology'),
(1534, 47, 'Internship in Clin Psych'),
(1535, 93, 'Integrative Readings'),
(1536, 239, 'Intro to Research Methods'),
(1537, 438, 'Design of Survey Research'),
(1538, 234, 'Intro Educ Statistics'),
(1539, 106, 'Educational Research I'),
(1540, 75, 'Case Study Research'),
(1541, 472, 'Intro to Linear Models'),
(1542, 161, 'Meta-Analysis'),
(1543, 361, 'Sem Adv Mixed Methods'),
(1544, 102, 'Italy:Culture/Contexts'),
(1545, 457, 'Student Life Asst Practicum'),
(1546, 468, 'Russian I'),
(1547, 448, 'Russian III'),
(1548, 487, 'Russia & Russians in the World'),
(1549, 484, 'Society in a Global Age'),
(1550, 476, 'Social Problems'),
(1551, 85, 'Race and Ethnic Relations'),
(1552, 175, 'Mass Media&Populr Culture'),
(1553, 393, 'Chgo-Grwth of Metropolis'),
(1554, 308, 'Religion & Society'),
(1555, 228, 'Sociology of Sex and Gender'),
(1556, 102, 'Sociological Thought'),
(1557, 154, 'Princ Social Research'),
(1558, 74, 'Patterns Crim Activity'),
(1559, 204, 'Poverty & Welfare in Amer'),
(1560, 142, 'Sci,Tech & Society'),
(1561, 409, 'Self & Society'),
(1562, 237, 'City, Suburbs & Beyond'),
(1563, 378, 'Families'),
(1564, 104, 'Inequality in Society'),
(1565, 283, 'Peoples of China'),
(1566, 471, 'Global Inequalities'),
(1567, 343, 'Deviance & Socl Control'),
(1568, 221, 'Mvmts for Soc Justice:60s'),
(1569, 205, 'Globalization & Society'),
(1570, 449, 'Sociology of Science'),
(1571, 295, 'The Socl of Consumption'),
(1572, 176, 'Sociology & Politics of Food'),
(1573, 109, 'Tpcs: Contemp Sociology'),
(1574, 155, 'Current Issues in Med Ed'),
(1575, 278, 'Statistics for Soc Rsrch'),
(1576, 66, 'Urban Semester Seminar'),
(1577, 123, 'Social Theory&Socl Rsrch'),
(1578, 226, 'Indep Study Project I'),
(1579, 53, 'Indep Study Project II'),
(1580, 107, 'History Sociological Thou'),
(1581, 201, 'Logic Sociological Inqry'),
(1582, 138, 'Stat Meth Analysis I'),
(1583, 281, 'Workshop:Applied Soc'),
(1584, 93, 'Tpcs:Contemporary Society'),
(1585, 445, 'Intro to Social Work'),
(1586, 9, 'Soc Welfare Pol&Serv I'),
(1587, 195, 'Children and Youth'),
(1588, 98, 'Social Work Methods I'),
(1589, 83, 'Social Work Methods II'),
(1590, 399, 'Humn Behavr&Soc Envirnmnt'),
(1591, 240, 'Socl Welfr Polcy&Srvcs II'),
(1592, 491, 'Social Work Practice I'),
(1593, 136, 'Social Work Practice II'),
(1594, 118, 'Cultural Diversity'),
(1595, 95, 'Intro to Social Research'),
(1596, 418, 'Hum Behav in Soc Envir I'),
(1597, 88, 'Hum Behav in Soc Envir II'),
(1598, 438, 'Ethnicity,Race & Culture'),
(1599, 138, 'Soc Work w/Indiv & Fam I'),
(1600, 292, 'Soc Work w/Indiv & Fam II'),
(1601, 386, 'Soc Work Practice with Groups'),
(1602, 433, 'Meth Soc Wrk Research'),
(1603, 468, 'Social Welfare & Soc Work'),
(1604, 494, 'Pol & Strat Comm Interven'),
(1605, 88, 'Hlth Pol & Hlth Sys'),
(1606, 245, 'Adv Soc Wrk Pract w/Groups'),
(1607, 60, 'Practicum in Research'),
(1608, 211, 'Devel Psychdynamic Theory'),
(1609, 470, 'Social Work & Law'),
(1610, 112, 'Soc Wrk Practicum:Schools'),
(1611, 317, 'Family Assessment&Intervention'),
(1612, 171, 'Clin SW Prac Health Care'),
(1613, 249, 'Adol Client:Diag & Treat'),
(1614, 97, 'Psychotherapy With Adults'),
(1615, 264, 'Prin&Interven Clin Soc Work'),
(1616, 194, 'Issues in Treat of Women'),
(1617, 105, 'Clin Sw Prac W Children'),
(1618, 459, 'Sw W Severely Mental Ill'),
(1619, 292, 'Clin Prac:Fam Violence'),
(1620, 188, 'SW Practice W/ Older Adults'),
(1621, 357, 'Crisis Intervention'),
(1622, 31, 'Staff Manage and Developmnt'),
(1623, 178, 'Organizational Leadership'),
(1624, 492, 'SW Pract w/LGBTQ Populations'),
(1625, 148, 'Women in a Global Context'),
(1626, 273, 'Nonprofit Organizations'),
(1627, 410, 'Intro Alcohol & Drug DX'),
(1628, 236, 'Clin Practice in Addictions'),
(1629, 210, 'Sub Abuse Treatmnt in Groups'),
(1630, 48, 'Migrtn,Soc Just, Human Rights'),
(1631, 27, 'Social Policy and Older Adults'),
(1632, 95, 'Loss, Grief, and Dying Well'),
(1633, 481, 'Hist of Ideas in Soc Work'),
(1634, 495, 'Research Methodology'),
(1635, 89, 'Soc Theory & Soc Policy'),
(1636, 68, 'Practicum in Research - I'),
(1637, 240, 'Organizational Analysis'),
(1638, 148, 'Sem on Teaching and Practice'),
(1639, 279, 'Research Ethics'),
(1640, 210, 'Spanish I'),
(1641, 260, 'Spanish II'),
(1642, 95, 'Spanish III'),
(1643, 380, 'Spanish IV'),
(1644, 8, 'Medical Spanish I'),
(1645, 192, 'Composition/Convrsation I'),
(1646, 143, 'Composition&Conversatn II'),
(1647, 202, 'Comp&Conver:Natv Speakers'),
(1648, 297, 'Main Currents Span Lit I'),
(1649, 101, 'Advanced Spanish Grammar'),
(1650, 493, 'Generation of 1898'),
(1651, 484, 'Survey of 17C Lit'),
(1652, 458, 'Mstrpces Latin Amer Lit'),
(1653, 24, 'Adv Spanish Oral Expression'),
(1654, 161, 'Baroque and Neobaroque'),
(1655, 450, 'Survey-Modernism'),
(1656, 171, 'Contemp Span-Amer Novel'),
(1657, 434, 'Topics in Hispanic Lit'),
(1658, 360, 'Adv Oral/Written Prac I'),
(1659, 406, 'Meths Teaching Spanish'),
(1660, 143, 'Medieval Spanish Lit'),
(1661, 407, 'Realism & Naturalism'),
(1662, 433, 'Prose of The 20th Century'),
(1663, 238, 'Hispanic-American Novel'),
(1664, 388, 'Hispanic Culture & Civ'),
(1665, 428, 'Span Hist in Literature'),
(1666, 326, 'Business of Sports'),
(1667, 456, 'Fund of Sport Finance'),
(1668, 167, 'Sport Media'),
(1669, 474, 'Legal Aspects Sprt Management'),
(1670, 234, 'Fundmntl Statistics'),
(1671, 376, 'SAS Prgrming & Appl Stat'),
(1672, 233, 'Appld Regression Analysis'),
(1673, 328, 'Modeling and Simulation'),
(1674, 256, 'Intro to Biostatistics'),
(1675, 241, 'Advanced Biostatistics'),
(1676, 19, 'Actuarial Seminar I'),
(1677, 399, 'SAS Program & Appl Stat'),
(1678, 442, 'Applied Regression Analysis'),
(1679, 316, 'Appl. Survival Analysis'),
(1680, 499, 'Math Modeling&Simulation'),
(1681, 435, 'Topics in Statistics'),
(1682, 299, 'Independent Study Statistics'),
(1683, 457, 'Field Instruction I'),
(1684, 458, 'Integrative Practice Seminar I'),
(1685, 460, 'Integrative Practice Seminar'),
(1686, 406, 'Field Instruction II'),
(1687, 129, 'Field Instruction III'),
(1688, 393, 'Field Instruction IV'),
(1689, 265, 'Post Masters Field Inst I'),
(1690, 35, 'Specialized Field Internship'),
(1691, 36, 'Intro Christian Theology'),
(1692, 172, 'Intro to Religious Studies'),
(1693, 467, 'Introduction to the Qur''an'),
(1694, 273, 'Religion in America'),
(1695, 59, 'Moral Problems: Medical Issues'),
(1696, 395, 'Intro to Christian Ethics'),
(1697, 99, 'Intro to Religious Ethics'),
(1698, 14, 'Tps: Moral Problems:'),
(1699, 61, 'Religions of Asia'),
(1700, 73, 'Old Testament'),
(1701, 248, 'New Testament'),
(1702, 437, 'The Sacraments'),
(1703, 306, 'The Church in the World'),
(1704, 75, 'Jesus Christ'),
(1705, 192, 'Black World Religion'),
(1706, 46, 'Women and Religion'),
(1707, 94, 'Roman Catholicism'),
(1708, 90, 'Christianity Through Time'),
(1709, 488, 'Introduction to Hinduism'),
(1710, 409, 'Christian Marriage'),
(1711, 89, 'Introduction to Islam'),
(1712, 423, 'Introduction to Buddhism'),
(1713, 208, 'Mary and The Church'),
(1714, 46, 'Christn Tht:Anct-Med'),
(1715, 380, 'Supervised Ministry'),
(1716, 167, 'Topics in Buddhism'),
(1717, 452, 'Theology and Culture'),
(1718, 8, 'Theology Tutorial II'),
(1719, 60, 'Seminar:'),
(1720, 216, 'Nature & Method in Theo'),
(1721, 43, 'Sacramental Life of Chrch'),
(1722, 95, 'Dir Read: Hist of Theo'),
(1723, 388, 'Sem in Christian Ethics'),
(1724, 10, 'Dir Rdng Chrstn Ethics'),
(1725, 368, 'Erly Chrst Gospels:'),
(1726, 447, 'Cultr-Rel Envir Erly Chry'),
(1727, 404, 'Chris Doctrn-Cath Theo:'),
(1728, 467, 'Religious Ethics & Socl Theory'),
(1729, 460, 'Chris Socl Eth:'),
(1730, 464, 'Intro to Theatre Exp'),
(1731, 39, 'Introduction to Martial Arts'),
(1732, 207, 'Dramatic/Theatrical Proc'),
(1733, 401, 'Theatre in Chicago I'),
(1734, 344, 'Theatre in Chicago II'),
(1735, 282, 'Stage Voice & Diction I'),
(1736, 93, 'Intro Theatrical Design'),
(1737, 390, 'Crafts for the Stage'),
(1738, 376, 'Beginning Acting'),
(1739, 183, 'Acting Theories &Techniques II'),
(1740, 378, 'Theatre Pract:Construction'),
(1741, 285, 'Theatre Practicum: Electrics'),
(1742, 271, 'Thtr Pract: Production Staff'),
(1743, 300, 'Thtr Practicum: Running Crew'),
(1744, 492, 'Rehearsal & Performance'),
(1745, 317, 'Applied Theatrical Design'),
(1746, 179, 'Theatre Operation'),
(1747, 158, 'Theatre History & Literature I'),
(1748, 268, 'Thtr History & Literature III'),
(1749, 187, 'Acting Theories&Techniques III'),
(1750, 217, 'Stage Design I'),
(1751, 483, 'Stage Design II'),
(1752, 230, 'Play Direction'),
(1753, 312, 'Advanced Play Direction'),
(1754, 371, 'Internship in Theatre'),
(1755, 239, 'Sem:'),
(1756, 180, 'Fieldwork in Chicago/Theatre'),
(1757, 317, 'The Profession & TLLSC'),
(1758, 142, 'Language, Learning & Develop'),
(1759, 146, 'Community Immersion'),
(1760, 277, 'Educational Policy'),
(1761, 106, 'Assess & Instr Diverse Stdts'),
(1762, 185, 'Prof Learning Communities'),
(1763, 484, 'Foundations of Reading'),
(1764, 6, 'Using Classroom Data'),
(1765, 29, 'Literacy in Discipline Specifi'),
(1766, 265, 'Interpreting Literature'),
(1767, 98, 'Sci. Basis Env. Issues'),
(1768, 418, 'Writing Responsibly'),
(1769, 141, 'First Year Seminar'),
(1770, 280, 'Loyola Seminar'),
(1771, 295, 'The Chicago Experience'),
(1772, 425, 'Service and Social Justice'),
(1773, 51, 'Sem/Comm-based Serv&Ldrshp'),
(1774, 94, 'International Service Learning'),
(1775, 416, 'Ricci Seminar Rome'),
(1776, 367, 'Ricci Scholars Seminar'),
(1777, 273, 'Int Sem:Org Chng&Com Ldrshp'),
(1778, 74, 'Undergraduate Research Methods'),
(1779, 134, 'Urban Studies Research'),
(1780, 460, 'Vietnamese I'),
(1781, 291, 'Intnsv Vietnamese I and II'),
(1782, 117, 'Vietnamese III'),
(1783, 189, 'Intro:Wmns/Gender Studies'),
(1784, 103, 'Contemp Issues WSGS'),
(1785, 487, 'History of Feminist Thought'),
(1786, 427, 'Women''s Studies Practicum'),
(1787, 282, 'Dir Rdngs Women Studies'),
(1788, 304, 'Methodologies in WSGS'),
(1789, 69, 'Spec Top Wmns Studies'),
(1790, 428, 'Women''s Studies Internship'),
(1791, 80, 'History Feminist Thought');

-- --------------------------------------------------------

--
-- Структура таблицы `grades`
--

CREATE TABLE IF NOT EXISTS `grades` (
  `grades_id` int(11) NOT NULL AUTO_INCREMENT,
  `student_id` int(11) NOT NULL,
  `class_id` int(11) NOT NULL,
  `grades` text NOT NULL,
  `date` date NOT NULL,
  PRIMARY KEY (`grades_id`),
  UNIQUE KEY `grades_id` (`grades_id`)
) ENGINE=InnoDB  DEFAULT CHARSET=utf8 AUTO_INCREMENT=1000 ;

--
-- Дамп данных таблицы `grades`
--

INSERT INTO `grades` (`grades_id`, `student_id`, `class_id`, `grades`, `date`) VALUES
(1, 406, 533, 'F', '2014-12-01'),
(2, 321, 1728, 'B', '2014-10-04'),
(3, 203, 1737, 'C', '2014-10-29'),
(4, 114, 1340, 'D', '2014-08-01'),
(5, 274, 600, 'C', '2014-11-12'),
(6, 357, 355, 'A', '2014-10-30'),
(7, 413, 720, 'B', '2014-10-06'),
(8, 455, 1737, 'E', '2014-10-12'),
(9, 470, 83, 'B', '2014-12-29'),
(10, 109, 352, 'C', '2014-08-25'),
(11, 499, 734, 'D', '2014-12-12'),
(12, 70, 377, 'C', '2014-09-02'),
(13, 159, 1139, 'E', '2014-08-08'),
(14, 10, 682, 'F', '2014-12-06'),
(15, 372, 1280, 'A', '2014-11-23'),
(16, 158, 998, 'E', '2014-08-23'),
(17, 6, 1718, 'A', '2014-11-15'),
(18, 261, 751, 'A', '2014-12-07'),
(19, 464, 1346, 'C', '2014-10-01'),
(20, 83, 856, 'A', '2014-09-07'),
(21, 43, 1581, 'E', '2014-09-24'),
(22, 338, 1636, 'A', '2014-09-25'),
(23, 142, 1052, 'D', '2014-12-22'),
(24, 441, 404, 'D', '2014-09-23'),
(25, 317, 182, 'A', '2014-11-11'),
(26, 211, 1134, 'B', '2014-10-18'),
(27, 256, 1011, 'E', '2014-11-29'),
(28, 422, 1489, 'D', '2014-11-29'),
(29, 100, 1549, 'E', '2014-09-17'),
(30, 106, 1693, 'A', '2014-08-30'),
(31, 289, 948, 'A', '2014-09-06'),
(32, 251, 1661, 'D', '2014-11-02'),
(33, 296, 237, 'C', '2014-11-18'),
(34, 244, 604, 'C', '2014-09-05'),
(35, 12, 347, 'A', '2014-10-15'),
(36, 6, 1200, 'E', '2014-09-30'),
(37, 209, 297, 'D', '2014-09-18'),
(38, 388, 1617, 'C', '2014-12-06'),
(39, 90, 395, 'D', '2014-09-01'),
(40, 448, 1225, 'E', '2014-12-29'),
(41, 432, 36, 'E', '2014-09-17'),
(42, 31, 257, 'B', '2014-10-04'),
(43, 286, 206, 'A', '2014-10-07'),
(44, 388, 1234, 'D', '2014-08-22'),
(45, 174, 153, 'A', '2014-11-05'),
(46, 80, 1636, 'A', '2014-11-01'),
(47, 330, 734, 'B', '2014-09-13'),
(48, 287, 1392, 'A', '2014-08-02'),
(49, 397, 891, 'B', '2014-08-11'),
(50, 381, 374, 'D', '2014-08-18'),
(51, 498, 589, 'B', '2014-12-17'),
(52, 214, 1687, 'A', '2014-10-03'),
(53, 137, 334, 'E', '2014-08-12'),
(54, 281, 77, 'E', '2014-09-13'),
(55, 136, 221, 'E', '2014-09-07'),
(56, 53, 559, 'E', '2014-09-23'),
(57, 381, 928, 'F', '2014-11-28'),
(58, 69, 1546, 'C', '2014-12-09'),
(59, 160, 1415, 'B', '2014-08-28'),
(60, 354, 262, 'D', '2014-08-26'),
(61, 359, 1735, 'C', '2014-08-22'),
(62, 425, 865, 'B', '2014-12-14'),
(63, 106, 132, 'B', '2014-08-29'),
(64, 155, 181, 'E', '2014-10-05'),
(65, 169, 1470, 'E', '2014-09-20'),
(66, 119, 480, 'B', '2014-11-04'),
(67, 161, 1381, 'D', '2014-09-10'),
(68, 378, 1768, 'B', '2014-09-11'),
(69, 7, 306, 'E', '2014-11-15'),
(70, 251, 1776, 'A', '2014-11-03'),
(71, 327, 1203, 'A', '2014-11-04'),
(72, 439, 342, 'D', '2014-12-15'),
(73, 283, 243, 'C', '2014-08-22'),
(74, 114, 1410, 'A', '2014-11-05'),
(75, 328, 1577, 'A', '2014-11-23'),
(76, 457, 397, 'D', '2014-12-21'),
(77, 194, 1255, 'B', '2014-10-26'),
(78, 159, 520, 'B', '2014-08-18'),
(79, 245, 1790, 'E', '2014-11-19'),
(80, 92, 355, 'D', '2014-11-03'),
(81, 41, 895, 'E', '2014-09-14'),
(82, 244, 588, 'F', '2014-09-15'),
(83, 307, 252, 'D', '2014-11-13'),
(84, 179, 1229, 'C', '2014-12-15'),
(85, 25, 665, 'D', '2014-12-18'),
(86, 444, 473, 'B', '2014-10-18'),
(87, 233, 1788, 'B', '2014-11-13'),
(88, 406, 1594, 'D', '2014-08-22'),
(89, 13, 228, 'D', '2014-08-24'),
(90, 393, 1413, 'C', '2014-12-22'),
(91, 261, 66, 'A', '2014-10-26'),
(92, 372, 173, 'A', '2014-10-30'),
(93, 318, 488, 'E', '2014-11-17'),
(94, 367, 199, 'C', '2014-10-15'),
(95, 28, 354, 'E', '2014-08-09'),
(96, 488, 168, 'C', '2014-10-14'),
(97, 486, 679, 'D', '2014-11-23'),
(98, 190, 1736, 'B', '2014-12-15'),
(99, 367, 145, 'D', '2014-08-23'),
(100, 494, 985, 'B', '2014-12-02'),
(101, 442, 1722, 'C', '2014-09-16'),
(102, 194, 1349, 'E', '2014-11-01'),
(103, 434, 1328, 'F', '2014-12-20'),
(104, 225, 175, 'E', '2014-11-02'),
(105, 309, 968, 'E', '2014-10-19'),
(106, 263, 1114, 'F', '2014-11-30'),
(107, 183, 572, 'C', '2014-10-07'),
(108, 4, 432, 'A', '2014-12-05'),
(109, 422, 1635, 'A', '2014-11-17'),
(110, 428, 571, 'A', '2014-11-29'),
(111, 96, 788, 'D', '2014-12-06'),
(112, 464, 739, 'F', '2014-09-17'),
(113, 173, 1160, 'F', '2014-12-10'),
(114, 404, 1040, 'B', '2014-08-03'),
(115, 144, 178, 'C', '2014-08-01'),
(116, 198, 35, 'C', '2014-08-13'),
(117, 348, 1513, 'C', '2014-10-22'),
(118, 377, 175, 'D', '2014-10-15'),
(119, 105, 1630, 'F', '2014-09-06'),
(120, 362, 1742, 'A', '2014-10-25'),
(121, 271, 1589, 'A', '2014-11-10'),
(122, 366, 1696, 'A', '2014-11-08'),
(123, 235, 124, 'A', '2014-10-23'),
(124, 90, 287, 'E', '2014-10-09'),
(125, 234, 104, 'C', '2014-09-02'),
(126, 263, 479, 'F', '2014-09-04'),
(127, 78, 455, 'A', '2014-09-20'),
(128, 220, 783, 'A', '2014-11-05'),
(129, 453, 424, 'B', '2014-12-22'),
(130, 446, 601, 'E', '2014-09-02'),
(131, 214, 1769, 'C', '2014-11-11'),
(132, 396, 356, 'E', '2014-10-10'),
(133, 141, 159, 'C', '2014-08-27'),
(134, 148, 1306, 'B', '2014-12-15'),
(135, 121, 531, 'D', '2014-08-11'),
(136, 450, 1128, 'B', '2014-09-26'),
(137, 411, 630, 'A', '2014-11-03'),
(138, 305, 1103, 'F', '2014-08-06'),
(139, 454, 1560, 'C', '2014-12-16'),
(140, 334, 475, 'B', '2014-10-04'),
(141, 234, 1675, 'F', '2014-10-22'),
(142, 51, 558, 'A', '2014-09-24'),
(143, 299, 1215, 'A', '2014-09-27'),
(144, 407, 1044, 'E', '2014-12-11'),
(145, 455, 1599, 'B', '2014-11-06'),
(146, 443, 1393, 'D', '2014-09-12'),
(147, 106, 1080, 'B', '2014-10-26'),
(148, 304, 1322, 'E', '2014-11-20'),
(149, 320, 1569, 'A', '2014-11-15'),
(150, 211, 919, 'A', '2014-08-24'),
(151, 166, 1273, 'F', '2014-12-12'),
(152, 91, 1367, 'A', '2014-11-15'),
(153, 78, 825, 'B', '2014-10-24'),
(154, 401, 1398, 'A', '2014-11-09'),
(155, 182, 1654, 'F', '2014-09-05'),
(156, 312, 929, 'E', '2014-09-27'),
(157, 164, 86, 'F', '2014-12-19'),
(158, 260, 319, 'F', '2014-11-08'),
(159, 33, 1712, 'E', '2014-10-19'),
(160, 118, 511, 'B', '2014-10-04'),
(161, 207, 920, 'E', '2014-11-30'),
(162, 248, 1691, 'B', '2014-10-11'),
(163, 15, 867, 'F', '2014-12-06'),
(164, 348, 1079, 'B', '2014-12-17'),
(165, 397, 1207, 'C', '2014-11-03'),
(166, 136, 1398, 'D', '2014-09-16'),
(167, 298, 416, 'C', '2014-10-01'),
(168, 309, 46, 'D', '2014-08-29'),
(169, 442, 711, 'C', '2014-11-21'),
(170, 252, 186, 'F', '2014-09-03'),
(171, 143, 522, 'E', '2014-12-19'),
(172, 176, 596, 'C', '2014-12-23'),
(173, 303, 745, 'F', '2014-09-19'),
(174, 443, 1737, 'F', '2014-12-23'),
(175, 84, 1641, 'B', '2014-09-18'),
(176, 259, 553, 'A', '2014-12-01'),
(177, 386, 1339, 'C', '2014-10-11'),
(178, 190, 930, 'C', '2014-09-12'),
(179, 63, 84, 'F', '2014-10-10'),
(180, 207, 1117, 'D', '2014-12-07'),
(181, 402, 59, 'D', '2014-10-10'),
(182, 229, 1358, 'E', '2014-11-27'),
(183, 299, 694, 'E', '2014-09-22'),
(184, 481, 884, 'F', '2014-12-04'),
(185, 130, 965, 'F', '2014-10-03'),
(186, 481, 557, 'D', '2014-08-08'),
(187, 294, 23, 'D', '2014-11-05'),
(188, 295, 1052, 'E', '2014-12-29'),
(189, 242, 876, 'D', '2014-11-30'),
(190, 327, 1736, 'B', '2014-11-30'),
(191, 414, 1563, 'A', '2014-10-17'),
(192, 449, 6, 'B', '2014-12-05'),
(193, 75, 1636, 'D', '2014-12-10'),
(194, 429, 639, 'A', '2014-10-14'),
(195, 297, 1086, 'C', '2014-11-15'),
(196, 472, 1052, 'F', '2014-11-02'),
(197, 66, 247, 'D', '2014-12-12'),
(198, 95, 1503, 'F', '2014-12-05'),
(199, 282, 1099, 'D', '2014-08-24'),
(200, 8, 959, 'A', '2014-09-16'),
(201, 347, 1690, 'E', '2014-12-15'),
(202, 426, 1621, 'B', '2014-11-18'),
(203, 185, 1556, 'C', '2014-11-23'),
(204, 151, 644, 'E', '2014-10-11'),
(205, 369, 1568, 'A', '2014-11-07'),
(206, 270, 1406, 'E', '2014-09-10'),
(207, 411, 1198, 'E', '2014-11-10'),
(208, 255, 1116, 'D', '2014-10-22'),
(209, 461, 546, 'A', '2014-11-30'),
(210, 474, 1283, 'E', '2014-08-10'),
(211, 462, 443, 'A', '2014-10-26'),
(212, 364, 605, 'E', '2014-09-09'),
(213, 204, 850, 'C', '2014-09-10'),
(214, 261, 1137, 'F', '2014-10-10'),
(215, 345, 1490, 'D', '2014-08-22'),
(216, 334, 25, 'B', '2014-12-29'),
(217, 242, 1695, 'C', '2014-09-18'),
(218, 139, 1513, 'A', '2014-10-25'),
(219, 130, 1077, 'A', '2014-09-02'),
(220, 484, 780, 'A', '2014-08-03'),
(221, 467, 1458, 'C', '2014-09-16'),
(222, 45, 849, 'B', '2014-09-03'),
(223, 433, 787, 'B', '2014-12-25'),
(224, 42, 1303, 'F', '2014-11-16'),
(225, 474, 1489, 'B', '2014-11-29'),
(226, 231, 82, 'E', '2014-12-08'),
(227, 15, 565, 'F', '2014-11-06'),
(228, 41, 1737, 'F', '2014-10-01'),
(229, 326, 1585, 'E', '2014-10-01'),
(230, 297, 1664, 'C', '2014-09-17'),
(231, 50, 906, 'A', '2014-11-05'),
(232, 174, 1484, 'D', '2014-10-29'),
(233, 223, 1495, 'E', '2014-11-02'),
(234, 236, 671, 'D', '2014-11-04'),
(235, 326, 338, 'B', '2014-08-29'),
(236, 93, 1272, 'F', '2014-08-13'),
(237, 6, 286, 'B', '2014-10-18'),
(238, 237, 1536, 'A', '2014-10-10'),
(239, 348, 598, 'C', '2014-09-09'),
(240, 468, 832, 'C', '2014-12-06'),
(241, 211, 1029, 'E', '2014-09-19'),
(242, 311, 1041, 'D', '2014-10-01'),
(243, 332, 1438, 'A', '2014-11-30'),
(244, 415, 88, 'B', '2014-08-09'),
(245, 73, 387, 'D', '2014-08-11'),
(246, 177, 1138, 'D', '2014-12-23'),
(247, 250, 113, 'D', '2014-10-11'),
(248, 316, 291, 'F', '2014-11-09'),
(249, 317, 860, 'E', '2014-10-14'),
(250, 381, 1190, 'E', '2014-09-17'),
(251, 300, 1072, 'F', '2014-09-17'),
(252, 284, 527, 'B', '2014-12-26'),
(253, 426, 249, 'F', '2014-08-14'),
(254, 234, 68, 'B', '2014-08-16'),
(255, 326, 40, 'B', '2014-11-29'),
(256, 401, 1738, 'B', '2014-11-29'),
(257, 466, 151, 'A', '2014-10-05'),
(258, 342, 606, 'B', '2014-12-11'),
(259, 442, 1685, 'B', '2014-08-29'),
(260, 292, 1736, 'E', '2014-11-04'),
(261, 140, 479, 'D', '2014-09-15'),
(262, 493, 800, 'C', '2014-12-25'),
(263, 466, 1430, 'C', '2014-12-18'),
(264, 364, 184, 'C', '2014-08-08'),
(265, 229, 1471, 'F', '2014-08-14'),
(266, 293, 1768, 'D', '2014-11-13'),
(267, 457, 1456, 'B', '2014-08-23'),
(268, 236, 1758, 'A', '2014-09-05'),
(269, 30, 1514, 'D', '2014-08-12'),
(270, 306, 263, 'E', '2014-11-28'),
(271, 204, 800, 'D', '2014-09-12'),
(272, 241, 752, 'C', '2014-12-27'),
(273, 118, 1305, 'C', '2014-10-24'),
(274, 36, 448, 'D', '2014-09-20'),
(275, 157, 841, 'E', '2014-11-28'),
(276, 191, 1692, 'F', '2014-11-02'),
(277, 214, 1586, 'B', '2014-09-20'),
(278, 407, 955, 'B', '2014-12-07'),
(279, 7, 193, 'F', '2014-09-29'),
(280, 31, 655, 'A', '2014-10-08'),
(281, 288, 354, 'A', '2014-10-08'),
(282, 308, 1265, 'E', '2014-11-14'),
(283, 315, 1183, 'B', '2014-08-27'),
(284, 215, 604, 'A', '2014-11-06'),
(285, 43, 1334, 'A', '2014-09-09'),
(286, 142, 1224, 'D', '2014-08-18'),
(287, 116, 552, 'C', '2014-11-29'),
(288, 9, 1485, 'A', '2014-10-06'),
(289, 485, 39, 'E', '2014-11-23'),
(290, 59, 446, 'D', '2014-12-15'),
(291, 302, 1431, 'F', '2014-11-18'),
(292, 126, 519, 'C', '2014-10-01'),
(293, 52, 1247, 'F', '2014-09-12'),
(294, 269, 1071, 'B', '2014-09-14'),
(295, 490, 703, 'E', '2014-09-22'),
(296, 282, 928, 'F', '2014-11-24'),
(297, 62, 1049, 'F', '2014-12-11'),
(298, 448, 369, 'A', '2014-09-30'),
(299, 18, 895, 'A', '2014-09-26'),
(300, 92, 773, 'C', '2014-08-15'),
(301, 255, 633, 'E', '2014-08-09'),
(302, 222, 1696, 'D', '2014-08-25'),
(303, 334, 1525, 'F', '2014-09-18'),
(304, 373, 147, 'B', '2014-12-29'),
(305, 259, 353, 'A', '2014-09-24'),
(306, 491, 576, 'D', '2014-10-30'),
(307, 65, 49, 'A', '2014-09-29'),
(308, 473, 148, 'C', '2014-08-19'),
(309, 399, 1531, 'F', '2014-09-08'),
(310, 72, 242, 'F', '2014-08-22'),
(311, 5, 804, 'C', '2014-12-23'),
(312, 188, 95, 'F', '2014-10-29'),
(313, 380, 1508, 'E', '2014-08-22'),
(314, 320, 196, 'E', '2014-12-09'),
(315, 403, 699, 'F', '2014-10-04'),
(316, 424, 1052, 'F', '2014-11-22'),
(317, 463, 1421, 'B', '2014-10-26'),
(318, 20, 1252, 'B', '2014-10-20'),
(319, 433, 747, 'F', '2014-10-15'),
(320, 448, 1460, 'F', '2014-11-23'),
(321, 79, 1698, 'F', '2014-09-02'),
(322, 235, 388, 'F', '2014-11-20'),
(323, 74, 188, 'B', '2014-08-22'),
(324, 132, 1155, 'F', '2014-09-11'),
(325, 4, 1459, 'A', '2014-12-10'),
(326, 65, 892, 'A', '2014-08-29'),
(327, 415, 292, 'E', '2014-08-17'),
(328, 67, 717, 'F', '2014-12-05'),
(329, 14, 1261, 'A', '2014-09-25'),
(330, 433, 1188, 'E', '2014-10-27'),
(331, 159, 1490, 'C', '2014-12-07'),
(332, 270, 103, 'F', '2014-10-12'),
(333, 156, 1093, 'C', '2014-08-04'),
(334, 493, 1225, 'C', '2014-08-16'),
(335, 143, 250, 'A', '2014-11-20'),
(336, 415, 1447, 'D', '2014-09-27'),
(337, 484, 11, 'F', '2014-11-30'),
(338, 208, 300, 'B', '2014-10-21'),
(339, 389, 1595, 'F', '2014-11-25'),
(340, 383, 1542, 'E', '2014-08-21'),
(341, 281, 542, 'B', '2014-08-04'),
(342, 394, 609, 'C', '2014-11-07'),
(343, 71, 1637, 'E', '2014-11-16'),
(344, 162, 260, 'A', '2014-09-29'),
(345, 215, 806, 'B', '2014-09-24'),
(346, 475, 546, 'D', '2014-12-10'),
(347, 86, 1313, 'F', '2014-08-13'),
(348, 178, 436, 'C', '2014-11-03'),
(349, 495, 8, 'E', '2014-10-22'),
(350, 20, 269, 'F', '2014-11-05'),
(351, 127, 105, 'C', '2014-09-27'),
(352, 75, 1706, 'D', '2014-08-01'),
(353, 256, 657, 'E', '2014-12-18'),
(354, 202, 294, 'E', '2014-11-18'),
(355, 208, 1071, 'C', '2014-10-23'),
(356, 261, 325, 'E', '2014-09-17'),
(357, 267, 1186, 'F', '2014-12-28'),
(358, 123, 1363, 'B', '2014-11-16'),
(359, 328, 1043, 'E', '2014-10-03'),
(360, 282, 656, 'F', '2014-10-24'),
(361, 56, 760, 'F', '2014-12-10'),
(362, 487, 743, 'B', '2014-08-27'),
(363, 52, 760, 'E', '2014-11-24'),
(364, 212, 63, 'B', '2014-12-08'),
(365, 481, 177, 'D', '2014-10-18'),
(366, 196, 1010, 'F', '2014-10-26'),
(367, 128, 1510, 'E', '2014-10-14'),
(368, 465, 188, 'D', '2014-12-10'),
(369, 405, 1311, 'A', '2014-08-18'),
(370, 17, 1315, 'E', '2014-12-14'),
(371, 349, 1731, 'C', '2014-09-06'),
(372, 186, 63, 'C', '2014-08-06'),
(373, 411, 133, 'B', '2014-08-23'),
(374, 421, 1578, 'A', '2014-11-16'),
(375, 348, 323, 'C', '2014-12-06'),
(376, 126, 939, 'C', '2014-09-23'),
(377, 396, 334, 'D', '2014-10-13'),
(378, 435, 1636, 'B', '2014-11-07'),
(379, 305, 1375, 'F', '2014-08-19'),
(380, 391, 342, 'C', '2014-10-21'),
(381, 455, 115, 'A', '2014-09-28'),
(382, 432, 1481, 'B', '2014-10-21'),
(383, 467, 258, 'A', '2014-09-12'),
(384, 211, 772, 'F', '2014-08-12'),
(385, 134, 1776, 'A', '2014-12-28'),
(386, 175, 1329, 'D', '2014-12-09'),
(387, 472, 1098, 'E', '2014-08-26'),
(388, 402, 1171, 'F', '2014-10-06'),
(389, 298, 902, 'E', '2014-11-05'),
(390, 301, 350, 'C', '2014-11-15'),
(391, 184, 37, 'F', '2014-09-01'),
(392, 355, 1662, 'E', '2014-09-26'),
(393, 288, 1093, 'D', '2014-10-27'),
(394, 237, 797, 'E', '2014-08-19'),
(395, 68, 1726, 'A', '2014-10-18'),
(396, 269, 1271, 'B', '2014-09-22'),
(397, 433, 17, 'D', '2014-10-24'),
(398, 196, 1446, 'F', '2014-09-25'),
(399, 235, 1460, 'E', '2014-08-13'),
(400, 339, 1328, 'E', '2014-09-03'),
(401, 214, 970, 'D', '2014-09-03'),
(402, 85, 1400, 'A', '2014-09-14'),
(403, 25, 1391, 'B', '2014-12-25'),
(404, 125, 1103, 'E', '2014-11-18'),
(405, 6, 1188, 'A', '2014-12-12'),
(406, 373, 1715, 'D', '2014-08-11'),
(407, 252, 252, 'B', '2014-09-09'),
(408, 402, 1522, 'E', '2014-08-25'),
(409, 308, 1560, 'F', '2014-08-09'),
(410, 57, 1628, 'A', '2014-10-20'),
(411, 294, 73, 'A', '2014-12-22'),
(412, 264, 1675, 'A', '2014-09-10'),
(413, 490, 1319, 'C', '2014-10-23'),
(414, 261, 331, 'A', '2014-08-19'),
(415, 476, 657, 'F', '2014-08-12'),
(416, 124, 1304, 'C', '2014-11-16'),
(417, 437, 1660, 'D', '2014-10-03'),
(418, 448, 1755, 'D', '2014-12-13'),
(419, 26, 685, 'C', '2014-12-19'),
(420, 236, 771, 'C', '2014-12-28'),
(421, 250, 315, 'A', '2014-12-02'),
(422, 211, 722, 'C', '2014-09-12'),
(423, 91, 643, 'A', '2014-09-13'),
(424, 39, 1409, 'E', '2014-08-16'),
(425, 449, 1520, 'A', '2014-11-19'),
(426, 160, 579, 'B', '2014-08-17'),
(427, 309, 890, 'F', '2014-09-16'),
(428, 383, 1537, 'E', '2014-12-25'),
(429, 357, 234, 'A', '2014-09-01'),
(430, 44, 559, 'D', '2014-10-14'),
(431, 222, 1075, 'D', '2014-10-05'),
(432, 71, 1204, 'E', '2014-12-27'),
(433, 129, 169, 'D', '2014-09-28'),
(434, 247, 675, 'E', '2014-09-06'),
(435, 197, 517, 'D', '2014-10-08'),
(436, 136, 1357, 'E', '2014-08-15'),
(437, 121, 599, 'C', '2014-09-10'),
(438, 449, 770, 'E', '2014-12-19'),
(439, 39, 1089, 'C', '2014-11-02'),
(440, 430, 369, 'C', '2014-08-14'),
(441, 7, 607, 'E', '2014-11-09'),
(442, 333, 1162, 'C', '2014-12-01'),
(443, 195, 254, 'C', '2014-12-27'),
(444, 497, 135, 'A', '2014-12-03'),
(445, 95, 1493, 'D', '2014-12-08'),
(446, 171, 911, 'C', '2014-10-10'),
(447, 122, 1440, 'D', '2014-10-14'),
(448, 33, 1363, 'B', '2014-08-21'),
(449, 120, 876, 'A', '2014-09-14'),
(450, 148, 334, 'A', '2014-12-27'),
(451, 269, 344, 'D', '2014-11-28'),
(452, 370, 1192, 'B', '2014-09-30'),
(453, 360, 1056, 'C', '2014-09-07'),
(454, 361, 988, 'E', '2014-11-30'),
(455, 409, 810, 'F', '2014-09-23'),
(456, 310, 785, 'C', '2014-10-30'),
(457, 21, 1568, 'F', '2014-08-13'),
(458, 218, 1700, 'E', '2014-12-26'),
(459, 193, 532, 'A', '2014-09-25'),
(460, 378, 11, 'F', '2014-12-06'),
(461, 263, 469, 'C', '2014-08-14'),
(462, 416, 1607, 'E', '2014-10-15'),
(463, 449, 1216, 'D', '2014-12-21'),
(464, 393, 639, 'A', '2014-08-09'),
(465, 163, 492, 'C', '2014-08-01'),
(466, 146, 1733, 'A', '2014-08-26'),
(467, 29, 205, 'E', '2014-12-16'),
(468, 285, 1092, 'F', '2014-12-06'),
(469, 96, 712, 'F', '2014-11-15'),
(470, 68, 1294, 'A', '2014-08-02'),
(471, 216, 1461, 'B', '2014-09-17'),
(472, 104, 1320, 'D', '2014-08-10'),
(473, 402, 666, 'D', '2014-12-01'),
(474, 411, 1716, 'E', '2014-08-08'),
(475, 101, 1456, 'E', '2014-12-04'),
(476, 497, 369, 'A', '2014-10-27'),
(477, 83, 837, 'A', '2014-10-29'),
(478, 224, 1105, 'B', '2014-09-15'),
(479, 30, 1733, 'C', '2014-11-16'),
(480, 203, 1714, 'B', '2014-11-25'),
(481, 372, 1439, 'B', '2014-10-28'),
(482, 300, 286, 'F', '2014-11-15'),
(483, 73, 1115, 'C', '2014-10-17'),
(484, 233, 705, 'D', '2014-11-07'),
(485, 161, 1275, 'D', '2014-08-25'),
(486, 483, 134, 'B', '2014-09-09'),
(487, 43, 1491, 'A', '2014-09-09'),
(488, 182, 1052, 'C', '2014-10-11'),
(489, 201, 44, 'A', '2014-09-23'),
(490, 237, 232, 'B', '2014-11-03'),
(491, 61, 1064, 'C', '2014-12-02'),
(492, 465, 513, 'C', '2014-12-13'),
(493, 153, 49, 'F', '2014-08-10'),
(494, 11, 489, 'A', '2014-12-21'),
(495, 358, 1152, 'D', '2014-12-21'),
(496, 317, 541, 'C', '2014-10-12'),
(497, 158, 432, 'B', '2014-11-06'),
(498, 388, 1358, 'B', '2014-12-02'),
(499, 103, 1633, 'B', '2014-11-17'),
(500, 255, 1145, 'A', '2014-09-23'),
(501, 456, 862, 'C', '2014-09-16'),
(502, 320, 1304, 'C', '2014-08-22'),
(503, 359, 674, 'D', '2014-11-19'),
(504, 359, 1528, 'A', '2014-08-02'),
(505, 232, 1229, 'A', '2014-09-20'),
(506, 461, 340, 'C', '2014-08-07'),
(507, 356, 107, 'A', '2014-11-02'),
(508, 315, 276, 'B', '2014-11-22'),
(509, 185, 1445, 'D', '2014-09-18'),
(510, 387, 49, 'D', '2014-09-06'),
(511, 19, 199, 'C', '2014-09-27'),
(512, 58, 1094, 'F', '2014-10-26'),
(513, 188, 336, 'C', '2014-08-14'),
(514, 92, 1314, 'F', '2014-12-23'),
(515, 292, 8, 'C', '2014-12-05'),
(516, 349, 1611, 'A', '2014-10-10'),
(517, 76, 1449, 'B', '2014-11-16'),
(518, 336, 1499, 'D', '2014-08-14'),
(519, 32, 873, 'D', '2014-08-03'),
(520, 278, 1493, 'B', '2014-10-16'),
(521, 73, 1732, 'E', '2014-11-18'),
(522, 93, 146, 'F', '2014-11-13'),
(523, 243, 216, 'E', '2014-11-12'),
(524, 227, 1781, 'E', '2014-08-30'),
(525, 104, 636, 'A', '2014-12-16'),
(526, 102, 1369, 'B', '2014-08-07'),
(527, 44, 531, 'A', '2014-09-23'),
(528, 263, 1068, 'B', '2014-08-13'),
(529, 490, 937, 'D', '2014-08-01'),
(530, 148, 373, 'C', '2014-08-06'),
(531, 18, 423, 'B', '2014-08-21'),
(532, 447, 8, 'F', '2014-10-25'),
(533, 468, 1677, 'E', '2014-09-17'),
(534, 377, 1098, 'F', '2014-09-11'),
(535, 306, 1537, 'F', '2014-11-23'),
(536, 200, 1116, 'F', '2014-12-10'),
(537, 338, 1438, 'B', '2014-09-18'),
(538, 163, 1644, 'A', '2014-11-29'),
(539, 16, 1392, 'B', '2014-12-25'),
(540, 24, 1093, 'F', '2014-12-29'),
(541, 51, 1694, 'D', '2014-09-04'),
(542, 35, 1592, 'E', '2014-08-22'),
(543, 82, 396, 'E', '2014-12-08'),
(544, 239, 239, 'A', '2014-08-03'),
(545, 128, 1115, 'D', '2014-09-11'),
(546, 374, 404, 'B', '2014-09-13'),
(547, 88, 60, 'A', '2014-08-24'),
(548, 204, 773, 'E', '2014-09-07'),
(549, 210, 112, 'E', '2014-09-16'),
(550, 121, 933, 'E', '2014-10-28'),
(551, 482, 476, 'A', '2014-09-12'),
(552, 284, 53, 'D', '2014-09-18'),
(553, 214, 1080, 'E', '2014-12-29'),
(554, 226, 692, 'F', '2014-10-28'),
(555, 11, 43, 'B', '2014-11-16'),
(556, 319, 1717, 'E', '2014-12-03'),
(557, 328, 270, 'A', '2014-11-01'),
(558, 56, 575, 'B', '2014-12-16'),
(559, 82, 995, 'F', '2014-09-30'),
(560, 319, 1207, 'D', '2014-10-17'),
(561, 204, 948, 'D', '2014-09-26'),
(562, 100, 1418, 'B', '2014-12-10'),
(563, 266, 1216, 'D', '2014-11-07'),
(564, 173, 835, 'C', '2014-10-28'),
(565, 478, 725, 'B', '2014-11-04'),
(566, 72, 963, 'C', '2014-12-30'),
(567, 373, 161, 'C', '2014-10-02'),
(568, 317, 373, 'C', '2014-10-15'),
(569, 236, 817, 'D', '2014-12-05'),
(570, 389, 1554, 'E', '2014-10-23'),
(571, 341, 1466, 'C', '2014-11-09'),
(572, 287, 720, 'A', '2014-12-09'),
(573, 424, 1355, 'C', '2014-09-21'),
(574, 424, 71, 'B', '2014-11-18'),
(575, 26, 959, 'B', '2014-11-12'),
(576, 52, 680, 'A', '2014-08-29'),
(577, 299, 475, 'C', '2014-09-03'),
(578, 115, 1019, 'C', '2014-09-25'),
(579, 257, 1453, 'F', '2014-09-25'),
(580, 10, 588, 'B', '2014-11-01'),
(581, 236, 162, 'A', '2014-12-18'),
(582, 240, 138, 'F', '2014-08-14'),
(583, 294, 642, 'E', '2014-11-19'),
(584, 451, 1243, 'E', '2014-12-20'),
(585, 466, 831, 'E', '2014-11-10'),
(586, 306, 686, 'A', '2014-09-12'),
(587, 271, 1169, 'D', '2014-10-08'),
(588, 295, 1102, 'F', '2014-11-27'),
(589, 363, 1261, 'C', '2014-12-14'),
(590, 353, 373, 'D', '2014-10-18'),
(591, 114, 518, 'D', '2014-12-18'),
(592, 67, 419, 'A', '2014-10-01'),
(593, 454, 0, 'E', '2014-11-24'),
(594, 381, 1735, 'A', '2014-12-29'),
(595, 240, 1255, 'C', '2014-11-19'),
(596, 433, 726, 'A', '2014-12-17'),
(597, 454, 907, 'C', '2014-08-30'),
(598, 114, 1416, 'F', '2014-12-25'),
(599, 250, 1100, 'C', '2014-11-27'),
(600, 190, 1725, 'F', '2014-10-11'),
(601, 3, 1179, 'D', '2014-09-26'),
(602, 92, 775, 'F', '2014-11-24'),
(603, 478, 654, 'A', '2014-08-13'),
(604, 428, 744, 'F', '2014-11-02'),
(605, 17, 847, 'A', '2014-12-05'),
(606, 4, 1614, 'B', '2014-11-20'),
(607, 481, 1424, 'F', '2014-11-05'),
(608, 316, 1323, 'D', '2014-11-12'),
(609, 120, 842, 'D', '2014-12-16'),
(610, 238, 1087, 'F', '2014-09-17'),
(611, 327, 121, 'E', '2014-08-10'),
(612, 357, 1005, 'D', '2014-08-10'),
(613, 478, 1225, 'F', '2014-09-03'),
(614, 122, 763, 'D', '2014-08-28'),
(615, 308, 457, 'C', '2014-12-19'),
(616, 445, 266, 'E', '2014-09-06'),
(617, 428, 1450, 'E', '2014-10-01'),
(618, 79, 1626, 'A', '2014-12-18'),
(619, 240, 1368, 'D', '2014-10-21'),
(620, 291, 920, 'A', '2014-11-08'),
(621, 433, 209, 'D', '2014-12-08'),
(622, 355, 96, 'A', '2014-12-17'),
(623, 359, 1339, 'A', '2014-09-18'),
(624, 388, 209, 'C', '2014-12-09'),
(625, 236, 40, 'A', '2014-08-09'),
(626, 100, 804, 'C', '2014-12-08'),
(627, 321, 936, 'C', '2014-10-29'),
(628, 190, 948, 'D', '2014-10-28'),
(629, 214, 429, 'C', '2014-08-21'),
(630, 72, 246, 'F', '2014-12-01'),
(631, 381, 882, 'D', '2014-09-03'),
(632, 218, 1609, 'F', '2014-09-24'),
(633, 165, 1022, 'F', '2014-08-07'),
(634, 359, 1537, 'D', '2014-09-16'),
(635, 147, 562, 'F', '2014-12-30'),
(636, 182, 78, 'F', '2014-11-22'),
(637, 364, 1360, 'E', '2014-09-22'),
(638, 128, 196, 'F', '2014-09-18'),
(639, 499, 1401, 'C', '2014-09-07'),
(640, 484, 412, 'C', '2014-12-13'),
(641, 367, 1283, 'E', '2014-10-22'),
(642, 326, 1522, 'B', '2014-11-03'),
(643, 341, 1417, 'A', '2014-11-06'),
(644, 345, 718, 'D', '2014-08-22'),
(645, 449, 495, 'F', '2014-12-25'),
(646, 150, 83, 'D', '2014-11-06'),
(647, 290, 984, 'B', '2014-12-30'),
(648, 378, 154, 'D', '2014-12-01'),
(649, 229, 1710, 'D', '2014-08-10'),
(650, 31, 561, 'F', '2014-10-03'),
(651, 170, 1075, 'D', '2014-09-11'),
(652, 163, 128, 'B', '2014-12-15'),
(653, 386, 657, 'F', '2014-08-03'),
(654, 29, 624, 'D', '2014-08-12'),
(655, 51, 338, 'E', '2014-09-29'),
(656, 123, 698, 'A', '2014-11-24'),
(657, 130, 1428, 'A', '2014-11-13'),
(658, 373, 1275, 'B', '2014-12-11'),
(659, 313, 1647, 'D', '2014-11-27'),
(660, 344, 66, 'C', '2014-08-15'),
(661, 445, 1521, 'A', '2014-11-26'),
(662, 195, 738, 'B', '2014-11-19'),
(663, 63, 1676, 'C', '2014-12-19'),
(664, 111, 752, 'A', '2014-11-01'),
(665, 54, 485, 'E', '2014-12-07'),
(666, 210, 448, 'B', '2014-08-06'),
(667, 293, 831, 'F', '2014-10-27'),
(668, 418, 54, 'D', '2014-11-20'),
(669, 338, 644, 'A', '2014-12-23'),
(670, 293, 442, 'C', '2014-08-08'),
(671, 403, 466, 'A', '2014-11-24'),
(672, 206, 137, 'F', '2014-08-12'),
(673, 120, 174, 'D', '2014-09-29'),
(674, 245, 93, 'A', '2014-11-25'),
(675, 51, 855, 'C', '2014-12-25'),
(676, 69, 670, 'C', '2014-09-16'),
(677, 395, 177, 'D', '2014-11-30'),
(678, 342, 49, 'E', '2014-08-14'),
(679, 447, 824, 'F', '2014-10-25'),
(680, 125, 96, 'B', '2014-10-16'),
(681, 373, 611, 'D', '2014-08-18'),
(682, 117, 108, 'D', '2014-11-19'),
(683, 288, 225, 'C', '2014-10-12'),
(684, 260, 1269, 'D', '2014-09-13'),
(685, 147, 733, 'A', '2014-08-09'),
(686, 340, 563, 'A', '2014-11-25'),
(687, 383, 176, 'D', '2014-08-23'),
(688, 277, 370, 'B', '2014-08-10'),
(689, 213, 48, 'B', '2014-11-28'),
(690, 197, 32, 'B', '2014-08-15'),
(691, 122, 437, 'E', '2014-11-14'),
(692, 159, 1569, 'C', '2014-08-12'),
(693, 392, 771, 'C', '2014-10-06'),
(694, 186, 322, 'A', '2014-12-02'),
(695, 270, 531, 'C', '2014-08-10'),
(696, 447, 1256, 'B', '2014-10-02'),
(697, 396, 770, 'B', '2014-12-08'),
(698, 64, 1363, 'C', '2014-11-11'),
(699, 366, 1311, 'F', '2014-11-30'),
(700, 235, 1415, 'C', '2014-11-24'),
(701, 357, 14, 'E', '2014-09-15'),
(702, 269, 1777, 'F', '2014-10-11'),
(703, 441, 1552, 'B', '2014-09-24'),
(704, 478, 189, 'C', '2014-11-27'),
(705, 14, 80, 'F', '2014-11-25'),
(706, 493, 617, 'E', '2014-09-14'),
(707, 47, 859, 'E', '2014-09-13'),
(708, 410, 257, 'D', '2014-12-22'),
(709, 335, 666, 'C', '2014-10-21'),
(710, 495, 1683, 'E', '2014-11-19'),
(711, 36, 354, 'E', '2014-08-09'),
(712, 209, 1277, 'A', '2014-11-27'),
(713, 113, 1, 'B', '2014-10-11'),
(714, 324, 579, 'B', '2014-09-06'),
(715, 469, 755, 'D', '2014-09-02'),
(716, 261, 734, 'C', '2014-12-18'),
(717, 164, 1142, 'B', '2014-10-17'),
(718, 353, 932, 'B', '2014-12-22'),
(719, 39, 1105, 'D', '2014-09-19'),
(720, 378, 1191, 'D', '2014-11-02'),
(721, 50, 965, 'D', '2014-10-01'),
(722, 162, 1542, 'B', '2014-10-21'),
(723, 37, 969, 'F', '2014-10-11'),
(724, 443, 1736, 'A', '2014-09-01'),
(725, 348, 74, 'B', '2014-08-05'),
(726, 308, 1501, 'C', '2014-11-02'),
(727, 391, 1202, 'B', '2014-10-09'),
(728, 244, 844, 'D', '2014-12-30'),
(729, 372, 1073, 'E', '2014-11-06'),
(730, 257, 722, 'B', '2014-08-30'),
(731, 480, 469, 'A', '2014-09-04'),
(732, 230, 1088, 'D', '2014-10-23'),
(733, 26, 709, 'A', '2014-11-17'),
(734, 421, 230, 'B', '2014-10-01'),
(735, 208, 1277, 'F', '2014-08-03'),
(736, 41, 790, 'A', '2014-08-18'),
(737, 414, 847, 'A', '2014-08-18'),
(738, 256, 346, 'D', '2014-09-16'),
(739, 452, 1047, 'E', '2014-12-21'),
(740, 250, 1514, 'C', '2014-10-29'),
(741, 252, 238, 'C', '2014-12-04'),
(742, 488, 1401, 'C', '2014-12-08'),
(743, 459, 1000, 'C', '2014-10-28'),
(744, 365, 240, 'E', '2014-09-03'),
(745, 312, 189, 'D', '2014-08-13'),
(746, 429, 1755, 'A', '2014-08-10'),
(747, 127, 975, 'A', '2014-10-20'),
(748, 477, 1332, 'F', '2014-08-07'),
(749, 282, 897, 'B', '2014-08-16'),
(750, 166, 289, 'D', '2014-09-11'),
(751, 356, 733, 'C', '2014-11-10'),
(752, 333, 71, 'F', '2014-12-22'),
(753, 328, 41, 'F', '2014-12-07'),
(754, 393, 1702, 'C', '2014-09-25'),
(755, 277, 16, 'F', '2014-12-22'),
(756, 177, 115, 'B', '2014-11-22'),
(757, 202, 1413, 'E', '2014-12-23'),
(758, 168, 1219, 'B', '2014-12-09'),
(759, 421, 960, 'F', '2014-11-07'),
(760, 74, 696, 'D', '2014-09-24'),
(761, 425, 151, 'C', '2014-11-13'),
(762, 401, 1429, 'F', '2014-08-06'),
(763, 305, 1784, 'A', '2014-08-06'),
(764, 452, 861, 'D', '2014-09-07'),
(765, 323, 1660, 'B', '2014-11-19'),
(766, 13, 1271, 'A', '2014-10-10'),
(767, 493, 1651, 'D', '2014-12-16'),
(768, 238, 717, 'B', '2014-08-26'),
(769, 270, 1617, 'D', '2014-11-07'),
(770, 445, 907, 'C', '2014-11-19'),
(771, 488, 440, 'E', '2014-12-13'),
(772, 22, 65, 'A', '2014-09-24'),
(773, 433, 518, 'E', '2014-08-09'),
(774, 448, 1440, 'B', '2014-08-27'),
(775, 388, 306, 'E', '2014-10-12'),
(776, 246, 708, 'C', '2014-11-05'),
(777, 377, 1405, 'B', '2014-11-24'),
(778, 16, 1281, 'E', '2014-09-26'),
(779, 224, 250, 'B', '2014-12-22'),
(780, 159, 511, 'D', '2014-08-21'),
(781, 182, 1571, 'C', '2014-09-20'),
(782, 80, 983, 'E', '2014-08-09'),
(783, 493, 582, 'C', '2014-08-02'),
(784, 11, 1612, 'C', '2014-08-26'),
(785, 474, 895, 'B', '2014-09-24'),
(786, 270, 599, 'B', '2014-10-07'),
(787, 188, 1727, 'D', '2014-09-24'),
(788, 176, 518, 'A', '2014-08-12'),
(789, 439, 28, 'D', '2014-08-02'),
(790, 110, 896, 'D', '2014-09-18'),
(791, 251, 1214, 'D', '2014-10-29'),
(792, 364, 179, 'F', '2014-11-08'),
(793, 12, 535, 'C', '2014-11-02'),
(794, 56, 1208, 'E', '2014-08-22'),
(795, 316, 1041, 'C', '2014-11-06'),
(796, 335, 404, 'E', '2014-10-04'),
(797, 70, 689, 'E', '2014-12-13'),
(798, 310, 901, 'A', '2014-10-29'),
(799, 74, 1122, 'F', '2014-10-16'),
(800, 340, 515, 'C', '2014-12-23'),
(801, 255, 18, 'C', '2014-09-09'),
(802, 62, 1562, 'E', '2014-12-15'),
(803, 363, 581, 'C', '2014-08-30'),
(804, 189, 537, 'B', '2014-12-06'),
(805, 10, 1212, 'F', '2014-08-05'),
(806, 252, 888, 'B', '2014-11-15'),
(807, 436, 1245, 'D', '2014-08-15'),
(808, 387, 826, 'B', '2014-11-26'),
(809, 268, 378, 'F', '2014-10-25'),
(810, 161, 1496, 'F', '2014-10-10'),
(811, 47, 1338, 'F', '2014-12-30'),
(812, 451, 159, 'C', '2014-10-25'),
(813, 242, 688, 'E', '2014-09-26'),
(814, 41, 130, 'B', '2014-11-27'),
(815, 463, 1771, 'F', '2014-09-19'),
(816, 216, 1584, 'F', '2014-11-20'),
(817, 312, 730, 'D', '2014-12-18'),
(818, 152, 1708, 'C', '2014-08-30'),
(819, 393, 311, 'F', '2014-10-02'),
(820, 251, 758, 'A', '2014-08-18'),
(821, 262, 814, 'A', '2014-09-28'),
(822, 144, 1525, 'C', '2014-08-10'),
(823, 115, 938, 'A', '2014-10-24'),
(824, 275, 1349, 'D', '2014-08-30'),
(825, 201, 943, 'B', '2014-10-22'),
(826, 431, 188, 'C', '2014-09-18'),
(827, 111, 1754, 'B', '2014-11-23'),
(828, 271, 1632, 'F', '2014-09-03'),
(829, 241, 1089, 'D', '2014-11-05'),
(830, 185, 1085, 'B', '2014-12-30'),
(831, 112, 357, 'C', '2014-11-18'),
(832, 497, 1108, 'A', '2014-11-20'),
(833, 247, 856, 'F', '2014-08-25'),
(834, 476, 939, 'F', '2014-11-22'),
(835, 187, 1645, 'B', '2014-12-25'),
(836, 258, 278, 'F', '2014-09-03'),
(837, 229, 36, 'A', '2014-11-11'),
(838, 124, 1100, 'F', '2014-10-06'),
(839, 146, 1104, 'A', '2014-08-18'),
(840, 497, 415, 'A', '2014-08-21'),
(841, 285, 805, 'F', '2014-09-15'),
(842, 194, 652, 'A', '2014-09-01'),
(843, 449, 574, 'C', '2014-09-20'),
(844, 27, 1494, 'D', '2014-08-25'),
(845, 235, 782, 'B', '2014-12-02'),
(846, 412, 555, 'C', '2014-12-18'),
(847, 244, 1288, 'D', '2014-11-14'),
(848, 47, 1512, 'F', '2014-09-25'),
(849, 64, 472, 'E', '2014-09-28'),
(850, 137, 1599, 'C', '2014-10-04'),
(851, 298, 480, 'A', '2014-11-25'),
(852, 327, 1287, 'F', '2014-08-15'),
(853, 282, 1334, 'F', '2014-08-18'),
(854, 414, 1418, 'A', '2014-11-08'),
(855, 102, 846, 'C', '2014-08-25'),
(856, 483, 486, 'A', '2014-12-14'),
(857, 346, 1607, 'D', '2014-09-08'),
(858, 214, 809, 'E', '2014-10-16'),
(859, 255, 328, 'A', '2014-12-18'),
(860, 87, 906, 'A', '2014-09-22'),
(861, 399, 104, 'F', '2014-11-05'),
(862, 368, 685, 'D', '2014-09-09'),
(863, 85, 223, 'B', '2014-10-18'),
(864, 147, 961, 'F', '2014-08-25'),
(865, 344, 1624, 'C', '2014-10-19'),
(866, 273, 78, 'D', '2014-12-07'),
(867, 406, 1239, 'F', '2014-10-04'),
(868, 73, 1661, 'C', '2014-11-18'),
(869, 397, 1178, 'D', '2014-11-11'),
(870, 52, 553, 'A', '2014-12-26'),
(871, 71, 285, 'C', '2014-08-25'),
(872, 183, 193, 'C', '2014-09-14'),
(873, 247, 1205, 'A', '2014-08-24'),
(874, 20, 859, 'F', '2014-12-29'),
(875, 210, 1688, 'A', '2014-09-10'),
(876, 482, 197, 'C', '2014-11-30'),
(877, 433, 1415, 'B', '2014-10-30'),
(878, 455, 1185, 'D', '2014-09-02'),
(879, 30, 1709, 'B', '2014-10-11'),
(880, 498, 96, 'A', '2014-12-02'),
(881, 93, 993, 'A', '2014-12-25'),
(882, 329, 399, 'B', '2014-09-13'),
(883, 326, 1384, 'A', '2014-12-30'),
(884, 375, 537, 'F', '2014-08-19'),
(885, 243, 27, 'C', '2014-09-27'),
(886, 428, 439, 'C', '2014-10-16'),
(887, 359, 1024, 'A', '2014-11-25'),
(888, 89, 1634, 'F', '2014-12-23'),
(889, 143, 1248, 'A', '2014-11-29'),
(890, 114, 1352, 'B', '2014-11-29'),
(891, 177, 749, 'A', '2014-09-12'),
(892, 42, 1353, 'A', '2014-12-22'),
(893, 482, 247, 'E', '2014-09-07'),
(894, 263, 973, 'C', '2014-11-28'),
(895, 189, 523, 'A', '2014-10-19'),
(896, 327, 81, 'A', '2014-12-18'),
(897, 36, 1052, 'F', '2014-10-07'),
(898, 95, 1763, 'A', '2014-12-11'),
(899, 401, 1742, 'D', '2014-08-01'),
(900, 434, 440, 'C', '2014-12-16'),
(901, 148, 525, 'A', '2014-12-15'),
(902, 472, 236, 'A', '2014-08-18'),
(903, 117, 633, 'F', '2014-09-01'),
(904, 395, 1730, 'A', '2014-09-27'),
(905, 493, 1096, 'A', '2014-12-01'),
(906, 328, 530, 'A', '2014-12-07'),
(907, 378, 136, 'D', '2014-09-24'),
(908, 426, 720, 'C', '2014-12-23'),
(909, 283, 1716, 'D', '2014-08-20'),
(910, 409, 55, 'E', '2014-11-19'),
(911, 424, 817, 'D', '2014-09-20'),
(912, 377, 919, 'E', '2014-08-21'),
(913, 238, 455, 'A', '2014-12-06'),
(914, 251, 410, 'D', '2014-08-02'),
(915, 252, 1456, 'E', '2014-08-30'),
(916, 482, 482, 'D', '2014-10-03'),
(917, 179, 849, 'A', '2014-10-19'),
(918, 111, 690, 'E', '2014-11-23'),
(919, 72, 325, 'C', '2014-11-30'),
(920, 322, 307, 'B', '2014-11-18'),
(921, 226, 251, 'F', '2014-12-15'),
(922, 249, 1075, 'D', '2014-11-12'),
(923, 365, 1660, 'C', '2014-09-22'),
(924, 209, 499, 'E', '2014-08-10'),
(925, 13, 258, 'F', '2014-09-24'),
(926, 55, 393, 'C', '2014-12-19'),
(927, 37, 580, 'F', '2014-10-03'),
(928, 50, 1310, 'E', '2014-09-09'),
(929, 151, 365, 'C', '2014-09-10'),
(930, 438, 532, 'C', '2014-09-13'),
(931, 484, 1750, 'B', '2014-09-29'),
(932, 299, 890, 'D', '2014-10-24'),
(933, 410, 769, 'D', '2014-10-05'),
(934, 102, 593, 'A', '2014-10-06'),
(935, 195, 830, 'E', '2014-08-06'),
(936, 403, 74, 'D', '2014-11-04'),
(937, 431, 1124, 'A', '2014-11-18'),
(938, 73, 967, 'B', '2014-10-29'),
(939, 330, 795, 'F', '2014-09-18'),
(940, 214, 1049, 'E', '2014-09-20'),
(941, 483, 1022, 'F', '2014-09-05'),
(942, 255, 1613, 'D', '2014-09-25'),
(943, 92, 178, 'D', '2014-09-18'),
(944, 221, 1477, 'A', '2014-08-15'),
(945, 6, 232, 'A', '2014-12-14'),
(946, 344, 1634, 'B', '2014-12-08'),
(947, 203, 169, 'D', '2014-09-12'),
(948, 186, 1082, 'A', '2014-08-29'),
(949, 456, 534, 'F', '2014-10-18'),
(950, 275, 495, 'A', '2014-08-20'),
(951, 9, 1389, 'C', '2014-11-28'),
(952, 183, 786, 'F', '2014-11-13'),
(953, 25, 1570, 'D', '2014-10-08'),
(954, 374, 1259, 'E', '2014-09-24'),
(955, 393, 1285, 'E', '2014-12-18'),
(956, 39, 38, 'D', '2014-10-07'),
(957, 430, 1652, 'A', '2014-11-22'),
(958, 430, 75, 'D', '2014-08-29'),
(959, 89, 1349, 'C', '2014-09-05'),
(960, 81, 227, 'D', '2014-10-07'),
(961, 368, 607, 'A', '2014-11-10'),
(962, 73, 1309, 'D', '2014-10-01'),
(963, 380, 1117, 'A', '2014-11-15'),
(964, 279, 1376, 'D', '2014-12-08'),
(965, 176, 111, 'E', '2014-08-04'),
(966, 76, 157, 'F', '2014-12-25'),
(967, 182, 1451, 'A', '2014-08-21'),
(968, 107, 1236, 'F', '2014-09-16'),
(969, 150, 1124, 'A', '2014-12-17'),
(970, 13, 455, 'A', '2014-09-24'),
(971, 322, 495, 'E', '2014-08-22'),
(972, 133, 356, 'F', '2014-08-27'),
(973, 268, 278, 'D', '2014-10-02'),
(974, 414, 673, 'B', '2014-12-22'),
(975, 354, 42, 'A', '2014-09-08'),
(976, 275, 510, 'E', '2014-12-25'),
(977, 258, 517, 'C', '2014-10-12'),
(978, 58, 212, 'D', '2014-12-09'),
(979, 461, 1592, 'F', '2014-12-24'),
(980, 215, 1051, 'B', '2014-10-29'),
(981, 334, 707, 'D', '2014-12-15'),
(982, 471, 1191, 'B', '2014-11-29'),
(983, 398, 46, 'B', '2014-08-30'),
(984, 360, 487, 'B', '2014-10-03'),
(985, 345, 660, 'F', '2014-10-23'),
(986, 292, 1332, 'F', '2014-12-21'),
(987, 399, 525, 'E', '2014-10-27'),
(988, 275, 522, 'A', '2014-10-28'),
(989, 222, 1407, 'D', '2014-12-12'),
(990, 488, 84, 'B', '2014-11-05'),
(991, 356, 749, 'D', '2014-11-18'),
(992, 90, 223, 'D', '2014-12-06'),
(993, 62, 1393, 'E', '2014-12-25'),
(994, 237, 76, 'E', '2014-10-27'),
(995, 369, 1600, 'A', '2014-11-01'),
(996, 239, 1505, 'D', '2014-12-16'),
(997, 313, 233, 'D', '2014-10-18'),
(998, 52, 1261, 'B', '2014-10-20'),
(999, 346, 950, 'C', '2014-10-28');

-- --------------------------------------------------------

--
-- Структура таблицы `student`
--

CREATE TABLE IF NOT EXISTS `student` (
  `student_id` int(11) NOT NULL AUTO_INCREMENT,
  `student_full_name` text NOT NULL,
  PRIMARY KEY (`student_id`),
  UNIQUE KEY `student_id` (`student_id`)
) ENGINE=InnoDB  DEFAULT CHARSET=utf8 AUTO_INCREMENT=502 ;

--
-- Дамп данных таблицы `student`
--

INSERT INTO `student` (`student_id`, `student_full_name`) VALUES
(1, 'Robyn Kerkering'),
(2, 'Marilyn Cragwall'),
(3, 'Sarita Chinitz'),
(4, 'Thomas Gingerella'),
(5, 'Ted Lutze'),
(6, 'Heather Petrovski'),
(7, 'Mikolaj Gouldey'),
(8, 'Mel Jing'),
(9, 'Rebecca Lynn DiMaio'),
(10, 'Joanne Schusler'),
(11, 'Kelly A Vail'),
(12, 'Adrienne Stiehl'),
(13, 'Ana Chaudhary'),
(14, 'Danielle Garbach'),
(15, 'Erwan Mitten SJ'),
(16, 'Lisa Palmer Ruman'),
(17, 'Khadija Darby'),
(18, 'Andrew J Mazboudi'),
(19, 'Larry Toporek'),
(20, 'Karin Garcia'),
(21, 'Lorena Meyer'),
(22, 'Marijo S Knizhnik'),
(23, 'Nadine Garvey'),
(24, 'Linda C Schwarzkopf'),
(25, 'Annie Martinez'),
(26, 'Karen J Buksa'),
(27, 'Diane Malleis'),
(28, 'Laura M. Steed'),
(29, 'Jeanne T. Wilson'),
(30, 'Teresa Dugas'),
(31, 'Nancy S. Hoban'),
(32, 'Mary Broderick Coumbe-Lilley'),
(33, 'Nanette R. Gupta-Mukherjee'),
(34, 'Beverly Bergman'),
(35, 'John Charles Choi'),
(36, 'Sandra Pollon'),
(37, 'Vicki Ann Xu'),
(38, 'Laura M Hong'),
(39, 'Nicole A. Popenfoose'),
(40, 'Colleen M Lash'),
(41, 'Elizabeth E Todd'),
(42, 'Maria A Tarhan'),
(43, 'Lisa K. Kaufman'),
(44, 'Kristi L Kolb'),
(45, 'Cathlin B. Evans'),
(46, 'Colleen A. Balasis'),
(47, 'Charles L. Hernes'),
(48, 'Carol Anne Bolinger'),
(49, 'Patricia J. Rieben'),
(50, 'Andrew Paul Montecinos Valdivia'),
(51, 'Barbara F. Mannino'),
(52, 'Sue M. Murray'),
(53, 'Elizabeth M Jensen'),
(54, 'Maria Lekousis'),
(55, 'Lynn Biderbost'),
(56, 'Tracey Groves'),
(57, 'Lee Franker'),
(58, 'Gregory W Prisble'),
(59, 'Marco Ferentz'),
(60, 'Nenad Vodvarka'),
(61, 'Mira Cohen Mericle'),
(62, 'Wiley McGuire'),
(63, 'Griffin R. Dunn'),
(64, 'Theresa J Heer'),
(65, 'Barbara Rowlands'),
(66, 'Robert O Bohr SJ'),
(67, 'Leslie Wisotzki'),
(68, 'Thomas Anthony Gannon'),
(69, 'Frank A Green'),
(70, 'Andrew Joseph Nicholson'),
(71, 'Alice A Czerwinski'),
(72, 'Marek Greengus'),
(73, 'Amy Brooke Duke'),
(74, 'Anthony Kouba'),
(75, 'Aidan Eiden'),
(76, 'Eric A Regis'),
(77, 'Elizabeth J Sekler'),
(78, 'Suzanne K Gould'),
(79, 'Cord Sorel'),
(80, 'John R Erceg'),
(81, 'Elizabeth Michelle Bounou'),
(82, 'Constance R Mc Kenna'),
(83, 'Elena Posner'),
(84, 'Christopher Matthew Duncker-Hoffmann'),
(85, 'Devin V Batiston'),
(86, 'Nicole Noelle Pankratz'),
(87, 'Elizabeth Tandy Conway-Phillips'),
(88, 'Elizabeth S Letizia'),
(89, 'Kelly Ann Parise'),
(90, 'Kim M. Schmitt'),
(91, 'Edin Cassata'),
(92, 'Zouhair Egenes'),
(93, 'Courtney Hewitt'),
(94, 'Elliott Klein'),
(95, 'Dina M Robbins'),
(96, 'Hengda Babowice'),
(97, 'Elliot B Zars'),
(98, 'Prudence A O''Neill'),
(99, 'Anne M Hogan PhD'),
(100, 'Yunwei Donnelly'),
(101, 'Theodore Heliker'),
(102, 'Kyle Elster'),
(103, 'Christopher E Kopala'),
(104, 'Layla P. Stys'),
(105, 'Vijay Sojka'),
(106, 'Brendan R Bacidore'),
(107, 'Blake Coghlan Gerc'),
(108, 'John W Shayan'),
(109, 'Dianne Burkhart'),
(110, 'Hector Connolly'),
(111, 'Megan Anne Anderson-Shaw'),
(112, 'Tracy P Feutz'),
(113, 'Gunes Poronsky'),
(114, 'Osama Andreoni'),
(115, 'Brandon Millsap'),
(116, 'Stefano Egan'),
(117, 'Hille P Webber PhD'),
(118, 'Claudio Kostovich'),
(119, 'K. Dow Friend PhD'),
(120, 'Dennis Spencer'),
(121, 'Arup Velsor-Friedrich'),
(122, 'James W. Penckofer'),
(123, 'Mary C Wengel'),
(124, 'Dian Hirsch'),
(125, 'Audrey L Derylo'),
(126, 'Alexander Templeton'),
(127, 'Camilla Odishoo'),
(128, 'Mary Schmidt'),
(129, 'Karen Dobrov'),
(130, 'Makio Conti'),
(131, 'Alan J Jukic'),
(132, 'Abhishek Allali'),
(133, 'Robin Feinstein'),
(134, 'Carolyn B Byers'),
(135, 'Frederick Gross-Diaz'),
(136, 'Matthew S Rosenwein'),
(137, 'Naixiang Bucholz'),
(138, 'Peter Latham Dossey'),
(139, 'Heidi McManamon SJ'),
(140, 'Stephen T. Greene'),
(141, 'Mary Therese Biletz'),
(142, 'Karol Elizabeth Schloesser'),
(143, 'Paul R Weinreb'),
(144, 'William S Suszko'),
(145, 'Melissa Danielle Oberlin'),
(146, 'Jeanette G Cardoza'),
(147, 'Diane E Forth'),
(148, 'Sheila M. Schuster'),
(149, 'Charlotte Hemenway'),
(150, 'William E Dennis'),
(151, 'Eileen M. Summers'),
(152, 'Mary Christman Scott'),
(153, 'Megan A Leazer'),
(154, 'Erica Matelski'),
(155, 'Niles Buckley'),
(156, 'Deborah Pincince'),
(157, 'Frank G Allee'),
(158, 'Gezinus J Valussi'),
(159, 'Samuel D Ramsey'),
(160, 'Faruk Donoghue'),
(161, 'Mark E Perez'),
(162, 'Antonio Shermer'),
(163, 'Anna Clara Nickerson'),
(164, 'Elizabeth Anne Fraterrigo'),
(165, 'Claudia O''Connor'),
(166, 'Rosemonde Searcy'),
(167, 'Nadia Hajdarpasic'),
(168, 'Daniela Ghazzal'),
(169, 'Nives Kleinschmidt-Jacobso'),
(170, 'Ippolita Bireley SJ'),
(171, 'Sergio Gorn'),
(172, 'Grazia Berger'),
(173, 'Elizabeth C. Yang'),
(174, 'Richard A Lefkovitz'),
(175, 'Spencer Moylan'),
(176, 'Cynthia M Wingenter'),
(177, 'Michael J Song'),
(178, 'Allen E Karamanski'),
(179, 'John M. Lapsley'),
(180, 'Henry G Roberts'),
(181, 'John L Manning'),
(182, 'Robert John Mooney-Melvin'),
(183, 'Steven A. Suleiman PhD'),
(184, 'Maureen Kaminski'),
(185, 'Nina S. Radde-Gallwitz'),
(186, 'Jane Horan SJ'),
(187, 'Nadia N Dutton'),
(188, 'Brenda Ann Danford'),
(189, 'Ted A. Whidden'),
(190, 'Barry Rothleder'),
(191, 'Andrew G McNees'),
(192, 'Martha Ann Moore'),
(193, 'Lori Sholar'),
(194, 'Karen A. Pintchman'),
(195, 'Rosalie J Agliardo'),
(196, 'Darryl B. Tezcur'),
(197, 'Andrea A. Abu-Eledam'),
(198, 'Michele Morgan Olsen'),
(199, 'Kevin C Carson'),
(200, 'Alice Giacchetti'),
(201, 'Janet V Haker'),
(202, 'Cathleen Katz'),
(203, 'Carina M Bochantin'),
(204, 'Ellen Nirtaut'),
(205, 'Andrew T Varma'),
(206, 'Dana M. Cooper Jr'),
(207, 'Anshuman Dominiak'),
(208, 'Ridgely J Langenhorst'),
(209, 'Sarah E. Klopp'),
(210, 'Ruta K. Tomich'),
(211, 'Sophie Marie Sharp-Pucci'),
(212, 'Kathleen R. Jarotkiewicz'),
(213, 'Zelda Hoak'),
(214, 'William X. Visick'),
(215, 'Janet L Iwashima'),
(216, 'Neil G Wolfe'),
(217, 'Alan Sharma'),
(218, 'Atanu Edison'),
(219, 'Sacha Tang'),
(220, 'Robert J Kaefer'),
(221, 'Teresa F. Van Benthuysen'),
(222, 'Shelley L Grigorescu'),
(223, 'Dina Feng'),
(224, 'Charles W Russell'),
(225, 'Kalpesh K. Schmisek'),
(226, 'Stuart Ludwig'),
(227, 'Jeffrey L Krupa SJ'),
(228, 'Samuel Luther'),
(229, 'Andrea B Frenchak'),
(230, 'Scott M Lysaught'),
(231, 'Emmet H. Weigelt'),
(232, 'Emlyn Ashley Giblin'),
(233, 'Robert E Lunney'),
(234, 'Ernest Gilmour'),
(235, 'Aimee E. Browning'),
(236, 'Patrick T. Vitale'),
(237, 'Annemarie E Bland'),
(238, 'Michael Devin Schorin'),
(239, 'Megan M Maloney'),
(240, 'Jean M Morrow'),
(241, 'Jacob Gorey'),
(242, 'Keren H Drexler'),
(243, 'Lisa Dillon'),
(244, 'Andrew M. Creed SJ'),
(245, 'Robert D Daily'),
(246, 'Colin H Froehle'),
(247, 'Jean M. Barry'),
(248, 'April Rans'),
(249, 'Travis J Pascal'),
(250, 'Lester Nelson'),
(251, 'Brett Wisniewski'),
(252, 'Tatia Stonebraker'),
(253, 'James F Hidding'),
(254, 'Linas J Guder'),
(255, 'Gail Bills'),
(256, 'John D Romano'),
(257, 'Tiffani Ionta'),
(258, 'Gretchen M Spilioti'),
(259, 'Jessica A LaFranco'),
(260, 'Richard A. Defraia'),
(261, 'James J Segre'),
(262, 'Patrick F Palladino'),
(263, 'Donal M. Faramondi'),
(264, 'Brian Tevington Gurtner'),
(265, 'Sara L. Cristiani'),
(266, 'Corinne Curioso'),
(267, 'Douglas P Valli'),
(268, 'Michael D Conestabile'),
(269, 'Caryn Corsi'),
(270, 'Sandra M. Sotis'),
(271, 'Erica L Bowen-Struyk'),
(272, 'Nanette M. Abramson'),
(273, 'Keara Michael'),
(274, 'Miranda B Waller'),
(275, 'Thomas J. Ho'),
(276, 'Cristina Shoenberger'),
(277, 'Angelo Banks'),
(278, 'Ceylan Bronsteen'),
(279, 'Terry Baroni'),
(280, 'Lindsey Christine Swartz'),
(281, 'Hillary Sag'),
(282, 'Anita M. Rose'),
(283, 'Stacey E Mc Cormack'),
(284, 'Cheryl A. Araujo SJ'),
(285, 'Helen J. Ramirez'),
(286, 'Sara B Wiseman'),
(287, 'Lisa G. Hager'),
(288, 'Megan Appel'),
(289, 'Elaine C Locke'),
(290, 'Ryan Sawicki'),
(291, 'Neal T. Slaughter'),
(292, 'Philip L McKinney'),
(293, 'Judith S Caldwell'),
(294, 'Elissa Herbert'),
(295, 'Rick Haney'),
(296, 'Jamila Gathii'),
(297, 'Tiffany J. Donner'),
(298, 'Insa Sullivan'),
(299, 'Sarah W Vaughn'),
(300, 'Maryellen Sabol'),
(301, 'Paul J. Fulton'),
(302, 'Michaelle K. Shaw'),
(303, 'Stacey A. Lindsay'),
(304, 'Kristin A. Simko'),
(305, 'Mary-Veronica Garland JD'),
(306, 'Eileen Wilk'),
(307, 'F. Lisa Rasp'),
(308, 'Shawn Rosado Perlin'),
(309, 'Flaminio Geary'),
(310, 'Zbigniew Nicol'),
(311, 'Jing Creevy'),
(312, 'Harvey R Phillips'),
(313, 'Joseph Michael Segalini'),
(314, 'Evanthia K Casey'),
(315, 'Raymond Gavan'),
(316, 'Santiago Ugolini JD'),
(317, 'George A. Vaidya'),
(318, 'Marshall Smiley'),
(319, 'Sarah Jane Jackson'),
(320, 'Joan M. Toney JD'),
(321, 'Clifford James Felchner'),
(322, 'Linda Y. Stropus'),
(323, 'Gene Derick Dye'),
(324, 'Gregory William Hirsman'),
(325, 'Dale Bird-Murphy'),
(326, 'Ward E Costello'),
(327, 'Curtis D Elward'),
(328, 'Richard J Chabot'),
(329, 'Charles T Tracy'),
(330, 'Danut Epstein'),
(331, 'Biju Raphael'),
(332, 'Mohammad V Dehn'),
(333, 'Rebecca Jan Das'),
(334, 'Anne E Coupet'),
(335, 'Marian Frisbie'),
(336, 'Aboubacar Sidy Kaufka Walts'),
(337, 'Philip W Dobben'),
(338, 'Loretta O''Callaghan'),
(339, 'Steven R Dunck'),
(340, 'Joseph H Ross'),
(341, 'Christine A Murdock'),
(342, 'Rafal Rosenberg'),
(343, 'Emmanuel N Shah JD'),
(344, 'Martin G Duhl'),
(345, 'Manuel Kwall'),
(346, 'Ginger Brunson'),
(347, 'Daniell Anastaplo'),
(348, 'Laura Aime Zimmer'),
(349, 'Leta LeBaron'),
(350, 'Susan Stepek Yelin'),
(351, 'Glynis Gilbert'),
(352, 'Vicki A Gallagher JD'),
(353, 'Amanda Ricketts'),
(354, 'Annemarie Vinikoor'),
(355, 'Sharyl Lehrer'),
(356, 'Karen E. Chiodo'),
(357, 'Susan M. Delaney'),
(358, 'Amy W. Rieser'),
(359, 'John Patrick Brankin'),
(360, 'Theresa L. Rhodes'),
(361, 'Erming Ditore'),
(362, 'Jasmine Canty'),
(363, 'In Hyeock Gaspardo'),
(364, 'Ray Zwick'),
(365, 'Nathan Debush'),
(366, 'Alexei M DeJong'),
(367, 'Dawn A Woods'),
(368, 'Sung Min Vrabel'),
(369, 'Theodora Leighton'),
(370, 'Ugur Cocozza'),
(371, 'Susan C Connley'),
(372, 'Katherine L. Paster'),
(373, 'Gregory Ketterman'),
(374, 'Justin Finkle'),
(375, 'Dhrubajyoti Legner'),
(376, 'Amy H Gibbons-LaForme'),
(377, 'Annette Tozzi'),
(378, 'Maria T Grikis'),
(379, 'Tiare Han'),
(380, 'Jane M. Siegel'),
(381, 'Sooa Singer'),
(382, 'Janet Marie Adair'),
(383, 'Sarah Elizabeth Herman'),
(384, 'Rosenda Devine'),
(385, 'Kathleen Ann Breen'),
(386, 'Linda C. Perea'),
(387, 'Katherine Marie Grogan'),
(388, 'Jochebed Bosede Monico'),
(389, 'Janet M. Ellis'),
(390, 'Karen A Michel'),
(391, 'Kathleen A. Levitz'),
(392, 'Flora Faught'),
(393, 'Judith A Novy'),
(394, 'Patricia Linda Suder'),
(395, 'Terry L Rosenbloom'),
(396, 'Gustavo Reddick'),
(397, 'Haysun Freeman'),
(398, 'Steve Durkin'),
(399, 'Colin Norton'),
(400, 'Kirsten Amato'),
(401, 'Steven T Hagy'),
(402, 'Rebecca Sobczyk'),
(403, 'Delia Roethke'),
(404, 'Leila Johnson'),
(405, 'Victor Paprocki'),
(406, 'Klaus Cripe'),
(407, 'Rosalyn Tilley'),
(408, 'MingHuan Vignola'),
(409, 'Steven Eatherton'),
(410, 'Jon Moritz'),
(411, 'Johanna Coustan'),
(412, 'Evan Weinberg'),
(413, 'James L Platt'),
(414, 'Maciek A. Geraghty'),
(415, 'Kenneth L Warzynski'),
(416, 'Mitchell F Kim'),
(417, 'Thomas J Block'),
(418, 'Peter E Monahan'),
(419, 'Giancarlo Southerland JD'),
(420, 'Douglas Alan Burns'),
(421, 'Daniel G Blum'),
(422, 'Julie Bess'),
(423, 'Christina Marie Zacharakis Loumbas'),
(424, 'Thomas Helmut Schurgin'),
(425, 'Gisele Meade'),
(426, 'Susi Marx Jr'),
(427, 'Sean Stephen Deaton'),
(428, 'Alberto Benfer'),
(429, 'James G. Pomerance'),
(430, 'David T. Youngberg'),
(431, 'Hugh E Sherwin'),
(432, 'Merritt Port'),
(433, 'Ardis B Frimmer'),
(434, 'C David Jefferson'),
(435, 'Wen Chadha'),
(436, 'Arnold Tracy JD'),
(437, 'J D Blanke'),
(438, 'Rebecca Glenn McBride'),
(439, 'Pamela Jean Tortorella'),
(440, 'Victoria S Maley'),
(441, 'Harry J Voss'),
(442, 'Jason Kane'),
(443, 'Henry C Unland'),
(444, 'Mark H Arvin'),
(445, 'Adriaan Carling'),
(446, 'Mariana Cischke JD'),
(447, 'Maria K. Corrigan'),
(448, 'Jonathan L. Senn'),
(449, 'Carolyn McKinnon'),
(450, 'John J Choate'),
(451, 'Thomas T Murtha'),
(452, 'Alexandr D Mathis'),
(453, 'Asim Prebil'),
(454, 'David B. Merchant'),
(455, 'Renzhi DiBiagi'),
(456, 'Aleksey V Lombardi-Diop'),
(457, 'Gregory A Banas'),
(458, 'Stephen L. Zhang'),
(459, 'Toni Sun'),
(460, 'Alexandre Boller'),
(461, 'Thomas F. Stachnik'),
(462, 'Robert C Svestka Jr'),
(463, 'Adam George Geroulis'),
(464, 'Rachel Mae Benton Jr'),
(465, 'Twyla Delboy'),
(466, 'Peter M Senick'),
(467, 'Anika Langer'),
(468, 'Brian D. Shultz II'),
(469, 'John A Tuncay'),
(470, 'Babacar DeCarlo'),
(471, 'Patrick Law'),
(472, 'Susan G Houlihan'),
(473, 'Zhenxiang Saleski'),
(474, 'Molly M. Blair'),
(475, 'Daojiong Embers'),
(476, 'Vincent A Canfield'),
(477, 'Olga Tuckey'),
(478, 'Peter J. Popovici'),
(479, 'Nelson Michael Widener'),
(480, 'Michael H Arama'),
(481, 'Jean Bourque'),
(482, 'Marie G Varghese'),
(483, 'Nicholas G Siadat'),
(484, 'Joji Barliant'),
(485, 'Zane Hupert'),
(486, 'Joan L Bocea'),
(487, 'Carolyn M. Huffman'),
(488, 'Scott Edward Sow'),
(489, 'Felisha Kate Gwanyama'),
(490, 'Jessica Icenogle Bartolini'),
(491, 'Miles Greicius'),
(492, 'Enid L Lauve'),
(493, 'Christopher Jay Del Greco'),
(494, 'Lynlee Peters'),
(495, 'Erik Mayne'),
(496, 'Bozena Nowicka Haught'),
(497, 'Arelis Doty'),
(498, 'Maryse Tingley'),
(499, 'Jennifer Nepper Giaquinto'),
(500, 'Noni K Spiegler'),
(501, 'Scott C Goebel');

