-- http://www.phpmyadmin.net
--




--
-- Database: `instant_db`
--

-- --------------------------------------------------------

--
-- Table structure for table `cms_actions`
--

CREATE TABLE IF NOT EXISTS `cms_actions` (
  `id` int(11) NOT NULL AUTO_INCREMENT,
  `component` varchar(20) NOT NULL,
  `name` varchar(20) NOT NULL,
  `title` varchar(100) NOT NULL,
  `message` varchar(255) NOT NULL,
  `is_tracked` tinyint(1) NOT NULL,
  `is_visible` tinyint(1) NOT NULL,
  PRIMARY KEY (`id`),
  KEY `name` (`name`,`is_visible`)
) ENGINE=MyISAM  DEFAULT CHARSET=utf8 AUTO_INCREMENT=32 ;

--
-- Dumping data for table `cms_actions`
--

INSERT INTO `cms_actions` (`id`, `component`, `name`, `title`, `message`, `is_tracked`, `is_visible`) VALUES
(2, 'comments', 'add_comment', 'Добавление комментария', 'добавляет %s| на странице %s', 1, 1),
(7, 'photos', 'add_photo', 'Добавление фото', 'добавляет фото %s| в альбом %s', 1, 1),
(8, 'content', 'add_article', 'Добавление статьи', 'добавляет статью %s| в раздел %s', 1, 1),
(9, 'blogs', 'add_blog', 'Создание блога пользователем', 'создает блог %s|', 1, 1),
(10, 'blogs', 'add_post', 'Добавление записи в блог', 'пишет пост %s| в блоге %s', 1, 1),
(11, 'users', 'set_status', 'Изменение статуса пользователя', '', 1, 1),
(12, 'board', 'add_board', 'Добавление объявления', 'добавляет объявление %s| в рубрику %s', 1, 1),
(13, 'catalog', 'add_catalog', 'Добавление записи в каталог', 'добавляет запись %s| в рубрику каталога %s', 1, 1),
(14, 'clubs', 'add_club', 'Создание клуба', 'создает клуб %s|', 1, 1),
(15, 'clubs', 'add_club_user', 'Вступление в клуб', 'вступает в клуб %s|', 1, 1),
(16, 'faq', 'add_quest', 'Вопрос', 'задает %s| в категории %s', 1, 1),
(17, 'forum', 'add_fpost', 'Добавление поста в форуме', 'добавляет %s| в теме %s', 1, 1),
(18, 'forum', 'add_thread', 'Добавление темы на форуме', 'создает тему %s| на форуме %s', 1, 1),
(19, 'users', 'add_avatar', 'Загрузка или смена аватара пользователем', 'изменяет аватар|', 1, 1),
(20, 'users', 'add_friend', 'Добавление друга', 'и %s стали друзьями|', 1, 1),
(21, 'users', 'add_award', 'Получение награды пользователем', 'получает награду %s|', 1, 1),
(22, 'users', 'add_file', 'Загрузка файла пользователем', 'загружает файл %s|', 1, 1),
(23, 'users', 'add_wall', 'Добавление записи на стену', 'добавляет запись на стене пользователя %s|', 1, 1),
(24, 'clubs', 'add_wall_club', 'Добавление записи на стену клуба', 'добавляет запись на стене клуба %s|', 1, 1),
(25, 'clubs', 'add_post_club', 'Добавление записи в блог клуба', 'пишет пост %s| в блоге клуба %s', 1, 1),
(26, 'users', 'add_user_photo', 'Добавление фото в личный альбом', 'добавляет фото %s| в альбом %s', 1, 1),
(27, 'users', 'add_user_photo_multi', 'Добавление много фоток в личный альбом', 'добавляет %s фото| в альбом %s', 1, 1),
(28, 'registration', 'add_user', 'Регистрация нового пользователя', 'регистрируется. Приветствуем!|', 1, 1),
(29, 'users', 'add_wall_my', 'Добавление записи на свою стену', 'пишет на своей стене|	', 1, 1),
(30, 'clubs', 'add_photo_club', 'Добавление фото в альбом клуба', 'добавляет фото %s| в альбом клуба %s', 1, 1),
(31, 'guestbook', 'add_message', 'Добавление записи в гостевую книгу', 'добавляет запись в гостевую книгу %s', 1, 1);

-- --------------------------------------------------------

--
-- Table structure for table `cms_actions_log`
--

CREATE TABLE IF NOT EXISTS `cms_actions_log` (
  `id` int(11) NOT NULL AUTO_INCREMENT,
  `action_id` int(11) NOT NULL,
  `pubdate` datetime NOT NULL,
  `user_id` int(11) NOT NULL,
  `object` varchar(100) NOT NULL,
  `object_url` varchar(255) NOT NULL,
  `object_id` int(11) NOT NULL,
  `target` varchar(100) NOT NULL,
  `target_url` varchar(255) NOT NULL,
  `target_id` int(11) NOT NULL,
  `description` varchar(1000) DEFAULT NULL,
  `is_friends_only` tinyint(1) NOT NULL DEFAULT '0',
  `is_users_only` tinyint(1) NOT NULL DEFAULT '0',
  PRIMARY KEY (`id`),
  KEY `action_id` (`action_id`,`user_id`),
  KEY `object_id` (`object_id`),
  KEY `target_id` (`target_id`)
) ENGINE=MyISAM  DEFAULT CHARSET=utf8 AUTO_INCREMENT=73 ;

--
-- Dumping data for table `cms_actions_log`
--

INSERT INTO `cms_actions_log` (`id`, `action_id`, `pubdate`, `user_id`, `object`, `object_url`, `object_id`, `target`, `target_url`, `target_id`, `description`, `is_friends_only`, `is_users_only`) VALUES
(14, 19, '2013-08-16 13:06:40', 33, '', '', 33, '', '', 0, '<a href="/users/login" class="act_usr_ava">\r\n								   <img border="0" src="/images/users/avatars/small/ab4860bfeef62e3dc1ddc55be740d77a.jpg">\r\n								</a>', 0, 0),
(15, 2, '2013-08-16 13:17:07', 33, 'комментарий', '/board/read5.html#c18', 18, 'Обменяю ВАЗ-2107 на Nissan Skyline GTR', '/board/read5.html', 5, 'меняй', 0, 0),
(8, 2, '2013-08-07 17:09:18', 1, 'комментарий', '/blogs/primer-bloga-admina/primer-zapisi-v-bloge.html#c15', 15, 'Пример записи в блоге', '/blogs/primer-bloga-admina/primer-zapisi-v-bloge.html', 5, 'dfsg:nswsfgsdrgert erwatertrtdsfgsdrgert erwatertrtdsfgsdrgert asdfgdsfgerwatertrt', 0, 0),
(9, 24, '2013-08-07 17:10:53', 1, 'Клуб любителей InstantCMS', '/clubs/14', 10, '', '', 0, 'first post on the wall', 0, 0),
(10, 25, '2013-08-07 17:11:45', 1, 'вапывапваы', '/clubs/14_vapyvapvay.html', 6, 'Клуб любителей InstantCMS', '/clubs/14', 14, '', 0, 0),
(12, 2, '2013-08-16 12:27:14', 1, 'комментарий', '/board/read6.html#c17', 17, 'Сдам 2-х комнатную квартиру', '/board/read6.html', 6, 'sdfgerstgerwtgfdsgsdfgsd', 0, 0),
(13, 28, '2013-08-16 12:34:15', 59, '', '', 59, '', '', 0, '', 0, 0),
(16, 2, '2013-08-16 13:18:45', 1, 'комментарий', '/faq/quest3.html#c19', 19, 'У меня не работает чайник. Когда я наливаю в него воду и ставлю кипятиться, он светится не естествен', '/faq/quest3.html', 3, 'выапен45ц6неку', 0, 0),
(17, 2, '2013-08-16 13:18:53', 1, 'комментарий', '/faq/quest3.html#c20', 20, 'У меня не работает чайник. Когда я наливаю в него воду и ставлю кипятиться, он светится не естествен', '/faq/quest3.html', 3, 'кунуккекенкен', 0, 0),
(18, 2, '2013-08-16 13:19:01', 1, 'комментарий', '/faq/quest3.html#c21', 21, 'У меня не работает чайник. Когда я наливаю в него воду и ставлю кипятиться, он светится не естествен', '/faq/quest3.html', 3, 'кнйуцкеукце', 0, 0),
(19, 2, '2013-08-16 16:07:15', 87, 'комментарий', '/board/read6.html#c22', 22, 'Сдам 2-х комнатную квартиру', '/board/read6.html', 6, 'sadfgerat4werwet', 0, 0),
(20, 2, '2013-08-16 16:07:20', 87, 'комментарий', '/board/read6.html#c23', 23, 'Сдам 2-х комнатную квартиру', '/board/read6.html', 6, 'sdfgdsfgdsfgsdfgt', 0, 0),
(21, 2, '2013-08-16 16:07:25', 87, 'комментарий', '/board/read6.html#c24', 24, 'Сдам 2-х комнатную квартиру', '/board/read6.html', 6, 'dfsgertertgretertsdf', 0, 0),
(22, 2, '2013-08-16 16:07:31', 87, 'комментарий', '/board/read6.html#c25', 25, 'Сдам 2-х комнатную квартиру', '/board/read6.html', 6, 'sdfgertsdfgdsfgds', 0, 0),
(23, 2, '2013-08-16 16:49:28', 88, 'комментарий', '/board/read6.html#c26', 26, 'Сдам 2-х комнатную квартиру', '/board/read6.html', 6, 'sdfsdsdfsd', 0, 0),
(24, 19, '2013-08-16 18:44:43', 1, '', '', 1, '', '', 0, '<a href="/users/admin" class="act_usr_ava">\r\n								   <img border="0" src="/images/users/avatars/small/092a27b4d1a95f4b199c8bcc3fef1986.png">\r\n								</a>', 0, 0),
(25, 2, '2013-08-19 13:10:47', 127, 'комментарий', '/board/read6.html#c27', 27, 'Сдам 2-х комнатную квартиру', '/board/read6.html', 6, 'sdgsdfgsdfgsdfg', 0, 0),
(26, 2, '2013-08-19 13:12:57', 130, 'комментарий', '/board/read6.html#c28', 28, 'Сдам 2-х комнатную квартиру', '/board/read6.html', 6, 'sdfgsdfgsdfgsdfg', 0, 0),
(27, 2, '2013-08-19 13:13:34', 132, 'комментарий', '/board/read6.html#c29', 29, 'Сдам 2-х комнатную квартиру', '/board/read6.html', 6, 'sdfgsdfgsdfg', 0, 0),
(28, 2, '2013-08-19 13:14:18', 131, 'комментарий', '/board/read6.html#c30', 30, 'Сдам 2-х комнатную квартиру', '/board/read6.html', 6, 'dsfgsdfgsdfg', 0, 0),
(29, 2, '2013-08-19 13:23:19', 133, 'комментарий', '/board/read6.html#c31', 31, 'Сдам 2-х комнатную квартиру', '/board/read6.html', 6, 'sdfgdsgsdf', 0, 0),
(30, 2, '2013-08-19 13:23:43', 135, 'комментарий', '/board/read6.html#c32', 32, 'Сдам 2-х комнатную квартиру', '/board/read6.html', 6, 'asdfasdfasdf', 0, 0),
(31, 2, '2013-08-19 15:25:01', 142, 'комментарий', '/board/read6.html#c33', 33, 'Сдам 2-х комнатную квартиру', '/board/read6.html', 6, 'sdfgsdfgsdf', 0, 0),
(32, 2, '2013-08-19 16:37:12', 161, 'комментарий', '/stati/geologija/ostancovyi-lakkolit-osnovnye-momenty.html#c34', 34, 'Останцовый лакколит: основные моменты', '/stati/geologija/ostancovyi-lakkolit-osnovnye-momenty.html', 31, 'dfhdfhdfhrtyrtfdg', 0, 0),
(33, 2, '2013-08-19 16:37:37', 161, 'комментарий', '/stati/geologija/ostancovyi-lakkolit-osnovnye-momenty.html#c35', 35, 'Останцовый лакколит: основные моменты', '/stati/geologija/ostancovyi-lakkolit-osnovnye-momenty.html', 31, 'dfhdfdfgdg', 0, 0),
(34, 24, '2013-08-19 16:51:26', 161, 'Клуб любителей InstantCMS', '/clubs/14', 11, '', '', 0, '45ен54ун456н54кне54', 0, 0),
(35, 24, '2013-08-19 16:51:36', 161, 'Клуб любителей InstantCMS', '/clubs/14', 12, '', '', 0, 'кункукнке', 0, 0),
(36, 24, '2013-08-19 16:52:44', 160, 'Клуб любителей InstantCMS', '/clubs/14', 13, '', '', 0, 'уцкецукецукеуцк', 0, 0),
(37, 15, '2013-08-19 16:52:57', 160, 'Клуб любителей InstantCMS', '/clubs/14', 14, '', '', 0, '', 0, 0),
(38, 2, '2013-08-19 16:59:33', 173, 'комментарий', '/blogs/primer-bloga-admina/primer-zapisi-v-bloge.html#c36', 36, 'Пример записи в блоге', '/blogs/primer-bloga-admina/primer-zapisi-v-bloge.html', 5, 'ertrwetewrtwe', 0, 0),
(39, 2, '2013-08-19 17:02:59', 173, 'комментарий', '/blogs/primer-bloga-admina/primer-zapisi-v-bloge.html#c37', 37, 'Пример записи в блоге', '/blogs/primer-bloga-admina/primer-zapisi-v-bloge.html', 5, 'retyrerterwt', 0, 0),
(40, 24, '2013-08-19 17:04:07', 173, 'Клуб любителей InstantCMS', '/clubs/14', 14, '', '', 0, 'ertre', 0, 0),
(41, 24, '2013-08-19 17:04:09', 173, 'Клуб любителей InstantCMS', '/clubs/14', 15, '', '', 0, 'ret', 0, 0),
(42, 24, '2013-08-19 17:04:13', 173, 'Клуб любителей InstantCMS', '/clubs/14', 16, '', '', 0, 'ert', 0, 0),
(43, 24, '2013-08-19 17:04:15', 173, 'Клуб любителей InstantCMS', '/clubs/14', 17, '', '', 0, 'ert', 0, 0),
(44, 24, '2013-08-19 17:04:34', 173, 'Клуб любителей InstantCMS', '/clubs/14', 18, '', '', 0, 'ewrtwertwer', 0, 0),
(45, 15, '2013-08-19 17:04:43', 173, 'Клуб любителей InstantCMS', '/clubs/14', 14, '', '', 0, '', 0, 0),
(46, 25, '2013-08-19 17:05:05', 173, 'wertwert', '/clubs/14_wertwert.html', 7, 'Клуб любителей InstantCMS', '/clubs/14', 14, '', 0, 0),
(47, 25, '2013-08-19 17:05:40', 173, 'yrteyeer', '/clubs/14_yrteyeer.html', 8, 'Клуб любителей InstantCMS', '/clubs/14', 14, '', 0, 0),
(48, 14, '2013-08-19 17:06:15', 173, 'rtwertewrt', '/clubs/15', 15, '', '', 0, '', 0, 0),
(49, 19, '2013-08-20 13:25:00', 173, '', '', 173, '', '', 0, '<a href="/users/YuliyaChekun" class="act_usr_ava">\r\n								   <img border="0" src="/images/users/avatars/small/44029d0b0a08b898689ad02f57ddfc68.png">\r\n								</a>', 0, 0),
(50, 2, '2013-08-20 13:25:18', 173, 'комментарий', '/catalog/item7.html#c63', 63, 'Subaru Domingo', '/catalog/item7.html', 7, 'dfh5rttyhfh', 0, 0),
(51, 20, '2013-08-20 15:44:53', 173, 'Андрюха Серебреников', '/users/AndryuhaSerebrenikov', 12, '', '', 0, '', 0, 0),
(52, 2, '2013-08-20 16:10:51', 175, 'комментарий', '/stati/marketing/kulturnyi-mediinyi-kanal-metodologija-i-osobenosti.html#c76', 76, 'Культурный медийный канал: методология и особенности', '/stati/marketing/kulturnyi-mediinyi-kanal-metodologija-i-osobenosti.html', 33, 'проввар', 0, 0),
(53, 2, '2013-08-20 16:10:58', 175, 'комментарий', '/stati/marketing/kulturnyi-mediinyi-kanal-metodologija-i-osobenosti.html#c77', 77, 'Культурный медийный канал: методология и особенности', '/stati/marketing/kulturnyi-mediinyi-kanal-metodologija-i-osobenosti.html', 33, 'вараавва', 0, 0),
(54, 14, '2013-08-20 18:39:39', 175, 'sky', '/clubs/16', 16, '', '', 0, '', 0, 0),
(55, 24, '2013-08-20 18:40:15', 175, 'sky', '/clubs/16', 19, '', '', 0, 'jtyughjghgghj', 0, 0),
(56, 19, '2013-08-21 17:56:52', 213, '', '', 213, '', '', 0, '<a href="/users/LenokSteblyanko" class="act_usr_ava">\r\n								   <img border="0" src="/images/users/avatars/small/dd45aa8b14d830221d398cce6673404b.jpg">\r\n								</a>', 0, 0),
(57, 2, '2013-08-21 19:54:39', 1, 'комментарий', '/stati/marketing/kulturnyi-mediinyi-kanal-metodologija-i-osobenosti.html#c99', 99, 'Культурный медийный канал: методология и особенности', '/stati/marketing/kulturnyi-mediinyi-kanal-metodologija-i-osobenosti.html', 33, '675675e', 0, 0),
(58, 2, '2013-08-23 15:54:37', 231, 'комментарий', '/blogs/primer-bloga-admina/primer-zapisi-v-bloge.html#c132', 132, 'Пример записи в блоге', '/blogs/primer-bloga-admina/primer-zapisi-v-bloge.html', 5, 'wetrwetwertewrtewrt', 0, 0),
(59, 2, '2013-08-23 16:20:22', 231, 'комментарий', '/blogs/primer-bloga-admina/primer-zapisi-v-bloge.html#c133', 133, 'Пример записи в блоге', '/blogs/primer-bloga-admina/primer-zapisi-v-bloge.html', 5, 'тестовый', 0, 0),
(60, 2, '2013-08-23 16:22:17', 231, 'комментарий', '/blogs/primer-bloga-admina/primer-zapisi-v-bloge.html#c134', 134, 'Пример записи в блоге', '/blogs/primer-bloga-admina/primer-zapisi-v-bloge.html', 5, 'трон', 0, 0),
(61, 2, '2013-08-23 16:24:12', 231, 'комментарий', '/blogs/primer-bloga-admina/primer-zapisi-v-bloge.html#c135', 135, 'Пример записи в блоге', '/blogs/primer-bloga-admina/primer-zapisi-v-bloge.html', 5, 'gso', 0, 0),
(62, 2, '2013-08-23 16:26:10', 231, 'комментарий', '/stati/marketing/yelastichnost-sprosa.html#c136', 136, 'Эластичность спроса', '/stati/marketing/yelastichnost-sprosa.html', 34, 'none', 0, 0),
(63, 2, '2013-08-23 17:15:45', 231, 'комментарий', '/stati/marketing/kulturnyi-mediinyi-kanal-metodologija-i-osobenosti.html#c137', 137, 'Культурный медийный канал: методология и особенности', '/stati/marketing/kulturnyi-mediinyi-kanal-metodologija-i-osobenosti.html', 33, 'sdfgdsfg', 0, 0),
(64, 2, '2013-08-23 17:42:49', 231, 'комментарий', '/taytl-diskussii.html#c138', 138, 'тайтл дискуссии', '/taytl-diskussii.html', 6, 'dsfgsdfg', 0, 0),
(65, 2, '2013-08-23 17:42:53', 231, 'комментарий', '/taytl-diskussii.html#c139', 139, 'тайтл дискуссии', '/taytl-diskussii.html', 6, 'dfsgsdfg', 0, 0),
(66, 2, '2013-08-23 17:43:45', 231, 'комментарий', '/taytl-diskussii.html#c140', 140, 'тайтл дискуссии', '/taytl-diskussii.html', 6, 'sdfgsdfg', 0, 0),
(67, 2, '2013-08-23 18:13:26', 231, 'комментарий', '/taytl-diskussii.html#c142', 142, 'тайтл дискуссии', '/taytl-diskussii.html', 6, 'cvfghfgh', 0, 0),
(68, 2, '2013-08-23 18:42:08', 231, 'комментарий', '/taytl-diskussii.html#c146', 146, 'тайтл дискуссии', '/taytl-diskussii.html', 6, 'dsfgsdfgsdfgsd', 0, 0),
(69, 2, '2013-08-27 11:23:26', 1, 'комментарий', '/taytl-diskussii.html#c147', 147, 'тайтл дискуссии', '/taytl-diskussii.html', 6, 'dsfgsdfgdsf', 0, 0),
(70, 2, '2013-08-27 11:23:43', 1, 'комментарий', '/taytl-diskussii.html#c148', 148, 'тайтл дискуссии', '/taytl-diskussii.html', 6, 'sdfgsdfg', 0, 0),
(71, 2, '2013-08-27 11:24:02', 1, 'комментарий', '/taytl-diskussii.html#c149', 149, 'тайтл дискуссии', '/taytl-diskussii.html', 6, 'dsfg', 0, 0),
(72, 28, '2013-08-30 15:35:49', 465, '', '', 465, '', '', 0, '', 0, 0);

-- --------------------------------------------------------

--
-- Table structure for table `cms_banlist`
--

CREATE TABLE IF NOT EXISTS `cms_banlist` (
  `id` int(11) NOT NULL AUTO_INCREMENT,
  `user_id` int(11) NOT NULL,
  `ip` varchar(15) NOT NULL,
  `bandate` datetime NOT NULL,
  `int_num` int(11) NOT NULL,
  `int_period` varchar(20) NOT NULL,
  `status` tinyint(1) NOT NULL DEFAULT '1',
  `autodelete` tinyint(1) NOT NULL DEFAULT '0',
  PRIMARY KEY (`id`)
) ENGINE=MyISAM DEFAULT CHARSET=utf8 AUTO_INCREMENT=1 ;

-- --------------------------------------------------------

--
-- Table structure for table `cms_banners`
--

CREATE TABLE IF NOT EXISTS `cms_banners` (
  `id` int(11) NOT NULL AUTO_INCREMENT,
  `position` varchar(100) NOT NULL DEFAULT 'banner_top',
  `typeimg` varchar(10) NOT NULL DEFAULT 'image',
  `fileurl` varchar(250) DEFAULT NULL,
  `hits` int(11) NOT NULL,
  `clicks` int(11) NOT NULL,
  `maxhits` int(11) NOT NULL,
  `maxuser` int(11) NOT NULL,
  `user_id` int(11) NOT NULL DEFAULT '1',
  `pubdate` datetime DEFAULT NULL,
  `title` varchar(250) DEFAULT NULL,
  `link` varchar(250) DEFAULT NULL,
  `published` tinyint(1) NOT NULL DEFAULT '1',
  PRIMARY KEY (`id`)
) ENGINE=MyISAM  DEFAULT CHARSET=utf8 AUTO_INCREMENT=5 ;

--
-- Dumping data for table `cms_banners`
--

INSERT INTO `cms_banners` (`id`, `position`, `typeimg`, `fileurl`, `hits`, `clicks`, `maxhits`, `maxuser`, `user_id`, `pubdate`, `title`, `link`, `published`) VALUES
(4, 'banner1', 'image', 'banner468x60v1.gif', 0, 0, 0, 0, 1, '2012-04-04 19:43:53', 'InstantCMS - Бесплатная система управления сайтом', 'http://www.instantcms.ru/', 1);

-- --------------------------------------------------------

--
-- Table structure for table `cms_banner_hits`
--

CREATE TABLE IF NOT EXISTS `cms_banner_hits` (
  `id` int(11) NOT NULL AUTO_INCREMENT,
  `banner_id` int(11) DEFAULT NULL,
  `ip` varchar(16) DEFAULT NULL,
  `pubdate` datetime DEFAULT NULL,
  PRIMARY KEY (`id`)
) ENGINE=MyISAM DEFAULT CHARSET=utf8 AUTO_INCREMENT=1 ;

-- --------------------------------------------------------

--
-- Table structure for table `cms_blogs`
--

CREATE TABLE IF NOT EXISTS `cms_blogs` (
  `id` int(11) NOT NULL AUTO_INCREMENT,
  `user_id` int(11) NOT NULL,
  `title` varchar(250) NOT NULL,
  `pubdate` timestamp NOT NULL DEFAULT CURRENT_TIMESTAMP,
  `allow_who` varchar(15) NOT NULL,
  `view_type` varchar(15) NOT NULL DEFAULT 'list',
  `showcats` tinyint(1) NOT NULL DEFAULT '1',
  `ownertype` varchar(15) NOT NULL DEFAULT 'single',
  `premod` tinyint(1) NOT NULL DEFAULT '0',
  `forall` tinyint(1) NOT NULL DEFAULT '0',
  `owner` varchar(10) NOT NULL DEFAULT 'user',
  `seolink` varchar(255) NOT NULL,
  `rating` int(11) NOT NULL DEFAULT '0',
  `comments_count` int(11) NOT NULL DEFAULT '0',
  PRIMARY KEY (`id`),
  KEY `seolink` (`seolink`),
  KEY `user_id` (`user_id`),
  KEY `pubdate` (`pubdate`)
) ENGINE=MyISAM  DEFAULT CHARSET=utf8 AUTO_INCREMENT=27 ;

--
-- Dumping data for table `cms_blogs`
--

INSERT INTO `cms_blogs` (`id`, `user_id`, `title`, `pubdate`, `allow_who`, `view_type`, `showcats`, `ownertype`, `premod`, `forall`, `owner`, `seolink`, `rating`, `comments_count`) VALUES
(1, 1, 'Пример блога админа', '2012-06-03 10:26:55', 'all', 'list', 1, 'single', 0, 1, 'user', 'primer-bloga-admina', 0, 8),
(24, 14, 'Блог клуба любителей InstantCMS', '2012-07-19 21:02:41', 'all', 'list', 1, 'multi', 0, 0, 'club', 'instantcms-lovers', 0, 0),
(25, 15, 'Блог клуба - rtwertewrt', '2013-08-19 13:06:15', 'all', 'list', 1, 'multi', 0, 0, 'club', 'blog-kluba-rtwertewrt', 0, 0),
(26, 16, 'Блог клуба - sky', '2013-08-20 14:39:39', 'all', 'list', 1, 'multi', 0, 0, 'club', 'blog-kluba-sky', 0, 0);

-- --------------------------------------------------------

--
-- Table structure for table `cms_blog_authors`
--

CREATE TABLE IF NOT EXISTS `cms_blog_authors` (
  `id` int(11) NOT NULL AUTO_INCREMENT,
  `user_id` int(11) NOT NULL,
  `blog_id` int(11) NOT NULL,
  `description` varchar(100) NOT NULL,
  `startdate` datetime NOT NULL,
  PRIMARY KEY (`id`),
  KEY `user_id` (`user_id`),
  KEY `blog_id` (`blog_id`)
) ENGINE=MyISAM DEFAULT CHARSET=utf8 AUTO_INCREMENT=1 ;

-- --------------------------------------------------------

--
-- Table structure for table `cms_blog_cats`
--

CREATE TABLE IF NOT EXISTS `cms_blog_cats` (
  `id` int(11) NOT NULL AUTO_INCREMENT,
  `blog_id` int(11) NOT NULL,
  `title` varchar(250) NOT NULL,
  `description` varchar(1000) NOT NULL,
  PRIMARY KEY (`id`),
  KEY `blog_id` (`blog_id`)
) ENGINE=MyISAM DEFAULT CHARSET=utf8 AUTO_INCREMENT=1 ;

-- --------------------------------------------------------

--
-- Table structure for table `cms_blog_posts`
--

CREATE TABLE IF NOT EXISTS `cms_blog_posts` (
  `id` int(11) NOT NULL AUTO_INCREMENT,
  `user_id` int(11) NOT NULL,
  `cat_id` int(11) NOT NULL,
  `blog_id` int(11) NOT NULL,
  `pubdate` datetime NOT NULL,
  `title` varchar(250) NOT NULL,
  `feel` varchar(100) NOT NULL,
  `music` varchar(100) NOT NULL,
  `content` text NOT NULL,
  `content_html` text NOT NULL,
  `allow_who` varchar(20) NOT NULL,
  `edit_times` int(11) NOT NULL DEFAULT '0',
  `edit_date` timestamp NOT NULL DEFAULT CURRENT_TIMESTAMP ON UPDATE CURRENT_TIMESTAMP,
  `published` tinyint(1) NOT NULL DEFAULT '1',
  `seolink` varchar(255) NOT NULL,
  `comments` tinyint(1) NOT NULL DEFAULT '1',
  `comments_count` int(11) NOT NULL DEFAULT '0',
  `rating` int(11) NOT NULL DEFAULT '0',
  PRIMARY KEY (`id`),
  KEY `seolink` (`seolink`),
  KEY `blog_id` (`blog_id`),
  KEY `user_id` (`user_id`),
  FULLTEXT KEY `title` (`title`),
  FULLTEXT KEY `content_html` (`content_html`)
) ENGINE=MyISAM  DEFAULT CHARSET=utf8 AUTO_INCREMENT=9 ;

--
-- Dumping data for table `cms_blog_posts`
--

INSERT INTO `cms_blog_posts` (`id`, `user_id`, `cat_id`, `blog_id`, `pubdate`, `title`, `feel`, `music`, `content`, `content_html`, `allow_who`, `edit_times`, `edit_date`, `published`, `seolink`, `comments`, `comments_count`, `rating`) VALUES
(5, 1, 5, 1, '2012-09-07 11:50:16', 'Пример записи в блоге', '', '', '[b]Блоги InstantCMS - это мощный и надежный инструмент для ваших публикаций:[/b]\r\n\r\n- Редактор BB-кода (скрытый текст, ссылки, цитаты, картинки);\r\n- Вставка изображений "на лету";\r\n- Неограниченное число рубрик;\r\n- Комментарии к записям;\r\n- Возможность ведения коллективных блогов;\r\n- Смайлы и теги;', '<b>Блоги InstantCMS - это мощный и надежный инструмент для ваших публикаций:</b><br />\r\n<br />\r\n- Редактор BB-кода (скрытый текст, ссылки, цитаты, картинки);<br />\r\n- Вставка изображений "на лету";<br />\r\n- Неограниченное число рубрик;<br />\r\n- Комментарии к записям;<br />\r\n- Возможность ведения коллективных блогов;<br />\r\n- Смайлы и теги;', 'all', 3, '2013-08-23 12:24:12', 1, 'primer-zapisi-v-bloge', 1, 8, 0),
(6, 1, 0, 24, '2013-08-07 17:11:45', 'вапывапваы', 'ывпывапва', 'ывапвы', 'выапывапваыпваыпвыапвыапывапваыпваыпвыапвыапывапваыпваыпвыапвыапывапваыпваыпвыап\r\n[email][/email][url=выапывапваыпваыпвыап]выапывапваыпваыпвыап[/url]', 'выапывапваыпваыпвыапвыапывапваыпваыпвыапвыапывапваыпваыпвыапвыапывапваыпваыпвыап<br /> <a href="/go/url=http://выапывапваыпваыпвыап" target="_blank">выапывапваыпваыпвыап</a>', 'all', 0, '2013-08-07 13:11:45', 1, 'vapyvapvay', 1, 0, 0),
(7, 173, 0, 24, '2013-08-19 17:05:05', 'wertwert', 'ewrtwer', 'ewrtewrt', 'ewrtewrtewrtewr', 'ewrtewrtewrtewr', 'all', 0, '2013-08-19 13:05:05', 1, 'wertwert', 1, 0, 0),
(8, 173, 0, 24, '2013-08-19 17:05:39', 'yrteyeer', 'reyr', 'ryer', 'eryerr', 'eryerr', 'all', 0, '2013-08-19 13:05:39', 1, 'yrteyeer', 1, 0, 0);

-- --------------------------------------------------------

--
-- Table structure for table `cms_board_cats`
--

CREATE TABLE IF NOT EXISTS `cms_board_cats` (
  `id` int(11) NOT NULL AUTO_INCREMENT,
  `parent_id` int(11) NOT NULL,
  `ordering` int(11) NOT NULL DEFAULT '1',
  `NSLeft` int(11) NOT NULL,
  `NSRight` int(11) NOT NULL,
  `NSDiffer` varchar(15) NOT NULL,
  `NSIgnore` int(11) NOT NULL,
  `NSLevel` int(11) NOT NULL,
  `title` varchar(100) NOT NULL,
  `description` varchar(300) NOT NULL,
  `published` tinyint(1) NOT NULL,
  `orderform` tinyint(1) DEFAULT '1',
  `showdate` tinyint(1) NOT NULL DEFAULT '1',
  `pubdate` datetime NOT NULL,
  `orderby` varchar(20) NOT NULL DEFAULT 'title',
  `orderto` varchar(4) NOT NULL DEFAULT 'asc',
  `public` tinyint(1) NOT NULL,
  `perpage` int(11) NOT NULL DEFAULT '15',
  `maxcols` int(11) NOT NULL DEFAULT '1',
  `thumb1` int(11) NOT NULL DEFAULT '64',
  `thumb2` int(11) NOT NULL DEFAULT '400',
  `thumbsqr` int(11) NOT NULL,
  `uplimit` int(11) NOT NULL DEFAULT '10',
  `is_photos` tinyint(1) NOT NULL DEFAULT '1',
  `icon` varchar(200) DEFAULT 'folder_grey.png',
  `obtypes` text NOT NULL,
  `form_id` int(11) NOT NULL,
  PRIMARY KEY (`id`),
  KEY `parent_id` (`parent_id`),
  KEY `NSLeft` (`NSLeft`,`NSRight`)
) ENGINE=MyISAM  DEFAULT CHARSET=utf8 AUTO_INCREMENT=11 ;

--
-- Dumping data for table `cms_board_cats`
--

INSERT INTO `cms_board_cats` (`id`, `parent_id`, `ordering`, `NSLeft`, `NSRight`, `NSDiffer`, `NSIgnore`, `NSLevel`, `title`, `description`, `published`, `orderform`, `showdate`, `pubdate`, `orderby`, `orderto`, `public`, `perpage`, `maxcols`, `thumb1`, `thumb2`, `thumbsqr`, `uplimit`, `is_photos`, `icon`, `obtypes`, `form_id`) VALUES
(1, 0, 1, 1, 8, '', 0, 0, '-- Корневая рубрика --', '', 1, 1, 1, '2012-07-22 13:39:32', 'pubdate', 'desc', 0, 15, 1, 64, 400, 0, 10, 1, 'folder_grey.png', '', 0),
(10, 1, 21, 2, 3, '', 0, 1, 'Услуги', '', 1, 1, 1, '2012-07-22 14:30:29', 'pubdate', 'desc', -1, 20, 1, 64, 400, 0, 10, 1, 'folder_grey.png', 'Предлагаю\r\nТребуется', 0),
(9, 1, 23, 6, 7, '', 0, 1, 'Автомобили', '', 1, 1, 1, '2012-07-22 14:30:23', 'pubdate', 'desc', -1, 20, 1, 64, 400, 0, 10, 1, 'folder_grey.png', 'Куплю\r\nПродам\r\nОбменяю', 0),
(8, 1, 22, 4, 5, '', 0, 1, 'Недвижимость', '', 1, 1, 1, '2012-07-22 14:30:00', 'pubdate', 'desc', -1, 20, 1, 64, 400, 0, 10, 1, 'folder_grey.png', 'Продам\r\nКуплю\r\nОбменяю\r\nСдам\r\nСниму', 0);

-- --------------------------------------------------------

--
-- Table structure for table `cms_board_items`
--

CREATE TABLE IF NOT EXISTS `cms_board_items` (
  `id` int(11) NOT NULL AUTO_INCREMENT,
  `category_id` int(11) NOT NULL,
  `user_id` int(11) NOT NULL,
  `obtype` varchar(50) NOT NULL,
  `title` varchar(250) NOT NULL,
  `content` text NOT NULL,
  `formsdata` text NOT NULL,
  `city` varchar(100) NOT NULL,
  `pubdate` datetime DEFAULT NULL,
  `pubdays` int(11) NOT NULL,
  `published` tinyint(1) NOT NULL,
  `file` varchar(250) NOT NULL,
  `hits` int(11) NOT NULL,
  `is_vip` tinyint(1) NOT NULL DEFAULT '0',
  `vipdate` datetime NOT NULL,
  `ip` int(10) unsigned NOT NULL,
  PRIMARY KEY (`id`),
  KEY `category_id` (`category_id`),
  KEY `user_id` (`user_id`),
  KEY `obtype` (`obtype`),
  KEY `city` (`city`),
  KEY `ip` (`ip`),
  FULLTEXT KEY `title` (`title`),
  FULLTEXT KEY `content` (`content`)
) ENGINE=MyISAM  DEFAULT CHARSET=utf8 AUTO_INCREMENT=7 ;

--
-- Dumping data for table `cms_board_items`
--

INSERT INTO `cms_board_items` (`id`, `category_id`, `user_id`, `obtype`, `title`, `content`, `formsdata`, `city`, `pubdate`, `pubdays`, `published`, `file`, `hits`, `is_vip`, `vipdate`, `ip`) VALUES
(4, 10, 1, 'Предлагаю', 'свои услуги', 'Могу выносить мусор и мыть пол.', '', 'Москва', '2012-07-11 14:11:18', 10, 1, '550de8a5de9b5301133a815de31be00d.jpg', 8, 0, '0000-00-00 00:00:00', 2130706433),
(5, 9, 1, 'Обменяю', 'ВАЗ-2107 на Nissan Skyline GTR', 'Желательно новый и без доплаты.', '', 'Москва', '2012-07-12 14:14:24', 10, 1, '931f90c50adcea1ff18177bc22d4ceac.jpg', 37, 0, '0000-00-00 00:00:00', 2130706433),
(6, 8, 2, 'Сдам', '2-х комнатную квартиру', 'Семье из 2-3 человек', '', 'Москва', '2012-07-13 15:57:22', 10, 1, '80204e6bad519060bca9d456949158dc.jpg', 20, 0, '0000-00-00 00:00:00', 2130706433);

-- --------------------------------------------------------

--
-- Table structure for table `cms_cache`
--

CREATE TABLE IF NOT EXISTS `cms_cache` (
  `id` int(11) NOT NULL AUTO_INCREMENT,
  `target` varchar(10) NOT NULL,
  `target_id` varchar(255) NOT NULL,
  `cachedate` datetime NOT NULL,
  `cachefile` varchar(80) NOT NULL,
  PRIMARY KEY (`id`)
) ENGINE=MyISAM DEFAULT CHARSET=utf8 AUTO_INCREMENT=1 ;

-- --------------------------------------------------------

--
-- Table structure for table `cms_category`
--

CREATE TABLE IF NOT EXISTS `cms_category` (
  `id` int(11) NOT NULL AUTO_INCREMENT,
  `parent_id` int(11) DEFAULT NULL,
  `title` varchar(200) NOT NULL,
  `description` text NOT NULL,
  `published` tinyint(1) NOT NULL,
  `showdate` tinyint(1) NOT NULL DEFAULT '1',
  `showcomm` tinyint(1) NOT NULL DEFAULT '1',
  `orderby` varchar(30) NOT NULL DEFAULT 'date',
  `orderto` varchar(4) NOT NULL DEFAULT 'asc',
  `modgrp_id` int(11) NOT NULL,
  `NSLeft` int(11) NOT NULL,
  `NSRight` int(11) NOT NULL,
  `NSLevel` int(11) NOT NULL,
  `NSDiffer` varchar(11) NOT NULL,
  `NSIgnore` int(11) NOT NULL,
  `ordering` int(11) NOT NULL,
  `maxcols` int(11) NOT NULL DEFAULT '1',
  `showtags` tinyint(1) NOT NULL DEFAULT '1',
  `showrss` tinyint(1) NOT NULL DEFAULT '1',
  `showdesc` tinyint(1) NOT NULL,
  `is_public` tinyint(1) NOT NULL,
  `photoalbum` text NOT NULL,
  `seolink` varchar(200) NOT NULL,
  `url` varchar(100) NOT NULL,
  `tpl` varchar(50) NOT NULL DEFAULT 'com_content_view.tpl',
  `cost` varchar(5) NOT NULL,
  PRIMARY KEY (`id`),
  KEY `seolink` (`seolink`),
  KEY `parent_id` (`parent_id`),
  KEY `NSLeft` (`NSLeft`,`NSRight`)
) ENGINE=MyISAM  DEFAULT CHARSET=utf8 AUTO_INCREMENT=17 ;

--
-- Dumping data for table `cms_category`
--

INSERT INTO `cms_category` (`id`, `parent_id`, `title`, `description`, `published`, `showdate`, `showcomm`, `orderby`, `orderto`, `modgrp_id`, `NSLeft`, `NSRight`, `NSLevel`, `NSDiffer`, `NSIgnore`, `ordering`, `maxcols`, `showtags`, `showrss`, `showdesc`, `is_public`, `photoalbum`, `seolink`, `url`, `tpl`, `cost`) VALUES
(1, 0, '--Корневой раздел--', 'Корневой раздел сайта', 1, 1, 1, 'pubdate', 'asc', 0, 1, 18, 0, '', 0, 1, 1, 1, 1, 0, 0, '', '--kornevoi-razdel--', '', 'com_content_view.tpl', ''),
(2, 1, 'Новости', '', 1, 1, 1, 'pubdate', 'ASC', 0, 12, 13, 1, '', 0, 2, 1, 1, 0, 0, 0, 'a:7:{s:2:"id";i:0;s:6:"titles";i:0;s:6:"header";s:0:"";s:7:"orderby";s:5:"title";s:7:"orderto";s:4:"desc";s:7:"maxcols";i:2;s:3:"max";i:8;}', 'novosti', '', 'com_content_view.tpl', ''),
(6, 1, 'Статьи', '<p>Тексты статей предоставлены службой <a href="http://referats.yandex.ru/">Яндекс.Рефераты</a></p>', 1, 1, 1, 'pubdate', 'ASC', 0, 2, 11, 1, '', 0, 1, 1, 1, 1, 1, 1, 'a:7:{s:2:"id";i:0;s:6:"titles";s:1:"0";s:6:"header";s:18:"Фотографии на тему";s:7:"orderby";s:4:"hits";s:7:"orderto";s:3:"asc";s:7:"maxcols";i:2;s:3:"max";i:8;}', 'stati', '', 'com_content_view.tpl', ''),
(13, 6, 'Маркетинг', '<p>Статьи по маркетингу</p>', 1, 1, 1, 'pubdate', 'DESC', 0, 7, 8, 2, '', 0, 3, 1, 1, 1, 1, 0, 'a:7:{s:2:"id";i:0;s:6:"titles";s:1:"0";s:6:"header";s:18:"Фотографии на тему";s:7:"orderby";s:7:"pubdate";s:7:"orderto";s:4:"desc";s:7:"maxcols";i:2;s:3:"max";i:8;}', 'stati/marketing', '', 'com_content_view.tpl', ''),
(12, 6, 'Геология', 'Статьи по геологии', 1, 1, 1, 'pubdate', 'DESC', 0, 3, 4, 2, '', 0, 1, 1, 1, 1, 1, 0, 'a:7:{s:2:"id";s:1:"0";s:6:"titles";s:1:"0";s:6:"header";s:18:"Фотографии на тему";s:7:"orderby";s:7:"pubdate";s:7:"orderto";s:4:"desc";s:7:"maxcols";s:1:"2";s:3:"max";s:1:"8";}', 'stati/geologija', '', 'com_content_view.tpl', ''),
(11, 6, 'Астрономия', '<p>Статьи по астрономии</p>', 1, 1, 1, 'pubdate', 'DESC', 0, 9, 10, 2, '', 0, 4, 1, 1, 1, 1, 1, 'a:7:{s:2:"id";i:0;s:6:"titles";i:0;s:6:"header";s:18:"Фотографии на тему";s:7:"orderby";s:7:"pubdate";s:7:"orderto";s:4:"desc";s:7:"maxcols";i:2;s:3:"max";i:8;}', 'stati/astronomija', '', 'com_content_view.tpl', ''),
(14, 6, 'Психология', 'Статьи по психологии', 1, 1, 1, 'pubdate', 'DESC', 0, 5, 6, 2, '', 0, 2, 1, 1, 1, 1, 0, 'a:7:{s:2:"id";s:1:"0";s:6:"titles";s:1:"0";s:6:"header";s:18:"Фотографии на тему";s:7:"orderby";s:7:"pubdate";s:7:"orderto";s:4:"desc";s:7:"maxcols";s:1:"2";s:3:"max";s:1:"8";}', 'stati/psihologija', '', 'com_content_view.tpl', ''),
(15, 1, 'ывапывапвыап', '', 1, 1, 1, 'pubdate', 'ASC', 0, 14, 15, 1, '', 0, 3, 1, 1, 1, 1, 0, '', 'yvapyvapvyap', '', 'com_content_view.tpl', '0'),
(16, 1, 'ывапывапвыап', '', 1, 1, 1, 'pubdate', 'ASC', 0, 16, 17, 1, '', 0, 4, 1, 1, 1, 1, 0, '', 'yvapyvapvyap-16', '', 'com_content_view.tpl', '0');

-- --------------------------------------------------------

--
-- Table structure for table `cms_chat`
--

CREATE TABLE IF NOT EXISTS `cms_chat` (
  `id` int(11) NOT NULL AUTO_INCREMENT,
  `user_id` int(11) NOT NULL,
  `msg_time` datetime DEFAULT NULL,
  `msg` varchar(800) NOT NULL,
  `msg_to` varchar(250) NOT NULL DEFAULT 'a:0:{}',
  `color` varchar(20) NOT NULL DEFAULT 'rgb(0, 0, 0)',
  `private` tinyint(4) NOT NULL DEFAULT '0',
  `room` int(11) NOT NULL DEFAULT '0',
  `ip` varchar(16) NOT NULL,
  PRIMARY KEY (`id`)
) ENGINE=MyISAM DEFAULT CHARSET=cp1251 AUTO_INCREMENT=1 ;

-- --------------------------------------------------------

--
-- Table structure for table `cms_chat_online_users`
--

CREATE TABLE IF NOT EXISTS `cms_chat_online_users` (
  `id` int(11) NOT NULL AUTO_INCREMENT,
  `user_id` int(11) NOT NULL,
  `stat` int(11) DEFAULT '1',
  `room` int(11) NOT NULL DEFAULT '0',
  `lasttime` datetime DEFAULT NULL,
  PRIMARY KEY (`id`)
) ENGINE=MyISAM DEFAULT CHARSET=cp1251 AUTO_INCREMENT=1 ;

-- --------------------------------------------------------

--
-- Table structure for table `cms_clubs`
--

CREATE TABLE IF NOT EXISTS `cms_clubs` (
  `id` int(11) NOT NULL AUTO_INCREMENT,
  `admin_id` int(11) NOT NULL DEFAULT '1',
  `title` varchar(200) NOT NULL,
  `description` longtext NOT NULL,
  `imageurl` varchar(100) NOT NULL,
  `pubdate` timestamp NOT NULL DEFAULT CURRENT_TIMESTAMP,
  `clubtype` varchar(15) NOT NULL DEFAULT 'public',
  `published` tinyint(1) NOT NULL DEFAULT '1',
  `maxsize` int(11) NOT NULL,
  `enabled_blogs` tinyint(1) DEFAULT '-1',
  `enabled_photos` tinyint(1) DEFAULT '-1',
  `rating` int(11) NOT NULL,
  `members_count` int(11) NOT NULL DEFAULT '1',
  `photo_premod` tinyint(1) NOT NULL,
  `blog_premod` tinyint(1) NOT NULL,
  `blog_min_karma` int(11) NOT NULL,
  `photo_min_karma` int(11) NOT NULL,
  `album_min_karma` int(11) NOT NULL DEFAULT '25',
  `join_min_karma` int(11) NOT NULL,
  `join_karma_limit` int(11) NOT NULL,
  `create_karma` int(11) NOT NULL,
  `is_vip` tinyint(1) NOT NULL DEFAULT '0',
  `join_cost` float NOT NULL,
  PRIMARY KEY (`id`),
  KEY `pubdate` (`pubdate`),
  KEY `admin_id` (`admin_id`)
) ENGINE=MyISAM  DEFAULT CHARSET=utf8 AUTO_INCREMENT=17 ;

--
-- Dumping data for table `cms_clubs`
--

INSERT INTO `cms_clubs` (`id`, `admin_id`, `title`, `description`, `imageurl`, `pubdate`, `clubtype`, `published`, `maxsize`, `enabled_blogs`, `enabled_photos`, `rating`, `members_count`, `photo_premod`, `blog_premod`, `blog_min_karma`, `photo_min_karma`, `album_min_karma`, `join_min_karma`, `join_karma_limit`, `create_karma`, `is_vip`, `join_cost`) VALUES
(14, 1, 'Клуб любителей InstantCMS', '', '', '2012-07-12 11:41:45', 'public', 1, 0, -1, -1, 0, 3, 0, 0, 0, 0, 25, 0, 0, 0, 0, 0),
(15, 173, 'rtwertewrt', '', '', '2013-08-19 13:06:15', 'public', 1, 0, 1, 1, 0, 1, 0, 0, 0, 0, 25, 0, 0, 0, 0, 0),
(16, 175, 'sky', '', '', '2013-08-20 14:39:39', 'public', 1, 0, 1, 1, 0, 1, 0, 0, 0, 0, 25, 0, 0, 0, 0, 0);

-- --------------------------------------------------------

--
-- Table structure for table `cms_comments`
--

CREATE TABLE IF NOT EXISTS `cms_comments` (
  `id` int(11) NOT NULL AUTO_INCREMENT,
  `parent_id` int(11) NOT NULL,
  `parse_comment_id` int(11) NOT NULL,
  `post_id` int(11) NOT NULL,
  `pid` int(11) NOT NULL,
  `user_id` int(11) NOT NULL,
  `target` varchar(20) NOT NULL,
  `target_id` int(11) NOT NULL,
  `guestname` varchar(200) NOT NULL,
  `content` text NOT NULL,
  `content_bbcode` text NOT NULL,
  `pubdate` timestamp NOT NULL DEFAULT CURRENT_TIMESTAMP,
  `published` tinyint(1) NOT NULL DEFAULT '1',
  `is_new` tinyint(1) NOT NULL DEFAULT '1',
  `target_title` varchar(150) NOT NULL,
  `target_link` varchar(200) NOT NULL,
  `ip` varchar(15) NOT NULL,
  `is_hidden` tinyint(1) NOT NULL DEFAULT '0',
  `rating` int(11) NOT NULL DEFAULT '0',
  PRIMARY KEY (`id`),
  KEY `user_id` (`user_id`),
  KEY `target_id` (`target_id`)
) ENGINE=MyISAM  DEFAULT CHARSET=utf8 AUTO_INCREMENT=651 ;

--
-- Dumping data for table `cms_comments`
--

INSERT INTO `cms_comments` (`id`, `parent_id`, `parse_comment_id`, `post_id`, `pid`, `user_id`, `target`, `target_id`, `guestname`, `content`, `content_bbcode`, `pubdate`, `published`, `is_new`, `target_title`, `target_link`, `ip`, `is_hidden`, `rating`) VALUES
(638, 0, 96, 1, 4, 461, 'posts', 1, '', 'Конечно, держи!', 'Конечно, держи!', '2013-08-23 11:43:26', 1, 1, 'Тайтл', '', '127.0.0.1', 0, 0),
(645, 0, 97, 7, 4, 461, 'posts', 7, '', 'Лол ,я про Пежо но двиганы тоже в тему', 'Лол ,я про Пежо но двиганы тоже в тему', '2013-08-08 21:00:00', 1, 1, 'Тайтл', '', '127.0.0.1', 0, 0),
(650, 0, 101, 6, 4, 463, 'discussions', 6, '', 'ntcnntcn', 'ntcnntcn', '2013-08-22 07:57:37', 1, 1, 'Тайтл', '', '127.0.0.1', 0, 0),
(649, 0, 95, 6, 4, 462, 'discussions', 6, '', 'Парни срочно кинте 405 и407 а то м телефона и гавно нет пожалуйста', 'Парни срочно кинте 405 и407 а то м телефона и гавно нет пожалуйста', '2013-08-22 07:57:32', 1, 1, 'Тайтл', '', '127.0.0.1', 0, 0),
(646, 0, 98, 7, 4, 461, 'posts', 7, '', 'крокодил шило', 'крокодил шило', '2013-08-05 21:00:00', 1, 1, 'Тайтл', '', '127.0.0.1', 0, 0),
(647, 0, 99, 7, 4, 461, 'posts', 7, '', 'нарики', 'нарики', '2013-08-03 21:00:00', 1, 1, 'Тайтл', '', '127.0.0.1', 0, 0),
(648, 0, 100, 7, 4, 460, 'posts', 7, '', 'бабушкин шкаф', 'бабушкин шкаф', '2013-08-22 07:46:50', 1, 1, 'Тайтл', '', '127.0.0.1', 0, 0),
(644, 0, 94, 7, 4, 461, 'posts', 7, '', 'Билиберы? Не знал таких.) А Тэкнишианы существуют довольно давно. И да, это работает и с 20летними оболдуями.)', 'Билиберы? Не знал таких.) А Тэкнишианы существуют довольно давно. И да, это работает и с 20летними оболдуями.)', '2013-08-06 21:00:00', 1, 1, 'Тайтл', '', '127.0.0.1', 0, 0),
(639, 0, 102, 1, 4, 461, 'posts', 1, '', 'Конечно, держи!', 'Конечно, держи!', '2013-08-23 11:43:26', 1, 1, 'Тайтл', '', '127.0.0.1', 0, 0),
(640, 0, 103, 1, 4, 461, 'posts', 1, '', 'Конечно, держи!', 'Конечно, держи!', '2013-08-23 11:43:26', 1, 1, 'Тайтл', '', '127.0.0.1', 0, 0),
(641, 0, 91, 7, 4, 461, 'posts', 7, '', 'Тройной плюс за трек. Привет всем Technicians!', 'Тройной плюс за трек. Привет всем Technicians!', '2013-08-28 21:00:00', 1, 1, 'Тайтл', '', '127.0.0.1', 0, 0),
(642, 0, 92, 7, 4, 461, 'posts', 7, '', 'Нихуясебе, я то думал только фанаты бибера и прочих выдающихся ребят придумывают себе прозвища типа "билиберы" "вандишники" . А нет, оказывается это работает не только с 12летними девочками.', 'Нихуясебе, я то думал только фанаты бибера и прочих выдающихся ребят придумывают себе прозвища типа "билиберы" "вандишники" . А нет, оказывается это работает не только с 12летними девочками.', '2013-08-13 21:00:00', 1, 1, 'Тайтл', '', '127.0.0.1', 0, 0),
(643, 0, 93, 7, 4, 461, 'posts', 7, '', 'Продам<br>RSL Cult R13 7j 4x108 б/у месяц в германии 18 т.р<br>Hankook R13 135/70 новая 9 т.р.<br>Проставки-переходники 4x98&gt;4x108 16мм 6 т.р.<br><br>сорри за флуд', 'Продам<br>RSL Cult R13 7j 4x108 б/у месяц в германии 18 т.р<br>Hankook R13 135/70 новая 9 т.р.<br>Проставки-переходники 4x98&gt;4x108 16мм 6 т.р.<br><br>сорри за флуд', '2013-08-13 21:00:00', 1, 1, 'Тайтл', '', '127.0.0.1', 0, 0);

-- --------------------------------------------------------

--
-- Table structure for table `cms_comment_targets`
--

CREATE TABLE IF NOT EXISTS `cms_comment_targets` (
  `id` int(11) NOT NULL AUTO_INCREMENT,
  `target` varchar(32) NOT NULL,
  `component` varchar(32) NOT NULL,
  `title` varchar(100) NOT NULL,
  `target_table` varchar(32) NOT NULL,
  `subj` varchar(100) NOT NULL,
  PRIMARY KEY (`id`),
  UNIQUE KEY `target` (`target`)
) ENGINE=MyISAM  DEFAULT CHARSET=utf8 AUTO_INCREMENT=14 ;

--
-- Dumping data for table `cms_comment_targets`
--

INSERT INTO `cms_comment_targets` (`id`, `target`, `component`, `title`, `target_table`, `subj`) VALUES
(1, 'article', 'content', 'Статьи', 'cms_content', 'вашей статьи'),
(2, 'blog', 'blogs', 'Посты блогов', 'cms_blog_posts', 'вашей записи в блоге'),
(3, 'palbum', 'photos', 'Фотоальбомы', 'cms_photo_albums', 'вашего фотоальбома'),
(4, 'photo', 'photos', 'Фотографии галереи', 'cms_photo_files', 'вашей фотографии'),
(5, 'userphoto', 'users', 'Фотографии пользователей', 'cms_user_photos', 'вашей фотографии'),
(6, 'catalog', 'catalog', 'Записи каталога', 'cms_uc_items', 'вашей записи'),
(7, 'boarditem', 'board', 'Объявления', 'cms_board_items', 'вашего объявления'),
(8, 'faq', 'faq', 'Вопросы FAQ', 'cms_faq_quests', 'вашего вопроса'),
(9, 'club_photo', 'clubs', 'Фото в клубах', 'cms_photo_files', 'вашей фотографии'),
(10, 'club_post', 'clubs', 'Пост блога клуба', 'cms_blog_posts', 'вашей записи в клубном блоге'),
(11, 'posts', 'posts', 'Постовые', 'cms_posts', 'вашего поста'),
(13, 'discussions', 'discussions', 'Дискуссии', 'cms_posts', 'вашей дискуссии');

-- --------------------------------------------------------

--
-- Table structure for table `cms_components`
--

CREATE TABLE IF NOT EXISTS `cms_components` (
  `id` int(11) NOT NULL AUTO_INCREMENT,
  `title` varchar(200) NOT NULL,
  `link` varchar(200) NOT NULL,
  `config` text NOT NULL,
  `internal` int(11) NOT NULL,
  `author` varchar(200) NOT NULL DEFAULT 'InstantCMS team',
  `published` tinyint(1) NOT NULL DEFAULT '1',
  `version` varchar(6) NOT NULL DEFAULT '1.10',
  `system` int(11) NOT NULL DEFAULT '0',
  PRIMARY KEY (`id`)
) ENGINE=MyISAM  DEFAULT CHARSET=utf8 AUTO_INCREMENT=33 ;

--
-- Dumping data for table `cms_components`
--

INSERT INTO `cms_components` (`id`, `title`, `link`, `config`, `internal`, `author`, `published`, `version`, `system`) VALUES
(1, 'Каталог статей', 'content', '---\nreaddesc: 0\nrating: 1\nperpage: 15\npt_show: 1\npt_disp: 1\npt_hide: 1\nautokeys: 1\nimg_small_w: 100\nimg_big_w: 200\nimg_sqr: 1\nimg_users: 1\nwatermark: 1\nwatermark_only_big: 1\naf_on: 0\naf_delete: 1\naf_showlink: 1\naf_forum_id: 1\naf_hidecat_id: 2\n', 0, 'InstantCMS team', 1, '1.10', 1),
(2, 'Регистрация', 'registration', '---\nreg_type: open\ninv_count: 3\ninv_karma: 1\ninv_period: WEEK\nis_on: 1\nact: 0\nsend: false\noffmsg: >\n  Регистрация приостановлена по\n  техническим причинам.\nfirst_auth_redirect: profile\nauth_redirect: profile\nname_mode: nickname\nbadnickname: |\n  администратор\n  админ\n  qwert\n  qwerty\n  123\n  admin\n  вася пупкин\nask_icq: 1\nask_birthdate: 1\nsend_greetmsg: 1\ngreetmsg: |\n  <h2>Привет!</h2>\n  <p><span style="font-size: medium;">Мы очень <span style="color: rgb(51, 153, 102);">рады</span> что ты зарегистрировался!</span></p>\n', 0, 'InstantCMS team', 1, '1.10', 1),
(3, 'Фотогалерея', 'photos', '---\nlink: 0\nsaveorig: 0\nmaxcols: 2\norderby: title\norderto: desc\nshowlat: 1\nwatermark: 1\ntumb_view: 2\ntumb_from: 1\ntumb_club: \nis_today: 1\n', 0, 'InstantCMS team', 1, '1.10', 1),
(5, 'Поиск', 'search', '---\nperpage: 10\ncomp:\n  - content\n  - photos\n  - catalog\n  - forum\n  - blogs\n  - faq\n  - board\n  - clubs\nsearch_engine:\n', 0, 'InstantCMS team', 1, '1.10', 1),
(6, 'Конструктор форм', 'forms', '---\n', 0, 'InstantCMS team', 1, '1.10', 1),
(7, 'Комментарии пользователей', 'comments', '---\nemail: \ncanguests: 1\nregcap: 0\npublish: 1\nsmiles: 1\nbbcode: 1\nselfdel: 0\nsubscribe: 1\nanchors: 0\nrecode: 0\nmin_karma: 0\nmin_karma_show: 0\nmin_karma_add: 0\nperpage: 20\nj_code: 1\ncmm_ajax: 0\ncmm_ip: 1\n', 1, 'InstantCMS team', 1, '1.10', 1),
(8, 'Архив материалов', 'arhive', '---\n', 0, 'InstantCMS team', 1, '1.10', 1),
(9, 'Универсальный каталог', 'catalog', '---\nemail: shop@site.ru\ndelivery: |\n  Сведения о доставке.\n  Этот текст можно изменить в настройках компонента &quot;Универсальный каталог&quot;.\nnotice: 1\npremod: 1\npremod_msg: 1\nis_comments: 1\nis_rss: 1\nwatermark: 1\n', 0, 'InstantCMS team', 0, '1.10', 1),
(10, 'Профили пользователей', 'users', '---\nshowgroup: 1\nsw_stats: \nsw_comm: 1\nsw_search: 1\nsw_forum: 1\nsw_photo: 1\nsw_wall: 1\nsw_friends: 1\nsw_blogs: 1\nsw_clubs: 1\nsw_feed: 1\nsw_content: 1\nsw_awards: 1\nsw_board: 1\nsw_msg: 1\nsw_guest: 1\nkarmatime: 1\nkarmaint: DAY\nphotosize: 0\nwatermark: 1\nsmallw: 64\nmedw: 200\nmedh: 500\nsw_files: 1\nfilessize: 100\nfilestype: jpeg,gif,png,jpg,bmp,zip,rar,tar\nprivforms: \n  - 3\nj_code: 1\ndeltime: 6\n', 0, 'InstantCMS team', 1, '1.10', 1),
(12, 'Форум', 'forum', '---\nis_on: 1\nkarma: 1\nis_rss: 1\npp_thread: 15\npp_forum: 15\nshowimg: 1\nimg_on: 1\nimg_max: 5\nfast_on: 1\nfast_bb: 1\nfa_on: 1\ngroup_access: \nfa_max: 25\nfa_ext: txt doc zip rar arj png gif jpg jpeg bmp\nfa_size: 1024\n', 0, 'InstantCMS team', 1, '1.10', 1),
(15, 'Блоги', 'blogs', '---\nperpage: 10\nperpage_blog: 15\nupdate_date: 0\nupdate_seo_link: 0\nmin_karma_private: 0\nmin_karma_public: 5\nmin_karma: 1\nwatermark: 1\nimg_on: 1\nrss_all: 1\nrss_one: 1\nj_code: 1\n', 0, 'InstantCMS team', 1, '1.10', 1),
(16, 'Вопросы и ответы', 'faq', '---\n', 0, 'InstantCMS team', 0, '1.10', 1),
(17, 'Баннеры', 'banners', '---\n', 1, 'InstantCMS team', 1, '1.10', 1),
(18, 'Лента активности', 'actions', '---\r\nshow_target: 1\r\nperpage: 10\r\nperpage_tab: 15\r\nis_all: 1\r\nact_type: \r\n  add_quest: 16\r\n  add_club_user: 15\r\n  vote_movie: 31\r\n  add_movie: 30\r\n  add_friend: 20\r\n  add_post: 10\r\n  add_post_club: 25\r\n  add_catalog: 13\r\n  add_wall_my: 29\r\n  add_wall: 23\r\n  add_wall_club: 24\r\n  add_comment: 2\r\n  add_user_photo_multi: 27\r\n  add_board: 12\r\n  add_fpost: 17\r\n  add_article: 8\r\n  add_thread: 18\r\n  add_photo: 7\r\n  add_user_photo: 26\r\n  add_avatar: 19\r\n  add_file: 22\r\n  set_status: 11\r\n  add_award: 21\r\n  add_user: 28\r\n  add_blog: 9\r\n  add_club: 14\r\n', 0, 'InstantCMS Team', 1, '1.10', 1),
(19, 'RSS генератор', 'rssfeed', '---\n', 1, 'InstantCMS team', 1, '1.10', 1),
(21, 'Награждение пользователей', 'autoawards', '---\n', 1, 'InstantCMS team', 1, '1.10', 1),
(22, 'Доска объявлений', 'board', '---\nmaxcols: 3\nobtypes: |\n  Продам\n  Куплю\n  Обменяю\n  Подарю\nshowlat: \npublic: 2\nphotos: 1\nsrok: 1\npubdays: 10\nwatermark: 0\naftertime: \ncomments: 1\n', 0, 'InstantCMS team', 1, '1.10', 1),
(23, 'Клубы пользователей', 'clubs', '---\nseo_club: title\nenabled_blogs: 1\nenabled_photos: 1\nthumb1: 48\nthumb2: 200\nthumbsqr: 1\ncancreate: 1\nperpage: 10\ncreate_min_karma: 0\ncreate_min_rating: 0\n', 0, 'InstantCMS team', 0, '1.10', 1),
(24, 'Скачивание и редирект', 'files', '', 1, 'InstantCMS team', 1, '1.10', 1),
(25, 'Голосования', 'polls', '', 1, 'InstantCMS team', 1, '1.10', 1),
(26, 'Подписки', 'subscribes', '', 1, 'InstantCMS team', 1, '1.10', 1),
(32, 'Дискуссии', 'discussions', '', 0, 'InstantCMS team', 1, '1.10', 0),
(31, 'Постовые', 'posts', '', 0, 'InstantCMS team', 1, '1.10', 0);

-- --------------------------------------------------------

--
-- Table structure for table `cms_content`
--

CREATE TABLE IF NOT EXISTS `cms_content` (
  `id` int(11) NOT NULL AUTO_INCREMENT,
  `category_id` int(11) NOT NULL,
  `user_id` int(11) NOT NULL DEFAULT '1',
  `pubdate` datetime NOT NULL DEFAULT '0000-00-00 00:00:00',
  `enddate` date NOT NULL,
  `is_end` tinyint(1) NOT NULL,
  `title` varchar(200) NOT NULL,
  `description` text NOT NULL,
  `content` longtext,
  `published` tinyint(1) NOT NULL DEFAULT '1',
  `hits` int(11) NOT NULL DEFAULT '0',
  `rating` int(11) NOT NULL DEFAULT '0',
  `meta_desc` text NOT NULL,
  `meta_keys` text NOT NULL,
  `showtitle` tinyint(1) NOT NULL DEFAULT '1',
  `showdate` tinyint(1) NOT NULL DEFAULT '1',
  `showlatest` tinyint(1) NOT NULL DEFAULT '1',
  `showpath` tinyint(1) NOT NULL DEFAULT '1',
  `ordering` int(11) NOT NULL,
  `comments` tinyint(1) NOT NULL DEFAULT '1',
  `is_arhive` tinyint(1) NOT NULL,
  `seolink` varchar(200) NOT NULL,
  `canrate` tinyint(1) NOT NULL DEFAULT '1',
  `pagetitle` varchar(255) NOT NULL,
  `url` varchar(100) NOT NULL,
  `tpl` varchar(50) NOT NULL DEFAULT 'com_content_read.tpl',
  PRIMARY KEY (`id`),
  KEY `seolink` (`seolink`),
  KEY `category_id` (`category_id`),
  KEY `user_id` (`user_id`),
  FULLTEXT KEY `title` (`title`),
  FULLTEXT KEY `content` (`content`)
) ENGINE=MyISAM  DEFAULT CHARSET=utf8 AUTO_INCREMENT=39 ;

--
-- Dumping data for table `cms_content`
--

INSERT INTO `cms_content` (`id`, `category_id`, `user_id`, `pubdate`, `enddate`, `is_end`, `title`, `description`, `content`, `published`, `hits`, `rating`, `meta_desc`, `meta_keys`, `showtitle`, `showdate`, `showlatest`, `showpath`, `ordering`, `comments`, `is_arhive`, `seolink`, `canrate`, `pagetitle`, `url`, `tpl`) VALUES
(20, 2, 1, '2012-03-01 15:56:00', '2012-05-22', 0, 'Наш сайт открыт!', '<p>Мы рады приветствовать вас на нашем сайте!</p>', '<p>Наш сайт открыт и начинает активно фунционировать.</p>\r\n<p>У нас большие планы на будущее. На этом сайте мы постарались разместить интересную информацию.</p>\r\n<p>Мы очень рады что вы читаете эту новость.</p>\r\n<p>Наша компания занимается бизнесом в сфере продажи строительных материалов.</p>', 1, 405, 0, '', '', 1, 1, 1, 1, 1, 1, 0, 'novosti/nash-sait-otkryt', 1, '', '', 'com_content_read.tpl'),
(26, 2, 1, '2012-03-01 15:56:00', '2012-05-22', 0, 'Тестовая новость сайта', '<p>Это тестовая новость. Пользователи могут ее комментировать.</p>', '<p>Глубина очага землетрясения поднимает термокарст, что обусловлено не только первичными неровностями эрозионно-тектонического рельефа поверхности кристаллических пород, но и проявлениями долее поздней блоковой тектоники. Туффит, формируя аномальные геохимические ряды, разогревает плейстоцен, что, однако, не уничтожило доледниковую переуглубленную гидросеть древних долин. Излом благоприятно покрывает трог, в соответствии с изменениями в суммарной минерализации. Топаз занимает форшок, за счет чего увеличивается мощность коры под многими хребтами. Ледниковое озеро сдвигает сель, что в конце концов приведет к полному разрушению хребта под действием собственного веса. При описанных условиях алмаз первичен.</p>', 1, 282, 0, '', '', 1, 1, 1, 1, 2, 1, 0, 'novosti/testovaja-novost-saita', 1, '', '', 'com_content_read.tpl'),
(30, 11, 1, '2012-07-01 15:56:00', '2012-06-17', 0, 'Первоначальный нулевой меридиан', '<p><strong>Все известные астероиды имеют прямое движение</strong>, при этом тропический год меняет сарос &ndash; у таких объектов рукава столь фрагментарны и обрывочны, что их уже нельзя назвать спиральными. Как было показано выше, межзвездная матеpия дает pадиотелескоп Максвелла, при этом плотность Вселенной в 3 * 10 в 18-й степени раз меньше, с учетом некоторой неизвестной добавки скрытой массы. Пpотопланетное облако притягивает непреложный часовой угол (датировка приведена по Петавиусу, Цеху, Хайсу).</p>', '<p>Когда речь идет о галактиках, природа гамма-всплексов вызывает аргумент перигелия, хотя галактику в созвездии Дракона можно назвать карликовой. Хотя хpонологи не увеpены, им кажется, что тропический год точно вращает первоначальный астероид, день этот пришелся на двадцать шестое число месяца карнея, который у афинян называется метагитнионом.<br />\r\n<br />\r\nЛисичка на следующий год, когда было лунное затмение и сгорел древний храм Афины в Афинах (при эфоре Питии и афинском архонте Каллии), гасит случайный поперечник, хотя галактику в созвездии Дракона можно назвать карликовой. В отличие от пылевого и ионного хвостов, магнитное поле стабильно. Прямое восхождение на следующий год, когда было лунное затмение и сгорел древний храм Афины в Афинах (при эфоре Питии и афинском архонте Каллии), потенциально. Широта существенно притягивает непреложный надир, тем не менее, Дон Еманс включил в список всего 82-е Великие Кометы. Уравнение времени, следуя пионерской работе Эдвина Хаббла, вызывает далекий pадиотелескоп Максвелла, при этом плотность Вселенной в 3 * 10 в 18-й степени раз меньше, с учетом некоторой неизвестной добавки скрытой массы.<br />\r\n<br />\r\nСкоpость кометы в пеpигелии иллюстрирует астероид, а оценить проницательную способность вашего телескопа поможет следующая формула: Mпр.= 2,5lg Dмм + 2,5lg Гкрат + 4. Полнолуние пространственно неоднородно. Это можно записать следующим образом: V = 29.8 * sqrt(2/r &ndash; 1/a) км/сек, где ионный хвост однородно иллюстрирует радиант, при этом плотность Вселенной в 3 * 10 в 18-й степени раз меньше, с учетом некоторой неизвестной добавки скрытой массы. Азимут сложен. Магнитное поле непрерывно.</p>', 1, 68, 0, '', '', 1, 1, 1, 1, 1, 1, 0, 'stati/astronomija/pervonachalnyi-nulevoi-meridian', 1, 'Первоначальный нулевой меридиан', '', 'com_content_read.tpl'),
(31, 12, 1, '2012-05-20 16:24:00', '2012-05-20', 0, 'Останцовый лакколит: основные моменты', '<p>Двойное лучепреломление, с учетом региональных факторов, покрывает монтмориллонит, в то время как значения максимумов изменяются в широких пределах. Алмаз эффективно составляет эффузивный блеск, в соответствии с изменениями в суммарной минерализации. Инфлюация структурно ослабляет парагенезис, образуя на границе с Западно-Карельским поднятием своеобразную систему грабенов. Глубина очага землетрясения, разделенные узкими линейновытянутыми зонами выветрелых пород, причленяет к себе каустобиолит, что в общем свидетельствует о преобладании тектонических опусканий в это время.</p>', '<p>Оттаивание пород обрывисто прекращает фирн, поскольку непосредственно мантийные струи не наблюдаются. Капиллярное поднятие интенсивно. Элювиальное образование определяет несовершенный трог, что свидетельствует о проникновении днепровских льдов в бассейн Дона. Сдвиг сингонально фоссилизирует денудационно-аккумулятивный апофиз, что в конце концов приведет к полному разрушению хребта под действием собственного веса. Апофиз дискретно переоткладывает ийолит-уртит, что, однако, не уничтожило доледниковую переуглубленную гидросеть древних долин.</p>\r\n<p>Рисчоррит разогревает цокольный туффит, что, однако, не уничтожило доледниковую переуглубленную гидросеть древних долин. Геосинклиналь обедняет анортит, основными элементами которого являются обширные плосковершинные и пологоволнистые возвышенности. Ложе, так же, как и в других регионах, индивидуально. Брекчия опускает пирокластический бентос, что, однако, не уничтожило доледниковую переуглубленную гидросеть древних долин. Ложе сингонально прекращает молого-шекснинский ортоклаз, основными элементами которого являются обширные плосковершинные и пологоволнистые возвышенности. В типологическом плане вся территория Нечерноземья выветривание поднимает сель, образуя на границе с Западно-Карельским поднятием своеобразную систему грабенов.</p>', 1, 68, 0, 'Останцовый лакколит: основные моменты', 'переуглубленную, гидросеть, долин, доледниковую, древних, уничтожило, однако, обширные, плосковершинные, пологоволнистые, возвышенности, являются, элементами, апофиз, прекращает, сингонально, основными, которого, уничтожило доледниковую, древних долин, гидросеть древних, переуглубленную гидросеть, доледниковую переуглубленную, обширные плосковершинные, пологоволнистые возвышенности, являются обширные, основными элементами, элементами которого, которого являются, уничтожило доледниковую переуглубленную, переуглубленную гидросеть древних, доледниковую переуглубленную гидросеть, являются обширные плосковершинные, которого являются обширные, основными элементами которого, элементами которого являются', 1, 1, 1, 1, 2, 1, 0, 'stati/geologija/ostancovyi-lakkolit-osnovnye-momenty', 1, '', '', 'com_content_read.tpl'),
(32, 12, 1, '2012-05-20 16:24:00', '2012-06-17', 0, 'Почему нерезко плато?!!!', '<p>Трещинноватость пород опускает дрейф континентов, что, однако, не уничтожило доледниковую переуглубленную гидросеть древних долин. Магматическая дифференциация ортогонально смещает форшок, что в общем свидетельствует о преобладании тектонических опусканий в это время. Элювиальное образование, которая в настоящее время находится ниже уровня моря, ослабляет аморфный цвет, в то время как значения максимумов изменяются в широких пределах. Мергель слагает орогенез, делая этот типологический таксон районирования носителем важнейших инженерно-геологических характеристик природных условий.</p>', '<p>Плейстоцен ослабляет плоскостной оз, что обусловлено не только первичными неровностями эрозионно-тектонического рельефа поверхности кристаллических пород, но и проявлениями долее поздней блоковой тектоники. Согласно изостатической концепции Эйри, делювий покрывает отрог, что в конце концов приведет к полному разрушению хребта под действием собственного веса. Вулканическое стекло занимает мощный коллювий, что обусловлено не только первичными неровностями эрозионно-тектонического рельефа поверхности кристаллических пород, но и проявлениями долее поздней блоковой тектоники. Грязевой вулкан подпитывает полого-холмистый базис эрозии, в то время как значения максимумов изменяются в широких пределах. Трещинноватость пород составляет первичный водоносный этаж, в соответствии с изменениями в суммарной минерализации. Бифуркация русла, но если принять для простоты некоторые докущения, разогревает кислый протерозой, включая и гряды Чернова, Чернышева и др.<br />\r\n<br />\r\nПо характеру рельефа количество пирокластического материала сменяет эпигенез, что увязывается со структурно-тектонической обстановкой, гидродинамическими условиями и литолого-минералогическим составом пород. Ледниковое озеро, но если принять для простоты некоторые докущения, продольно сбрасывает многолетнемерзлый алмаз, что обусловлено не только первичными неровностями эрозионно-тектонического рельефа поверхности кристаллических пород, но и проявлениями долее поздней блоковой тектоники. Питание прогиба исходным материалом, несмотря на не менее значительную разницу в плотности теплового потока, составляет биотит, так как совершенно однозначно указывает на существование и рост в период оформления палеогеновой поверхности выравнивания. Брекчия достаточно хорошо вызывает плейстоцен, и в то же время устанавливается достаточно приподнятый над уровнем моря коренной цоколь.</p>', 1, 23, 0, '', '', 1, 1, 1, 1, 1, 1, 0, 'stati/geologija/pochemu-nerezko-plato', 1, 'Почему нерезко плато?!!!', '', 'com_content_read.tpl'),
(33, 13, 1, '2012-05-20 15:50:00', '2012-07-28', 0, 'Культурный медийный канал: методология и особенности', '<p>Поведенческий таргетинг неестественно уравновешивает conversion rate, не считаясь с затратами. Системный анализ изменяет PR, не считаясь с затратами. VIP-мероприятие, анализируя результаты рекламной кампании, допускает побочный PR-эффект, не считаясь с затратами. Как отмечает Майкл Мескон, стимулирование коммьюнити многопланово трансформирует стратегический имидж, не считаясь с затратами. Итак, ясно, что жизненный цикл продукции основан на опыте.</p>', '<p>Стоит отметить, что презентация стабилизирует комплексный анализ ситуации, полагаясь на инсайдерскую информацию. Рейт-карта, отбрасывая подробности, спонтанно трансформирует пак-шот, оптимизируя бюджеты. А вот по мнению аналитиков медиапланирование изменяет общественный рекламный макет, опираясь на опыт западных коллег. Рейт-карта, безусловно, все еще интересна для многих. Такое понимание ситуации восходит к Эл Райс, при этом метод изучения рынка ригиден.</p>\r\n<p>К тому же ретроконверсия национального наследия отталкивает потребительский нестандартный подход, невзирая на действия конкурентов. Анализ рыночных цен традиционно создает эмпирический департамент маркетинга и продаж, осознав маркетинг как часть производства. Лидерство в продажах,&nbsp;следовательно, специфицирует инструмент маркетинга, опираясь на опыт западных коллег. Узнавание бренда, пренебрегая деталями, продуцирует межличностный нишевый проект, используя опыт предыдущих кампаний. Рыночная информация тормозит потребительский рынок, оптимизируя бюджеты.</p>', 1, 31, 0, 'Культурный медийный канал: методология и особенности', 'западных, коллег, потребительский, маркетинга, опираясь, бюджеты, ситуации, карта, оптимизируя, анализ, западных коллег, оптимизируя бюджеты', 1, 1, 1, 1, 2, 1, 0, 'stati/marketing/kulturnyi-mediinyi-kanal-metodologija-i-osobenosti', 1, '', '', 'com_content_read.tpl'),
(34, 13, 1, '2012-05-20 11:33:00', '2012-07-22', 0, 'Эластичность спроса', '<p>Дело в том, что потребление синхронизирует институциональный рекламный макет, полагаясь на инсайдерскую информацию. Целевая аудитория интегрирована. Тем не менее, каждая сфера рынка раскручивает эмпирический анализ зарубежного опыта, расширяя долю рынка.</p>', '<p>Примерная структура маркетингового исследования,&nbsp;в&nbsp;рамках&nbsp;сегодняшних&nbsp;воззрений, тормозит тактический план размещения, оптимизируя бюджеты. Фирменный стиль парадоксально программирует коллективный маркетинг, оптимизируя бюджеты. Фокусировка позиционирует пак-шот, полагаясь на инсайдерскую информацию.</p>\r\n<p>Опросная анкета ускоряет диктат потребителя, используя опыт предыдущих кампаний. Стимулирование сбыта настроено позитивно. Стимулирование коммьюнити охватывает комплексный конкурент, используя опыт предыдущих кампаний. Рекламное сообщество стабилизирует выставочный стенд, опираясь на опыт западных коллег. Стратегический рыночный план программирует потребительский инструмент маркетинга, учитывая результат предыдущих медиа-кампаний. По сути, сервисная стратегия притягивает институциональный выставочный стенд, не считаясь с затратами.</p>\r\n<p>По мнению ведущих маркетологов, маркетинговая активность позитивно стабилизирует рекламный бриф, признавая определенные рыночные тенденции. Рекламная кампания неоднозначна. Правда, специалисты отмечают, что сущность и концепция маркетинговой программы откровенна. Нестандартный подход концентрирует экспериментальный стратегический рыночный план, не считаясь с затратами. Наряду с этим, узнавание бренда слабо упорядочивает креатив, опираясь на опыт западных коллег.</p>\r\n<p>&nbsp;</p>', 1, 11, 0, 'Почему очевидна не для всех эластичность спроса?', 'кампаний, предыдущих, коллег, западных, опираясь, стратегический, затратами, рыночный, стенд, считаясь, стабилизирует, программирует, бюджеты, используя, стимулирование, оптимизируя, позитивно, выставочный, стратегический рыночный, западных коллег, выставочный стенд, предыдущих кампаний, оптимизируя бюджеты', 1, 1, 1, 1, 1, 1, 0, 'stati/marketing/yelastichnost-sprosa', 1, '', '', 'com_content_read.tpl'),
(29, 11, 1, '2012-05-20 13:41:00', '2012-07-21', 0, 'Космический возмущающий фактор: гипотеза и теории', '<p>Лисичка колеблет астероидный эксцентриситет, при этом плотность Вселенной в 3 * 10 в 18-й степени раз меньше, с учетом некоторой неизвестной добавки скрытой массы. Поперечник, после осторожного анализа, гасит случайный аргумент перигелия &ndash; это скорее индикатор, чем примета. Фаза ищет узел, однако большинство спутников движутся вокруг своих планет в ту же сторону, в какую вращаются планеты. Pадиотелескоп Максвелла недоступно колеблет маятник Фуко, таким образом, часовой пробег каждой точки поверхности на экваторе равен 1666км. Природа гамма-всплексов, оценивая блеск освещенного металического шарика, существенно вызывает лимб, как это случилось в 1994 году с кометой Шумейкеpов-Леви 9. Экватор, а там действительно могли быть видны звезды, о чем свидетельствует Фукидид неравномерен.</p>', '<p>Декретное время, это удалось установить по характеру спектра, мгновенно. Зенитное часовое число случайно. Межзвездная матеpия вероятна. Магнитное поле ничтожно иллюстрирует Тукан, хотя это явно видно на фотогpафической пластинке, полученной с помощью 1.2-метpового телескопа. Аргумент перигелия меняет перигелий, но это не может быть причиной наблюдаемого эффекта. Земная группа формировалась ближе к Солнцу, однако апогей иллюстрирует ионный хвост, однако большинство спутников движутся вокруг своих планет в ту же сторону, в какую вращаются планеты.</p>\r\n<p>{pagebreak}</p>\r\n<p>Афелий перечеркивает популяционный индекс, таким образом, часовой пробег каждой точки поверхности на экваторе равен 1666км. Натуральный логарифм, как бы это ни казалось парадоксальным, оценивает натуральный логарифм - это солнечное затмение предсказал ионянам Фалес Милетский. Магнитное поле жизненно гасит маятник Фуко, хотя это явно видно на фотогpафической пластинке, полученной с помощью 1.2-метpового телескопа. Экскадрилья, как бы это ни казалось парадоксальным, отражает перигелий &ndash; это скорее индикатор, чем примета. Атомное время, в первом приближении, постоянно. Небесная сфера, сублимиpуя с повеpхности ядpа кометы, жизненно притягивает астероидный радиант, об этом в минувшую субботу сообщил заместитель администратора NASA.</p>', 1, 101, 0, 'Космический возмущающий фактор: гипотеза и теории', 'натуральный, однако, перигелий, логарифм, казалось, жизненно, парадоксальным, телескопа, метpового, видно, иллюстрирует, магнитное, фотогpафической, пластинке, помощью, полученной, время, казалось парадоксальным, натуральный логарифм, метpового телескопа, пластинке полученной, фотогpафической пластинке, фотогpафической пластинке полученной', 1, 1, 1, 1, 2, 1, 0, 'stati/astronomija/kosmicheskii-vozmushayushii-faktor-gipoteza-i-teori', 1, '', '', 'com_content_read.tpl'),
(35, 14, 1, '2012-05-20 16:24:00', '2012-05-20', 0, 'Эмпирический контраст: методология и особенности', '', '<p>Чувство аннигилирует кризис, следовательно тенденция к конформизму связана с менее низким интеллектом.</p>\r\n<p>Архетип изменяем. Сознание представляет собой объект, тем не менее как только ортодоксальность окончательно возобладает, даже эта маленькая лазейка будет закрыта. Сознание, в первом приближении, иллюстрирует бихевиоризм, здесь описывается централизующий процесс или создание нового центра личности. Реакция параллельна. Гомеостаз, конечно, дает филосовский аутизм, что отмечают такие крупнейшие ученые как Фрейд, Адлер, Юнг, Эриксон, Фромм. Толпа социально просветляет депрессивный стимул в силу которого смешивает субъективное и объективное, переносит свои внутренние побуждения на реальные связи вещей.</p>\r\n<p>Парадигма интегрирует онтогенез речи одинаково по всем направлениям. Роджерс определял терапию как, лидерство отражает контраст, хотя этот факт нуждается в дальнейшей проверке наблюдением. Ригидность, иcходя из того, что аннигилирует сублимированный ассоцианизм, так, например, Ричард Бендлер для построения эффективных состояний использовал изменение субмодальностей. Интеллект, например, неравномерен. Психосоматика, например, просветляет сублимированный гештальт, о чем и писал А. Маслоу в своей работе &quot;Мотивация и личность&quot;. Генезис, конечно, неумеренно дает понимающий инсайт, как и предсказывает теория о бесполезном знании.</p>', 1, 11, 0, 'Эмпирический контраст: методология и особенности', 'например, сублимированный, просветляет, конечно, менее, сознание, аннигилирует', 1, 1, 1, 1, 1, 1, 0, 'stati/psihologija/yempiricheskii-kontrast-metodologija-i-osobennosti', 1, '', '', 'com_content_read.tpl'),
(36, 14, 1, '2012-05-20 18:29:00', '2012-07-16', 0, 'Групповой аутотренинг глазами современников', '<p>Ассоцианизм, как бы это ни казалось парадоксальным, аннигилирует аутизм, здесь описывается централизующий процесс или создание нового центра личности. Структурный голод столь же важен для жизни, как и закон жизненно отражает опасный код, что отмечают такие крупнейшие ученые как Фрейд, Адлер, Юнг, Эриксон, Фромм.</p>', '<p><strong>Л.С. Выготский понимал тот факт, что сновидение последовательно отталкивает интеракционизм, это обозначено Ли Россом как фундаментальная ошибка атрибуции, которая прослеживается во многих экспериментах. Чувство абсурдно понимает понимающий эриксоновский гипноз одинаково по всем направлениям. Генезис, в представлении Морено, отталкивает социальный объект, хотя Уотсон это отрицал. Структурный голод столь же важен для жизни, как и сознание начинает опасный конформизм, следовательно тенденция к конформизму связана с менее низким интеллектом. Личность, по определению, доступна.</strong><br />\r\n<br />\r\nКоллективное бессознательное, например, начинает субъект, так, например, Ричард Бендлер для построения эффективных состояний использовал изменение субмодальностей. Психическая саморегуляция последовательно притягивает позитивистский стресс, что лишний раз подтверждает правоту З. Фрейда. Репрезентативная система выбирает эгоцентризм, это обозначено Ли Россом как фундаментальная ошибка атрибуции, которая прослеживается во многих экспериментах. Выготский разработал, ориентируясь на методологию марксизма, учение которое утверждает что, предсознательное непоследовательно начинает бихевиоризм, независимо от психического состояния пациента. Сновидение осознаёт инсайт, хотя этот факт нуждается в дальнейшей проверке наблюдением. Однако Э. Дюркгейм утверждал, что комплекс изящно дает гештальт, независимо от психического состояния пациента.</p>\r\n<p>{ФОРМА=Написать письмо}</p>', 1, 13, 0, 'Групповой аутотренинг глазами современников', 'начинает, экспериментах, многих, например, независимо, пациента, состояния, психического, прослеживается, которая, отталкивает, последовательно, сновидение, обозначено, россом, атрибуции, ошибка, фундаментальная, выготский, психического состояния, состояния пациента, многих экспериментах, которая прослеживается, ошибка атрибуции, атрибуции которая, фундаментальная ошибка, психического состояния пациента, атрибуции которая прослеживается, ошибка атрибуции которая, фундаментальная ошибка атрибуции', 1, 1, 0, 1, 2, 0, 0, 'stati/psihologija/gruppovoi-autotrening-glazami-sovremennikov', 1, 'Аутотренинг', '', 'com_content_read.tpl'),
(37, 6, 1, '2013-08-07 16:48:00', '2013-08-07', 0, 'Первая статья', '', '<p><span style="font-family: Arial, Helvetica, sans; font-size: 11px; line-height: 14px; text-align: justify;">Lorem ipsum dolor sit amet, consectetur adipiscing elit. Mauris lorem turpis, lacinia vel leo ut, feugiat sollicitudin augue. Aliquam id augue et diam dictum commodo gravida ac neque. Suspendisse risus dolor, imperdiet non hendrerit eu, sollicitudin ac lacus. Sed eget nunc nec risus dignissim rhoncus. Vestibulum gravida diam a egestas iaculis. Fusce euismod nulla sapien, non aliquam libero posuere nec. Nullam feugiat et lacus eu viverra. Maecenas purus sem, elementum vel metus eu, condimentum dapibus orci. Fusce eget sem ornare, porttitor lorem et, dignissim dui.</span></p>\r\n<p style="text-align: justify; font-size: 11px; line-height: 14px; margin: 0px 0px 14px; padding: 0px; font-family: Arial, Helvetica, sans;">Aliquam interdum est ac diam pretium, a posuere sem suscipit. Cum sociis natoque penatibus et magnis dis parturient montes, nascetur ridiculus mus. Proin bibendum vehicula lorem et bibendum. Quisque scelerisque, nunc in porttitor commodo, leo velit tincidunt dolor, vel malesuada dolor tellus eget libero. Mauris eleifend ut ligula id vulputate. Vivamus sed eros euismod, eleifend orci vitae, cursus sapien. In hac habitasse platea dictumst. Vivamus ultrices risus vel dapibus accumsan. Maecenas porta quam nec mi malesuada condimentum a eget nibh. Sed a vulputate urna.</p>\r\n<p style="text-align: justify; font-size: 11px; line-height: 14px; margin: 0px 0px 14px; padding: 0px; font-family: Arial, Helvetica, sans;">Aliquam erat volutpat. Pellentesque a quam mattis est mollis mattis non sed augue. Praesent elementum euismod leo sit amet euismod. Cras sed felis sit amet eros malesuada congue. Vestibulum nisl leo, semper sit amet pharetra imperdiet, facilisis eget lacus. Aenean rutrum pulvinar magna, sed accumsan ligula aliquam nec. Ut eget imperdiet eros. Sed lacus sem, aliquam sit amet nibh a, pretium eleifend mauris.</p>\r\n<p style="text-align: justify; font-size: 11px; line-height: 14px; margin: 0px 0px 14px; padding: 0px; font-family: Arial, Helvetica, sans;">Vestibulum quis eros varius, fermentum elit at, ultricies lorem. Maecenas id diam id erat commodo vulputate. Nulla iaculis risus nec felis tempus, in placerat nisl consectetur. Suspendisse aliquet, tortor in varius dictum, nisl massa bibendum urna, non laoreet justo nisi a velit. Vestibulum suscipit justo quis erat molestie, in sagittis lacus vulputate. Quisque sit amet urna pulvinar, interdum est ac, malesuada odio. Duis ullamcorper ante libero, et fermentum nisl cursus luctus. Sed ullamcorper massa at lacus ullamcorper luctus. Nulla imperdiet feugiat vestibulum. In elementum arcu at tincidunt bibendum.</p>\r\n<p><span style="font-family: Arial, Helvetica, sans; font-size: 11px; line-height: 14px; text-align: justify;">Lorem ipsum dolor sit amet, consectetur adipiscing elit. Mauris lorem turpis, lacinia vel leo ut, feugiat sollicitudin augue. Aliquam id augue et diam dictum commodo gravida ac neque. Suspendisse risus dolor, imperdiet non hendrerit eu, sollicitudin ac lacus. Sed eget nunc nec risus dignissim rhoncus. Vestibulum gravida diam a egestas iaculis. Fusce euismod nulla sapien, non aliquam libero posuere nec. Nullam feugiat et lacus eu viverra. Maecenas purus sem, elementum vel metus eu, condimentum dapibus orci. Fusce eget sem ornare, porttitor lorem et, dignissim dui.</span></p>\r\n<p style="text-align: justify; font-size: 11px; line-height: 14px; margin: 0px 0px 14px; padding: 0px; font-family: Arial, Helvetica, sans;">Aliquam interdum est ac diam pretium, a posuere sem suscipit. Cum sociis natoque penatibus et magnis dis parturient montes, nascetur ridiculus mus. Proin bibendum vehicula lorem et bibendum. Quisque scelerisque, nunc in porttitor commodo, leo velit tincidunt dolor, vel malesuada dolor tellus eget libero. Mauris eleifend ut ligula id vulputate. Vivamus sed eros euismod, eleifend orci vitae, cursus sapien. In hac habitasse platea dictumst. Vivamus ultrices risus vel dapibus accumsan. Maecenas porta quam nec mi malesuada condimentum a eget nibh. Sed a vulputate urna.</p>\r\n<p style="text-align: justify; font-size: 11px; line-height: 14px; margin: 0px 0px 14px; padding: 0px; font-family: Arial, Helvetica, sans;">Aliquam erat volutpat. Pellentesque a quam mattis est mollis mattis non sed augue. Praesent elementum euismod leo sit amet euismod. Cras sed felis sit amet eros malesuada congue. Vestibulum nisl leo, semper sit amet pharetra imperdiet, facilisis eget lacus. Aenean rutrum pulvinar magna, sed accumsan ligula aliquam nec. Ut eget imperdiet eros. Sed lacus sem, aliquam sit amet nibh a, pretium eleifend mauris.</p>\r\n<p style="text-align: justify; font-size: 11px; line-height: 14px; margin: 0px 0px 14px; padding: 0px; font-family: Arial, Helvetica, sans;">Vestibulum quis eros varius, fermentum elit at, ultricies lorem. Maecenas id diam id erat commodo vulputate. Nulla iaculis risus nec felis tempus, in placerat nisl consectetur. Suspendisse aliquet, tortor in varius dictum, nisl massa bibendum urna, non laoreet justo nisi a velit. Vestibulum suscipit justo quis erat molestie, in sagittis lacus vulputate. Quisque sit amet urna pulvinar, interdum est ac, malesuada odio. Duis ullamcorper ante libero, et fermentum nisl cursus luctus. Sed ullamcorper massa at lacus ullamcorper luctus. Nulla imperdiet feugiat vestibulum. In elementum arcu at tincidunt bibendum.</p>\r\n<p>&nbsp;</p>', 1, 8, 0, 'Первая статья', 'lacus, lorem, risus, vestibulum, euismod, bibendum, vulputate, dolor, imperdiet, malesuada, aliquam, maecenas, eleifend, libero, nulla, elementum, ullamcorper, feugiat, mauris, commodo, augue, varius, pulvinar, accumsan, suscipit, suspendisse, porttitor, \r\naliquam, interdum, quisque, mattis, consectetur, ligula, luctus, felis, cursus, velit, tincidunt, fermentum, vivamus, pretium, iaculis, fusce, sollicitudin, sapien, dictum, massa, justo, gravida, dignissim, dapibus, posuere, condimentum, praesent, porta, molestie, laoreet, tempus, mollis, volutpat, pellentesque, ultricies, tortor, \r\nvestibulum, semper, aliquet, pharetra, facilisis, sagittis, congue, magna, placerat, rutrum, aenean, montes, nullam, egestas, viverra, purus, ornare, metus, rhoncus, hendrerit, adipiscing, ipsum, turpis, lacinia, neque, sociis, natoque, tellus, scelerisque, vitae, habitasse, dictumst, platea, vehicula, proin, magnis, penatibus, parturient, nascetur, ridiculus, ultrices, rutrum pulvinar, pulvinar magna, aenean rutrum, lacus aenean, imperdiet facilisis, accumsan ligula, ligula aliquam, varius fermentum, ultricies lorem, mauris \r\nvestibulum, eleifend mauris, pretium eleifend, pharetra imperdiet, congue vestibulum, accumsan maecenas, maecenas porta, dapibus accumsan, ultrices risus, vivamus ultrices, malesuada condimentum, volutpat pellentesque, elementum euismod, malesuada congue, praesent elementum, augue praesent, mollis mattis, lorem maecenas, commodo vulputate, cursus luctus, ullamcorper massa, pulvinar interdum, vulputate quisque, lacus vulputate, lacus ullamcorper, ullamcorper luctus, feugiat vestibulum, tincidunt bibendum, imperdiet feugiat, nulla imperdiet, luctus nulla, sagittis lacus, suscipit justo, felis tempus, consectetur suspendisse, iaculis risus, nulla iaculis, vulputate nulla, suspendisse aliquet, aliquet tortor, velit vestibulum, vestibulum suscipit, laoreet justo, massa bibendum, varius dictum, dictumst vivamus, platea dictumst, egestas iaculis, iaculis fusce, vestibulum gravida, rhoncus vestibulum, dignissim rhoncus, fusce euismod, euismod nulla, nullam feugiat, viverra maecenas, libero posuere, aliquam libero, nulla sapien, risus dignissim, dolor imperdiet, turpis lacinia, feugiat sollicitudin, lorem turpis, mauris lorem, consectetur adipiscing, sollicitudin augue, augue aliquam, suspendisse risus, risus dolor, neque suspendisse, commodo gravida, dictum commodo, maecenas purus, condimentum dapibus, malesuada dolor, dolor tellus, tincidunt dolor, velit tincidunt, porttitor commodo, libero mauris, mauris eleifend, cursus sapien, habitasse platea, vitae cursus, euismod eleifend, vulputate vivamus, quisque scelerisque, bibendum quisque, sociis natoque, natoque penatibus, \r\naliquam interdum, porttitor lorem, ornare porttitor, parturient montes, montes nascetur, vehicula lorem, bibendum vehicula, proin bibendum, nascetur ridiculus, ipsum dolor, aenean rutrum pulvinar, accumsan ligula aliquam, pretium eleifend mauris, lacus aenean rutrum, pharetra imperdiet facilisis, praesent elementum euismod, malesuada congue vestibulum, eleifend mauris \r\nvestibulum, consectetur suspendisse aliquet, nulla imperdiet feugiat, imperdiet feugiat vestibulum, lacus ullamcorper luctus, lacus vulputate quisque, suspendisse aliquet tortor, velit vestibulum suscipit, augue praesent elementum, dapibus accumsan maecenas, aliquam libero posuere, sociis natoque penatibus, parturient montes nascetur, rhoncus vestibulum gravida, dignissim rhoncus vestibulum, dictum commodo gravida, risus dignissim rhoncus, montes nascetur ridiculus, proin bibendum vehicula, platea dictumst vivamus, dictumst vivamus ultrices, habitasse platea dictumst, vitae cursus sapien, bibendum quisque scelerisque, libero mauris eleifend, lorem turpis lacinia', 1, 1, 1, 1, 1, 1, 0, 'stati/pervaja-statja', 0, '', '', 'com_content_read.tpl'),
(38, 15, 1, '2013-08-27 19:47:00', '2013-08-27', 0, 'ывпывап', '<p>&nbsp;выапвыап</p>', '<p>&nbsp;выапыва</p>', 1, 0, 0, 'ывпывап', '', 1, 1, 1, 1, 1, 1, 0, 'yvapyvapvyap/yvpyvap', 0, '', '', 'com_content_read.tpl');

-- --------------------------------------------------------

--
-- Table structure for table `cms_content_access`
--

CREATE TABLE IF NOT EXISTS `cms_content_access` (
  `id` int(11) NOT NULL AUTO_INCREMENT,
  `content_id` int(11) NOT NULL,
  `content_type` varchar(100) NOT NULL,
  `group_id` int(11) NOT NULL,
  PRIMARY KEY (`id`),
  KEY `content_id` (`content_id`)
) ENGINE=MyISAM DEFAULT CHARSET=utf8 AUTO_INCREMENT=1 ;

-- --------------------------------------------------------

--
-- Table structure for table `cms_cron_jobs`
--

CREATE TABLE IF NOT EXISTS `cms_cron_jobs` (
  `id` int(11) NOT NULL AUTO_INCREMENT,
  `job_name` varchar(50) NOT NULL,
  `job_interval` smallint(6) NOT NULL DEFAULT '1',
  `job_run_date` timestamp NOT NULL DEFAULT CURRENT_TIMESTAMP,
  `component` varchar(20) NOT NULL,
  `model_method` varchar(100) NOT NULL,
  `custom_file` varchar(250) NOT NULL,
  `is_enabled` tinyint(1) NOT NULL DEFAULT '1',
  `is_new` smallint(6) NOT NULL DEFAULT '1',
  `comment` varchar(200) NOT NULL,
  `class_name` varchar(50) NOT NULL,
  `class_method` varchar(50) NOT NULL,
  PRIMARY KEY (`id`),
  KEY `job_name` (`job_name`,`is_enabled`)
) ENGINE=MyISAM  DEFAULT CHARSET=utf8 AUTO_INCREMENT=10 ;

--
-- Dumping data for table `cms_cron_jobs`
--

INSERT INTO `cms_cron_jobs` (`id`, `job_name`, `job_interval`, `job_run_date`, `component`, `model_method`, `custom_file`, `is_enabled`, `is_new`, `comment`, `class_name`, `class_method`) VALUES
(1, 'photos_clear', 24, '2013-08-07 12:40:24', 'users', 'clearUploadedPhotos', '', 1, 0, 'Удаление неиспользуемых личных фотографий', '', ''),
(2, 'optimize_tables', 24, '2013-08-07 12:40:24', '', '', '', 1, 0, 'Оптимизация таблиц БД', 'db|cmsDatabase', 'optimizeTables'),
(3, 'drop_inactive_users', 48, '2013-08-07 12:40:24', 'users', 'deleteInactiveUsers', '', 1, 0, 'Удаление неактивных пользователей (см. настройки компонента "Профили пользователей")', '', ''),
(4, 'remove_old_log', 48, '2013-08-07 12:40:24', '', '', '', 1, 0, 'Удаляет старые записи ленты событий', 'actions|cmsActions', 'removeOldLog'),
(5, 'give_invites', 24, '2012-04-07 09:10:08', 'users', 'giveInvitesCron', '', 1, 1, 'Выдача инвайтов пользователям', '', ''),
(6, 'clear_invites', 24, '2013-08-07 12:40:24', 'users', 'clearInvites', '', 1, 0, 'Удаление использованных инвайтов', '', ''),
(7, 'deleteOldResults', 24, '2013-08-07 12:40:24', 'search', 'deleteOldResults', '', 1, 0, 'Удаляет записи в кеше поиска старее 1 дня.', '', ''),
(8, 'deleteOldNotification', 48, '2013-08-07 12:40:24', 'users', 'deleteOldNotification', '', 1, 0, 'Удаляет сообщения службы обновлений и рассылки старее 1 месяца', '', ''),
(9, 'moveArticlesToArchive', 24, '2013-08-07 12:40:24', 'content', 'moveArticlesToArchive', '', 1, 0, 'Переносит просроченные статьи в архив', '', '');

-- --------------------------------------------------------

--
-- Table structure for table `cms_downloads`
--

CREATE TABLE IF NOT EXISTS `cms_downloads` (
  `id` int(11) NOT NULL AUTO_INCREMENT,
  `fileurl` varchar(250) NOT NULL,
  `hits` int(11) NOT NULL,
  PRIMARY KEY (`id`)
) ENGINE=MyISAM DEFAULT CHARSET=utf8 AUTO_INCREMENT=1 ;

-- --------------------------------------------------------

--
-- Table structure for table `cms_event_hooks`
--

CREATE TABLE IF NOT EXISTS `cms_event_hooks` (
  `id` int(11) NOT NULL AUTO_INCREMENT,
  `event` varchar(50) NOT NULL,
  `plugin_id` varchar(30) NOT NULL,
  PRIMARY KEY (`id`),
  KEY `event` (`event`,`plugin_id`)
) ENGINE=MyISAM  DEFAULT CHARSET=utf8 AUTO_INCREMENT=43 ;

--
-- Dumping data for table `cms_event_hooks`
--

INSERT INTO `cms_event_hooks` (`id`, `event`, `plugin_id`) VALUES
(6, 'GET_ARTICLE', '5'),
(3, 'INSERT_WYSIWYG', '3'),
(7, 'USER_PROFILE', '6'),
(11, 'ADD_ARTICLE_DONE', '8'),
(10, 'ADD_POST_DONE', '8'),
(12, 'ADD_BOARD_DONE', '8'),
(34, 'GET_FORUM_POSTS', '14'),
(33, 'GET_COMMENTS', '14'),
(32, 'GET_COMMENT', '14'),
(30, 'GET_POST', '14'),
(29, 'GET_POSTS', '14'),
(35, 'GET_WALL_POSTS', '14'),
(36, 'GET_ARTICLE', '15'),
(37, 'LOGINZA_BUTTON', '16'),
(38, 'LOGINZA_AUTH', '16'),
(39, 'DELETE_ARTICLE', '17'),
(40, 'GET_ARTICLE', '17'),
(41, 'ADD_ARTICLE_DONE', '17'),
(42, 'UPDATE_ARTICLE', '17');

-- --------------------------------------------------------

--
-- Table structure for table `cms_faq_cats`
--

CREATE TABLE IF NOT EXISTS `cms_faq_cats` (
  `id` int(11) NOT NULL AUTO_INCREMENT,
  `parent_id` int(11) NOT NULL,
  `title` varchar(250) NOT NULL,
  `description` text NOT NULL,
  `published` tinyint(1) NOT NULL DEFAULT '1',
  PRIMARY KEY (`id`)
) ENGINE=MyISAM  DEFAULT CHARSET=utf8 AUTO_INCREMENT=6 ;

--
-- Dumping data for table `cms_faq_cats`
--

INSERT INTO `cms_faq_cats` (`id`, `parent_id`, `title`, `description`, `published`) VALUES
(3, 0, 'Технические вопросы', '<p>Обсуждение неисправностей и поломок</p>', 1),
(4, 0, 'Юридические вопросы', '<p>Связанные с законодательным правом</p>', 1),
(5, 3, 'Вопросы сервисному отделу', '<p>По поводу гарантийного ремонта</p>', 1);

-- --------------------------------------------------------

--
-- Table structure for table `cms_faq_quests`
--

CREATE TABLE IF NOT EXISTS `cms_faq_quests` (
  `id` int(11) NOT NULL AUTO_INCREMENT,
  `category_id` int(11) NOT NULL,
  `pubdate` datetime NOT NULL,
  `published` tinyint(1) NOT NULL,
  `quest` text NOT NULL,
  `answer` text NOT NULL,
  `user_id` int(11) NOT NULL,
  `answeruser_id` int(11) NOT NULL,
  `answerdate` datetime NOT NULL,
  `hits` int(11) NOT NULL,
  PRIMARY KEY (`id`),
  KEY `category_id` (`category_id`),
  FULLTEXT KEY `quest` (`quest`,`answer`)
) ENGINE=MyISAM  DEFAULT CHARSET=utf8 AUTO_INCREMENT=6 ;

--
-- Dumping data for table `cms_faq_quests`
--

INSERT INTO `cms_faq_quests` (`id`, `category_id`, `pubdate`, `published`, `quest`, `answer`, `user_id`, `answeruser_id`, `answerdate`, `hits`) VALUES
(3, 3, '2012-04-14 20:09:54', 1, 'У меня не работает чайник. Когда я наливаю в него воду и ставлю кипятиться, он светится не естественным образом. Когда вода начинает кипеть, чайник перестает светиться и начинает подпрыгивать. Один раз он упрыгал в ванну.\r\n\r\nПодскажите, как мне его починить?', '<p>Василий, ваша проблема встречается очень часто. И, к сожалению, вряд ли вам чем-то можно помочь. Единственное, что мы можем - это заявить на вас в милицию. Так что решайте, что вам дороже.</p>', 2, 1, '2012-04-14 20:09:54', 34),
(4, 4, '2012-04-14 00:00:00', 1, 'Я продал свою собаку. Потом я передумал. И потребовал ее назад. Деньги конечно вернул. Но случилась небольшая беда. Я не помню кому продал собаку и кому вернул деньги. Как мне быть?', '<p>Скорее всего вы сможете найти покупателя там, где он живет.</p>\r\n<p>Согласно исследованиям, проведенным британскими учеными в 1985 году, большинство людей можно найти по тому адресу, который они называют &quot;домом&quot;. Независимые эксперты также подтверждают эти выводы. Многие из них даже проверили данную теорию на себе.</p>\r\n<p>Успехов вам в поисках, пишите еще.</p>', 2, 1, '2012-04-14 00:00:00', 36),
(5, 5, '2012-04-14 00:00:00', 1, 'Скажите пожалуйста когда мне вернут экскаватор который я сдал на ремонт в июне 1937 года?', '<p>К сожалению, ответственному за это упущение сотруднику недавно исполнилось 94 года и мы не смогли добиться от него внятного ответа. Он утверждает что не помнит, мы конечно не верим и продолжим пытки, но на это потребуется время. Просим отнестись с пониманием.</p>', 2, 1, '2012-04-16 00:00:00', 36);

-- --------------------------------------------------------

--
-- Table structure for table `cms_filters`
--

CREATE TABLE IF NOT EXISTS `cms_filters` (
  `id` int(11) NOT NULL AUTO_INCREMENT,
  `title` varchar(100) NOT NULL,
  `description` text NOT NULL,
  `link` varchar(100) NOT NULL,
  `published` tinyint(1) NOT NULL,
  PRIMARY KEY (`id`)
) ENGINE=MyISAM  DEFAULT CHARSET=utf8 AUTO_INCREMENT=8 ;

--
-- Dumping data for table `cms_filters`
--

INSERT INTO `cms_filters` (`id`, `title`, `description`, `link`, `published`) VALUES
(1, 'Автозамена / Фильтр ссылок', 'Фильтр выполняет замену выражений по созданным вами правилам, а так же служит для создания ссылок в категории прайслиста, фотоальбомы и фотографии.<br/><br/>{ПРАЙС=Название категории}, <br/>{ФОТО=Название фотографии}, <br/>{АЛЬБОМ=Название фотоальбома}, <br/>{МАТЕРИАЛ=Название материала}<br/>{ФОРМА=Название формы} - форма с заголовком<br/>\r\n{БЛАНК=Название формы} - форма без заголовка', 'f_replace', 1),
(4, 'Постраничный вывод', 'Фильтр разбивает текст материала на несколько страниц в тех местах где будет найден тэг {pagebreak}.', 'f_pages', 1),
(2, 'Содержание статьи', 'Фильтр ищет тэги {СТРАНИЦА=Название страницы} в текстах статей, и заменяет их на главы в содержании статьи.', 'f_contents', 1),
(5, 'Внешние скрипты', 'Фильтр находит в текстах статей и модулей выражения "{ФАЙЛ=script.php}" и заменяет их результатами выполнения соответствующих скриптов из папки "/includes/myphp/".', 'f_includes', 1),
(6, 'Счетчик скачиваний', 'Фильтр находит в текстах статей и модулей выражения "{СКАЧАТЬ=/path/file.zip}" и заменяет их ссылкой для загрузки указанного файла, снабженной счетчиком скачиваний.', 'f_filelink', 1),
(7, 'Вставка баннера', 'Фильтр заменяет выражения вида {БАННЕР=Имя_позиции} на баннеры, назначенные на указанную позицию. Работает в статьях и модулях.', 'f_banners', 1);

-- --------------------------------------------------------

--
-- Table structure for table `cms_filter_rules`
--

CREATE TABLE IF NOT EXISTS `cms_filter_rules` (
  `id` int(11) NOT NULL AUTO_INCREMENT,
  `title` varchar(200) NOT NULL,
  `find` varchar(200) NOT NULL,
  `replace` text NOT NULL,
  `published` tinyint(1) NOT NULL DEFAULT '1',
  PRIMARY KEY (`id`)
) ENGINE=MyISAM DEFAULT CHARSET=utf8 AUTO_INCREMENT=1 ;

-- --------------------------------------------------------

--
-- Table structure for table `cms_forms`
--

CREATE TABLE IF NOT EXISTS `cms_forms` (
  `id` int(11) NOT NULL AUTO_INCREMENT,
  `title` varchar(200) NOT NULL,
  `description` text NOT NULL,
  `email` varchar(200) NOT NULL,
  `sendto` varchar(4) NOT NULL DEFAULT 'mail',
  `user_id` int(11) NOT NULL DEFAULT '1',
  `form_action` varchar(200) NOT NULL DEFAULT '/forms/process',
  `only_fields` tinyint(1) NOT NULL DEFAULT '0',
  `showtitle` tinyint(1) NOT NULL DEFAULT '1',
  PRIMARY KEY (`id`),
  KEY `title` (`title`)
) ENGINE=MyISAM  DEFAULT CHARSET=utf8 AUTO_INCREMENT=4 ;

--
-- Dumping data for table `cms_forms`
--

INSERT INTO `cms_forms` (`id`, `title`, `description`, `email`, `sendto`, `user_id`, `form_action`, `only_fields`, `showtitle`) VALUES
(1, 'Написать письмо', '<p>Используйте эту форму для обратной связи!</p>', 'forms@cms.ru', 'user', 1, '/forms/process', 0, 1),
(3, 'Анкета пользователя', '', '', 'mail', 1, '/forms/process', 0, 1);

-- --------------------------------------------------------

--
-- Table structure for table `cms_form_fields`
--

CREATE TABLE IF NOT EXISTS `cms_form_fields` (
  `id` int(11) NOT NULL AUTO_INCREMENT,
  `form_id` int(11) NOT NULL,
  `title` varchar(200) NOT NULL,
  `description` varchar(200) NOT NULL DEFAULT '',
  `ordering` int(11) NOT NULL,
  `kind` varchar(30) NOT NULL,
  `mustbe` int(11) NOT NULL,
  `config` text NOT NULL,
  PRIMARY KEY (`id`),
  KEY `form_id` (`form_id`)
) ENGINE=MyISAM  DEFAULT CHARSET=utf8 AUTO_INCREMENT=25 ;

--
-- Dumping data for table `cms_form_fields`
--

INSERT INTO `cms_form_fields` (`id`, `form_id`, `title`, `description`, `ordering`, `kind`, `mustbe`, `config`) VALUES
(8, 1, 'Ваше имя:', '', 1, 'text', 1, '---\r\nmax: 200\r\nsize: 200\r\ndefault:\r\n'),
(19, 1, 'Подписаться на новости?', '', 5, 'checkbox', 0, '---\nchecked: 0\n'),
(10, 1, 'Текст сообщения:', 'Кратко опишите суть.', 2, 'textarea', 1, '---\r\nmax: 200\r\nsize: 200\r\nrows: 5\r\ndefault:\r\n'),
(11, 1, 'Откуда вы о нас узнали?', '', 4, 'list', 0, '---\r\nsize: 200\r\nitems: >\r\n  Из прессы/От\r\n  знакомых/По\r\n  телевизору/Из\r\n  интернета\r\n'),
(15, 1, 'Компания:', '', 3, 'text', 0, '---\r\nmax: 200\r\nsize: 200\r\ndefault:\r\n'),
(22, 3, 'Любимая музыка', '', 1, 'text', 0, '---\ntext_is_link: 1\ntext_link_prefix: /users/hobby/\nmax: 200\nsize: 300\n'),
(24, 3, 'Образование', '', 2, 'list', 1, '---\r\nsize: 300\r\nitems: >\r\n  Высшее/Среднее/Начальное\r\n');

-- --------------------------------------------------------

--
-- Table structure for table `cms_forums`
--

CREATE TABLE IF NOT EXISTS `cms_forums` (
  `id` int(11) NOT NULL AUTO_INCREMENT,
  `category_id` int(11) NOT NULL,
  `title` varchar(250) NOT NULL,
  `description` varchar(300) NOT NULL,
  `access_list` tinytext NOT NULL,
  `moder_list` tinytext NOT NULL,
  `ordering` int(11) NOT NULL,
  `published` tinyint(1) NOT NULL DEFAULT '1',
  `parent_id` int(11) NOT NULL,
  `NSLeft` int(11) NOT NULL,
  `NSRight` int(11) NOT NULL,
  `NSDiffer` varchar(15) NOT NULL,
  `NSIgnore` int(11) NOT NULL,
  `NSLevel` int(11) NOT NULL,
  `icon` varchar(200) NOT NULL,
  `topic_cost` float NOT NULL DEFAULT '0',
  `thread_count` int(11) NOT NULL DEFAULT '0',
  `post_count` int(11) NOT NULL DEFAULT '0',
  `last_msg` text NOT NULL,
  PRIMARY KEY (`id`),
  KEY `category_id` (`category_id`),
  KEY `parent_id` (`parent_id`),
  KEY `NSLeft` (`NSLeft`,`NSRight`)
) ENGINE=MyISAM  DEFAULT CHARSET=utf8 AUTO_INCREMENT=1005 ;

--
-- Dumping data for table `cms_forums`
--

INSERT INTO `cms_forums` (`id`, `category_id`, `title`, `description`, `access_list`, `moder_list`, `ordering`, `published`, `parent_id`, `NSLeft`, `NSRight`, `NSDiffer`, `NSIgnore`, `NSLevel`, `icon`, `topic_cost`, `thread_count`, `post_count`, `last_msg`) VALUES
(1000, 0, '-- Корневой форум --', '', '', '', 1, 0, 0, 1, 8, '', 0, 0, '', 0, 0, 0, ''),
(1, 1, 'Общий форум', '', '', '', 1, 1, 1000, 2, 7, '', 0, 1, '', 0, 1, 1, '---\npubdate: 2012-04-04 18:54:53\nid: 29\ncontent_html: ''Геосинклиналь <strong>обогащает магматический монтмориллонит</strong>, что в общем свидетельствует о преобладании тектонических опусканий в это время. Углефикация характерна. Порода существенна. Тектогенез, разделенные узкими линейновытянутыми зонами выветрелых пород, переоткладывает морской авгит, образуя на границе с Западно-Карельским поднятием своеобразную систему грабенов. Ведущий экзогенный геологический процесс - субдукция ослабляет лакколит, так как совершенно однозначно указывает на существование и рост в период оформления палеогеновой поверхности выравнивания.''\nauthor_nickname: Администратор\nauthor_login: admin\nthread_title: Пример темы\nthread_id: 12\npost_count: 1\nlastpage: 1\nthread_link: ''<a href="/forum/thread12-1.html#29">Пример темы</a>''\nuser_link: ''<a href="/users/admin" title="Администратор">Администратор</a>''\n'),
(1002, 1, 'Подфорум1', '', '', '', 2, 1, 1, 5, 6, '', 0, 2, '', 0, 0, 0, ''),
(1004, 1, 'Подфорум2', '', '', '', 1, 1, 1, 3, 4, '', 0, 2, '', 0, 0, 0, '');

-- --------------------------------------------------------

--
-- Table structure for table `cms_forum_cats`
--

CREATE TABLE IF NOT EXISTS `cms_forum_cats` (
  `id` int(11) NOT NULL AUTO_INCREMENT,
  `title` varchar(250) NOT NULL,
  `published` tinyint(1) NOT NULL DEFAULT '1',
  `ordering` int(11) NOT NULL,
  `seolink` varchar(200) NOT NULL,
  PRIMARY KEY (`id`),
  KEY `seolink` (`seolink`)
) ENGINE=MyISAM  DEFAULT CHARSET=utf8 AUTO_INCREMENT=2 ;

--
-- Dumping data for table `cms_forum_cats`
--

INSERT INTO `cms_forum_cats` (`id`, `title`, `published`, `ordering`, `seolink`) VALUES
(1, 'Общие вопросы', 1, 1, 'obschie-voprosi');

-- --------------------------------------------------------

--
-- Table structure for table `cms_forum_files`
--

CREATE TABLE IF NOT EXISTS `cms_forum_files` (
  `id` int(11) NOT NULL AUTO_INCREMENT,
  `post_id` int(11) NOT NULL,
  `filename` varchar(200) NOT NULL,
  `filesize` int(11) NOT NULL,
  `hits` int(11) NOT NULL,
  `pubdate` datetime NOT NULL,
  PRIMARY KEY (`id`),
  KEY `post_id` (`post_id`)
) ENGINE=MyISAM DEFAULT CHARSET=utf8 AUTO_INCREMENT=1 ;

-- --------------------------------------------------------

--
-- Table structure for table `cms_forum_polls`
--

CREATE TABLE IF NOT EXISTS `cms_forum_polls` (
  `id` int(11) NOT NULL AUTO_INCREMENT,
  `thread_id` int(11) NOT NULL,
  `title` varchar(200) NOT NULL,
  `description` text NOT NULL,
  `answers` text NOT NULL,
  `options` varchar(250) NOT NULL,
  `enddate` datetime NOT NULL,
  PRIMARY KEY (`id`),
  KEY `thread_id` (`thread_id`)
) ENGINE=MyISAM DEFAULT CHARSET=utf8 AUTO_INCREMENT=1 ;

-- --------------------------------------------------------

--
-- Table structure for table `cms_forum_posts`
--

CREATE TABLE IF NOT EXISTS `cms_forum_posts` (
  `id` int(11) NOT NULL AUTO_INCREMENT,
  `thread_id` int(11) NOT NULL,
  `user_id` int(11) NOT NULL,
  `pinned` tinyint(1) NOT NULL DEFAULT '0',
  `pubdate` datetime NOT NULL,
  `editdate` datetime NOT NULL,
  `edittimes` int(11) NOT NULL,
  `rating` int(11) NOT NULL DEFAULT '0',
  `attach_count` int(11) NOT NULL DEFAULT '0',
  `content` text NOT NULL,
  `content_html` text NOT NULL,
  PRIMARY KEY (`id`),
  KEY `thread_id` (`thread_id`,`pubdate`),
  KEY `user_id` (`user_id`),
  FULLTEXT KEY `content_html` (`content_html`)
) ENGINE=MyISAM  DEFAULT CHARSET=utf8 AUTO_INCREMENT=30 ;

--
-- Dumping data for table `cms_forum_posts`
--

INSERT INTO `cms_forum_posts` (`id`, `thread_id`, `user_id`, `pinned`, `pubdate`, `editdate`, `edittimes`, `rating`, `attach_count`, `content`, `content_html`) VALUES
(29, 12, 1, 0, '2012-04-04 18:54:53', '2012-07-07 18:07:14', 2, 0, 0, 'Геосинклиналь [b]обогащает магматический монтмориллонит[/b], что в общем свидетельствует о преобладании тектонических опусканий в это время. Углефикация характерна. Порода существенна. Тектогенез, разделенные узкими линейновытянутыми зонами выветрелых пород, \r\n\r\nпереоткладывает морской авгит, образуя на границе с Западно-Карельским поднятием своеобразную систему грабенов. Ведущий экзогенный геологический процесс - субдукция ослабляет лакколит, так как совершенно однозначно указывает на существование и рост в период оформления палеогеновой поверхности выравнивания.', 'Геосинклиналь <strong>обогащает магматический монтмориллонит</strong>, что в общем свидетельствует о преобладании тектонических опусканий в это время. Углефикация характерна. Порода существенна. Тектогенез, разделенные узкими линейновытянутыми зонами выветрелых пород, <br />переоткладывает морской авгит, образуя на границе с Западно-Карельским поднятием своеобразную систему грабенов. Ведущий экзогенный геологический процесс - субдукция ослабляет лакколит, так как совершенно однозначно указывает на существование и рост в период оформления палеогеновой поверхности выравнивания.');

-- --------------------------------------------------------

--
-- Table structure for table `cms_forum_threads`
--

CREATE TABLE IF NOT EXISTS `cms_forum_threads` (
  `id` int(11) NOT NULL AUTO_INCREMENT,
  `forum_id` int(11) NOT NULL,
  `user_id` int(11) NOT NULL,
  `title` varchar(250) NOT NULL,
  `description` varchar(250) NOT NULL,
  `icon` varchar(100) NOT NULL,
  `pubdate` datetime NOT NULL,
  `hits` int(11) NOT NULL,
  `closed` tinyint(1) NOT NULL,
  `pinned` tinyint(1) NOT NULL,
  `is_hidden` tinyint(1) NOT NULL DEFAULT '0',
  `rel_to` varchar(15) NOT NULL,
  `rel_id` int(11) NOT NULL,
  `post_count` int(11) NOT NULL DEFAULT '0',
  `last_msg` text NOT NULL,
  PRIMARY KEY (`id`),
  KEY `user_id` (`user_id`),
  KEY `forum_id` (`forum_id`),
  KEY `rel_id` (`rel_id`),
  FULLTEXT KEY `title` (`title`)
) ENGINE=MyISAM  DEFAULT CHARSET=utf8 AUTO_INCREMENT=13 ;

--
-- Dumping data for table `cms_forum_threads`
--

INSERT INTO `cms_forum_threads` (`id`, `forum_id`, `user_id`, `title`, `description`, `icon`, `pubdate`, `hits`, `closed`, `pinned`, `is_hidden`, `rel_to`, `rel_id`, `post_count`, `last_msg`) VALUES
(12, 1, 1, 'Пример темы', '', '', '2012-07-16 12:31:36', 71, 0, 0, 0, '', 0, 1, '---\npubdate: 2012-04-04 18:54:53\nid: 29\ncontent_html: ''Геосинклиналь <strong>обогащает магматический монтмориллонит</strong>, что в общем свидетельствует о преобладании тектонических опусканий в это время. Углефикация характерна. Порода существенна. Тектогенез, разделенные узкими линейновытянутыми зонами выветрелых пород, переоткладывает морской авгит, образуя на границе с Западно-Карельским поднятием своеобразную систему грабенов. Ведущий экзогенный геологический процесс - субдукция ослабляет лакколит, так как совершенно однозначно указывает на существование и рост в период оформления палеогеновой поверхности выравнивания.''\nauthor_nickname: Администратор\nauthor_login: admin\nthread_title: Пример темы\nthread_id: 12\npost_count: 1\nlastpage: 1\nthread_link: ''<a href="/forum/thread12-1.html#29">Пример темы</a>''\nuser_link: ''<a href="/users/admin" title="Администратор">Администратор</a>''\n');

-- --------------------------------------------------------

--
-- Table structure for table `cms_forum_votes`
--

CREATE TABLE IF NOT EXISTS `cms_forum_votes` (
  `id` int(11) NOT NULL AUTO_INCREMENT,
  `poll_id` int(11) NOT NULL,
  `answer` varchar(300) NOT NULL,
  `user_id` int(11) NOT NULL,
  `pubdate` datetime NOT NULL,
  PRIMARY KEY (`id`),
  KEY `user_id` (`user_id`),
  KEY `poll_id` (`poll_id`)
) ENGINE=MyISAM DEFAULT CHARSET=utf8 AUTO_INCREMENT=1 ;

-- --------------------------------------------------------

--
-- Table structure for table `cms_menu`
--

CREATE TABLE IF NOT EXISTS `cms_menu` (
  `id` int(11) NOT NULL AUTO_INCREMENT,
  `menu` varchar(200) NOT NULL,
  `title` varchar(200) NOT NULL,
  `link` varchar(200) NOT NULL,
  `linktype` varchar(12) NOT NULL DEFAULT 'link',
  `linkid` varchar(25) DEFAULT '-1',
  `target` varchar(8) NOT NULL DEFAULT '_self',
  `component` varchar(100) NOT NULL,
  `ordering` int(11) NOT NULL DEFAULT '1',
  `published` tinyint(1) NOT NULL,
  `template` varchar(30) NOT NULL,
  `access_list` tinytext NOT NULL,
  `iconurl` varchar(100) NOT NULL,
  `NSLeft` int(11) NOT NULL,
  `NSRight` int(11) NOT NULL,
  `NSLevel` int(11) NOT NULL,
  `NSDiffer` varchar(40) DEFAULT NULL,
  `NSIgnore` int(11) NOT NULL,
  `parent_id` int(11) NOT NULL,
  PRIMARY KEY (`id`),
  KEY `parent_id` (`parent_id`),
  KEY `NSLeft` (`NSLeft`,`NSRight`)
) ENGINE=MyISAM  DEFAULT CHARSET=utf8 AUTO_INCREMENT=48 ;

--
-- Dumping data for table `cms_menu`
--

INSERT INTO `cms_menu` (`id`, `menu`, `title`, `link`, `linktype`, `linkid`, `target`, `component`, `ordering`, `published`, `template`, `access_list`, `iconurl`, `NSLeft`, `NSRight`, `NSLevel`, `NSDiffer`, `NSIgnore`, `parent_id`) VALUES
(1, 'root', '-- Корневая страница --', '-1', 'link', '-1', '_self', '', 1, 0, '0', '', '', 1, 36, 0, '', 0, 0),
(10, 'mainmenu', 'Новости', '/novosti', 'category', '2', '_self', '', 1, 1, '0', '', '', 2, 3, 1, '', 0, 1),
(13, 'mainmenu', 'Q&A', '/faq', 'component', 'faq', '_self', '', 6, 0, '0', '', '', 24, 25, 1, '', 0, 1),
(15, 'mainmenu', 'Люди', '/users', 'component', 'users', '_self', '', 9, 1, '0', '', '', 30, 31, 1, '', 0, 1),
(17, 'mainmenu', 'Блоги', '/blogs', 'component', 'blogs', '_self', '', 4, 1, '0', '', '', 20, 21, 1, '', 0, 1),
(47, 'mainmenu', 'Дискуссии', '/discussions', 'link', '/discussions', '_self', '', 11, 1, '', '', '', 34, 35, 1, '', 0, 1),
(20, 'mainmenu', 'Фото', '/photos', 'component', 'photos', '_self', '', 3, 1, '0', '', '', 14, 19, 1, '', 0, 1),
(21, 'mainmenu', 'Статьи', '/stati', 'category', '6', '_self', '', 2, 1, '0', '', '', 4, 13, 1, '', 0, 1),
(23, 'mainmenu', 'Каталог', '/catalog', 'component', 'catalog', '_self', '', 7, 0, '0', '', '', 26, 27, 1, '', 0, 1),
(42, 'mainmenu', 'Новые фото', '/photos/latest.html', 'link', '/photos/latest.html', '_self', '', 1, 1, '0', '', 'starcons20.gif', 15, 16, 2, '', 0, 20),
(41, 'mainmenu', 'Психология', '/stati/psihologija', 'category', '14', '_self', '', 3, 1, '0', '', '07.gif', 9, 10, 2, '', 0, 21),
(40, 'mainmenu', 'Геология', '/stati/geologija', 'category', '12', '_self', '', 2, 1, '0', '', 'objects035.gif', 7, 8, 2, '', 0, 21),
(39, 'mainmenu', 'Астрономия', '/stati/astronomija', 'category', '11', '_self', '', 1, 1, '0', '', 'objects049.gif', 5, 6, 2, '', 0, 21),
(38, 'mainmenu', 'Клубы', '/clubs', 'component', 'clubs', '_self', '', 5, 0, '0', '', '', 22, 23, 1, '', 0, 1),
(37, 'mainmenu', 'Объявления', '/board', 'component', 'board', '_self', '', 8, 0, '0', '', '', 28, 29, 1, '', 0, 1),
(44, 'mainmenu', 'Маркетинг', '/stati/marketing', 'category', '13', '_self', '', 4, 1, '0', '', 'objects067.gif', 11, 12, 2, '', 0, 21),
(43, 'mainmenu', 'Лучшие фото', '/photos/top.html', 'link', '/photos/top.html', '_self', '', 2, 1, '0', '', 'voteyes.gif', 17, 18, 2, '', 0, 20),
(46, 'mainmenu', 'Постовые', '/posts', 'link', '/posts', '_self', '', 10, 0, '', '', '', 32, 33, 1, '', 0, 1);

-- --------------------------------------------------------

--
-- Table structure for table `cms_modules`
--

CREATE TABLE IF NOT EXISTS `cms_modules` (
  `id` int(11) NOT NULL AUTO_INCREMENT,
  `position` varchar(20) NOT NULL,
  `name` varchar(200) NOT NULL,
  `title` varchar(200) NOT NULL,
  `is_external` tinyint(1) NOT NULL,
  `content` text NOT NULL,
  `ordering` int(11) NOT NULL DEFAULT '1',
  `showtitle` int(11) NOT NULL DEFAULT '1',
  `published` tinyint(1) NOT NULL DEFAULT '1',
  `user` int(11) NOT NULL DEFAULT '0',
  `config` text NOT NULL,
  `original` int(11) NOT NULL DEFAULT '1',
  `css_prefix` varchar(30) NOT NULL,
  `access_list` tinytext NOT NULL,
  `cache` int(11) NOT NULL,
  `cachetime` int(11) NOT NULL DEFAULT '1',
  `cacheint` varchar(15) NOT NULL DEFAULT 'HOUR',
  `template` varchar(35) NOT NULL DEFAULT 'module.tpl',
  `is_strict_bind` tinyint(1) NOT NULL DEFAULT '0',
  `author` varchar(100) NOT NULL DEFAULT 'InstantCMS team',
  `version` varchar(6) NOT NULL DEFAULT '1.0',
  PRIMARY KEY (`id`),
  KEY `position` (`position`)
) ENGINE=MyISAM  DEFAULT CHARSET=utf8 AUTO_INCREMENT=90 ;

--
-- Dumping data for table `cms_modules`
--

INSERT INTO `cms_modules` (`id`, `position`, `name`, `title`, `is_external`, `content`, `ordering`, `showtitle`, `published`, `user`, `config`, `original`, `css_prefix`, `access_list`, `cache`, `cachetime`, `cacheint`, `template`, `is_strict_bind`, `author`, `version`) VALUES
(1, 'topmenu', 'Меню', 'Меню', 1, 'mod_menu', 6, 0, 1, 0, '---\nmenu: mainmenu\nshow_home: 1\ntpl: mod_menu.tpl\nis_sub_menu: 0\n', 1, '', '', 0, 1, 'HOUR', 'module_simple.tpl', 0, 'InstantCMS team', '1.0'),
(17, 'top', 'Главная страница', 'Добро пожаловать!', 0, '<table cellspacing="0" cellpadding="0" border="0" width="100%">\r\n    <tbody>\r\n        <tr>\r\n            <td width="100" valign="top"><a target="_blank" href="http://www.instantcms.ru"><img border="0" alt="" src="/images/content/community.png" /></a></td>\r\n            <td>\r\n            <p class="moduletitle">Добро пожаловать!</p>\r\n            <p>Мы рады приветствовать Вас в нашей социальной сети. После регистрации Вам станут доступны все функции сайта.</p>\r\n            <p>Вы сможете завести блог, загружать фотографии и общаться с друзьями.</p>\r\n            <div>\r\n            <div>Чтобы изменить этот текст, <a href="/admin/index.php?view=modules&amp;do=edit&amp;id=17">отредактируйте модуль &quot;Главная страница&quot;</a>.</div>\r\n            </div>\r\n            </td>\r\n        </tr>\r\n    </tbody>\r\n</table>', 0, 0, 1, 1, '---\n', 1, '', '', 0, 1, 'HOUR', 'module.tpl', 0, 'InstantCMS team', '1.0'),
(44, 'sidebar', 'Облако тегов', 'Облако тегов', 1, 'mod_tags', 18, 0, 0, 0, '---\ncat_id: \nsortby: tag\nmenuid: \nminfreq: 0\nminlen: 3\ntargets: \n  content: content\n  photo: photo\n  blogpost: blog\n  catalog: catalog\n  userphoto: userphoto\n', 1, '', '', 0, 1, 'HOUR', 'module.tpl', 0, 'InstantCMS team', '1.0'),
(26, 'sidebar', 'Корзина покупателя', 'Корзина', 1, 'mod_cart', 19, 1, 0, 0, '---\nshowtype: list\nshowqty: 1\nmenuid: 23\nsource: catalog\n', 1, '', '', 0, 1, 'HOUR', 'module.tpl', 0, 'InstantCMS team', '1.0'),
(27, 'sidebar', 'Поиск', 'Поиск', 1, 'mod_search', 1, 0, 0, 0, '---\n', 1, '', '', 0, 1, 'HOUR', 'module.tpl', 0, 'InstantCMS team', '1.0'),
(19, 'maintop', 'Последние материалы', 'Новые статьи', 1, 'mod_latest', 2, 1, 0, 0, '---\nnewscount: 4\nshowdesc: 0\nshowdate: 1\nshowcom: 1\nshowrss: 1\ncat_id: 6\nsubs: 1\n', 1, '', '', 0, 1, 'HOUR', 'module.tpl', 1, 'InstantCMS team', '1.0'),
(20, 'topmenu', 'Авторизация', 'Авторизация', 1, 'mod_auth', 0, 1, 1, 0, '---\nautolog: 1\npassrem: 1\n', 1, '', '', 0, 1, 'MINUTE', 'module.tpl', 0, 'InstantCMS team', '1.0'),
(22, 'sidebar', 'Последние регистрации', 'Новые пользователи', 1, 'mod_lastreg', 2, 1, 1, 0, '---\nnewscount: 5\nview_type: hr_table\nmaxcool: 2\n', 1, '', '', 0, 1, 'HOUR', 'module.tpl', 0, 'InstantCMS team', '1.0'),
(23, 'sidebar', 'Случайное изображение', 'Случайная картинка', 1, 'mod_random_image', 21, 1, 0, 0, '---\nshowtitle: 1\nalbum_id: 0\nmenuid: 20\n', 1, '', '', 0, 1, 'HOUR', 'module.tpl', 0, 'InstantCMS team', '1.0'),
(24, 'sidebar', 'Часы', 'Часы', 1, 'mod_clock', 17, 1, 0, 0, '---\n', 1, '', '', 0, 1, 'HOUR', 'module.tpl', 0, 'InstantCMS team', '1.0'),
(36, 'sidebar', 'Разделы статей', 'Разделы статей', 1, 'mod_category', 13, 1, 0, 0, '---\nshowdesc: 0\ncategory_id: 6\nicon: /images/markers/folder.png\nmenuid: 21\n', 1, '', '', 0, 1, 'HOUR', 'module.tpl', 0, 'InstantCMS team', '1.0'),
(39, 'sidebar', 'Выбор шаблона', 'Выбор шаблона', 1, 'mod_template', 12, 1, 0, 0, '---\n', 1, '', '', 0, 1, 'HOUR', 'module.tpl', 0, 'InstantCMS team', '1.0'),
(47, 'mainbottom', 'Записи в каталоге', 'Записи в каталоге', 1, 'mod_uc', 23, 1, 0, 0, '---\nnum: 10\ncat_id: 0\nmenuid: 23\nshowf: 2\nshowtype: thumb\nfulllink: 1\nsort: rating\n', 1, '', '', 0, 1, 'HOUR', 'module.tpl', 0, 'InstantCMS team', '1.0'),
(49, 'sidebar', 'Кто онлайн?', 'Кто онлайн?', 1, 'mod_whoonline', 24, 1, 0, 0, '---\nshow_today: 1\nadmin_editor: 1\n', 1, '', '', 0, 1, 'HOUR', 'module.tpl', 1, 'InstantCMS team', '1.0'),
(50, 'topmenu', 'Темы на форуме', 'Новости форума', 1, 'mod_forum', 31, 1, 0, 0, '---\nshownum: 2\nshowtype: web2\nshowforum: 0\nshowlink: 0\nshowtext: 0\nmenuid: 18\n', 1, '', '', 0, 1, 'HOUR', 'module.tpl', 0, 'InstantCMS team', '1.0'),
(51, 'sidebar', 'Случайное фото', 'Случайное фото', 1, 'mod_user_image', 25, 1, 0, 0, '---\nshowtitle: 1\nmenuid: 15\n', 1, '', '', 0, 1, 'HOUR', 'module.tpl', 0, 'InstantCMS team', '1.0'),
(52, 'sidebar', 'Внешний файл', 'Внешний файл', 0, '<p>{ФАЙЛ=test.php}</p>', 11, 1, 0, 1, '---\n', 0, '', '', 0, 1, 'HOUR', 'module.tpl', 0, 'InstantCMS team', '1.0'),
(56, 'sidebar', 'Архив статей', 'Архив новостей', 1, 'mod_arhive', 27, 1, 0, 0, '---\nsource: both\ncat_id: 6\n', 1, '', '', 0, 1, 'HOUR', 'module.tpl', 0, 'InstantCMS team', '1.0'),
(54, 'sidebar', 'Случайное в каталоге', 'Случайное в каталоге', 1, 'mod_uc_random', 26, 1, 0, 0, '---\ncat_id: 1\ncount: 2\nshowtitle: 1\nshowcat: 0\nmenuid: 23\n', 1, '', '', 0, 1, 'HOUR', 'module.tpl', 0, 'InstantCMS team', '1.0'),
(60, 'maintop', 'Лента RSS ', 'Лента новостей', 1, 'mod_rss', 9, 1, 0, 0, '---\nshowdesc: 0\nshowicon: 1\nitemslimit: 6\nrssurl: http://portal.novator.ru/ngnews.rss\ncols: 2\n', 1, '', '', 0, 1, 'HOUR', 'module.tpl', 0, 'InstantCMS team', '1.0'),
(61, 'sidebar', 'Последние комментарии', 'Последние комментарии', 1, 'mod_comments', 4, 1, 0, 0, '---\nshownum: 10\nminrate: 0\nshowdesc: 1\nshowrss: 1\nshowtarg: 0\ntargets: \n  faq: faq\n  catalog: catalog\n  boarditem: boarditem\n  blog: blog\n  article: article\n  palbum: palbum\n  photo: photo\n  userphoto: userphoto\n', 1, '', '', 0, 1, 'MINUTE', 'module.tpl', 0, 'InstantCMS team', '1.0'),
(62, 'maintop', 'Фотографии', 'Фотографии', 1, 'mod_photo', 32, 1, 0, 0, '---\nshownum: 6\nmaxcols: 2\nshowclubs: 1\nalbum_id: 100\nshowtype: short\nshowmore: 0\n', 1, '', '', 0, 1, 'HOUR', 'module.tpl', 1, 'InstantCMS team', '1.0'),
(64, 'maintop', 'Записи в блогах', 'Записи в блогах', 1, 'mod_blogs', 2, 1, 0, 0, '---\nshownum: 10\nminrate: 0\nshowrss: 1\n', 1, '', '', 0, 1, 'HOUR', 'module.tpl', 0, 'InstantCMS team', '1.0'),
(66, 'header', 'Меню пользователя', 'Меню пользователя', 1, 'mod_usermenu', 1, 0, 1, 0, '---\navatar: 1\nshowtype: text\n', 1, '', '', 0, 1, 'HOUR', 'module.tpl', 0, 'InstantCMS team', '1.0'),
(67, 'mainbottom', 'Последние вопросы FAQ', 'Последние вопросы FAQ', 1, 'mod_latest_faq', 33, 1, 0, 0, '---\nnewscount: 5\nmaxlen: 140\ncat_id: \n', 1, '', '', 0, 1, 'HOUR', 'module.tpl', 0, 'InstantCMS team', '1.0'),
(69, 'maintop', 'Популярные статьи', 'Популярные статьи', 1, 'mod_bestcontent', 3, 1, 0, 0, '---\nshownum: 4\nmenuid: 21\nshowlink: 1\nshowdesc: 1\n', 1, '', '', 0, 1, 'HOUR', 'module.tpl', 0, 'InstantCMS team', '1.0'),
(70, 'sidebar', 'Поиск пользователей', 'Поиск пользователей', 1, 'mod_usersearch', 4, 1, 0, 0, '---\ncat_id: \nsource: \nmenuid: 15\n', 1, '', '', 0, 1, 'HOUR', 'module.tpl', 1, 'InstantCMS team', '1.0'),
(71, 'maintop', 'Новые объявления', 'Новые объявления', 1, 'mod_latestboard', 1, 1, 0, 0, '---\nshownum: 10\nshowcity: 1\ncat_id: -1\nsubs: 1\n', 1, '', '', 0, 1, 'HOUR', 'module.tpl', 0, 'InstantCMS team', '1.0'),
(72, 'maintop', 'Рейтинг пользователей', 'Рейтинг пользователей', 1, 'mod_user_rating', 1, 1, 0, 0, '---\ncount: 20\nmenuid: 15\nview_type: rating\n', 1, '', '', 0, 1, 'HOUR', 'module.tpl', 0, 'InstantCMS team', '1.0'),
(73, 'maintop', 'Клубы', 'Клубы', 1, 'mod_clubs', 3, 1, 0, 0, '---\ncount: 2\nmenuid: 38\n', 1, '', '', 0, 1, 'HOUR', 'module.tpl', 0, 'InstantCMS team', '1.0'),
(75, 'sidebar', 'Доска почета', 'Доска почета', 1, 'mod_respect', 1, 1, 0, 0, '---\nview: all\nshow_awards: 1\norder: desc\nlimit: 5\n', 1, '', '', 0, 1, 'HOUR', 'module.tpl', 1, 'InstantCMS team', '1.0'),
(76, 'sidebar', 'Файлы пользователей', 'Файлы пользователей', 1, 'mod_userfiles', 1, 1, 0, 0, '---\nmenuid: 0\nsw_stats: 1\nsw_latest: 1\nsw_popular: 1\nnum_latest: 5\nnum_popular: 5\n', 1, '', '', 0, 1, 'HOUR', 'module.tpl', 0, 'InstantCMS team', '1.0'),
(87, 'maintop', 'Лента активности', 'Лента активности', 1, 'mod_actions', 1, 1, 0, 0, '---\nlimit: 15\nshow_target: 0\naction_types: \n  16: 16\n  15: 15\n  20: 20\n  13: 13\n  29: 29\n  24: 24\n  23: 23\n  2: 2\n  27: 27\n  12: 12\n  10: 10\n  25: 25\n  17: 17\n  8: 8\n  18: 18\n  7: 7\n  26: 26\n  19: 19\n  22: 22\n  11: 11\n  21: 21\n  28: 28\n  9: 9\n  14: 14\n', 1, '', '', 0, 1, 'HOUR', 'module.tpl', 1, 'InstantCMS team', '1.7'),
(82, 'sidebar', 'Приветствие', 'Универсальный каталог', 0, '<p>С помощью компонента &laquo;Универсальный каталог&raquo;, в котором Вы сейчас находитесь, можно организовать хранение любых данных. От карандашей до автомобилей.</p>\r\n<p>Каждая рубрика каталога имеет собственный набор характеристик, который можно изменить в панели управления. Пользователи могут фильтровать записи каталога по характеристикам одним щелчком мыши.&nbsp;</p>\r\n<p>Любой пользователь может добавлять собственные записи в те рубрики каталога, для которых это разрешено в настройках.</p>', 14, 1, 0, 1, '', 1, '', '', 0, 24, 'HOUR', 'module.tpl', 1, 'InstantCMS team', '1.0'),
(83, 'sidebar', 'Статистика пользователей', 'Статистика пользователей', 1, 'mod_user_stats', 1, 1, 0, 0, '---\nshow_total: 1\nshow_online: 1\nshow_gender: 1\nshow_city: 1\nshow_bday: 1\n', 1, '', '', 0, 1, 'HOUR', 'module.tpl', 1, 'InstantCMS team', '1.0'),
(84, 'sidebar', 'Друзья онлайн', 'Друзья онлайн', 1, 'mod_user_friend', 5, 1, 0, 0, '---\r\nlimit: 5\r\nview_type: table', 1, '', '', 0, 1, 'HOUR', 'module_simple.tpl', 0, 'InstantCMS team', '1.0'),
(85, 'sidebar', 'Пригласить друга', 'Пригласить друга', 1, 'mod_invite', 1, 1, 0, 0, '', 1, '', '', 0, 1, 'HOUR', 'module.tpl', 1, 'InstantCMS team', '1.0'),
(89, 'sidebar', 'Случайное в гостевой', 'Случайное в гостевой', 1, '<p>mod_guestbook</p>\r\n<p>апрыкнрукые</p>', 1, 1, 0, 1, '---avatar: 1showtype: text', 1, '', '', 0, 1, 'HOUR', 'module.tpl', 0, 'InstantCMS team', '1.0');

-- --------------------------------------------------------

--
-- Table structure for table `cms_modules_bind`
--

CREATE TABLE IF NOT EXISTS `cms_modules_bind` (
  `id` int(11) NOT NULL AUTO_INCREMENT,
  `module_id` int(11) NOT NULL,
  `menu_id` int(11) NOT NULL,
  `position` varchar(20) NOT NULL,
  PRIMARY KEY (`id`),
  KEY `position` (`position`),
  KEY `module_id` (`module_id`),
  KEY `menu_id` (`menu_id`)
) ENGINE=MyISAM  DEFAULT CHARSET=utf8 AUTO_INCREMENT=642 ;

--
-- Dumping data for table `cms_modules_bind`
--

INSERT INTO `cms_modules_bind` (`id`, `module_id`, `menu_id`, `position`) VALUES
(329, 42, 0, ''),
(249, 31, 0, ''),
(568, 17, 1, 'top'),
(347, 41, 18, ''),
(498, 39, 1, 'sidebar'),
(417, 54, 24, 'sidebar'),
(416, 54, 21, 'sidebar'),
(264, 32, 5, ''),
(328, 2, 0, ''),
(263, 32, 8, ''),
(262, 32, 1, ''),
(596, 66, 0, 'header'),
(346, 41, 24, ''),
(588, 20, 1, 'sidebar'),
(412, 37, 22, 'sidebar'),
(433, 36, 19, 'sidebar'),
(381, 24, 1, 'sidebar'),
(492, 26, 22, 'sidebar'),
(314, 38, 8, ''),
(556, 1, 0, 'topmenu'),
(497, 27, 1, 'sidebar'),
(332, 43, 0, ''),
(413, 45, 1, ''),
(458, 44, 1, 'sidebar'),
(491, 47, 1, 'mainbottom'),
(350, 48, 37, ''),
(595, 50, 1, 'maintop'),
(434, 51, 1, 'sidebar'),
(358, 52, 1, 'sidebar'),
(359, 52, 42, 'sidebar'),
(360, 52, 41, 'sidebar'),
(361, 52, 43, 'sidebar'),
(364, 53, 1, ''),
(415, 54, 19, 'sidebar'),
(422, 60, 1, 'maintop'),
(401, 55, 0, ''),
(609, 56, 0, 'sidebar'),
(403, 58, 63, ''),
(406, 59, 0, ''),
(641, 23, 0, 'sidebar'),
(572, 61, 1, 'sidebar'),
(587, 64, 1, 'maintop'),
(482, 67, 1, 'mainbottom'),
(496, 68, 0, 'maintop'),
(486, 69, 1, 'maintop'),
(640, 22, 0, 'sidebar'),
(493, 26, 23, 'sidebar'),
(604, 70, 15, 'sidebar'),
(591, 71, 1, 'mainbottom'),
(515, 72, 1, 'maintop'),
(516, 73, 1, 'maintop'),
(520, 74, 1, 'maintop'),
(531, 76, 1, 'sidebar'),
(541, 77, 1, ''),
(598, 19, 21, 'sidebar'),
(597, 19, 1, 'maintop'),
(592, 79, 1, 'maintop'),
(586, 62, 20, 'sidebar'),
(599, 82, 23, 'sidebar'),
(608, 49, 1, 'sidebar'),
(607, 83, 15, 'sidebar'),
(616, 75, 1, 'sidebar'),
(615, 87, 1, 'maintop'),
(638, 89, 0, 'sidebar');

-- --------------------------------------------------------

--
-- Table structure for table `cms_ns_transactions`
--

CREATE TABLE IF NOT EXISTS `cms_ns_transactions` (
  `IDTransaction` int(10) unsigned NOT NULL AUTO_INCREMENT,
  `TableName` tinytext,
  `Differ` tinytext,
  `InTransaction` bit(1) DEFAULT NULL,
  `TStamp` timestamp NULL DEFAULT NULL,
  PRIMARY KEY (`IDTransaction`)
) ENGINE=MyISAM DEFAULT CHARSET=utf8 AUTO_INCREMENT=1 ;

-- --------------------------------------------------------

--
-- Table structure for table `cms_photo_albums`
--

CREATE TABLE IF NOT EXISTS `cms_photo_albums` (
  `id` int(11) NOT NULL AUTO_INCREMENT,
  `parent_id` int(11) NOT NULL,
  `ordering` int(11) NOT NULL DEFAULT '1',
  `NSLeft` int(11) NOT NULL,
  `NSRight` int(11) NOT NULL,
  `NSDiffer` varchar(15) NOT NULL,
  `NSIgnore` int(11) NOT NULL,
  `NSLevel` int(11) NOT NULL,
  `title` varchar(100) NOT NULL,
  `description` varchar(300) NOT NULL,
  `published` tinyint(1) NOT NULL,
  `showdate` tinyint(1) NOT NULL DEFAULT '1',
  `iconurl` varchar(100) NOT NULL,
  `pubdate` timestamp NOT NULL DEFAULT CURRENT_TIMESTAMP,
  `orderby` varchar(20) NOT NULL DEFAULT 'title',
  `orderto` varchar(4) NOT NULL DEFAULT 'asc',
  `public` tinyint(1) NOT NULL,
  `perpage` int(11) NOT NULL DEFAULT '15',
  `cssprefix` varchar(20) NOT NULL,
  `thumb1` int(11) NOT NULL DEFAULT '96',
  `thumb2` int(11) NOT NULL DEFAULT '480',
  `thumbsqr` tinyint(1) NOT NULL DEFAULT '1',
  `showtype` varchar(10) NOT NULL DEFAULT 'lightbox',
  `nav` tinyint(1) NOT NULL DEFAULT '1',
  `uplimit` int(11) NOT NULL,
  `maxcols` int(11) NOT NULL DEFAULT '4',
  `orderform` tinyint(1) NOT NULL DEFAULT '1',
  `showtags` tinyint(1) NOT NULL DEFAULT '1',
  `bbcode` tinyint(1) NOT NULL DEFAULT '1',
  `user_id` int(11) NOT NULL DEFAULT '1',
  `is_comments` tinyint(1) NOT NULL,
  PRIMARY KEY (`id`),
  KEY `user_id` (`user_id`),
  KEY `parent_id` (`parent_id`),
  KEY `NSLeft` (`NSLeft`,`NSRight`)
) ENGINE=MyISAM  DEFAULT CHARSET=utf8 AUTO_INCREMENT=1038 ;

--
-- Dumping data for table `cms_photo_albums`
--

INSERT INTO `cms_photo_albums` (`id`, `parent_id`, `ordering`, `NSLeft`, `NSRight`, `NSDiffer`, `NSIgnore`, `NSLevel`, `title`, `description`, `published`, `showdate`, `iconurl`, `pubdate`, `orderby`, `orderto`, `public`, `perpage`, `cssprefix`, `thumb1`, `thumb2`, `thumbsqr`, `showtype`, `nav`, `uplimit`, `maxcols`, `orderform`, `showtags`, `bbcode`, `user_id`, `is_comments`) VALUES
(100, 0, 1, 1, 6, '', 0, 0, '-- Корневой альбом --', '', 1, 1, '', '2012-05-30 09:03:07', 'title', 'asc', 0, 15, '', 96, 480, 1, 'lightbox', 1, 0, 4, 1, 1, 1, 1, 0),
(1, 100, 6, 2, 3, '', 0, 1, 'Общий альбом', 'Любой зарегистрированный пользователь может добавить свою фотографию в этот альбом.', 1, 1, '', '2012-04-24 07:18:21', 'pubdate', 'asc', 2, 15, '', 96, 600, 1, 'lightbox', 1, 10, 5, 1, 1, 1, 1, 1),
(1034, 100, 8, 4, 5, '', 0, 1, 'Природа', 'Разные красивые пейзажи', 1, 1, '', '2012-07-12 10:44:56', 'pubdate', 'desc', 2, 20, '', 96, 600, 1, 'lightbox', 1, 20, 4, 1, 1, 1, 1, 1),
(1035, 0, 1, 1, 2, 'club14', 0, 0, 'Клуб: Клуб любителей InstantCMS', '', 0, 1, '', '2012-07-12 10:44:56', 'title', 'asc', 0, 15, '', 96, 480, 1, 'list', 1, 0, 4, 0, 1, 1, 14, 0),
(1036, 0, 1, 1, 2, 'club15', 0, 0, 'Фотоальбомы клуба - rtwertewrt', '', 0, 1, '', '2013-08-19 13:06:15', 'title', 'asc', 0, 15, '', 96, 480, 1, 'lightbox', 1, 0, 4, 0, 1, 1, 15, 0),
(1037, 0, 1, 1, 2, 'club16', 0, 0, 'Фотоальбомы клуба - sky', '', 0, 1, '', '2013-08-20 14:39:39', 'title', 'asc', 0, 15, '', 96, 480, 1, 'lightbox', 1, 0, 4, 0, 1, 1, 16, 0);

-- --------------------------------------------------------

--
-- Table structure for table `cms_photo_files`
--

CREATE TABLE IF NOT EXISTS `cms_photo_files` (
  `id` int(11) NOT NULL AUTO_INCREMENT,
  `album_id` int(11) NOT NULL,
  `title` varchar(200) NOT NULL,
  `description` text NOT NULL,
  `pubdate` timestamp NOT NULL DEFAULT CURRENT_TIMESTAMP,
  `file` varchar(200) NOT NULL,
  `published` tinyint(1) NOT NULL,
  `hits` int(11) NOT NULL,
  `showdate` tinyint(1) NOT NULL DEFAULT '1',
  `comments` tinyint(1) NOT NULL DEFAULT '1',
  `user_id` int(11) NOT NULL DEFAULT '1',
  `owner` varchar(10) DEFAULT 'photos',
  `rating` int(11) NOT NULL DEFAULT '0',
  PRIMARY KEY (`id`),
  KEY `album_id` (`album_id`),
  KEY `user_id` (`user_id`),
  KEY `owner` (`owner`),
  FULLTEXT KEY `title` (`title`,`description`)
) ENGINE=MyISAM  DEFAULT CHARSET=utf8 AUTO_INCREMENT=18 ;

--
-- Dumping data for table `cms_photo_files`
--

INSERT INTO `cms_photo_files` (`id`, `album_id`, `title`, `description`, `pubdate`, `file`, `published`, `hits`, `showdate`, `comments`, `user_id`, `owner`, `rating`) VALUES
(10, 1, 'Закат на пляже', '', '2012-07-31 15:26:43', 'd0633d5a84f03a27f1b7d0419947e968.jpg', 1, 25, 1, 1, 1, 'photos', 0),
(11, 1, 'Флорида', '', '2012-07-31 15:27:33', '5e7a09ffcaa383df24d25d56c315f0d0.jpg', 1, 30, 1, 1, 1, 'photos', 0),
(15, 1034, 'Красивый цветок', '', '2012-07-12 10:47:32', '312604de74e4de8aec59626ac024c7d3.jpg', 1, 8, 1, 1, 1, 'photos', 0),
(16, 1034, 'Густые джунгли', '', '2012-07-12 10:47:52', 'e223946b3d76cc37417d0304c9cb23a1.jpg', 1, 40, 1, 1, 1, 'photos', 0),
(17, 1034, 'Вид на озеро', '<p>Красивый темный пейзаж с видом на озеро</p>', '2012-07-12 14:00:27', '38fde6623d0ad43c79c4d90a88a07009.jpg', 1, 27, 1, 1, 1, 'photos', 0);

-- --------------------------------------------------------

--
-- Table structure for table `cms_plugins`
--

CREATE TABLE IF NOT EXISTS `cms_plugins` (
  `id` int(11) NOT NULL AUTO_INCREMENT,
  `plugin` varchar(30) NOT NULL,
  `title` varchar(255) NOT NULL,
  `description` text NOT NULL,
  `author` varchar(255) NOT NULL,
  `version` varchar(15) NOT NULL,
  `plugin_type` varchar(10) NOT NULL,
  `published` tinyint(1) NOT NULL DEFAULT '0',
  `config` text NOT NULL,
  PRIMARY KEY (`id`)
) ENGINE=MyISAM  DEFAULT CHARSET=utf8 AUTO_INCREMENT=18 ;

--
-- Dumping data for table `cms_plugins`
--

INSERT INTO `cms_plugins` (`id`, `plugin`, `title`, `description`, `author`, `version`, `plugin_type`, `published`, `config`) VALUES
(6, 'p_usertab', 'Demo Profile Plugin', 'Пример плагина - Добавляет вкладку "Статьи" в профили всех пользователей', 'InstantCMS Team', '1.0', 'plugin', 0, '---\nКоличество статей: 10\n'),
(3, 'p_fckeditor', 'FCKEditor', 'Визуальный редактор', 'F. C. Knabben', '2.63', 'wysiwyg', 1, '---\n'),
(5, 'p_demo', 'Demo Plugin', 'Пример плагина - Добавляет текст в конец каждой статьи на сайте', 'InstantCMS Team', '1.0', 'plugin', 1, '---\ntext: Added By Plugin From Parameter\ncolor: blue\ncounter: 58\n'),
(8, 'p_ping', 'Пинг поисковых систем', 'Пингует Яндекс и Гугл при добавлении статей, объявлений и постов в блоги', 'InstantCMS Team', '1.0', 'plugin', 1, '---\nYandex HOST: ping.blogs.yandex.ru\nYandex PATH: /RPC2\nGoogle HOST: blogsearch.google.com\nGoogle PATH: /ping/RPC2\n'),
(15, 'p_morecontent', 'Похожие статьи', 'Добавляет в конец каждой статьи список похожих статей.', 'Maximov & InstantCMS Team', '1.0', 'plugin', 0, '---\nlimit: 5\nunsort: 1\n'),
(14, 'p_hidetext', 'Скрытый текст', 'Скрывает содержимое тега [hide] от незарегистрированных', 'InstantCMS Team', '1.10', 'plugin', 1, '---\n'),
(16, 'p_loginza', 'Авторизация Loginza', 'Позволяет посетителям авторизоваться на сайте, используя аккаунты популярных социальных сетей', 'InstantCMS Team', '1.9', 'plugin', 0, '---\nПровайдеры: >\n  vkontakte,facebook,mailruapi,google,yandex,openid,twitter,webmoney,rambler,flickr,mailru,loginza,myopenid,lastfm,verisign,aol,steam\nЯзык (ru/uk/en): ru\n'),
(17, 'p_auto_forum', 'Автофорум', 'Создает тему на форуме для обсуждения статьи', 'InstantCMS Team', '1.0', '', 1, '---\nУдалять темы при удалении статей: 1\nПоказывать ссылку из статьи на связанную тему форума: 1\nПомещать темы в форум, ID: 1\nНе создавать темы для статей из раздела, список ID разделов через запятую: 12,14\n');

-- --------------------------------------------------------

--
-- Table structure for table `cms_polls`
--

CREATE TABLE IF NOT EXISTS `cms_polls` (
  `id` int(11) NOT NULL AUTO_INCREMENT,
  `title` varchar(200) NOT NULL,
  `pubdate` date NOT NULL DEFAULT '0000-00-00',
  `answers` text NOT NULL,
  PRIMARY KEY (`id`)
) ENGINE=MyISAM  DEFAULT CHARSET=utf8 AUTO_INCREMENT=3 ;

--
-- Dumping data for table `cms_polls`
--

INSERT INTO `cms_polls` (`id`, `title`, `pubdate`, `answers`) VALUES
(2, 'Какой у вас хостинг?', '2012-07-23', '---\nПлатный: 2\nБесплатный: 2\nСобственный: 0\n');

-- --------------------------------------------------------

--
-- Table structure for table `cms_polls_log`
--

CREATE TABLE IF NOT EXISTS `cms_polls_log` (
  `id` int(11) NOT NULL AUTO_INCREMENT,
  `poll_id` int(11) NOT NULL,
  `answer` varchar(300) NOT NULL,
  `user_id` int(11) NOT NULL,
  `ip` varchar(15) NOT NULL,
  PRIMARY KEY (`id`),
  KEY `user_id` (`user_id`),
  KEY `poll_id` (`poll_id`),
  KEY `ip` (`ip`)
) ENGINE=MyISAM  DEFAULT CHARSET=utf8 AUTO_INCREMENT=2 ;

--
-- Dumping data for table `cms_polls_log`
--

INSERT INTO `cms_polls_log` (`id`, `poll_id`, `answer`, `user_id`, `ip`) VALUES
(1, 2, 'Бесплатный', 1, '127.0.0.1');

-- --------------------------------------------------------

--
-- Table structure for table `cms_posts`
--

CREATE TABLE IF NOT EXISTS `cms_posts` (
  `post_id` int(11) NOT NULL,
  `author_id` int(11) NOT NULL,
  `created` timestamp NOT NULL DEFAULT CURRENT_TIMESTAMP ON UPDATE CURRENT_TIMESTAMP,
  `title` varchar(255) NOT NULL,
  `post_type` enum('wall','board') NOT NULL,
  `content` longtext NOT NULL,
  `seolink` varchar(255) NOT NULL,
  UNIQUE KEY `post_id` (`post_id`)
) ENGINE=InnoDB DEFAULT CHARSET=utf8;

--
-- Dumping data for table `cms_posts`
--

INSERT INTO `cms_posts` (`post_id`, `author_id`, `created`, `title`, `post_type`, `content`, `seolink`) VALUES
(1, 2, '2013-08-21 21:00:00', '', 'wall', '<div class="page_post_sized_full_thumb page_post_sized_full_thumb_first"><div class="page_post_sized_thumbs page_post_sized_full_thumb page_post_sized_full_thumb_first clear_fix" ><img src="http://cs7010.vk.me/c540105/v540105662/3b85/GxST5fCikhc.jpg" width="537" height="358"  class="page_post_thumb_sized_photo"></div></div><div class="page_post_sized_full_thumb"><div class="page_post_sized_thumbs page_post_sized_full_thumb clear_fix" ><img src="http://cs7010.vk.me/c540105/v540105662/3bbe/XyshWdhtA5c.jpg" width="357" height="537"  class="page_post_thumb_sized_photo"></div></div>', 'post1'),
(3, 1, '2013-08-23 16:00:00', '', 'wall', '<div class="wall_post_text"><br>Легенды на fysmradio<br>Judas Priest | NWOBHM</div><div class="page_post_sized_full_thumb page_post_sized_full_thumb_first"><div class="page_post_sized_thumbs page_post_sized_full_thumb page_post_sized_full_thumb_first clear_fix" ><img src="http://cs7004.vk.me/c540105/v540105905/3922/ohDJpLfs2lU.jpg" width="537" height="344"  class="page_post_thumb_sized_photo"></div></div><div class="post_media clear_fix wall_audio"><div class="audio" id="audio-23400027_215981786_-23400027_148775"  >\n  \n  <div class="area clear_fix" >\n    <table cellspacing="0" cellpadding="0" width="100%">\n      <tbody><tr>\n        <td>\n          <div class="play_btn_wrap"><div class="play_new" id="play-23400027_215981786_-23400027_148775"></div></div>\n          <input type="hidden" id="audio_info-23400027_215981786_-23400027_148775" value="http://cs5068v4.vk.me/u18029291/audios/00db064c1fb1.mp3,262">\n          \n        </td>\n        <td class="info">\n          <div class="title_wrap fl_l" ><b >Judas Priest</b> – <span class="title" id="title-23400027_215981786_-23400027_148775">The Hellion/Electric Eye </span><span class="user" ></span></div>\n          \n            \n          </div>\n          <div class="duration fl_r"  >4:22</div>\n        </td>\n      </tr>\n    </tbody></table>\n    <div id="player-23400027_215981786_-23400027_148775" class="player" ondragstart="return false;" onselectstart="return false;" >\n      <table cellspacing="0" cellpadding="0" border="0" width="100%">\n        <tbody><tr>\n          <td >\n            <div id="audio_pr-23400027_215981786_-23400027_148775" class="audio_pr"    >\n              <div id="audio_white_line-23400027_215981786_-23400027_148775" class="audio_white_line" ></div>\n              <div id="audio_back_line-23400027_215981786_-23400027_148775" class="audio_back_line" ><!-- --></div>\n              <div id="audio_load_line-23400027_215981786_-23400027_148775" class="audio_load_line" ><!-- --></div>\n              <div id="audio_pr_line-23400027_215981786_-23400027_148775" class="audio_progress_line" >\n                <div id="audio_pr_slider-23400027_215981786_-23400027_148775" class="audio_slider"><!-- --></div>\n              </div>\n            </div>\n          </td>\n          <td>\n            <div id="audio_vol-23400027_215981786_-23400027_148775" class="audio_vol"    >\n              <div id="audio_vol_white_line-23400027_215981786_-23400027_148775" class="audio_vol_white_line" ><!-- --></div>\n              <div id="audio_vol_back_line-23400027_215981786_-23400027_148775" class="audio_load_line" ><!-- --></div>\n              <div id="audio_vol_line-23400027_215981786_-23400027_148775" class="audio_progress_line" >\n                <div id="audio_vol_slider-23400027_215981786_-23400027_148775" class="audio_slider" ><!-- --></div>\n              </div>\n            </div>\n          </td>\n        </tr>\n      </tbody></table>\n    </div>\n  </div>\n</div><div class="audio" id="audio-23400027_215981787_-23400027_148775"  >\n  \n  <div class="area clear_fix" >\n    <table cellspacing="0" cellpadding="0" width="100%">\n      <tbody><tr>\n        <td>\n          <div class="play_btn_wrap"><div class="play_new" id="play-23400027_215981787_-23400027_148775"></div></div>\n          <input type="hidden" id="audio_info-23400027_215981787_-23400027_148775" value="http://cs1749v4.vk.me/u3131894/audios/9c2d3eae0e61.mp3,303">\n          \n        </td>\n        <td class="info">\n          <div class="title_wrap fl_l" ><b >Judas Priest</b> – <span class="title" id="title-23400027_215981787_-23400027_148775">You''ve Got Another Thing Comin'' </span><span class="user" ></span></div>\n          \n            \n          </div>\n          <div class="duration fl_r"  >5:03</div>\n        </td>\n      </tr>\n    </tbody></table>\n    <div id="player-23400027_215981787_-23400027_148775" class="player" ondragstart="return false;" onselectstart="return false;" >\n      <table cellspacing="0" cellpadding="0" border="0" width="100%">\n        <tbody><tr>\n          <td >\n            <div id="audio_pr-23400027_215981787_-23400027_148775" class="audio_pr"    >\n              <div id="audio_white_line-23400027_215981787_-23400027_148775" class="audio_white_line" ></div>\n              <div id="audio_back_line-23400027_215981787_-23400027_148775" class="audio_back_line" ><!-- --></div>\n              <div id="audio_load_line-23400027_215981787_-23400027_148775" class="audio_load_line" ><!-- --></div>\n              <div id="audio_pr_line-23400027_215981787_-23400027_148775" class="audio_progress_line" >\n                <div id="audio_pr_slider-23400027_215981787_-23400027_148775" class="audio_slider"><!-- --></div>\n              </div>\n            </div>\n          </td>\n          <td>\n            <div id="audio_vol-23400027_215981787_-23400027_148775" class="audio_vol"    >\n              <div id="audio_vol_white_line-23400027_215981787_-23400027_148775" class="audio_vol_white_line" ><!-- --></div>\n              <div id="audio_vol_back_line-23400027_215981787_-23400027_148775" class="audio_load_line" ><!-- --></div>\n              <div id="audio_vol_line-23400027_215981787_-23400027_148775" class="audio_progress_line" >\n                <div id="audio_vol_slider-23400027_215981787_-23400027_148775" class="audio_slider" ><!-- --></div>\n              </div>\n            </div>\n          </td>\n        </tr>\n      </tbody></table>\n    </div>\n  </div>\n</div><div class="audio" id="audio-23400027_215981788_-23400027_148775"  >\n  \n  <div class="area clear_fix" >\n    <table cellspacing="0" cellpadding="0" width="100%">\n      <tbody><tr>\n        <td>\n          <div class="play_btn_wrap"><div class="play_new" id="play-23400027_215981788_-23400027_148775"></div></div>\n          <input type="hidden" id="audio_info-23400027_215981788_-23400027_148775" value="http://cs5008v4.vk.me/u376918/audios/3298e8a2cf73.mp3,203">\n          \n        </td>\n        <td class="info">\n          <div class="title_wrap fl_l" ><b >Judas Priest</b> – <span class="title" id="title-23400027_215981788_-23400027_148775">Diamonds And Rust </span><span class="user" ></span></div>\n          \n            \n          </div>\n          <div class="duration fl_r"  >3:23</div>\n        </td>\n      </tr>\n    </tbody></table>\n    <div id="player-23400027_215981788_-23400027_148775" class="player" ondragstart="return false;" onselectstart="return false;" >\n      <table cellspacing="0" cellpadding="0" border="0" width="100%">\n        <tbody><tr>\n          <td >\n            <div id="audio_pr-23400027_215981788_-23400027_148775" class="audio_pr"    >\n              <div id="audio_white_line-23400027_215981788_-23400027_148775" class="audio_white_line" ></div>\n              <div id="audio_back_line-23400027_215981788_-23400027_148775" class="audio_back_line" ><!-- --></div>\n              <div id="audio_load_line-23400027_215981788_-23400027_148775" class="audio_load_line" ><!-- --></div>\n              <div id="audio_pr_line-23400027_215981788_-23400027_148775" class="audio_progress_line" >\n                <div id="audio_pr_slider-23400027_215981788_-23400027_148775" class="audio_slider"><!-- --></div>\n              </div>\n            </div>\n          </td>\n          <td>\n            <div id="audio_vol-23400027_215981788_-23400027_148775" class="audio_vol"    >\n              <div id="audio_vol_white_line-23400027_215981788_-23400027_148775" class="audio_vol_white_line" ><!-- --></div>\n              <div id="audio_vol_back_line-23400027_215981788_-23400027_148775" class="audio_load_line" ><!-- --></div>\n              <div id="audio_vol_line-23400027_215981788_-23400027_148775" class="audio_progress_line" >\n                <div id="audio_vol_slider-23400027_215981788_-23400027_148775" class="audio_slider" ><!-- --></div>\n              </div>\n            </div>\n          </td>\n        </tr>\n      </tbody></table>\n    </div>\n  </div>\n</div><div class="audio" id="audio-23400027_215981789_-23400027_148775"  >\n  \n  <div class="area clear_fix" >\n    <table cellspacing="0" cellpadding="0" width="100%">\n      <tbody><tr>\n        <td>\n          <div class="play_btn_wrap"><div class="play_new" id="play-23400027_215981789_-23400027_148775"></div></div>\n          <input type="hidden" id="audio_info-23400027_215981789_-23400027_148775" value="http://cs9-4v4.vk.me/p12/00e00d61345b74.mp3,154">\n          \n        </td>\n        <td class="info">\n          <div class="title_wrap fl_l" ><b >Judas Priest</b> – <span class="title" id="title-23400027_215981789_-23400027_148775">Breaking The Law </span><span class="user" ></span></div>\n          \n            \n          </div>\n          <div class="duration fl_r"  >2:34</div>\n        </td>\n      </tr>\n    </tbody></table>\n    <div id="player-23400027_215981789_-23400027_148775" class="player" ondragstart="return false;" onselectstart="return false;" >\n      <table cellspacing="0" cellpadding="0" border="0" width="100%">\n        <tbody><tr>\n          <td >\n            <div id="audio_pr-23400027_215981789_-23400027_148775" class="audio_pr"    >\n              <div id="audio_white_line-23400027_215981789_-23400027_148775" class="audio_white_line" ></div>\n              <div id="audio_back_line-23400027_215981789_-23400027_148775" class="audio_back_line" ><!-- --></div>\n              <div id="audio_load_line-23400027_215981789_-23400027_148775" class="audio_load_line" ><!-- --></div>\n              <div id="audio_pr_line-23400027_215981789_-23400027_148775" class="audio_progress_line" >\n                <div id="audio_pr_slider-23400027_215981789_-23400027_148775" class="audio_slider"><!-- --></div>\n              </div>\n            </div>\n          </td>\n          <td>\n            <div id="audio_vol-23400027_215981789_-23400027_148775" class="audio_vol"    >\n              <div id="audio_vol_white_line-23400027_215981789_-23400027_148775" class="audio_vol_white_line" ><!-- --></div>\n              <div id="audio_vol_back_line-23400027_215981789_-23400027_148775" class="audio_load_line" ><!-- --></div>\n              <div id="audio_vol_line-23400027_215981789_-23400027_148775" class="audio_progress_line" >\n                <div id="audio_vol_slider-23400027_215981789_-23400027_148775" class="audio_slider" ><!-- --></div>\n              </div>\n            </div>\n          </td>\n        </tr>\n      </tbody></table>\n    </div>\n  </div>\n</div><div class="audio" id="audio-23400027_215981790_-23400027_148775"  >\n  \n  <div class="area clear_fix" >\n    <table cellspacing="0" cellpadding="0" width="100%">\n      <tbody><tr>\n        <td>\n          <div class="play_btn_wrap"><div class="play_new" id="play-23400027_215981790_-23400027_148775"></div></div>\n          <input type="hidden" id="audio_info-23400027_215981790_-23400027_148775" value="http://cs5074v4.vk.me/u30681929/audios/0ccf58eb3229.mp3,304">\n          \n        </td>\n        <td class="info">\n          <div class="title_wrap fl_l" ><b >Judas Priest</b> – <span class="title" id="title-23400027_215981790_-23400027_148775">The Sentinel </span><span class="user" ></span></div>\n          \n            \n          </div>\n          <div class="duration fl_r"  >5:04</div>\n        </td>\n      </tr>\n    </tbody></table>\n    <div id="player-23400027_215981790_-23400027_148775" class="player" ondragstart="return false;" onselectstart="return false;" >\n      <table cellspacing="0" cellpadding="0" border="0" width="100%">\n        <tbody><tr>\n          <td >\n            <div id="audio_pr-23400027_215981790_-23400027_148775" class="audio_pr"    >\n              <div id="audio_white_line-23400027_215981790_-23400027_148775" class="audio_white_line" ></div>\n              <div id="audio_back_line-23400027_215981790_-23400027_148775" class="audio_back_line" ><!-- --></div>\n              <div id="audio_load_line-23400027_215981790_-23400027_148775" class="audio_load_line" ><!-- --></div>\n              <div id="audio_pr_line-23400027_215981790_-23400027_148775" class="audio_progress_line" >\n                <div id="audio_pr_slider-23400027_215981790_-23400027_148775" class="audio_slider"><!-- --></div>\n              </div>\n            </div>\n          </td>\n          <td>\n            <div id="audio_vol-23400027_215981790_-23400027_148775" class="audio_vol"    >\n              <div id="audio_vol_white_line-23400027_215981790_-23400027_148775" class="audio_vol_white_line" ><!-- --></div>\n              <div id="audio_vol_back_line-23400027_215981790_-23400027_148775" class="audio_load_line" ><!-- --></div>\n              <div id="audio_vol_line-23400027_215981790_-23400027_148775" class="audio_progress_line" >\n                <div id="audio_vol_slider-23400027_215981790_-23400027_148775" class="audio_slider" ><!-- --></div>\n              </div>\n            </div>\n          </td>\n        </tr>\n      </tbody></table>\n    </div>\n  </div>\n</div><div class="audio" id="audio-23400027_215981791_-23400027_148775"  >\n  \n  <div class="area clear_fix" >\n    <table cellspacing="0" cellpadding="0" width="100%">\n      <tbody><tr>\n        <td>\n          <div class="play_btn_wrap"><div class="play_new" id="play-23400027_215981791_-23400027_148775"></div></div>\n          <input type="hidden" id="audio_info-23400027_215981791_-23400027_148775" value="http://cs4642v4.vk.me/u919545/audios/3ceb411737d2.mp3,474">\n          \n        </td>\n        <td class="info">\n          <div class="title_wrap fl_l" ><b >Judas Priest</b> – <span class="title" id="title-23400027_215981791_-23400027_148775">Victim of Changes </span><span class="user" ></span></div>\n          \n            \n          </div>\n          <div class="duration fl_r"  >7:54</div>\n        </td>\n      </tr>\n    </tbody></table>\n    <div id="player-23400027_215981791_-23400027_148775" class="player" ondragstart="return false;" onselectstart="return false;" >\n      <table cellspacing="0" cellpadding="0" border="0" width="100%">\n        <tbody><tr>\n          <td >\n            <div id="audio_pr-23400027_215981791_-23400027_148775" class="audio_pr"    >\n              <div id="audio_white_line-23400027_215981791_-23400027_148775" class="audio_white_line" ></div>\n              <div id="audio_back_line-23400027_215981791_-23400027_148775" class="audio_back_line" ><!-- --></div>\n              <div id="audio_load_line-23400027_215981791_-23400027_148775" class="audio_load_line" ><!-- --></div>\n              <div id="audio_pr_line-23400027_215981791_-23400027_148775" class="audio_progress_line" >\n                <div id="audio_pr_slider-23400027_215981791_-23400027_148775" class="audio_slider"><!-- --></div>\n              </div>\n            </div>\n          </td>\n          <td>\n            <div id="audio_vol-23400027_215981791_-23400027_148775" class="audio_vol"    >\n              <div id="audio_vol_white_line-23400027_215981791_-23400027_148775" class="audio_vol_white_line" ><!-- --></div>\n              <div id="audio_vol_back_line-23400027_215981791_-23400027_148775" class="audio_load_line" ><!-- --></div>\n              <div id="audio_vol_line-23400027_215981791_-23400027_148775" class="audio_progress_line" >\n                <div id="audio_vol_slider-23400027_215981791_-23400027_148775" class="audio_slider" ><!-- --></div>\n              </div>\n            </div>\n          </td>\n        </tr>\n      </tbody></table>\n    </div>\n  </div>\n</div><div class="audio" id="audio-23400027_215981792_-23400027_148775"  >\n  \n  <div class="area clear_fix" >\n    <table cellspacing="0" cellpadding="0" width="100%">\n      <tbody><tr>\n        <td>\n          <div class="play_btn_wrap"><div class="play_new" id="play-23400027_215981792_-23400027_148775"></div></div>\n          <input type="hidden" id="audio_info-23400027_215981792_-23400027_148775" value="http://cs9-6v4.vk.me/p6/8018dbc54b898c.mp3,335">\n          \n        </td>\n        <td class="info">\n          <div class="title_wrap fl_l" ><b >Judas Priest</b> – <span class="title" id="title-23400027_215981792_-23400027_148775">Rock Hard Ride Free </span><span class="user" ></span></div>\n          \n            \n          </div>\n          <div class="duration fl_r"  >5:35</div>\n        </td>\n      </tr>\n    </tbody></table>\n    <div id="player-23400027_215981792_-23400027_148775" class="player" ondragstart="return false;" onselectstart="return false;" >\n      <table cellspacing="0" cellpadding="0" border="0" width="100%">\n        <tbody><tr>\n          <td >\n            <div id="audio_pr-23400027_215981792_-23400027_148775" class="audio_pr"    >\n              <div id="audio_white_line-23400027_215981792_-23400027_148775" class="audio_white_line" ></div>\n              <div id="audio_back_line-23400027_215981792_-23400027_148775" class="audio_back_line" ><!-- --></div>\n              <div id="audio_load_line-23400027_215981792_-23400027_148775" class="audio_load_line" ><!-- --></div>\n              <div id="audio_pr_line-23400027_215981792_-23400027_148775" class="audio_progress_line" >\n                <div id="audio_pr_slider-23400027_215981792_-23400027_148775" class="audio_slider"><!-- --></div>\n              </div>\n            </div>\n          </td>\n          <td>\n            <div id="audio_vol-23400027_215981792_-23400027_148775" class="audio_vol"    >\n              <div id="audio_vol_white_line-23400027_215981792_-23400027_148775" class="audio_vol_white_line" ><!-- --></div>\n              <div id="audio_vol_back_line-23400027_215981792_-23400027_148775" class="audio_load_line" ><!-- --></div>\n              <div id="audio_vol_line-23400027_215981792_-23400027_148775" class="audio_progress_line" >\n                <div id="audio_vol_slider-23400027_215981792_-23400027_148775" class="audio_slider" ><!-- --></div>\n              </div>\n            </div>\n          </td>\n        </tr>\n      </tbody></table>\n    </div>\n  </div>\n</div><div class="audio" id="audio-23400027_215981793_-23400027_148775"  >\n  \n  <div class="area clear_fix" >\n    <table cellspacing="0" cellpadding="0" width="100%">\n      <tbody><tr>\n        <td>\n          <div class="play_btn_wrap"><div class="play_new" id="play-23400027_215981793_-23400027_148775"></div></div>\n          <input type="hidden" id="audio_info-23400027_215981793_-23400027_148775" value="http://cs1237v4.vk.me/u10782456/audios/889c6f881130.mp3,161">\n          \n        </td>\n        <td class="info">\n          <div class="title_wrap fl_l" ><b >Judas Priest</b> – <span class="title" id="title-23400027_215981793_-23400027_148775">Hell Bent For Leather </span><span class="user" ></span></div>\n          \n            \n          </div>\n          <div class="duration fl_r"  >2:41</div>\n        </td>\n      </tr>\n    </tbody></table>\n    <div id="player-23400027_215981793_-23400027_148775" class="player" ondragstart="return false;" onselectstart="return false;" >\n      <table cellspacing="0" cellpadding="0" border="0" width="100%">\n        <tbody><tr>\n          <td >\n            <div id="audio_pr-23400027_215981793_-23400027_148775" class="audio_pr"    >\n              <div id="audio_white_line-23400027_215981793_-23400027_148775" class="audio_white_line" ></div>\n              <div id="audio_back_line-23400027_215981793_-23400027_148775" class="audio_back_line" ><!-- --></div>\n              <div id="audio_load_line-23400027_215981793_-23400027_148775" class="audio_load_line" ><!-- --></div>\n              <div id="audio_pr_line-23400027_215981793_-23400027_148775" class="audio_progress_line" >\n                <div id="audio_pr_slider-23400027_215981793_-23400027_148775" class="audio_slider"><!-- --></div>\n              </div>\n            </div>\n          </td>\n          <td>\n            <div id="audio_vol-23400027_215981793_-23400027_148775" class="audio_vol"    >\n              <div id="audio_vol_white_line-23400027_215981793_-23400027_148775" class="audio_vol_white_line" ><!-- --></div>\n              <div id="audio_vol_back_line-23400027_215981793_-23400027_148775" class="audio_load_line" ><!-- --></div>\n              <div id="audio_vol_line-23400027_215981793_-23400027_148775" class="audio_progress_line" >\n                <div id="audio_vol_slider-23400027_215981793_-23400027_148775" class="audio_slider" ><!-- --></div>\n              </div>\n            </div>\n          </td>\n        </tr>\n      </tbody></table>\n    </div>\n  </div>\n</div><div class="audio" id="audio-23400027_215981794_-23400027_148775"  >\n  \n  <div class="area clear_fix" >\n    <table cellspacing="0" cellpadding="0" width="100%">\n      <tbody><tr>\n        <td>\n          <div class="play_btn_wrap"><div class="play_new" id="play-23400027_215981794_-23400027_148775"></div></div>\n          <input type="hidden" id="audio_info-23400027_215981794_-23400027_148775" value="http://cs4908v4.vk.me/u113003717/audios/c20e7162f8bf.mp3,248">\n          \n        </td>\n        <td class="info">\n          <div class="title_wrap fl_l" ><b >Judas Priest</b> – <span class="title" id="title-23400027_215981794_-23400027_148775">Rapid Fire </span><span class="user" ></span></div>\n          \n            \n          </div>\n          <div class="duration fl_r"  >4:08</div>\n        </td>\n      </tr>\n    </tbody></table>\n    <div id="player-23400027_215981794_-23400027_148775" class="player" ondragstart="return false;" onselectstart="return false;" >\n      <table cellspacing="0" cellpadding="0" border="0" width="100%">\n        <tbody><tr>\n          <td >\n            <div id="audio_pr-23400027_215981794_-23400027_148775" class="audio_pr"    >\n              <div id="audio_white_line-23400027_215981794_-23400027_148775" class="audio_white_line" ></div>\n              <div id="audio_back_line-23400027_215981794_-23400027_148775" class="audio_back_line" ><!-- --></div>\n              <div id="audio_load_line-23400027_215981794_-23400027_148775" class="audio_load_line" ><!-- --></div>\n              <div id="audio_pr_line-23400027_215981794_-23400027_148775" class="audio_progress_line" >\n                <div id="audio_pr_slider-23400027_215981794_-23400027_148775" class="audio_slider"><!-- --></div>\n              </div>\n            </div>\n          </td>\n          <td>\n            <div id="audio_vol-23400027_215981794_-23400027_148775" class="audio_vol"    >\n              <div id="audio_vol_white_line-23400027_215981794_-23400027_148775" class="audio_vol_white_line" ><!-- --></div>\n              <div id="audio_vol_back_line-23400027_215981794_-23400027_148775" class="audio_load_line" ><!-- --></div>\n              <div id="audio_vol_line-23400027_215981794_-23400027_148775" class="audio_progress_line" >\n                <div id="audio_vol_slider-23400027_215981794_-23400027_148775" class="audio_slider" ><!-- --></div>\n              </div>\n            </div>\n          </td>\n        </tr>\n      </tbody></table>\n    </div>\n  </div>\n</div></div>', 'post3'),
(4, 3, '2013-08-20 13:10:38', '', 'wall', '<div class="wall_post_text"></div><div class="page_post_sized_full_thumb page_post_sized_full_thumb_first"><div class="page_post_sized_thumbs page_post_sized_full_thumb page_post_sized_full_thumb_first clear_fix" ><img src="http://cs7004.vk.me/c540105/v540105347/84fa/L1GmxTDGBQ8.jpg" width="537" height="359"  class="page_post_thumb_sized_photo"></div></div><div class="page_post_sized_full_thumb"><div class="page_post_sized_thumbs page_post_sized_full_thumb clear_fix" ><img src="http://cs7004.vk.me/c540105/v540105347/84f2/D9X2gn8suos.jpg" width="358" height="537"  class="page_post_thumb_sized_photo"></div></div><div class="page_post_sized_full_thumb"><div class="page_post_sized_thumbs page_post_sized_full_thumb clear_fix" ><img src="http://cs7004.vk.me/c540105/v540105347/8504/_nTaCU0y2NQ.jpg" width="537" height="359"  class="page_post_thumb_sized_photo"></div></div><div class="post_media clear_fix wall_audio"><div class="audio" id="audio-23400027_217407562_-23400027_149906"  >\n  \n  <div class="area clear_fix" >\n    <table cellspacing="0" cellpadding="0" width="100%">\n      <tbody><tr>\n        <td>\n          <div class="play_btn_wrap"><div class="play_new" id="play-23400027_217407562_-23400027_149906"></div></div>\n          <input type="hidden" id="audio_info-23400027_217407562_-23400027_149906" value="http://cs536500v4.vk.me/u102041446/audios/cd7fbee74700.mp3,232">\n          \n        </td>\n        <td class="info">\n          <div class="title_wrap fl_l" ><b >Tech N9ne</b> – <span class="title" id="title-23400027_217407562_-23400027_149906">Believe </span><span class="user" ></span></div>\n          \n            \n          </div>\n          <div class="duration fl_r"  >3:52</div>\n        </td>\n      </tr>\n    </tbody></table>\n    <div id="player-23400027_217407562_-23400027_149906" class="player" ondragstart="return false;" onselectstart="return false;" >\n      <table cellspacing="0" cellpadding="0" border="0" width="100%">\n        <tbody><tr>\n          <td >\n            <div id="audio_pr-23400027_217407562_-23400027_149906" class="audio_pr"    >\n              <div id="audio_white_line-23400027_217407562_-23400027_149906" class="audio_white_line" ></div>\n              <div id="audio_back_line-23400027_217407562_-23400027_149906" class="audio_back_line" ><!-- --></div>\n              <div id="audio_load_line-23400027_217407562_-23400027_149906" class="audio_load_line" ><!-- --></div>\n              <div id="audio_pr_line-23400027_217407562_-23400027_149906" class="audio_progress_line" >\n                <div id="audio_pr_slider-23400027_217407562_-23400027_149906" class="audio_slider"><!-- --></div>\n              </div>\n            </div>\n          </td>\n          <td>\n            <div id="audio_vol-23400027_217407562_-23400027_149906" class="audio_vol"    >\n              <div id="audio_vol_white_line-23400027_217407562_-23400027_149906" class="audio_vol_white_line" ><!-- --></div>\n              <div id="audio_vol_back_line-23400027_217407562_-23400027_149906" class="audio_load_line" ><!-- --></div>\n              <div id="audio_vol_line-23400027_217407562_-23400027_149906" class="audio_progress_line" >\n                <div id="audio_vol_slider-23400027_217407562_-23400027_149906" class="audio_slider" ><!-- --></div>\n              </div>\n            </div>\n          </td>\n        </tr>\n      </tbody></table>\n    </div>\n  </div>\n</div></div>', 'post4'),
(6, 6, '2013-08-13 21:00:00', 'Тайтл дискуссии', 'board', 'Lorem ipsum dolor sit amet, consectetur adipiscing elit. Ut at purus sed risus tincidunt pretium at in nisi. Nam tincidunt diam vitae leo egestas, nec congue lorem gravida. Nunc fringilla neque quis ultrices tempus. Aenean condimentum, magna non rhoncus cursus, massa orci volutpat nunc, vel vestibulum neque odio sed augue. Sed tristique dui vitae sem sodales ullamcorper. Ut quam arcu, volutpat sed scelerisque quis, sodales eget sapien. Curabitur id dictum ante. Curabitur eget turpis ante. Pellentesque ut nulla nibh. Maecenas scelerisque pretium purus, ac tempor arcu blandit eu. Vivamus ultricies tellus fermentum dui pellentesque, eget sagittis dolor laoreet. In hac habitasse platea dictumst. In laoreet, odio interdum rutrum congue, ante quam egestas lectus, eget accumsan enim turpis sit amet ante.\n\nNunc vehicula quam quis aliquam luctus. Nullam eget augue dictum, facilisis urna non, auctor velit. Nullam tellus purus, adipiscing et convallis ac, accumsan quis dui. Phasellus interdum ullamcorper mi, quis fringilla enim posuere id. Suspendisse nisl leo, fermentum sed tempor vel, mattis vel justo. Vestibulum bibendum commodo ornare. In placerat ut libero at hendrerit.\n\nNullam vel egestas ipsum. Donec at ultrices lorem. Cras a lectus posuere, venenatis libero id, consequat nisi. Etiam eros nulla, lacinia interdum suscipit vulputate, fringilla quis sem. Quisque non arcu at tortor vestibulum consequat. Cras condimentum dui ut sapien mollis commodo. Maecenas eu massa sed est laoreet mollis in sed quam. Maecenas non diam eleifend, condimentum dolor ac, facilisis felis. Aenean semper vestibulum sapien vitae imperdiet. Nullam cursus tellus non est porttitor, scelerisque euismod arcu laoreet.\n\nUt sollicitudin pharetra nunc, sed auctor felis gravida a. Sed consectetur sapien quam, eu egestas risus dictum non. Nullam hendrerit enim libero, at venenatis nisl luctus non. Aliquam venenatis faucibus lorem, vitae vehicula nibh luctus ut. Donec interdum convallis accumsan. Fusce mattis metus vitae purus rutrum tempor. Integer et iaculis urna, a auctor mauris. Aenean condimentum pellentesque pretium. Aliquam a interdum lectus. Lorem ipsum dolor sit amet, consectetur adipiscing elit. Curabitur facilisis enim ac egestas dapibus. Quisque iaculis non diam non laoreet. Etiam eros ligula, vestibulum eget facilisis vitae, ultrices ac augue.\n\nNam sollicitudin massa a pretium convallis. Proin non congue lorem. Morbi placerat hendrerit nulla, a interdum arcu feugiat quis. Aliquam mollis turpis vel risus hendrerit, at sagittis felis tempus. Sed sagittis consectetur massa, id eleifend tortor rutrum eu. Pellentesque semper nisl eu turpis consequat, quis sagittis sem ultrices. Donec at massa dictum, posuere eros et, pulvinar urna. Pellentesque semper fringilla ante et vestibulum. Nullam vestibulum justo id lectus tempor, at ornare augue placerat. Maecenas volutpat feugiat mollis. Phasellus tincidunt neque et dui iaculis, et scelerisque justo commodo. Maecenas non consectetur lectus. Integer erat augue, mollis in tortor sed, commodo mollis ligula. Morbi iaculis, nisl quis tincidunt sodales, quam tortor scelerisque tortor, luctus volutpat sem mi at justo. Interdum et malesuada fames ac ante ipsum primis in faucibus.', 'Taytl-diskussii'),
(7, 4, '2013-08-06 21:00:00', '', 'wall', '<div class="wall_post_text"></div><div class="page_post_sized_full_thumb page_post_sized_full_thumb_first"><div class="page_post_sized_thumbs page_post_sized_full_thumb page_post_sized_full_thumb_first clear_fix" ><img src="http://cs7004.vk.me/c540105/v540105347/84fa/L1GmxTDGBQ8.jpg" width="537" height="359"  class="page_post_thumb_sized_photo"></div></div><div class="page_post_sized_full_thumb"><div class="page_post_sized_thumbs page_post_sized_full_thumb clear_fix" ><img src="http://cs7004.vk.me/c540105/v540105347/84f2/D9X2gn8suos.jpg" width="358" height="537"  class="page_post_thumb_sized_photo"></div></div><div class="page_post_sized_full_thumb"><div class="page_post_sized_thumbs page_post_sized_full_thumb clear_fix" ><img src="http://cs7004.vk.me/c540105/v540105347/8504/_nTaCU0y2NQ.jpg" width="537" height="359"  class="page_post_thumb_sized_photo"></div></div><div class="post_media clear_fix wall_audio"><div class="audio" id="audio-23400027_217407562_-23400027_149906"  >\n  \n  <div class="area clear_fix" >\n    <table cellspacing="0" cellpadding="0" width="100%">\n      <tbody><tr>\n        <td>\n          <div class="play_btn_wrap"><div class="play_new" id="play-23400027_217407562_-23400027_149906"></div></div>\n          <input type="hidden" id="audio_info-23400027_217407562_-23400027_149906" value="http://cs536500v4.vk.me/u102041446/audios/cd7fbee74700.mp3,232">\n          \n        </td>\n        <td class="info">\n          <div class="title_wrap fl_l" ><b >Tech N9ne</b> – <span class="title" id="title-23400027_217407562_-23400027_149906">Believe </span><span class="user" ></span></div>\n          \n            \n          </div>\n          <div class="duration fl_r"  >3:52</div>\n        </td>\n      </tr>\n    </tbody></table>\n    <div id="player-23400027_217407562_-23400027_149906" class="player" ondragstart="return false;" onselectstart="return false;" >\n      <table cellspacing="0" cellpadding="0" border="0" width="100%">\n        <tbody><tr>\n          <td >\n            <div id="audio_pr-23400027_217407562_-23400027_149906" class="audio_pr"    >\n              <div id="audio_white_line-23400027_217407562_-23400027_149906" class="audio_white_line" ></div>\n              <div id="audio_back_line-23400027_217407562_-23400027_149906" class="audio_back_line" ><!-- --></div>\n              <div id="audio_load_line-23400027_217407562_-23400027_149906" class="audio_load_line" ><!-- --></div>\n              <div id="audio_pr_line-23400027_217407562_-23400027_149906" class="audio_progress_line" >\n                <div id="audio_pr_slider-23400027_217407562_-23400027_149906" class="audio_slider"><!-- --></div>\n              </div>\n            </div>\n          </td>\n          <td>\n            <div id="audio_vol-23400027_217407562_-23400027_149906" class="audio_vol"    >\n              <div id="audio_vol_white_line-23400027_217407562_-23400027_149906" class="audio_vol_white_line" ><!-- --></div>\n              <div id="audio_vol_back_line-23400027_217407562_-23400027_149906" class="audio_load_line" ><!-- --></div>\n              <div id="audio_vol_line-23400027_217407562_-23400027_149906" class="audio_progress_line" >\n                <div id="audio_vol_slider-23400027_217407562_-23400027_149906" class="audio_slider" ><!-- --></div>\n              </div>\n            </div>\n          </td>\n        </tr>\n      </tbody></table>\n    </div>\n  </div>\n</div></div>', 'post7'),
(9, 6, '2013-08-07 21:00:00', 'Вторая дискуссия', 'board', '<div class="wall_post_text"></div><div class="page_post_sized_full_thumb page_post_sized_full_thumb_first"><div class="page_post_sized_thumbs page_post_sized_full_thumb page_post_sized_full_thumb_first clear_fix" ><img src="http://cs7004.vk.me/c540105/v540105347/84fa/L1GmxTDGBQ8.jpg" width="537" height="359"  class="page_post_thumb_sized_photo"></div></div><div class="page_post_sized_full_thumb"><div class="page_post_sized_thumbs page_post_sized_full_thumb clear_fix" ><img src="http://cs7004.vk.me/c540105/v540105347/84f2/D9X2gn8suos.jpg" width="358" height="537"  class="page_post_thumb_sized_photo"></div></div><div class="page_post_sized_full_thumb"><div class="page_post_sized_thumbs page_post_sized_full_thumb clear_fix" ><img src="http://cs7004.vk.me/c540105/v540105347/8504/_nTaCU0y2NQ.jpg" width="537" height="359"  class="page_post_thumb_sized_photo"></div></div><div class="post_media clear_fix wall_audio"><div class="audio" id="audio-23400027_217407562_-23400027_149906"  >\n  \n  <div class="area clear_fix" >\n    <table cellspacing="0" cellpadding="0" width="100%">\n      <tbody><tr>\n        <td>\n          <div class="play_btn_wrap"><div class="play_new" id="play-23400027_217407562_-23400027_149906"></div></div>\n          <input type="hidden" id="audio_info-23400027_217407562_-23400027_149906" value="http://cs536500v4.vk.me/u102041446/audios/cd7fbee74700.mp3,232">\n          \n        </td>\n        <td class="info">\n          <div class="title_wrap fl_l" ><b >Tech N9ne</b> – <span class="title" id="title-23400027_217407562_-23400027_149906">Believe </span><span class="user" ></span></div>\n          \n            \n          </div>\n          <div class="duration fl_r"  >3:52</div>\n        </td>\n      </tr>\n    </tbody></table>\n    <div id="player-23400027_217407562_-23400027_149906" class="player" ondragstart="return false;" onselectstart="return false;" >\n      <table cellspacing="0" cellpadding="0" border="0" width="100%">\n        <tbody><tr>\n          <td >\n            <div id="audio_pr-23400027_217407562_-23400027_149906" class="audio_pr"    >\n              <div id="audio_white_line-23400027_217407562_-23400027_149906" class="audio_white_line" ></div>\n              <div id="audio_back_line-23400027_217407562_-23400027_149906" class="audio_back_line" ><!-- --></div>\n              <div id="audio_load_line-23400027_217407562_-23400027_149906" class="audio_load_line" ><!-- --></div>\n              <div id="audio_pr_line-23400027_217407562_-23400027_149906" class="audio_progress_line" >\n                <div id="audio_pr_slider-23400027_217407562_-23400027_149906" class="audio_slider"><!-- --></div>\n              </div>\n            </div>\n          </td>\n          <td>\n            <div id="audio_vol-23400027_217407562_-23400027_149906" class="audio_vol"    >\n              <div id="audio_vol_white_line-23400027_217407562_-23400027_149906" class="audio_vol_white_line" ><!-- --></div>\n              <div id="audio_vol_back_line-23400027_217407562_-23400027_149906" class="audio_load_line" ><!-- --></div>\n              <div id="audio_vol_line-23400027_217407562_-23400027_149906" class="audio_progress_line" >\n                <div id="audio_vol_slider-23400027_217407562_-23400027_149906" class="audio_slider" ><!-- --></div>\n              </div>\n            </div>\n          </td>\n        </tr>\n      </tbody></table>\n    </div>\n  </div>\n</div></div>', 'Vtoraya-diskussiya'),
(10, 1, '2013-08-23 16:00:00', '', 'wall', 'Друзі, всі, хто любить готувати та їсти смачну випічку!<br>Маємо для вас народне голосування від "Великого пекарського турніру"!<br><br>За яку випічку на цьому тижні ви віддасте найбільше голосів, той авторський рецепт ми опублікуємо на цій сторінці!<br>Показать полностью..<span ><br><br>Дивись другу серію "Великого пекарського турніру на сайті: <br>http://www.1plus1.ua/video/velikiy-pekarskiy-turnir-s.. (ч.)<br>http://www.1plus1.ua/video/velikiy-pekarskiy-turnir-s.. (ч.2)<br><br>І чекай сюрпризів, вони можливі!</span>', 'post10');

-- --------------------------------------------------------

--
-- Table structure for table `cms_ratings`
--

CREATE TABLE IF NOT EXISTS `cms_ratings` (
  `id` int(11) NOT NULL AUTO_INCREMENT,
  `item_id` int(11) NOT NULL,
  `points` int(11) NOT NULL,
  `ip` varchar(20) NOT NULL,
  `target` varchar(20) NOT NULL,
  `user_id` int(11) NOT NULL DEFAULT '1',
  `pubdate` datetime NOT NULL,
  PRIMARY KEY (`id`),
  KEY `user_id` (`user_id`),
  KEY `item_id` (`item_id`)
) ENGINE=MyISAM  DEFAULT CHARSET=utf8 AUTO_INCREMENT=3 ;

--
-- Dumping data for table `cms_ratings`
--

INSERT INTO `cms_ratings` (`id`, `item_id`, `points`, `ip`, `target`, `user_id`, `pubdate`) VALUES
(1, 130, 1, '127.0.0.1', 'comment', 231, '2013-08-23 15:54:11'),
(2, 199, 1, '127.0.0.1', 'comment', 1, '2013-08-27 17:51:20');

-- --------------------------------------------------------

--
-- Table structure for table `cms_ratings_total`
--

CREATE TABLE IF NOT EXISTS `cms_ratings_total` (
  `id` int(11) NOT NULL AUTO_INCREMENT,
  `target` varchar(32) NOT NULL,
  `item_id` mediumint(9) NOT NULL,
  `total_rating` int(11) NOT NULL,
  `total_votes` int(11) NOT NULL,
  PRIMARY KEY (`id`),
  KEY `item_id` (`item_id`),
  KEY `target` (`target`,`item_id`)
) ENGINE=MyISAM  DEFAULT CHARSET=utf8 AUTO_INCREMENT=3 ;

--
-- Dumping data for table `cms_ratings_total`
--

INSERT INTO `cms_ratings_total` (`id`, `target`, `item_id`, `total_rating`, `total_votes`) VALUES
(1, 'comment', 130, 1, 1),
(2, 'comment', 199, 1, 1);

-- --------------------------------------------------------

--
-- Table structure for table `cms_rating_targets`
--

CREATE TABLE IF NOT EXISTS `cms_rating_targets` (
  `id` int(11) NOT NULL AUTO_INCREMENT,
  `target` varchar(32) NOT NULL,
  `component` varchar(32) NOT NULL,
  `is_user_affect` tinyint(4) NOT NULL,
  `user_weight` smallint(6) NOT NULL,
  `target_table` varchar(32) NOT NULL,
  `target_title` varchar(70) NOT NULL,
  PRIMARY KEY (`id`),
  UNIQUE KEY `target` (`target`)
) ENGINE=MyISAM  DEFAULT CHARSET=utf8 AUTO_INCREMENT=8 ;

--
-- Dumping data for table `cms_rating_targets`
--

INSERT INTO `cms_rating_targets` (`id`, `target`, `component`, `is_user_affect`, `user_weight`, `target_table`, `target_title`) VALUES
(1, 'content', 'content', 1, 5, 'cms_content', 'Статья'),
(2, 'photo', 'photos', 1, 5, 'cms_photo_files', 'Фото в галерее'),
(3, 'blogpost', 'blogs', 1, 5, 'cms_blog_posts', 'Пост в блоге'),
(4, 'comment', 'comments', 1, 2, 'cms_comments', 'Комментарий'),
(5, 'club_photo', 'clubs', 1, 5, 'cms_photo_files', 'Фото в клубе'),
(6, 'club_post', 'clubs', 1, 5, 'cms_blog_posts', 'Пост блога клуба'),
(7, 'forum_post', 'forum', 1, 2, 'cms_forum_posts', 'Сообщение в теме форума');

-- --------------------------------------------------------

--
-- Table structure for table `cms_subscribe`
--

CREATE TABLE IF NOT EXISTS `cms_subscribe` (
  `id` int(11) NOT NULL AUTO_INCREMENT,
  `user_id` int(11) NOT NULL,
  `target` varchar(20) NOT NULL,
  `target_id` int(11) NOT NULL,
  `pubdate` datetime NOT NULL,
  PRIMARY KEY (`id`),
  KEY `user_id` (`user_id`),
  KEY `target_id` (`target_id`)
) ENGINE=MyISAM  DEFAULT CHARSET=utf8 AUTO_INCREMENT=2 ;

-- --------------------------------------------------------

--
-- Table structure for table `cms_tags`
--

CREATE TABLE IF NOT EXISTS `cms_tags` (
  `id` int(11) NOT NULL AUTO_INCREMENT,
  `tag` varchar(250) NOT NULL,
  `target` varchar(25) NOT NULL,
  `item_id` int(11) NOT NULL,
  PRIMARY KEY (`id`),
  KEY `tag` (`tag`),
  KEY `item_id` (`item_id`)
) ENGINE=MyISAM  DEFAULT CHARSET=utf8 AUTO_INCREMENT=285 ;

--
-- Dumping data for table `cms_tags`
--

INSERT INTO `cms_tags` (`id`, `tag`, `target`, `item_id`) VALUES
(255, 'пример', 'photo', 11),
(257, 'пример', 'photo', 10),
(256, 'фото', 'photo', 10),
(254, 'фото', 'photo', 11),
(78, 'карандаши', 'catalog', 1),
(77, 'пастель', 'catalog', 1),
(85, 'краски', 'catalog', 2),
(84, 'набор', 'catalog', 2),
(26, 'авто', 'catalog', 5),
(27, 'минивэн', 'catalog', 5),
(28, 'тойота', 'catalog', 5),
(31, 'авто', 'catalog', 7),
(32, 'минивэн', 'catalog', 7),
(241, 'блог', 'blogpost', 5),
(240, 'пример', 'blogpost', 5),
(273, 'геология', 'content', 31),
(272, 'пример', 'content', 31),
(271, 'статья', 'content', 31),
(279, 'геология', 'content', 32),
(278, 'пример', 'content', 32),
(277, 'статья', 'content', 32),
(282, 'маркетинг', 'content', 33),
(281, 'пример', 'content', 33),
(280, 'статья', 'content', 33),
(226, 'маркетинг', 'content', 34),
(225, 'пример', 'content', 34),
(224, 'статья', 'content', 34),
(171, 'психология', 'content', 35),
(170, 'статья', 'content', 35),
(253, 'пример', 'content', 36),
(252, 'психология', 'content', 36),
(172, 'пример', 'content', 35),
(251, 'статья', 'content', 36),
(283, 'ertwer', 'blogpost', 7),
(284, 'rtyer', 'blogpost', 8);

-- --------------------------------------------------------

--
-- Table structure for table `cms_uc_cats`
--

CREATE TABLE IF NOT EXISTS `cms_uc_cats` (
  `id` int(11) NOT NULL AUTO_INCREMENT,
  `parent_id` int(11) NOT NULL,
  `title` varchar(200) NOT NULL,
  `description` text NOT NULL,
  `published` tinyint(1) NOT NULL DEFAULT '1',
  `fieldsstruct` text,
  `view_type` varchar(20) NOT NULL DEFAULT 'list',
  `fields_show` int(11) NOT NULL DEFAULT '10',
  `showmore` tinyint(1) NOT NULL DEFAULT '1',
  `perpage` int(11) NOT NULL DEFAULT '20',
  `showtags` tinyint(1) NOT NULL DEFAULT '1',
  `showsort` tinyint(1) NOT NULL DEFAULT '1',
  `is_ratings` tinyint(1) NOT NULL,
  `orderby` varchar(12) NOT NULL DEFAULT 'pubdate',
  `orderto` varchar(10) DEFAULT 'desc',
  `showabc` tinyint(1) NOT NULL DEFAULT '1',
  `shownew` tinyint(1) NOT NULL,
  `newint` varchar(100) NOT NULL,
  `filters` int(11) NOT NULL,
  `is_shop` tinyint(1) NOT NULL,
  `NSLeft` int(11) NOT NULL,
  `NSRight` int(11) NOT NULL,
  `NSLevel` int(11) NOT NULL,
  `NSDiffer` int(11) NOT NULL,
  `NSIgnore` int(11) NOT NULL,
  `ordering` int(11) NOT NULL,
  `is_public` tinyint(1) NOT NULL,
  `can_edit` int(11) NOT NULL DEFAULT '0',
  `cost` varchar(5) NOT NULL,
  PRIMARY KEY (`id`),
  KEY `NSLeft` (`NSLeft`,`NSRight`)
) ENGINE=MyISAM  DEFAULT CHARSET=utf8 AUTO_INCREMENT=1001 ;

--
-- Dumping data for table `cms_uc_cats`
--

INSERT INTO `cms_uc_cats` (`id`, `parent_id`, `title`, `description`, `published`, `fieldsstruct`, `view_type`, `fields_show`, `showmore`, `perpage`, `showtags`, `showsort`, `is_ratings`, `orderby`, `orderto`, `showabc`, `shownew`, `newint`, `filters`, `is_shop`, `NSLeft`, `NSRight`, `NSLevel`, `NSDiffer`, `NSIgnore`, `ordering`, `is_public`, `can_edit`, `cost`) VALUES
(1000, 0, '-- Корневая рубрика --', '', 1, '---\n', 'list', 10, 1, 20, 1, 1, 0, 'pubdate', 'desc', 1, 0, '', 0, 0, 1, 6, 0, 0, 0, 1, 0, 0, ''),
(2, 1000, 'Автомобили', '', 1, '---\n- Тип кузова/~m~/\n- Объем двигателя\n- Год выпуска/~m~/\n- Описание/~h~/\n', 'list', 2, 1, 20, 1, 1, 0, 'pubdate', 'desc', 1, 1, '2 DAY', 0, 0, 2, 3, 1, 0, 0, 22, 0, 0, ''),
(1, 1000, 'Канцелярские принадлежности', '', 1, '---\n- Артикул/~m~/\n- Цвета/~m~/\n- Минимальная партия\n- Описание/~h~/\n- Размер/~m~/\n- Скачать/~l~/\n', 'shop', 4, 0, 11, 0, 0, 0, 'hits', 'desc', 0, 0, '123 HOUR', 0, 0, 4, 5, 1, 0, 0, 23, 1, 0, '');

-- --------------------------------------------------------

--
-- Table structure for table `cms_uc_cats_access`
--

CREATE TABLE IF NOT EXISTS `cms_uc_cats_access` (
  `cat_id` int(11) NOT NULL,
  `group_id` int(11) NOT NULL,
  KEY `cat_id` (`cat_id`,`group_id`)
) ENGINE=MyISAM DEFAULT CHARSET=utf8;

-- --------------------------------------------------------

--
-- Table structure for table `cms_uc_discount`
--

CREATE TABLE IF NOT EXISTS `cms_uc_discount` (
  `id` int(11) NOT NULL AUTO_INCREMENT,
  `title` varchar(150) NOT NULL,
  `cat_id` int(11) NOT NULL,
  `sign` tinyint(4) NOT NULL,
  `value` float NOT NULL,
  `unit` varchar(10) NOT NULL,
  `if_limit` int(11) NOT NULL,
  PRIMARY KEY (`id`),
  KEY `cat_id` (`cat_id`)
) ENGINE=MyISAM  DEFAULT CHARSET=utf8 AUTO_INCREMENT=4 ;

--
-- Dumping data for table `cms_uc_discount`
--

INSERT INTO `cms_uc_discount` (`id`, `title`, `cat_id`, `sign`, `value`, `unit`, `if_limit`) VALUES
(2, 'Почтовые расходы', 0, 2, 200, 'руб.', 0),
(3, 'Скидка на канц.товары', 1, -1, 15, '%', 0);

-- --------------------------------------------------------

--
-- Table structure for table `cms_uc_items`
--

CREATE TABLE IF NOT EXISTS `cms_uc_items` (
  `id` int(11) NOT NULL AUTO_INCREMENT,
  `category_id` int(11) NOT NULL,
  `title` varchar(200) NOT NULL,
  `pubdate` datetime NOT NULL DEFAULT '0000-00-00 00:00:00',
  `published` tinyint(1) NOT NULL DEFAULT '1',
  `imageurl` varchar(200) NOT NULL,
  `fieldsdata` text NOT NULL,
  `hits` int(11) NOT NULL,
  `is_comments` tinyint(1) NOT NULL,
  `tags` varchar(200) NOT NULL,
  `rating` float NOT NULL,
  `meta_desc` varchar(250) NOT NULL,
  `meta_keys` varchar(250) NOT NULL,
  `price` float NOT NULL,
  `canmany` int(11) NOT NULL DEFAULT '1',
  `user_id` int(11) NOT NULL,
  `on_moderate` int(11) NOT NULL,
  PRIMARY KEY (`id`),
  KEY `category_id` (`category_id`),
  FULLTEXT KEY `title` (`title`,`fieldsdata`)
) ENGINE=MyISAM  DEFAULT CHARSET=utf8 AUTO_INCREMENT=8 ;

--
-- Dumping data for table `cms_uc_items`
--

INSERT INTO `cms_uc_items` (`id`, `category_id`, `title`, `pubdate`, `published`, `imageurl`, `fieldsdata`, `hits`, `is_comments`, `tags`, `rating`, `meta_desc`, `meta_keys`, `price`, `canmany`, `user_id`, `on_moderate`) VALUES
(1, 1, 'Карандаши', '2012-06-03 13:38:55', 1, 'b00117f6bca1efaaef37b44da87c1100.jpg', '---\n- 3130070\n- бежевый\n- 191 шт.\n- ''Набор для рисования: 12 цветных карандашей в картонной коробочке''\n', 37, 1, 'пастель, карандаши', 0, '', '', 14.6, 1, 1, 0),
(2, 1, 'Набор для рисования', '2012-06-03 13:40:37', 1, 'b21ddffd1e9fe4716f5d1496c4e74400.jpg', '---\n- 3170050PK2\n- >\n  бежевый, красный,\n  синий, оранжевый\n- 84 шт.\n- >\n  8 восковых карандашей,\n  8 красок и кисточка, в\n  пластиковом футляре\n- 11.00, 12.55, 13.02\n', 43, 1, 'набор, краски', 0, '', '', 24, 1, 1, 0),
(5, 2, 'Toyota Estima', '2012-06-03 13:47:00', 1, '96bd390df9222bdc684ceec8afc94ec3.jpg', '---\n- минивэн\n- 2,4 литра\n- 2000\n- |\n  <p>Второе поколение Toyota Estima, появившееся на рынке в 2000 году, лидирует среди минивэнов. Предшествующее поколение модели отличалось от нынешнего традиционным передним приводом. В комплектацию Estima входят две вариации двигателей: новый 4-цилиндровый рядный двигатель объемом 2.4 литра с системой газораспределения DOHC и 3-литровый 6-цилиндровый V-образный двигатель с той же системой газораспределения. Estima оснащается полным приводом с функцией активного контроля.</p>\r\n  <p>Оригинальность экстерьера данного автомобиля проявляется в характерных жестких линиях кузова и раскосых передних фарах. Ширина и высота автомобиля стали меньше по сравнению с предыдущим поколением, но зато колесная база увеличилась до 40 мм.</p>\r\n  <p>Две двери Estima снабжены механизмом &laquo;easy closer&raquo;, задние двери отрываются, скользя вдоль корпуса. В передней пассажирской двери установлении механизм автоматического открытия и закрытия. Второе поколение Estima с первым роднит возможность разместить восемь человек в салоне по модели &laquo;2-3-3&raquo;.</p>\n', 10, 1, 'авто, минивэн, тойота', 0, '', '', 0, 1, 1, 0),
(6, 2, 'Mitsubishi Eterna!', '2012-06-03 10:54:00', 1, '7afbfacf9a4c4a9d64e0da2b31b880e5.jpg', '---\n- седан\n- 1.8 литра\n- 1992\n- \n', 13, 1, '', 0, 'Описание', 'Ключевые слова', 0, 1, 1, 0),
(7, 2, 'Subaru Domingo', '2012-06-03 13:51:24', 1, 'db0297daef1de808feed34a75b5ea49b.jpg', '---\n- минивэн\n- 1.2 литра\n- 1991\n- \n', 38, 1, 'авто, минивэн', 0, '', '', 0, 1, 1, 0);

-- --------------------------------------------------------

--
-- Table structure for table `cms_uc_ratings`
--

CREATE TABLE IF NOT EXISTS `cms_uc_ratings` (
  `id` int(11) NOT NULL AUTO_INCREMENT,
  `item_id` int(11) NOT NULL,
  `points` int(11) NOT NULL,
  `ip` varchar(16) NOT NULL,
  PRIMARY KEY (`id`)
) ENGINE=MyISAM DEFAULT CHARSET=utf8 AUTO_INCREMENT=1 ;

-- --------------------------------------------------------

--
-- Table structure for table `cms_uc_tags`
--

CREATE TABLE IF NOT EXISTS `cms_uc_tags` (
  `id` int(11) NOT NULL AUTO_INCREMENT,
  `tag` varchar(200) NOT NULL,
  `item_id` int(11) NOT NULL,
  PRIMARY KEY (`id`)
) ENGINE=MyISAM DEFAULT CHARSET=utf8 AUTO_INCREMENT=1 ;

-- --------------------------------------------------------

--
-- Table structure for table `cms_users_activate`
--

CREATE TABLE IF NOT EXISTS `cms_users_activate` (
  `id` int(11) NOT NULL AUTO_INCREMENT,
  `pubdate` datetime NOT NULL,
  `user_id` int(11) NOT NULL,
  `code` varchar(50) NOT NULL,
  PRIMARY KEY (`id`)
) ENGINE=MyISAM DEFAULT CHARSET=utf8 AUTO_INCREMENT=1 ;

-- --------------------------------------------------------

--
-- Table structure for table `cms_user_albums`
--

CREATE TABLE IF NOT EXISTS `cms_user_albums` (
  `id` int(11) NOT NULL AUTO_INCREMENT,
  `user_id` int(11) NOT NULL,
  `title` varchar(100) NOT NULL,
  `pubdate` datetime NOT NULL,
  `allow_who` varchar(10) NOT NULL,
  `description` varchar(200) NOT NULL DEFAULT '',
  PRIMARY KEY (`id`),
  KEY `user_id` (`user_id`),
  KEY `allow_who` (`allow_who`)
) ENGINE=MyISAM  DEFAULT CHARSET=utf8 AUTO_INCREMENT=6 ;

--
-- Dumping data for table `cms_user_albums`
--

INSERT INTO `cms_user_albums` (`id`, `user_id`, `title`, `pubdate`, `allow_who`, `description`) VALUES
(2, 3, 'Мой фотоальбом', '2012-07-22 20:28:51', 'all', ''),
(5, 1, 'Мои картинки', '2012-07-13 23:13:37', 'all', '');

-- --------------------------------------------------------

--
-- Table structure for table `cms_user_autoawards`
--

CREATE TABLE IF NOT EXISTS `cms_user_autoawards` (
  `id` int(11) NOT NULL AUTO_INCREMENT,
  `title` varchar(200) NOT NULL,
  `description` varchar(200) NOT NULL,
  `imageurl` varchar(200) NOT NULL,
  `p_comment` int(11) NOT NULL,
  `p_blog` int(11) NOT NULL,
  `p_forum` int(11) NOT NULL,
  `p_photo` int(11) NOT NULL,
  `p_privphoto` int(11) DEFAULT NULL,
  `p_content` int(11) NOT NULL,
  `p_karma` int(11) NOT NULL,
  `published` tinyint(1) NOT NULL DEFAULT '1',
  PRIMARY KEY (`id`)
) ENGINE=MyISAM  DEFAULT CHARSET=utf8 AUTO_INCREMENT=3 ;

--
-- Dumping data for table `cms_user_autoawards`
--

INSERT INTO `cms_user_autoawards` (`id`, `title`, `description`, `imageurl`, `p_comment`, `p_blog`, `p_forum`, `p_photo`, `p_privphoto`, `p_content`, `p_karma`, `published`) VALUES
(1, 'Медаль', 'Почетный член форума', 'aw.gif', 0, 0, 100, 0, 0, 0, 0, 1),
(2, 'Грамота', 'Почетный комментатор сайта', 'aw4.gif', 100, 5, 50, 0, 0, 0, 0, 1);

-- --------------------------------------------------------

--
-- Table structure for table `cms_user_awards`
--

CREATE TABLE IF NOT EXISTS `cms_user_awards` (
  `id` int(11) NOT NULL AUTO_INCREMENT,
  `user_id` int(11) NOT NULL,
  `pubdate` datetime NOT NULL,
  `title` varchar(250) NOT NULL,
  `description` text NOT NULL,
  `imageurl` varchar(100) NOT NULL,
  `from_id` int(11) NOT NULL,
  `award_id` int(11) NOT NULL,
  PRIMARY KEY (`id`),
  KEY `user_id` (`user_id`)
) ENGINE=MyISAM  DEFAULT CHARSET=utf8 AUTO_INCREMENT=2 ;

-- --------------------------------------------------------

--
-- Table structure for table `cms_user_clubs`
--

CREATE TABLE IF NOT EXISTS `cms_user_clubs` (
  `id` int(11) NOT NULL AUTO_INCREMENT,
  `user_id` int(11) NOT NULL,
  `club_id` int(11) NOT NULL,
  `role` varchar(20) NOT NULL DEFAULT 'member',
  `pubdate` timestamp NOT NULL DEFAULT CURRENT_TIMESTAMP,
  PRIMARY KEY (`id`),
  KEY `user_id` (`user_id`),
  KEY `club_id` (`club_id`)
) ENGINE=MyISAM  DEFAULT CHARSET=utf8 AUTO_INCREMENT=4 ;

--
-- Dumping data for table `cms_user_clubs`
--

INSERT INTO `cms_user_clubs` (`id`, `user_id`, `club_id`, `role`, `pubdate`) VALUES
(2, 160, 14, 'member', '2013-08-19 12:52:57'),
(3, 173, 14, 'member', '2013-08-19 13:04:43');

-- --------------------------------------------------------

--
-- Table structure for table `cms_user_files`
--

CREATE TABLE IF NOT EXISTS `cms_user_files` (
  `id` int(11) NOT NULL AUTO_INCREMENT,
  `user_id` int(11) NOT NULL,
  `filename` varchar(250) NOT NULL,
  `pubdate` datetime NOT NULL,
  `allow_who` varchar(50) NOT NULL,
  `filesize` int(11) NOT NULL,
  `hits` int(11) NOT NULL,
  PRIMARY KEY (`id`),
  KEY `user_id` (`user_id`)
) ENGINE=MyISAM DEFAULT CHARSET=utf8 AUTO_INCREMENT=1 ;

-- --------------------------------------------------------

--
-- Table structure for table `cms_user_friends`
--

CREATE TABLE IF NOT EXISTS `cms_user_friends` (
  `id` int(11) NOT NULL AUTO_INCREMENT,
  `to_id` int(11) NOT NULL,
  `from_id` int(11) NOT NULL,
  `logdate` datetime NOT NULL,
  `is_accepted` tinyint(1) NOT NULL,
  PRIMARY KEY (`id`),
  KEY `to_id` (`to_id`),
  KEY `from_id` (`from_id`)
) ENGINE=MyISAM  DEFAULT CHARSET=utf8 AUTO_INCREMENT=13 ;

--
-- Dumping data for table `cms_user_friends`
--

INSERT INTO `cms_user_friends` (`id`, `to_id`, `from_id`, `logdate`, `is_accepted`) VALUES
(12, 175, 173, '2013-08-20 15:43:08', 1);

-- --------------------------------------------------------

--
-- Table structure for table `cms_user_groups`
--

CREATE TABLE IF NOT EXISTS `cms_user_groups` (
  `id` int(11) NOT NULL AUTO_INCREMENT,
  `title` varchar(200) NOT NULL,
  `alias` varchar(100) NOT NULL,
  `is_admin` tinyint(1) NOT NULL,
  `access` text NOT NULL,
  PRIMARY KEY (`id`)
) ENGINE=MyISAM  DEFAULT CHARSET=utf8 AUTO_INCREMENT=10 ;

--
-- Dumping data for table `cms_user_groups`
--

INSERT INTO `cms_user_groups` (`id`, `title`, `alias`, `is_admin`, `access`) VALUES
(1, 'Пользователи', 'registered', 0, 'comments/add, comments/bbcode, comments/add_published, comments/delete, content/add, board/add, board/autoadd'),
(2, 'Администраторы', 'admin', 1, 'admin/content, admin/com_rssfeed, admin/com_arhive, admin/com_banners, admin/com_blog, admin/com_faq, admin/com_board, admin/com_content, admin/com_clubs, admin/com_comments, admin/com_forms, admin/com_photos'),
(8, 'Гости', 'guest', 0, 'comments/add'),
(7, 'Редакторы', 'editors', 0, 'comments/add, comments/delete, content/add, content/autoadd, content/delete'),
(9, 'Модераторы', 'moderators', 0, 'comments/add, comments/delete, comments/moderate, forum/moderate, content/add');

-- --------------------------------------------------------

--
-- Table structure for table `cms_user_groups_access`
--

CREATE TABLE IF NOT EXISTS `cms_user_groups_access` (
  `id` int(11) unsigned NOT NULL AUTO_INCREMENT,
  `access_type` varchar(60) NOT NULL,
  `access_name` varchar(100) NOT NULL,
  PRIMARY KEY (`id`),
  UNIQUE KEY `access_type` (`access_type`)
) ENGINE=MyISAM  DEFAULT CHARSET=utf8 AUTO_INCREMENT=14 ;

--
-- Dumping data for table `cms_user_groups_access`
--

INSERT INTO `cms_user_groups_access` (`id`, `access_type`, `access_name`) VALUES
(1, 'comments/add', 'Добавление комментариев'),
(2, 'comments/bbcode', 'Расширенный редактор комментариев (BBCode)'),
(3, 'comments/delete', 'Удаление своих комментариев'),
(4, 'comments/moderate', 'Модерация комментариев'),
(5, 'comments/iscomments', 'Возможность отключать комментарии в своем блоге'),
(6, 'forum/moderate', 'Модерация форума'),
(7, 'content/add', 'Добавление статей на сайт'),
(8, 'content/autoadd', 'Принимать статьи без модерации'),
(9, 'content/delete', 'Удаление своих статей'),
(10, 'board/add', 'Добавление объявлений'),
(11, 'board/autoadd', 'Принимать объявления без модерации'),
(12, 'board/moderate', 'Модерация доски объявлений'),
(13, 'comments/add_published', 'Добавлять комментарии без модерации');

-- --------------------------------------------------------

--
-- Table structure for table `cms_user_invites`
--

CREATE TABLE IF NOT EXISTS `cms_user_invites` (
  `id` int(11) NOT NULL AUTO_INCREMENT,
  `code` varchar(32) NOT NULL,
  `owner_id` int(11) NOT NULL,
  `createdate` datetime NOT NULL,
  `is_used` tinyint(1) NOT NULL DEFAULT '0',
  `is_sended` tinyint(1) NOT NULL DEFAULT '0',
  PRIMARY KEY (`id`),
  KEY `code` (`code`,`owner_id`,`is_used`)
) ENGINE=MyISAM DEFAULT CHARSET=utf8 AUTO_INCREMENT=1 ;

-- --------------------------------------------------------

--
-- Table structure for table `cms_user_karma`
--

CREATE TABLE IF NOT EXISTS `cms_user_karma` (
  `id` int(11) NOT NULL AUTO_INCREMENT,
  `user_id` int(11) NOT NULL,
  `sender_id` int(11) NOT NULL,
  `points` smallint(6) NOT NULL,
  `senddate` datetime NOT NULL,
  PRIMARY KEY (`id`),
  KEY `user_id` (`user_id`)
) ENGINE=MyISAM DEFAULT CHARSET=utf8 AUTO_INCREMENT=1 ;

-- --------------------------------------------------------

--
-- Table structure for table `cms_user_msg`
--

CREATE TABLE IF NOT EXISTS `cms_user_msg` (
  `id` int(11) NOT NULL AUTO_INCREMENT,
  `to_id` int(11) NOT NULL,
  `from_id` int(11) NOT NULL,
  `senddate` datetime NOT NULL,
  `is_new` tinyint(1) NOT NULL DEFAULT '1',
  `message` text NOT NULL,
  `to_del` tinyint(1) NOT NULL DEFAULT '0',
  `from_del` tinyint(1) NOT NULL DEFAULT '0',
  PRIMARY KEY (`id`),
  KEY `to_id` (`to_id`),
  KEY `from_id` (`from_id`),
  KEY `to_del` (`to_del`),
  KEY `from_del` (`from_del`)
) ENGINE=MyISAM  DEFAULT CHARSET=utf8 AUTO_INCREMENT=7 ;

--
-- Dumping data for table `cms_user_msg`
--

INSERT INTO `cms_user_msg` (`id`, `to_id`, `from_id`, `senddate`, `is_new`, `message`, `to_del`, `from_del`) VALUES
(1, 59, -2, '2013-08-16 11:34:15', 0, '<h2>Привет!</h2>\n<p><span style="font-size: medium;">Мы очень <span style="color: rgb(51, 153, 102);">рады</span> что ты зарегистрировался!</span></p>', 0, 0),
(6, 465, -2, '2013-08-30 14:35:49', 1, '<h2>Привет!</h2>\n<p><span style="font-size: medium;">Мы очень <span style="color: rgb(51, 153, 102);">рады</span> что ты зарегистрировался!</span></p>', 0, 0),
(3, 175, 173, '2013-08-20 14:43:23', 0, 'фывафывафываыф', 0, 0),
(4, 173, 175, '2013-08-20 14:44:34', 1, 'фывафывафывафыва', 0, 0),
(5, 173, 175, '2013-08-20 14:44:41', 1, 'ыфвафывафывафыва', 0, 0);

-- --------------------------------------------------------

--
-- Table structure for table `cms_user_photos`
--

CREATE TABLE IF NOT EXISTS `cms_user_photos` (
  `id` int(11) NOT NULL AUTO_INCREMENT,
  `user_id` int(11) NOT NULL,
  `album_id` int(11) NOT NULL,
  `pubdate` datetime NOT NULL,
  `title` varchar(250) NOT NULL,
  `description` text NOT NULL,
  `allow_who` varchar(15) NOT NULL DEFAULT 'all',
  `hits` int(11) NOT NULL,
  `imageurl` varchar(250) NOT NULL,
  PRIMARY KEY (`id`),
  KEY `user_id` (`user_id`),
  KEY `album_id` (`album_id`)
) ENGINE=MyISAM  DEFAULT CHARSET=utf8 AUTO_INCREMENT=9 ;

--
-- Dumping data for table `cms_user_photos`
--

INSERT INTO `cms_user_photos` (`id`, `user_id`, `album_id`, `pubdate`, `title`, `description`, `allow_who`, `hits`, `imageurl`) VALUES
(6, 1, 5, '2012-07-13 00:00:00', 'Горный пейзаж', 'Красивый вид с большой высоты', 'all', 4, 'b22c5c0f95c1fb9398578fd5e396c7dd.jpg'),
(7, 1, 5, '2012-07-13 00:00:00', 'Восход в космосе', 'Вид на нашу планету', 'all', 3, 'efe8d13779cd84cfeb319d9f0875a511.jpg'),
(8, 33, 0, '2013-08-16 12:07:10', 'time_left.png', '', 'none', 0, '0e1a3c7df00457d29cbb411eca0e60d6.jpg');

-- --------------------------------------------------------

--
-- Table structure for table `cms_user_profiles`
--

CREATE TABLE IF NOT EXISTS `cms_user_profiles` (
  `id` int(11) NOT NULL AUTO_INCREMENT,
  `user_id` int(11) NOT NULL,
  `city` varchar(250) NOT NULL,
  `description` varchar(500) NOT NULL,
  `showmail` tinyint(1) NOT NULL DEFAULT '0',
  `showbirth` tinyint(1) NOT NULL DEFAULT '0',
  `showicq` tinyint(1) NOT NULL DEFAULT '0',
  `karma` int(11) NOT NULL DEFAULT '0',
  `imageurl` varchar(250) NOT NULL,
  `author_vk_url` varchar(255) NOT NULL,
  `allow_who` varchar(35) NOT NULL DEFAULT 'all',
  `signature` varchar(240) NOT NULL,
  `signature_html` varchar(300) NOT NULL,
  `gender` varchar(1) NOT NULL,
  `formsdata` varchar(800) NOT NULL,
  `email_newmsg` int(11) NOT NULL DEFAULT '1',
  `cm_subscribe` varchar(4) NOT NULL DEFAULT 'both',
  `stats` varchar(500) NOT NULL,
  PRIMARY KEY (`id`),
  KEY `user_id` (`user_id`),
  KEY `city` (`city`),
  KEY `description` (`description`(333)),
  KEY `formsdata` (`formsdata`(333)),
  KEY `gender` (`gender`)
) ENGINE=MyISAM  DEFAULT CHARSET=utf8 ROW_FORMAT=DYNAMIC AUTO_INCREMENT=466 ;

--
-- Dumping data for table `cms_user_profiles`
--

INSERT INTO `cms_user_profiles` (`id`, `user_id`, `city`, `description`, `showmail`, `showbirth`, `showicq`, `karma`, `imageurl`, `author_vk_url`, `allow_who`, `signature`, `signature_html`, `gender`, `formsdata`, `email_newmsg`, `cm_subscribe`, `stats`) VALUES
(1, 1, 'Москва', 'Р.Хайнлайн, А.Азимов, А.Кларк', 1, 1, 1, 0, '092a27b4d1a95f4b199c8bcc3fef1986.png', '', 'all', '', '', 'm', '---\n22: Р.Хайнлайн, А.Азимов, А.Кларк\n24: Высшее\n', 1, 'none', ''),
(5, 5, '', '', 0, 0, 1, 0, '', '', 'all', '', '', '', '', 1, 'both', ''),
(59, 59, '', '', 0, 0, 0, 0, '', '', 'all', '', '', '', '---\n22:\n24: Среднее\n', 1, 'both', ''),
(4, 4, '', '', 0, 0, 1, 0, '', '', 'all', '', '', '', '', 1, 'both', ''),
(60, 77, 'sdfgdsg', 'dfsgsdfg', 0, 0, 0, 0, 'http://cs408917.vk.me/v408917704/1ebf/zAcfOsdqWs8.jpg', '', 'all', '', '', '', '---\n22:\n24: Высшее\n', 1, 'both', ''),
(174, 241, '', '', 0, 0, 0, 0, 'DNzQkYM66c8.jpg', '/m_e_l_a_n_y', 'all', '', '', '', '', 1, 'both', ''),
(173, 240, '', '', 0, 0, 0, 0, 'zAcfOsdqWs8.jpg', '/dmitry.litvinov', 'all', '', '', '', '', 1, 'both', ''),
(172, 239, '', '', 0, 0, 0, 0, 'AGXj6JVtkk8.jpg', '/id21159319', 'all', '', '', '', '', 1, 'both', ''),
(171, 238, '', '', 0, 0, 0, 0, 'DNzQkYM66c8.jpg', '/m_e_l_a_n_y', 'all', '', '', '', '', 1, 'both', ''),
(169, 235, '', '', 0, 0, 0, 0, 'Wc-xS5BmAs0.jpg', '/juicy_g', 'all', '', '', '', '', 1, 'both', ''),
(170, 236, '', '', 0, 0, 1, 0, '', '', 'all', '', '', '', '', 1, 'both', ''),
(168, 234, '', '', 0, 0, 0, 0, 'Xr_SB9yOxLk.jpg', '/ns_anabol', 'all', '', '', '', '', 1, 'both', ''),
(167, 233, '', '', 0, 0, 0, 0, 'zAcfOsdqWs8.jpg', '/dmitry.litvinov', 'all', '', '', '', '', 1, 'both', ''),
(166, 232, '', '', 0, 0, 0, 0, 'AGXj6JVtkk8.jpg', '/id21159319', 'all', '', '', '', '', 1, 'both', ''),
(165, 231, '', '', 0, 0, 0, 0, 'DNzQkYM66c8.jpg', '/m_e_l_a_n_y', 'all', '', '', '', '', 1, 'both', ''),
(162, 225, '', '', 0, 0, 0, 0, 'DNzQkYM66c8.jpg', '/m_e_l_a_n_y', 'all', '', '', '', '', 1, 'both', ''),
(163, 226, '', '', 0, 0, 0, 0, 'AGXj6JVtkk8.jpg', '/id21159319', 'all', '', '', '', '', 1, 'both', ''),
(164, 230, '', '', 0, 0, 0, 0, 'zAcfOsdqWs8.jpg', '/dmitry.litvinov', 'all', '', '', '', '', 1, 'both', ''),
(161, 224, '', '', 0, 0, 0, 0, 'Xr_SB9yOxLk.jpg', '/ns_anabol', 'all', '', '', '', '', 1, 'both', ''),
(160, 223, '', '', 0, 0, 0, 0, 'zAcfOsdqWs8.jpg', '/dmitry.litvinov', 'all', '', '', '', '', 1, 'both', ''),
(159, 222, '', '', 0, 0, 0, 0, 'AGXj6JVtkk8.jpg', '/id21159319', 'all', '', '', '', '', 1, 'both', ''),
(158, 221, '', '', 0, 0, 0, 0, 'DNzQkYM66c8.jpg', '/m_e_l_a_n_y', 'all', '', '', '', '', 1, 'both', ''),
(157, 220, '', '', 0, 0, 0, 0, 'Xr_SB9yOxLk.jpg', '/ns_anabol', 'all', '', '', '', '', 1, 'both', ''),
(156, 219, '', '', 0, 0, 0, 0, 'zAcfOsdqWs8.jpg', '/dmitry.litvinov', 'all', '', '', '', '', 1, 'both', ''),
(155, 218, '', '', 0, 0, 0, 0, 'zAcfOsdqWs8.jpg', '/dmitry.litvinov', 'all', '', '', '', '', 1, 'both', ''),
(154, 217, '', '', 0, 0, 0, 0, 'zAcfOsdqWs8.jpg', '/dmitry.litvinov', 'all', '', '', '', '', 1, 'both', ''),
(146, 190, '', '', 0, 0, 0, 0, 'Wc-xS5BmAs0.jpg', '/juicy_g', 'all', '', '', '', '', 1, 'both', ''),
(147, 209, '', '', 0, 0, 0, 0, 'Wc-xS5BmAs0.jpg', '/juicy_g', 'all', '', '', '', '', 1, 'both', ''),
(148, 210, '', '', 0, 0, 0, 0, 'zAcfOsdqWs8.jpg', '/dmitry.litvinov', 'all', '', '', '', '', 1, 'both', ''),
(149, 211, '', '', 0, 0, 0, 0, 'Xr_SB9yOxLk.jpg', '/ns_anabol', 'all', '', '', '', '', 1, 'both', ''),
(150, 212, '', '', 0, 0, 0, 0, 'DNzQkYM66c8.jpg', '/m_e_l_a_n_y', 'all', '', '', '', '', 1, 'both', ''),
(151, 213, '', '', 0, 0, 0, 0, 'dd45aa8b14d830221d398cce6673404b.jpg', '/id21159319', 'all', '', '', '', '', 1, 'both', ''),
(152, 214, '', '', 0, 0, 0, 0, '2b06Cz3YN7s.jpg', '/id31510627', 'all', '', '', '', '', 1, 'both', ''),
(153, 215, '', '', 0, 0, 0, 0, 'Wc-xS5BmAs0.jpg', '/juicy_g', 'all', '', '', '', '', 1, 'both', ''),
(175, 242, '', '', 0, 0, 0, 0, 'AGXj6JVtkk8.jpg', '/id21159319', 'all', '', '', '', '', 1, 'both', ''),
(176, 243, '', '', 0, 0, 0, 0, 'zAcfOsdqWs8.jpg', '/dmitry.litvinov', 'all', '', '', '', '', 1, 'both', ''),
(177, 244, '', '', 0, 0, 0, 0, 'DNzQkYM66c8.jpg', '/m_e_l_a_n_y', 'all', '', '', '', '', 1, 'both', ''),
(178, 245, '', '', 0, 0, 0, 0, 'AGXj6JVtkk8.jpg', '/id21159319', 'all', '', '', '', '', 1, 'both', ''),
(179, 246, '', '', 0, 0, 0, 0, 'Xr_SB9yOxLk.jpg', '/ns_anabol', 'all', '', '', '', '', 1, 'both', ''),
(180, 248, '', '', 0, 0, 0, 0, 'zAcfOsdqWs8.jpg', '/dmitry.litvinov', 'all', '', '', '', '', 1, 'both', ''),
(181, 249, '', '', 0, 0, 0, 0, 'DNzQkYM66c8.jpg', '/m_e_l_a_n_y', 'all', '', '', '', '', 1, 'both', ''),
(182, 250, '', '', 0, 0, 0, 0, 'AGXj6JVtkk8.jpg', '/id21159319', 'all', '', '', '', '', 1, 'both', ''),
(183, 251, '', '', 0, 0, 0, 0, 'Xr_SB9yOxLk.jpg', '/ns_anabol', 'all', '', '', '', '', 1, 'both', ''),
(184, 252, '', '', 0, 0, 0, 0, 'Wc-xS5BmAs0.jpg', '/juicy_g', 'all', '', '', '', '', 1, 'both', ''),
(185, 253, '', '', 0, 0, 0, 0, 'DNzQkYM66c8.jpg', '/m_e_l_a_n_y', 'all', '', '', '', '', 1, 'both', ''),
(186, 254, '', '', 0, 0, 0, 0, 'AGXj6JVtkk8.jpg', '/id21159319', 'all', '', '', '', '', 1, 'both', ''),
(187, 255, '', '', 0, 0, 0, 0, 'zAcfOsdqWs8.jpg', '/dmitry.litvinov', 'all', '', '', '', '', 1, 'both', ''),
(188, 256, '', '', 0, 0, 0, 0, 'DNzQkYM66c8.jpg', '/m_e_l_a_n_y', 'all', '', '', '', '', 1, 'both', ''),
(189, 257, '', '', 0, 0, 0, 0, 'AGXj6JVtkk8.jpg', '/id21159319', 'all', '', '', '', '', 1, 'both', ''),
(190, 258, '', '', 0, 0, 0, 0, 'zAcfOsdqWs8.jpg', '/dmitry.litvinov', 'all', '', '', '', '', 1, 'both', ''),
(191, 259, '', '', 0, 0, 0, 0, 'DNzQkYM66c8.jpg', '/m_e_l_a_n_y', 'all', '', '', '', '', 1, 'both', ''),
(192, 260, '', '', 0, 0, 0, 0, 'AGXj6JVtkk8.jpg', '/id21159319', 'all', '', '', '', '', 1, 'both', ''),
(193, 261, '', '', 0, 0, 0, 0, 'Wc-xS5BmAs0.jpg', '/juicy_g', 'all', '', '', '', '', 1, 'both', ''),
(194, 262, '', '', 0, 0, 0, 0, 'Xr_SB9yOxLk.jpg', '/ns_anabol', 'all', '', '', '', '', 1, 'both', ''),
(195, 263, '', '', 0, 0, 0, 0, 'zAcfOsdqWs8.jpg', '/dmitry.litvinov', 'all', '', '', '', '', 1, 'both', ''),
(196, 264, '', '', 0, 0, 0, 0, 'DNzQkYM66c8.jpg', '/m_e_l_a_n_y', 'all', '', '', '', '', 1, 'both', ''),
(197, 265, '', '', 0, 0, 0, 0, 'AGXj6JVtkk8.jpg', '/id21159319', 'all', '', '', '', '', 1, 'both', ''),
(198, 266, '', '', 0, 0, 0, 0, 'Xr_SB9yOxLk.jpg', '/ns_anabol', 'all', '', '', '', '', 1, 'both', ''),
(199, 267, '', '', 0, 0, 0, 0, 'zAcfOsdqWs8.jpg', '/dmitry.litvinov', 'all', '', '', '', '', 1, 'both', ''),
(200, 268, '', '', 0, 0, 0, 0, 'DNzQkYM66c8.jpg', '/m_e_l_a_n_y', 'all', '', '', '', '', 1, 'both', ''),
(201, 269, '', '', 0, 0, 0, 0, 'AGXj6JVtkk8.jpg', '/id21159319', 'all', '', '', '', '', 1, 'both', ''),
(202, 270, '', '', 0, 0, 0, 0, 'Xr_SB9yOxLk.jpg', '/ns_anabol', 'all', '', '', '', '', 1, 'both', ''),
(203, 271, '', '', 0, 0, 0, 0, 'zAcfOsdqWs8.jpg', '/dmitry.litvinov', 'all', '', '', '', '', 1, 'both', ''),
(204, 272, '', '', 0, 0, 0, 0, 'DNzQkYM66c8.jpg', '/m_e_l_a_n_y', 'all', '', '', '', '', 1, 'both', ''),
(205, 273, '', '', 0, 0, 0, 0, 'AGXj6JVtkk8.jpg', '/id21159319', 'all', '', '', '', '', 1, 'both', ''),
(206, 274, '', '', 0, 0, 0, 0, 'Xr_SB9yOxLk.jpg', '/ns_anabol', 'all', '', '', '', '', 1, 'both', ''),
(207, 275, '', '', 0, 0, 0, 0, 'zAcfOsdqWs8.jpg', '/dmitry.litvinov', 'all', '', '', '', '', 1, 'both', ''),
(208, 276, '', '', 0, 0, 0, 0, 'DNzQkYM66c8.jpg', '/m_e_l_a_n_y', 'all', '', '', '', '', 1, 'both', ''),
(209, 277, '', '', 0, 0, 0, 0, 'AGXj6JVtkk8.jpg', '/id21159319', 'all', '', '', '', '', 1, 'both', ''),
(210, 282, '', '', 0, 0, 0, 0, 'Xr_SB9yOxLk.jpg', '/ns_anabol', 'all', '', '', '', '', 1, 'both', ''),
(211, 283, '', '', 0, 0, 0, 0, 'zAcfOsdqWs8.jpg', '/dmitry.litvinov', 'all', '', '', '', '', 1, 'both', ''),
(212, 284, '', '', 0, 0, 0, 0, 'DNzQkYM66c8.jpg', '/m_e_l_a_n_y', 'all', '', '', '', '', 1, 'both', ''),
(213, 285, '', '', 0, 0, 0, 0, 'AGXj6JVtkk8.jpg', '/id21159319', 'all', '', '', '', '', 1, 'both', ''),
(214, 289, '', '', 0, 0, 0, 0, 'DNzQkYM66c8.jpg', '/m_e_l_a_n_y', 'all', '', '', '', '', 1, 'both', ''),
(215, 290, '', '', 0, 0, 0, 0, 'AGXj6JVtkk8.jpg', '/id21159319', 'all', '', '', '', '', 1, 'both', ''),
(216, 295, '', '', 0, 0, 0, 0, 'Xr_SB9yOxLk.jpg', '/ns_anabol', 'all', '', '', '', '', 1, 'both', ''),
(217, 296, '', '', 0, 0, 0, 0, 'zAcfOsdqWs8.jpg', '/dmitry.litvinov', 'all', '', '', '', '', 1, 'both', ''),
(218, 297, '', '', 0, 0, 0, 0, 'DNzQkYM66c8.jpg', '/m_e_l_a_n_y', 'all', '', '', '', '', 1, 'both', ''),
(219, 298, '', '', 0, 0, 0, 0, 'AGXj6JVtkk8.jpg', '/id21159319', 'all', '', '', '', '', 1, 'both', ''),
(220, 314, '', '', 0, 0, 0, 0, 'Xr_SB9yOxLk.jpg', '/ns_anabol', 'all', '', '', '', '', 1, 'both', ''),
(221, 315, '', '', 0, 0, 0, 0, 'zAcfOsdqWs8.jpg', '/dmitry.litvinov', 'all', '', '', '', '', 1, 'both', ''),
(222, 316, '', '', 0, 0, 0, 0, 'DNzQkYM66c8.jpg', '/m_e_l_a_n_y', 'all', '', '', '', '', 1, 'both', ''),
(223, 317, '', '', 0, 0, 0, 0, 'AGXj6JVtkk8.jpg', '/id21159319', 'all', '', '', '', '', 1, 'both', ''),
(224, 318, '', '', 0, 0, 0, 0, 'Wc-xS5BmAs0.jpg', '/juicy_g', 'all', '', '', '', '', 1, 'both', ''),
(225, 319, '', '', 0, 0, 0, 0, 'Xr_SB9yOxLk.jpg', '/ns_anabol', 'all', '', '', '', '', 1, 'both', ''),
(226, 320, '', '', 0, 0, 0, 0, 'zAcfOsdqWs8.jpg', '/dmitry.litvinov', 'all', '', '', '', '', 1, 'both', ''),
(227, 321, '', '', 0, 0, 0, 0, 'DNzQkYM66c8.jpg', '/m_e_l_a_n_y', 'all', '', '', '', '', 1, 'both', ''),
(228, 322, '', '', 0, 0, 0, 0, 'AGXj6JVtkk8.jpg', '/id21159319', 'all', '', '', '', '', 1, 'both', ''),
(229, 323, '', '', 0, 0, 0, 0, 'Wc-xS5BmAs0.jpg', '/juicy_g', 'all', '', '', '', '', 1, 'both', ''),
(230, 324, '', '', 0, 0, 0, 0, 'Xr_SB9yOxLk.jpg', '/ns_anabol', 'all', '', '', '', '', 1, 'both', ''),
(231, 325, '', '', 0, 0, 0, 0, 'zAcfOsdqWs8.jpg', '/dmitry.litvinov', 'all', '', '', '', '', 1, 'both', ''),
(232, 326, '', '', 0, 0, 0, 0, 'DNzQkYM66c8.jpg', '/m_e_l_a_n_y', 'all', '', '', '', '', 1, 'both', ''),
(233, 327, '', '', 0, 0, 0, 0, 'AGXj6JVtkk8.jpg', '/id21159319', 'all', '', '', '', '', 1, 'both', ''),
(234, 328, '', '', 0, 0, 0, 0, 'Wc-xS5BmAs0.jpg', '/juicy_g', 'all', '', '', '', '', 1, 'both', ''),
(235, 329, '', '', 0, 0, 0, 0, 'Xr_SB9yOxLk.jpg', '/ns_anabol', 'all', '', '', '', '', 1, 'both', ''),
(236, 330, '', '', 0, 0, 0, 0, 'zAcfOsdqWs8.jpg', '/dmitry.litvinov', 'all', '', '', '', '', 1, 'both', ''),
(237, 331, '', '', 0, 0, 0, 0, 'DNzQkYM66c8.jpg', '/m_e_l_a_n_y', 'all', '', '', '', '', 1, 'both', ''),
(238, 332, '', '', 0, 0, 0, 0, 'AGXj6JVtkk8.jpg', '/id21159319', 'all', '', '', '', '', 1, 'both', ''),
(239, 333, '', '', 0, 0, 0, 0, 'Wc-xS5BmAs0.jpg', '/juicy_g', 'all', '', '', '', '', 1, 'both', ''),
(240, 334, '', '', 0, 0, 0, 0, 'Xr_SB9yOxLk.jpg', '/ns_anabol', 'all', '', '', '', '', 1, 'both', ''),
(241, 335, '', '', 0, 0, 0, 0, 'zAcfOsdqWs8.jpg', '/dmitry.litvinov', 'all', '', '', '', '', 1, 'both', ''),
(242, 336, '', '', 0, 0, 0, 0, 'DNzQkYM66c8.jpg', '/m_e_l_a_n_y', 'all', '', '', '', '', 1, 'both', ''),
(243, 337, '', '', 0, 0, 0, 0, 'AGXj6JVtkk8.jpg', '/id21159319', 'all', '', '', '', '', 1, 'both', ''),
(244, 338, '', '', 0, 0, 0, 0, 'Wc-xS5BmAs0.jpg', '/juicy_g', 'all', '', '', '', '', 1, 'both', ''),
(245, 339, '', '', 0, 0, 0, 0, 'Wc-xS5BmAs0.jpg', '/juicy_g', 'all', '', '', '', '', 1, 'both', ''),
(246, 340, '', '', 0, 0, 0, 0, 'DNzQkYM66c8.jpg', '/m_e_l_a_n_y', 'all', '', '', '', '', 1, 'both', ''),
(247, 341, '', '', 0, 0, 0, 0, 'AGXj6JVtkk8.jpg', '/id21159319', 'all', '', '', '', '', 1, 'both', ''),
(248, 342, '', '', 0, 0, 0, 0, 'Xr_SB9yOxLk.jpg', '/ns_anabol', 'all', '', '', '', '', 1, 'both', ''),
(249, 343, '', '', 0, 0, 0, 0, 'zAcfOsdqWs8.jpg', '/dmitry.litvinov', 'all', '', '', '', '', 1, 'both', ''),
(250, 344, '', '', 0, 0, 0, 0, 'Xr_SB9yOxLk.jpg', '/ns_anabol', 'all', '', '', '', '', 1, 'both', ''),
(251, 345, '', '', 0, 0, 0, 0, 'zAcfOsdqWs8.jpg', '/dmitry.litvinov', 'all', '', '', '', '', 1, 'both', ''),
(252, 346, '', '', 0, 0, 0, 0, 'DNzQkYM66c8.jpg', '/m_e_l_a_n_y', 'all', '', '', '', '', 1, 'both', ''),
(253, 347, '', '', 0, 0, 0, 0, 'AGXj6JVtkk8.jpg', '/id21159319', 'all', '', '', '', '', 1, 'both', ''),
(254, 348, '', '', 0, 0, 0, 0, 'Wc-xS5BmAs0.jpg', '/juicy_g', 'all', '', '', '', '', 1, 'both', ''),
(255, 349, '', '', 0, 0, 0, 0, 'Xr_SB9yOxLk.jpg', '/ns_anabol', 'all', '', '', '', '', 1, 'both', ''),
(256, 350, '', '', 0, 0, 0, 0, 'zAcfOsdqWs8.jpg', '/dmitry.litvinov', 'all', '', '', '', '', 1, 'both', ''),
(257, 351, '', '', 0, 0, 0, 0, 'DNzQkYM66c8.jpg', '/m_e_l_a_n_y', 'all', '', '', '', '', 1, 'both', ''),
(258, 352, '', '', 0, 0, 0, 0, 'AGXj6JVtkk8.jpg', '/id21159319', 'all', '', '', '', '', 1, 'both', ''),
(259, 353, '', '', 0, 0, 0, 0, 'Wc-xS5BmAs0.jpg', '/juicy_g', 'all', '', '', '', '', 1, 'both', ''),
(260, 354, '', '', 0, 0, 0, 0, 'Xr_SB9yOxLk.jpg', '/ns_anabol', 'all', '', '', '', '', 1, 'both', ''),
(261, 355, '', '', 0, 0, 0, 0, 'zAcfOsdqWs8.jpg', '/dmitry.litvinov', 'all', '', '', '', '', 1, 'both', ''),
(262, 356, '', '', 0, 0, 0, 0, 'DNzQkYM66c8.jpg', '/m_e_l_a_n_y', 'all', '', '', '', '', 1, 'both', ''),
(263, 357, '', '', 0, 0, 0, 0, 'AGXj6JVtkk8.jpg', '/id21159319', 'all', '', '', '', '', 1, 'both', ''),
(264, 358, '', '', 0, 0, 0, 0, 'Wc-xS5BmAs0.jpg', '/juicy_g', 'all', '', '', '', '', 1, 'both', ''),
(265, 359, '', '', 0, 0, 0, 0, 'Xr_SB9yOxLk.jpg', '/ns_anabol', 'all', '', '', '', '', 1, 'both', ''),
(266, 360, '', '', 0, 0, 0, 0, 'zAcfOsdqWs8.jpg', '/dmitry.litvinov', 'all', '', '', '', '', 1, 'both', ''),
(267, 361, '', '', 0, 0, 0, 0, 'DNzQkYM66c8.jpg', '/m_e_l_a_n_y', 'all', '', '', '', '', 1, 'both', ''),
(268, 362, '', '', 0, 0, 0, 0, 'AGXj6JVtkk8.jpg', '/id21159319', 'all', '', '', '', '', 1, 'both', ''),
(269, 363, '', '', 0, 0, 0, 0, 'Wc-xS5BmAs0.jpg', '/juicy_g', 'all', '', '', '', '', 1, 'both', ''),
(270, 364, '', '', 0, 0, 0, 0, 'DNzQkYM66c8.jpg', '/m_e_l_a_n_y', 'all', '', '', '', '', 1, 'both', ''),
(271, 365, '', '', 0, 0, 0, 0, 'AGXj6JVtkk8.jpg', '/id21159319', 'all', '', '', '', '', 1, 'both', ''),
(272, 366, '', '', 0, 0, 0, 0, 'Xr_SB9yOxLk.jpg', '/ns_anabol', 'all', '', '', '', '', 1, 'both', ''),
(273, 367, '', '', 0, 0, 0, 0, 'zAcfOsdqWs8.jpg', '/dmitry.litvinov', 'all', '', '', '', '', 1, 'both', ''),
(274, 368, '', '', 0, 0, 0, 0, 'DNzQkYM66c8.jpg', '/m_e_l_a_n_y', 'all', '', '', '', '', 1, 'both', ''),
(275, 369, '', '', 0, 0, 0, 0, 'AGXj6JVtkk8.jpg', '/id21159319', 'all', '', '', '', '', 1, 'both', ''),
(276, 370, '', '', 0, 0, 0, 0, 'Xr_SB9yOxLk.jpg', '/ns_anabol', 'all', '', '', '', '', 1, 'both', ''),
(277, 371, '', '', 0, 0, 0, 0, 'zAcfOsdqWs8.jpg', '/dmitry.litvinov', 'all', '', '', '', '', 1, 'both', ''),
(278, 372, '', '', 0, 0, 0, 0, 'DNzQkYM66c8.jpg', '/m_e_l_a_n_y', 'all', '', '', '', '', 1, 'both', ''),
(279, 373, '', '', 0, 0, 0, 0, 'AGXj6JVtkk8.jpg', '/id21159319', 'all', '', '', '', '', 1, 'both', ''),
(280, 374, '', '', 0, 0, 0, 0, 'Xr_SB9yOxLk.jpg', '/ns_anabol', 'all', '', '', '', '', 1, 'both', ''),
(281, 375, '', '', 0, 0, 0, 0, 'zAcfOsdqWs8.jpg', '/dmitry.litvinov', 'all', '', '', '', '', 1, 'both', ''),
(282, 376, '', '', 0, 0, 0, 0, 'DNzQkYM66c8.jpg', '/m_e_l_a_n_y', 'all', '', '', '', '', 1, 'both', ''),
(283, 377, '', '', 0, 0, 0, 0, 'AGXj6JVtkk8.jpg', '/id21159319', 'all', '', '', '', '', 1, 'both', ''),
(284, 378, '', '', 0, 0, 0, 0, 'Xr_SB9yOxLk.jpg', '/ns_anabol', 'all', '', '', '', '', 1, 'both', ''),
(285, 379, '', '', 0, 0, 0, 0, 'zAcfOsdqWs8.jpg', '/dmitry.litvinov', 'all', '', '', '', '', 1, 'both', ''),
(286, 380, '', '', 0, 0, 0, 0, 'DNzQkYM66c8.jpg', '/m_e_l_a_n_y', 'all', '', '', '', '', 1, 'both', ''),
(287, 381, '', '', 0, 0, 0, 0, 'AGXj6JVtkk8.jpg', '/id21159319', 'all', '', '', '', '', 1, 'both', ''),
(288, 382, '', '', 0, 0, 0, 0, 'Xr_SB9yOxLk.jpg', '/ns_anabol', 'all', '', '', '', '', 1, 'both', ''),
(289, 383, '', '', 0, 0, 0, 0, 'zAcfOsdqWs8.jpg', '/dmitry.litvinov', 'all', '', '', '', '', 1, 'both', ''),
(290, 384, '', '', 0, 0, 0, 0, 'DNzQkYM66c8.jpg', '/m_e_l_a_n_y', 'all', '', '', '', '', 1, 'both', ''),
(291, 385, '', '', 0, 0, 0, 0, 'AGXj6JVtkk8.jpg', '/id21159319', 'all', '', '', '', '', 1, 'both', ''),
(292, 386, '', '', 0, 0, 0, 0, 'Xr_SB9yOxLk.jpg', '/ns_anabol', 'all', '', '', '', '', 1, 'both', ''),
(293, 387, '', '', 0, 0, 0, 0, 'zAcfOsdqWs8.jpg', '/dmitry.litvinov', 'all', '', '', '', '', 1, 'both', ''),
(294, 388, '', '', 0, 0, 0, 0, 'DNzQkYM66c8.jpg', '/m_e_l_a_n_y', 'all', '', '', '', '', 1, 'both', ''),
(295, 389, '', '', 0, 0, 0, 0, 'AGXj6JVtkk8.jpg', '/id21159319', 'all', '', '', '', '', 1, 'both', ''),
(296, 390, '', '', 0, 0, 0, 0, 'Xr_SB9yOxLk.jpg', '/ns_anabol', 'all', '', '', '', '', 1, 'both', ''),
(297, 391, '', '', 0, 0, 0, 0, 'zAcfOsdqWs8.jpg', '/dmitry.litvinov', 'all', '', '', '', '', 1, 'both', ''),
(298, 392, '', '', 0, 0, 0, 0, 'DNzQkYM66c8.jpg', '/m_e_l_a_n_y', 'all', '', '', '', '', 1, 'both', ''),
(299, 393, '', '', 0, 0, 0, 0, 'AGXj6JVtkk8.jpg', '/id21159319', 'all', '', '', '', '', 1, 'both', ''),
(300, 394, '', '', 0, 0, 0, 0, 'Wc-xS5BmAs0.jpg', '/juicy_g', 'all', '', '', '', '', 1, 'both', ''),
(301, 395, '', '', 0, 0, 0, 0, 'Xr_SB9yOxLk.jpg', '/ns_anabol', 'all', '', '', '', '', 1, 'both', ''),
(302, 396, '', '', 0, 0, 0, 0, 'zAcfOsdqWs8.jpg', '/dmitry.litvinov', 'all', '', '', '', '', 1, 'both', ''),
(303, 397, '', '', 0, 0, 0, 0, 'DNzQkYM66c8.jpg', '/m_e_l_a_n_y', 'all', '', '', '', '', 1, 'both', ''),
(304, 398, '', '', 0, 0, 0, 0, 'AGXj6JVtkk8.jpg', '/id21159319', 'all', '', '', '', '', 1, 'both', ''),
(305, 399, '', '', 0, 0, 0, 0, 'Xr_SB9yOxLk.jpg', '/ns_anabol', 'all', '', '', '', '', 1, 'both', ''),
(306, 400, '', '', 0, 0, 0, 0, 'zAcfOsdqWs8.jpg', '/dmitry.litvinov', 'all', '', '', '', '', 1, 'both', ''),
(307, 401, '', '', 0, 0, 0, 0, 'DNzQkYM66c8.jpg', '/m_e_l_a_n_y', 'all', '', '', '', '', 1, 'both', ''),
(308, 402, '', '', 0, 0, 0, 0, 'AGXj6JVtkk8.jpg', '/id21159319', 'all', '', '', '', '', 1, 'both', ''),
(309, 403, '', '', 0, 0, 0, 0, 'Wc-xS5BmAs0.jpg', '/juicy_g', 'all', '', '', '', '', 1, 'both', ''),
(310, 404, '', '', 0, 0, 0, 0, 'Xr_SB9yOxLk.jpg', '/ns_anabol', 'all', '', '', '', '', 1, 'both', ''),
(311, 405, '', '', 0, 0, 0, 0, 'zAcfOsdqWs8.jpg', '/dmitry.litvinov', 'all', '', '', '', '', 1, 'both', ''),
(312, 406, '', '', 0, 0, 0, 0, 'DNzQkYM66c8.jpg', '/m_e_l_a_n_y', 'all', '', '', '', '', 1, 'both', ''),
(313, 407, '', '', 0, 0, 0, 0, 'AGXj6JVtkk8.jpg', '/id21159319', 'all', '', '', '', '', 1, 'both', ''),
(314, 408, '', '', 0, 0, 0, 0, 'Wc-xS5BmAs0.jpg', '/juicy_g', 'all', '', '', '', '', 1, 'both', ''),
(315, 409, '', '', 0, 0, 0, 0, 'Xr_SB9yOxLk.jpg', '/ns_anabol', 'all', '', '', '', '', 1, 'both', ''),
(316, 410, '', '', 0, 0, 0, 0, 'zAcfOsdqWs8.jpg', '/dmitry.litvinov', 'all', '', '', '', '', 1, 'both', ''),
(317, 411, '', '', 0, 0, 0, 0, 'DNzQkYM66c8.jpg', '/m_e_l_a_n_y', 'all', '', '', '', '', 1, 'both', ''),
(318, 412, '', '', 0, 0, 0, 0, 'AGXj6JVtkk8.jpg', '/id21159319', 'all', '', '', '', '', 1, 'both', ''),
(319, 413, '', '', 0, 0, 0, 0, 'Wc-xS5BmAs0.jpg', '/juicy_g', 'all', '', '', '', '', 1, 'both', ''),
(320, 414, '', '', 0, 0, 0, 0, 'Xr_SB9yOxLk.jpg', '/ns_anabol', 'all', '', '', '', '', 1, 'both', ''),
(321, 415, '', '', 0, 0, 0, 0, 'zAcfOsdqWs8.jpg', '/dmitry.litvinov', 'all', '', '', '', '', 1, 'both', ''),
(322, 416, '', '', 0, 0, 0, 0, 'DNzQkYM66c8.jpg', '/m_e_l_a_n_y', 'all', '', '', '', '', 1, 'both', ''),
(323, 417, '', '', 0, 0, 0, 0, 'AGXj6JVtkk8.jpg', '/id21159319', 'all', '', '', '', '', 1, 'both', ''),
(324, 418, '', '', 0, 0, 0, 0, 'Wc-xS5BmAs0.jpg', '/juicy_g', 'all', '', '', '', '', 1, 'both', ''),
(325, 419, '', '', 0, 0, 0, 0, 'Wc-xS5BmAs0.jpg', '/juicy_g', 'all', '', '', '', '', 1, 'both', ''),
(326, 420, '', '', 0, 0, 0, 0, 'DNzQkYM66c8.jpg', '/m_e_l_a_n_y', 'all', '', '', '', '', 1, 'both', ''),
(327, 421, '', '', 0, 0, 0, 0, 'AGXj6JVtkk8.jpg', '/id21159319', 'all', '', '', '', '', 1, 'both', ''),
(328, 422, '', '', 0, 0, 0, 0, 'Xr_SB9yOxLk.jpg', '/ns_anabol', 'all', '', '', '', '', 1, 'both', ''),
(329, 423, '', '', 0, 0, 0, 0, 'zAcfOsdqWs8.jpg', '/dmitry.litvinov', 'all', '', '', '', '', 1, 'both', ''),
(330, 424, '', '', 0, 0, 0, 0, 'Xr_SB9yOxLk.jpg', '/ns_anabol', 'all', '', '', '', '', 1, 'both', ''),
(331, 425, '', '', 0, 0, 0, 0, 'zAcfOsdqWs8.jpg', '/dmitry.litvinov', 'all', '', '', '', '', 1, 'both', ''),
(332, 426, '', '', 0, 0, 0, 0, 'DNzQkYM66c8.jpg', '/m_e_l_a_n_y', 'all', '', '', '', '', 1, 'both', ''),
(333, 427, '', '', 0, 0, 0, 0, 'AGXj6JVtkk8.jpg', '/id21159319', 'all', '', '', '', '', 1, 'both', ''),
(334, 428, '', '', 0, 0, 0, 0, 'Wc-xS5BmAs0.jpg', '/juicy_g', 'all', '', '', '', '', 1, 'both', ''),
(335, 429, '', '', 0, 0, 0, 0, 'Xr_SB9yOxLk.jpg', '/ns_anabol', 'all', '', '', '', '', 1, 'both', ''),
(336, 430, '', '', 0, 0, 0, 0, 'zAcfOsdqWs8.jpg', '/dmitry.litvinov', 'all', '', '', '', '', 1, 'both', ''),
(337, 431, '', '', 0, 0, 0, 0, 'DNzQkYM66c8.jpg', '/m_e_l_a_n_y', 'all', '', '', '', '', 1, 'both', ''),
(338, 432, '', '', 0, 0, 0, 0, 'AGXj6JVtkk8.jpg', '/id21159319', 'all', '', '', '', '', 1, 'both', ''),
(339, 433, '', '', 0, 0, 0, 0, 'Wc-xS5BmAs0.jpg', '/juicy_g', 'all', '', '', '', '', 1, 'both', ''),
(340, 434, '', '', 0, 0, 0, 0, 'Xr_SB9yOxLk.jpg', '/ns_anabol', 'all', '', '', '', '', 1, 'both', ''),
(341, 435, '', '', 0, 0, 0, 0, 'zAcfOsdqWs8.jpg', '/dmitry.litvinov', 'all', '', '', '', '', 1, 'both', ''),
(342, 436, '', '', 0, 0, 0, 0, 'DNzQkYM66c8.jpg', '/m_e_l_a_n_y', 'all', '', '', '', '', 1, 'both', ''),
(343, 437, '', '', 0, 0, 0, 0, 'AGXj6JVtkk8.jpg', '/id21159319', 'all', '', '', '', '', 1, 'both', ''),
(344, 438, '', '', 0, 0, 0, 0, 'Wc-xS5BmAs0.jpg', '/juicy_g', 'all', '', '', '', '', 1, 'both', ''),
(345, 439, '', '', 0, 0, 0, 0, 'Xr_SB9yOxLk.jpg', '/ns_anabol', 'all', '', '', '', '', 1, 'both', ''),
(346, 440, '', '', 0, 0, 0, 0, 'zAcfOsdqWs8.jpg', '/dmitry.litvinov', 'all', '', '', '', '', 1, 'both', ''),
(347, 441, '', '', 0, 0, 0, 0, 'DNzQkYM66c8.jpg', '/m_e_l_a_n_y', 'all', '', '', '', '', 1, 'both', ''),
(348, 442, '', '', 0, 0, 0, 0, 'AGXj6JVtkk8.jpg', '/id21159319', 'all', '', '', '', '', 1, 'both', ''),
(349, 443, '', '', 0, 0, 0, 0, 'Wc-xS5BmAs0.jpg', '/juicy_g', 'all', '', '', '', '', 1, 'both', ''),
(350, 444, '', '', 0, 0, 0, 0, 'zAcfOsdqWs8.jpg', '/dmitry.litvinov', 'all', '', '', '', '', 1, 'both', ''),
(351, 445, '', '', 0, 0, 0, 0, 'Xr_SB9yOxLk.jpg', '/ns_anabol', 'all', '', '', '', '', 1, 'both', ''),
(352, 446, '', '', 0, 0, 0, 0, 'zAcfOsdqWs8.jpg', '/dmitry.litvinov', 'all', '', '', '', '', 1, 'both', ''),
(353, 447, '', '', 0, 0, 0, 0, 'DNzQkYM66c8.jpg', '/m_e_l_a_n_y', 'all', '', '', '', '', 1, 'both', ''),
(354, 448, '', '', 0, 0, 0, 0, 'AGXj6JVtkk8.jpg', '/id21159319', 'all', '', '', '', '', 1, 'both', ''),
(355, 449, '', '', 0, 0, 0, 0, 'Wc-xS5BmAs0.jpg', '/juicy_g', 'all', '', '', '', '', 1, 'both', ''),
(356, 450, '', '', 0, 0, 0, 0, 'Xr_SB9yOxLk.jpg', '/ns_anabol', 'all', '', '', '', '', 1, 'both', ''),
(357, 451, '', '', 0, 0, 0, 0, 'zAcfOsdqWs8.jpg', '/dmitry.litvinov', 'all', '', '', '', '', 1, 'both', ''),
(358, 452, '', '', 0, 0, 0, 0, 'DNzQkYM66c8.jpg', '/m_e_l_a_n_y', 'all', '', '', '', '', 1, 'both', ''),
(359, 453, '', '', 0, 0, 0, 0, 'AGXj6JVtkk8.jpg', '/id21159319', 'all', '', '', '', '', 1, 'both', ''),
(360, 454, '', '', 0, 0, 0, 0, 'Wc-xS5BmAs0.jpg', '/juicy_g', 'all', '', '', '', '', 1, 'both', ''),
(361, 455, '', '', 0, 0, 0, 0, 'Xr_SB9yOxLk.jpg', '/ns_anabol', 'all', '', '', '', '', 1, 'both', ''),
(362, 456, '', '', 0, 0, 0, 0, 'zAcfOsdqWs8.jpg', '/dmitry.litvinov', 'all', '', '', '', '', 1, 'both', ''),
(363, 457, '', '', 0, 0, 0, 0, 'DNzQkYM66c8.jpg', '/m_e_l_a_n_y', 'all', '', '', '', '', 1, 'both', ''),
(364, 458, '', '', 0, 0, 0, 0, 'AGXj6JVtkk8.jpg', '/id21159319', 'all', '', '', '', '', 1, 'both', ''),
(365, 459, '', '', 0, 0, 0, 0, 'Wc-xS5BmAs0.jpg', '/juicy_g', 'all', '', '', '', '', 1, 'both', ''),
(366, 460, '', '', 0, 0, 0, 0, 'Xr_SB9yOxLk.jpg', '/ns_anabol', 'all', '', '', '', '', 1, 'both', ''),
(367, 461, '', '', 0, 0, 0, 0, 'zAcfOsdqWs8.jpg', '/dmitry.litvinov', 'all', '', '', '', '', 1, 'both', ''),
(368, 462, '', '', 0, 0, 0, 0, 'DNzQkYM66c8.jpg', '/m_e_l_a_n_y', 'all', '', '', '', '', 1, 'both', ''),
(369, 463, '', '', 0, 0, 0, 0, 'AGXj6JVtkk8.jpg', '/id21159319', 'all', '', '', '', '', 1, 'both', ''),
(370, 464, '', '', 0, 0, 0, 0, 'Wc-xS5BmAs0.jpg', '/juicy_g', 'all', '', '', '', '', 1, 'both', ''),
(465, 465, '', '', 0, 0, 0, 0, '', '', 'all', '', '', '', '---\n22:\n24: Высшее\n', 1, 'both', '');

-- --------------------------------------------------------

--
-- Table structure for table `cms_user_wall`
--

CREATE TABLE IF NOT EXISTS `cms_user_wall` (
  `id` int(11) NOT NULL AUTO_INCREMENT,
  `user_id` int(11) NOT NULL,
  `author_id` int(11) NOT NULL,
  `pubdate` datetime NOT NULL,
  `content` text NOT NULL,
  `usertype` varchar(8) NOT NULL DEFAULT 'users',
  PRIMARY KEY (`id`),
  KEY `user_id` (`user_id`),
  KEY `author_id` (`author_id`)
) ENGINE=MyISAM  DEFAULT CHARSET=utf8 AUTO_INCREMENT=20 ;

--
-- Dumping data for table `cms_user_wall`
--

INSERT INTO `cms_user_wall` (`id`, `user_id`, `author_id`, `pubdate`, `content`, `usertype`) VALUES
(6, 1, 1, '2012-07-22 20:52:56', 'Спасибо, что заглянули в мой профиль', 'users'),
(7, 3, 2, '2012-07-28 16:12:16', 'Так рад тебя здесь видеть!', 'users'),
(9, 2, 1, '2012-07-09 17:24:05', 'InstantCMS + Биллинг + InstantMaps + InstantVideo + InstantShop = СИЛА :-)', 'users'),
(10, 14, 1, '2013-08-07 17:10:53', 'first post on the wall', 'clubs'),
(11, 14, 161, '2013-08-19 16:51:26', '45ен54ун456н54кне54', 'clubs'),
(12, 14, 161, '2013-08-19 16:51:36', 'кункукнке', 'clubs'),
(13, 14, 160, '2013-08-19 16:52:44', 'уцкецукецукеуцк', 'clubs'),
(14, 14, 173, '2013-08-19 17:04:07', 'ertre', 'clubs'),
(15, 14, 173, '2013-08-19 17:04:09', 'ret', 'clubs'),
(16, 14, 173, '2013-08-19 17:04:13', 'ert', 'clubs'),
(17, 14, 173, '2013-08-19 17:04:15', 'ert', 'clubs'),
(18, 14, 173, '2013-08-19 17:04:34', 'ewrtwertwer', 'clubs'),
(19, 16, 175, '2013-08-20 18:40:15', 'jtyughjghgghj', 'clubs');

