-- Table structure for table `views_view`
--

CREATE TABLE `views_view` (
  `vid` int(10) unsigned NOT NULL AUTO_INCREMENT COMMENT 'The view ID of the field, defined by the database.',
  `name` varchar(32) NOT NULL DEFAULT '' COMMENT 'The unique name of the view. This is the primary field views are loaded from, and is used so that views may be internal and not necessarily in the database. May only be alphanumeric characters plus underscores.',
  `description` varchar(255) DEFAULT '' COMMENT 'A description of the view for the admin interface.',
  `tag` varchar(255) DEFAULT '' COMMENT 'A tag used to group/sort views in the admin interface',
  `base_table` varchar(64) NOT NULL DEFAULT '' COMMENT 'What table this view is based on, such as node, user, comment, or term.',
  `human_name` varchar(255) DEFAULT '' COMMENT 'A human readable name used to be displayed in the admin interface',
  `core` int(11) DEFAULT '0' COMMENT 'Stores the drupal core version of the view.',
  PRIMARY KEY (`vid`),
  UNIQUE KEY `name` (`name`)
) ENGINE=InnoDB AUTO_INCREMENT=12 DEFAULT CHARSET=utf8 COMMENT='Stores the general data for a view.';

--
-- Dumping data for table `views_view`
--

INSERT INTO `views_view` VALUES (1,'taxonomia','','default','taxonomy_term_data','taxonomia',7),(2,'glosario','','default','node','Glosario',7),(3,'biblioteca_de_recursos','','default','node','Biblioteca de Recursos',7),(4,'directorio_de_recursos','','default','node','Directorio de Recursos',7),(5,'popular','Shows the most-viewed nodes on the site. This requires the statistics to be enabled at administer >> reports >> access log settings.','default','node','Popular content',0),(6,'contenido','','default','node','contenido',7),(7,'documentos_oficiales','','default','node','Documentos Oficiales',7),(8,'taxonomia_areas','','default','taxonomy_term_data','Taxonomía Áreas',7),(9,'taxonomia_padre','','default','taxonomy_term_data','Taxonomía Padre',7),(10,'glossary','A list of all content, by letter.','default','node','Glossary',0),(11,'recursos_de_seguridad','Directorio de Recursos de Seguridad','default','node','Recursos de Seguridad',7);

--
-- Table structure for table `votingapi_cache`
--

CREATE TABLE `votingapi_cache` (
  `vote_cache_id` int(10) unsigned NOT NULL AUTO_INCREMENT,
  `entity_type` varchar(64) NOT NULL DEFAULT 'node',
  `entity_id` int(10) unsigned NOT NULL DEFAULT '0',
  `value` float NOT NULL DEFAULT '0',
  `value_type` varchar(64) NOT NULL DEFAULT 'percent',
  `tag` varchar(64) NOT NULL DEFAULT 'vote',
  `function` varchar(64) NOT NULL DEFAULT '',
  `timestamp` int(10) unsigned NOT NULL DEFAULT '0',
  PRIMARY KEY (`vote_cache_id`),
  KEY `content` (`entity_type`,`entity_id`),
  KEY `content_function` (`entity_type`,`entity_id`,`function`),
  KEY `content_tag_func` (`entity_type`,`entity_id`,`tag`,`function`),
  KEY `content_vtype_tag` (`entity_type`,`entity_id`,`value_type`,`tag`),
  KEY `content_vtype_tag_func` (`entity_type`,`entity_id`,`value_type`,`tag`,`function`)
) ENGINE=InnoDB AUTO_INCREMENT=1445 DEFAULT CHARSET=utf8;

--
-- Dumping data for table `votingapi_cache`
--

INSERT INTO `votingapi_cache` VALUES (723,'node',21,4,'percent','vote','count',1373832896),(724,'node',21,30,'percent','vote','average',1373832896),(729,'node',22,2,'percent','vote','count',1373832897),(730,'node',22,30,'percent','vote','average',1373832897),(731,'node',22,2,'percent','vote','count',1373832897),(732,'node',22,30,'percent','vote','average',1373832897),(739,'node',23,3,'percent','vote','count',1373832899),(740,'node',23,33.3333,'percent','vote','average',1373832899),(747,'node',68,2,'percent','vote','count',1373832899),(748,'node',68,30,'percent','vote','average',1373832899),(755,'node',32,2,'percent','vote','count',1373832900),(756,'node',32,30,'percent','vote','average',1373832900),(763,'node',35,1,'percent','vote','count',1373832901),(764,'node',35,20,'percent','vote','average',1373832901),(776,'node',39,2,'percent','vote','count',1373832903),(779,'node',39,30,'percent','vote','average',1373832903),(787,'node',41,6,'percent','vote','count',1373832907),(788,'node',41,40,'percent','vote','average',1373832907),(793,'node',40,6,'percent','vote','count',1373832909),(794,'node',40,6,'percent','vote','count',1373832908),(795,'node',40,40,'percent','vote','average',1373832908),(796,'node',40,40,'percent','vote','average',1373832909),(801,'node',43,2,'percent','vote','count',1373832910),(802,'node',43,2,'percent','vote','count',1373832910),(803,'node',43,30,'percent','vote','average',1373832910),(804,'node',43,30,'percent','vote','average',1373832910),(809,'node',46,16,'percent','vote','count',1373832911),(810,'node',46,16,'percent','vote','count',1373832911),(811,'node',46,36.25,'percent','vote','average',1373832911),(812,'node',46,36.25,'percent','vote','average',1373832911),(819,'node',44,1,'percent','vote','count',1373832912),(820,'node',44,40,'percent','vote','average',1373832912),(823,'node',61,1,'percent','vote','count',1373832913),(824,'node',61,40,'percent','vote','average',1373832913),(831,'node',460,3,'percent','vote','count',1373832914),(832,'node',460,46.6667,'percent','vote','average',1373832914),(839,'node',66,2,'percent','vote','count',1373832915),(840,'node',66,30,'percent','vote','average',1373832915),(843,'node',63,1,'percent','vote','count',1373832916),(844,'node',63,40,'percent','vote','average',1373832916),(851,'node',84,2,'percent','vote','count',1373832917),(852,'node',84,40,'percent','vote','average',1373832917),(859,'node',459,1,'percent','vote','count',1373832918),(860,'node',459,40,'percent','vote','average',1373832918),(867,'node',48,2,'percent','vote','count',1373832920),(868,'node',48,30,'percent','vote','average',1373832920),(873,'node',13,1,'percent','vote','count',1373832921),(874,'node',13,40,'percent','vote','average',1373832921),(881,'node',51,4,'percent','vote','count',1373832922),(882,'node',51,30,'percent','vote','average',1373832922),(889,'node',54,2,'percent','vote','count',1373832923),(890,'node',54,30,'percent','vote','average',1373832923),(897,'node',56,2,'percent','vote','count',1373832924),(898,'node',56,30,'percent','vote','average',1373832924),(905,'node',59,2,'percent','vote','count',1373832928),(906,'node',59,30,'percent','vote','average',1373832928),(909,'node',57,2,'percent','vote','count',1373832929),(910,'node',57,20,'percent','vote','average',1373832929),(915,'node',53,2,'percent','vote','count',1373832930),(916,'node',53,2,'percent','vote','count',1373832930),(917,'node',53,40,'percent','vote','average',1373832930),(918,'node',53,40,'percent','vote','average',1373832930),(925,'node',79,4,'percent','vote','count',1373832931),(926,'node',79,30,'percent','vote','average',1373832931),(933,'node',464,4,'percent','vote','count',1373832932),(934,'node',464,30,'percent','vote','average',1373832932),(941,'node',468,2,'percent','vote','count',1373832933),(942,'node',468,30,'percent','vote','average',1373832933),(949,'node',497,5,'percent','vote','count',1373832934),(950,'node',497,44,'percent','vote','average',1373832934),(957,'node',467,1,'percent','vote','count',1373832935),(958,'node',467,40,'percent','vote','average',1373832935),(965,'node',465,2,'percent','vote','count',1373832936),(966,'node',465,30,'percent','vote','average',1373832936),(973,'node',492,1,'percent','vote','count',1373832937),(974,'node',492,40,'percent','vote','average',1373832937),(981,'node',495,3,'percent','vote','count',1373832938),(982,'node',495,33.3333,'percent','vote','average',1373832938),(988,'node',499,30,'percent','vote','average',1373832939),(989,'node',499,2,'percent','vote','count',1373832939),(990,'node',499,30,'percent','vote','average',1373832939),(995,'node',504,2,'percent','vote','count',1373832940),(996,'node',504,2,'percent','vote','count',1373832940),(997,'node',504,30,'percent','vote','average',1373832940),(998,'node',504,30,'percent','vote','average',1373832940),(1005,'node',9,2,'percent','vote','count',1373832942),(1006,'node',9,40,'percent','vote','average',1373832942),(1013,'node',25,1,'percent','vote','count',1373832943),(1014,'node',25,40,'percent','vote','average',1373832943),(1021,'node',34,2,'percent','vote','count',1373832943),(1022,'node',34,30,'percent','vote','average',1373832943),(1029,'node',27,2,'percent','vote','count',1373832944),(1030,'node',27,30,'percent','vote','average',1373832944),(1037,'node',28,4,'percent','vote','count',1373832945),(1038,'node',28,30,'percent','vote','average',1373832945),(1051,'node',60,2,'percent','vote','count',1373832947),(1052,'node',60,30,'percent','vote','average',1373832947),(1057,'node',31,4,'percent','vote','count',1373832948),(1058,'node',31,4,'percent','vote','count',1373832948),(1059,'node',31,30,'percent','vote','average',1373832948),(1060,'node',31,30,'percent','vote','average',1373832948),(1065,'node',65,3,'percent','vote','count',1373832949),(1066,'node',65,3,'percent','vote','count',1373832949),(1067,'node',65,33.3333,'percent','vote','average',1373832949),(1068,'node',65,33.3333,'percent','vote','average',1373832949),(1075,'node',71,1,'percent','vote','count',1373832950),(1076,'node',71,40,'percent','vote','average',1373832950),(1082,'node',72,30,'percent','vote','average',1373832951),(1083,'node',72,2,'percent','vote','count',1373832951),(1084,'node',72,30,'percent','vote','average',1373832951),(1091,'node',78,2,'percent','vote','count',1373832952),(1092,'node',78,30,'percent','vote','average',1373832952),(1099,'node',76,3,'percent','vote','count',1373832953),(1100,'node',76,33.3333,'percent','vote','average',1373832953),(1106,'node',463,30,'percent','vote','average',1373832953),(1107,'node',463,2,'percent','vote','count',1373832953),(1108,'node',463,30,'percent','vote','average',1373832953),(1111,'node',58,1,'percent','vote','count',1373832954),(1112,'node',58,40,'percent','vote','average',1373832954),(1119,'node',461,2,'percent','vote','count',1373832955),(1120,'node',461,30,'percent','vote','average',1373832955),(1127,'node',73,3,'percent','vote','count',1373832956),(1128,'node',73,33.3333,'percent','vote','average',1373832956),(1135,'node',77,2,'percent','vote','count',1373832957),(1136,'node',77,30,'percent','vote','average',1373832957),(1143,'node',75,1,'percent','vote','count',1373832958),(1144,'node',75,20,'percent','vote','average',1373832958),(1151,'node',82,3,'percent','vote','count',1373832959),(1152,'node',82,33.3333,'percent','vote','average',1373832959),(1157,'node',11,2,'percent','vote','count',1373832960),(1158,'node',11,2,'percent','vote','count',1373832960),(1159,'node',11,30,'percent','vote','average',1373832960),(1160,'node',11,30,'percent','vote','average',1373832960),(1166,'node',55,50,'percent','vote','average',1373832962),(1167,'node',55,2,'percent','vote','count',1373832962),(1168,'node',55,50,'percent','vote','average',1373832962),(1174,'node',26,30,'percent','vote','average',1373832963),(1175,'node',26,2,'percent','vote','count',1373832963),(1176,'node',26,30,'percent','vote','average',1373832963),(1183,'node',24,2,'percent','vote','count',1373832967),(1184,'node',24,30,'percent','vote','average',1373832967),(1191,'node',18,4,'percent','vote','count',1373832969),(1192,'node',18,30,'percent','vote','average',1373832969),(1199,'node',33,2,'percent','vote','count',1373832970),(1200,'node',33,30,'percent','vote','average',1373832970),(1207,'node',476,1,'percent','vote','count',1373832971),(1208,'node',476,20,'percent','vote','average',1373832971),(1211,'node',477,1,'percent','vote','count',1373832972),(1212,'node',477,40,'percent','vote','average',1373832972),(1217,'node',474,2,'percent','vote','count',1373832973),(1218,'node',474,2,'percent','vote','count',1373832973),(1219,'node',474,30,'percent','vote','average',1373832973),(1220,'node',474,30,'percent','vote','average',1373832973),(1227,'node',475,2,'percent','vote','count',1373832975),(1228,'node',475,30,'percent','vote','average',1373832975),(1235,'node',478,2,'percent','vote','count',1373832975),(1236,'node',478,30,'percent','vote','average',1373832975),(1243,'node',479,2,'percent','vote','count',1373832977),(1244,'node',479,30,'percent','vote','average',1373832977),(1251,'node',505,8,'percent','vote','count',1373832978),(1252,'node',505,80,'percent','vote','average',1373832978),(1259,'node',500,1,'percent','vote','count',1373832978),(1260,'node',500,40,'percent','vote','average',1373832978),(1265,'node',501,2,'percent','vote','count',1373832979),(1266,'node',501,2,'percent','vote','count',1373832979),(1267,'node',501,30,'percent','vote','average',1373832979),(1268,'node',501,30,'percent','vote','average',1373832979),(1275,'node',502,1,'percent','vote','count',1373832981),(1276,'node',502,40,'percent','vote','average',1373832981),(1282,'node',503,30,'percent','vote','average',1373832983),(1283,'node',503,2,'percent','vote','count',1373832983),(1284,'node',503,30,'percent','vote','average',1373832983),(1291,'node',493,2,'percent','vote','count',1373832988),(1292,'node',493,30,'percent','vote','average',1373832988),(1298,'node',506,30,'percent','vote','average',1373832989),(1299,'node',506,2,'percent','vote','count',1373832989),(1300,'node',506,30,'percent','vote','average',1373832989),(1307,'node',5,5,'percent','vote','count',1373832993),(1308,'node',5,36,'percent','vote','average',1373832993),(1313,'node',6,7,'percent','vote','count',1373832994),(1314,'node',6,7,'percent','vote','count',1373832994),(1315,'node',6,31.4286,'percent','vote','average',1373832994),(1316,'node',6,31.4286,'percent','vote','average',1373832994),(1323,'node',7,7,'percent','vote','count',1373832995),(1324,'node',7,28.5714,'percent','vote','average',1373832995),(1329,'node',8,7,'percent','vote','count',1373832995),(1330,'node',8,7,'percent','vote','count',1373832995),(1331,'node',8,40,'percent','vote','average',1373832995),(1332,'node',8,40,'percent','vote','average',1373832995),(1339,'node',81,5,'percent','vote','count',1373832996),(1340,'node',81,36,'percent','vote','average',1373832996),(1347,'node',491,9,'percent','vote','count',1373832996),(1348,'node',491,51.1111,'percent','vote','average',1373832996),(1355,'node',471,4,'percent','vote','count',1373832997),(1356,'node',471,30,'percent','vote','average',1373832997),(1363,'node',466,7,'percent','vote','count',1373832998),(1364,'node',466,40,'percent','vote','average',1373832998),(1371,'node',469,8,'percent','vote','count',1373833002),(1372,'node',469,30,'percent','vote','average',1373833002),(1379,'node',70,8,'percent','vote','count',1373833002),(1380,'node',70,47.5,'percent','vote','average',1373833002),(1387,'node',80,7,'percent','vote','count',1373833003),(1388,'node',80,31.4286,'percent','vote','average',1373833003),(1395,'node',17,4,'percent','vote','count',1373833004),(1396,'node',17,50,'percent','vote','average',1373833004),(1403,'node',470,4,'percent','vote','count',1373833007),(1404,'node',470,45,'percent','vote','average',1373833007),(1419,'node',462,2,'percent','vote','count',1373833032),(1420,'node',462,30,'percent','vote','average',1373833032),(1426,'node',19,40,'percent','vote','average',1373833053),(1427,'node',19,6,'percent','vote','count',1373833053),(1428,'node',19,40,'percent','vote','average',1373833053),(1431,'node',52,2,'percent','vote','count',1374880484),(1432,'node',52,70,'percent','vote','average',1374880484),(1435,'node',36,27,'percent','vote','count',1375676059),(1436,'node',36,57.037,'percent','vote','average',1375676059),(1443,'node',496,11,'percent','vote','count',1375735506),(1444,'node',496,70.9091,'percent','vote','average',1375735506);

--
-- Table structure for table `votingapi_vote`
--

CREATE TABLE `votingapi_vote` (
  `vote_id` int(10) unsigned NOT NULL AUTO_INCREMENT,
  `entity_type` varchar(64) NOT NULL DEFAULT 'node',
  `entity_id` int(10) unsigned NOT NULL DEFAULT '0',
  `value` float NOT NULL DEFAULT '0',
  `value_type` varchar(64) NOT NULL DEFAULT 'percent',
  `tag` varchar(64) NOT NULL DEFAULT 'vote',
  `uid` int(10) unsigned NOT NULL DEFAULT '0',
  `timestamp` int(10) unsigned NOT NULL DEFAULT '0',
  `vote_source` varchar(255) DEFAULT NULL,
  PRIMARY KEY (`vote_id`),
  KEY `content_uid` (`entity_type`,`entity_id`,`uid`),
  KEY `content_uid_2` (`entity_type`,`uid`),
  KEY `content_source` (`entity_type`,`entity_id`,`vote_source`),
  KEY `content_value_tag` (`entity_type`,`entity_id`,`value_type`,`tag`)
) ENGINE=InnoDB AUTO_INCREMENT=366 DEFAULT CHARSET=utf8;

--
-- Dumping data for table `votingapi_vote`
--

INSERT INTO `votingapi_vote` VALUES (1,'node',70,100,'percent','vote',0,1347049428,'192.168.29.239#oQPBc2eDB6-SpKO0DeBYpcZ-VtyRThTNv274q08NOXM'),(2,'node',40,100,'percent','vote',0,1347049458,'192.168.29.239#elTLU-BgDHyeXhw53eP3trQpWmzleAUezSs9TWyEAaI'),(3,'node',466,100,'percent','vote',0,1347049481,'192.168.29.239#GVhUNkGvv7cpKxsUiOghARNYgHsdHJMwaRuOqM1749c'),(4,'node',505,100,'percent','vote',0,1347308712,'201.215.62.231#2lrh0-A2vfORYRd5DtsWsXENUOmnnsGjH2rBkf6gvjs'),(5,'node',505,100,'percent','vote',0,1347308716,'201.215.62.231#8rKaEXgFYXQJK52j51wDUeEn_JrHhhBsfu-OrB6FPzo'),(6,'node',505,100,'percent','vote',0,1347308723,'201.215.62.231#hCNNJ4RP3lHecpWX2ZlxFsTpVzFL8dAQDvCXS16e4yE'),(7,'node',505,80,'percent','vote',0,1347308724,'201.215.62.231#LpP3gZre5ayfIPBqOrRWNMt6FYVi1pJUjnfC_Bx4ox8'),(8,'node',505,100,'percent','vote',0,1347308726,'201.215.62.231#d8jhc4A8RFS64AL8Lvd1gG9BTnsQstLjaTHzqgpEHvc'),(9,'node',497,100,'percent','vote',0,1347308845,'201.215.62.231#ICtAmvoBHYdg9jsTsvmz0Grq4IuIh_kB_Lm_x1rkWdg'),(10,'node',70,80,'percent','vote',0,1347309586,'192.168.29.239#dNb_TBW9zd1PuIIbPXuIoOvkfMC6Cel1RxtnwNLDYag'),(11,'node',505,100,'percent','vote',0,1347366328,'192.168.29.239#jlYVeLWCaKaksCF_knWaJiwiuBNxccL95tkx7u9euJQ'),(12,'node',36,60,'percent','vote',0,1348603242,'200.24.227.242#nnwDIxfW8v45fA_QTRKEKSXQmFTUEUuc9m1FdLP1ScM'),(13,'node',36,60,'percent','vote',0,1348603244,'200.24.227.242#2TVoH2704xdbbztGKkDLLPjmYrZMncDtFM30C9lRBRw'),(14,'node',36,60,'percent','vote',0,1348603246,'200.24.227.242#FxXkwmM0HOICl7Cqqw1X8NTHHAPqi5fh5ITNQJowqUo'),(15,'node',36,60,'percent','vote',0,1348603247,'200.24.227.242#Tl3W2FaO2tyJKpSkcIlHB6ubxxFx9L3qFpm1_P_eVVo'),(16,'node',36,60,'percent','vote',0,1348603249,'200.24.227.242#bOQQe5Fc0Uzsl4AVWnDdawlnRpVTXIeTfh3SpV79Vpc'),(17,'node',36,60,'percent','vote',0,1348603250,'200.24.227.242#4KfQ0amzeL1n2X5zmqrZuL3vW7BXn5adGmD7mnm3yOg'),(18,'node',36,60,'percent','vote',0,1348603251,'200.24.227.242#UR-cdrLNAhq2mwyAHXvh0b6TJAgvTF1EYHlGiWwkbZY'),(19,'node',36,60,'percent','vote',0,1348603252,'200.24.227.242#_VIb5arde7QdKfZ7JhznZ0soCVwLRmJBN3s5BbXGZs8'),(20,'node',36,60,'percent','vote',0,1348603252,'200.24.227.242#CBkHdeY2_LRCNPGDdHjg9QmO4cK6EAlBg7Q_sbhz_gU'),(21,'node',36,60,'percent','vote',0,1348603254,'200.24.227.242#KdGGU1SBunRehH78g-pvRGmoKmY_aqg0jn25-iyTnmQ'),(22,'node',36,60,'percent','vote',0,1348603255,'200.24.227.242#9xusJWKlDbxUONYulbp_g6fW2KQdwUdUY1SvJDDLies'),(23,'node',36,60,'percent','vote',0,1348603256,'200.24.227.242#NOi8za-w6WTp6292pFXnP9gLPnIuRNe0czX9i1GUV-g'),(24,'node',36,60,'percent','vote',0,1348603256,'200.24.227.242#vGz_w_uaL8rPN5EGaJd45HKxWMOkiJg8EI2Cg6W5rDU'),(25,'node',36,60,'percent','vote',0,1348603257,'200.24.227.242#u1Bw586MAGjgjg_9IR3z5kH-Q5gyYysyhGvHUfV0Z-4'),(26,'node',36,60,'percent','vote',0,1348603258,'200.24.227.242#-VLEdCyWllWg-KasKcVOt35H3zSc2QnQujDb1DewJb0'),(27,'node',36,60,'percent','vote',0,1348603258,'200.24.227.242#4FL3dYag6BKp6lC7Uj2fqchRSNsmwI3GVmI_MUSw3Tw'),(28,'node',36,60,'percent','vote',0,1348603259,'200.24.227.242#ZJHa_NwW0GR1PCbqvVqGzrB8-V8Hr0FtcF6baoOssuU'),(29,'node',36,60,'percent','vote',0,1348603259,'200.24.227.242#42MqJyh9I8G6nSyXSXcKVYHZCYTRY-rUVdj1eMirPQg'),(30,'node',36,60,'percent','vote',0,1348603260,'200.24.227.242#1mUEc-0htUxLUhlTOOtpv0elfrMmLS0bErg1PUdDsPY'),(31,'node',36,60,'percent','vote',0,1348603260,'200.24.227.242#zd5LVzgM_Nx2QJQl9H19BQSGI6iGpYvzlKmOeMprzJM'),(32,'node',36,60,'percent','vote',0,1348603261,'200.24.227.242#kgs7LIOQR4sNfAnDzVURH_h9-AUBdjTdV3BjfzRjJFI'),(33,'node',36,60,'percent','vote',0,1348603261,'200.24.227.242#tJTArwieBHCDiRBo_VKI06FsXnxmbgRzcgcAcS5g0Qs'),(34,'node',36,60,'percent','vote',0,1348603263,'200.24.227.242#4I_Ug4YpZMfCnGtNsm72RIYEsxkfPT5En-jtI-iZVXw'),(35,'node',36,60,'percent','vote',0,1348603263,'200.24.227.242#QuwyO3VQnN9DMWZrFCz2L7WIRifAdhaLvhzMv9scFAk'),(36,'node',491,80,'percent','vote',0,1352315712,'201.215.62.231#_m2eY24wgB3nujbZikw8vz1bgaOT82yxO2WHCBsrBWo'),(37,'node',491,100,'percent','vote',0,1352315715,'201.215.62.231#HaGSY3HjZgFpuOaItmMAOLvmH8QBwQmnNTKbB0EFPIM'),(38,'node',41,20,'percent','vote',0,1353287659,'186.105.121.88#bwofrdP7AlKkg-C4Nvj2F-BTOdSOCj_TAtHs44DSB8k'),(39,'node',41,20,'percent','vote',0,1353287662,'186.105.121.88#cwdrx_HElLk1trB44YzLPb7_OsZJDsG0BtZnD9_Elug'),(40,'node',7,20,'percent','vote',0,1358781100,'190.82.86.165#cIqKMNMHKuazTyQc47TafpPekL8cBGe0Xn9bmOlJMo8'),(41,'node',466,20,'percent','vote',0,1358781148,'190.82.86.165#tkvbJGVH6zMNg4iE9sCx3KXySVvXIQUyLFzHLsbzXBM'),(42,'node',466,40,'percent','vote',0,1358781148,'190.82.86.165#3inCuBT-FmkUVLhCgiNGQDqEqgOD-JcWgRJdpgGzZHQ'),(44,'node',80,40,'percent','vote',0,1358781151,'190.82.86.165#3inCuBT-FmkUVLhCgiNGQDqEqgOD-JcWgRJdpgGzZHQ'),(46,'node',8,20,'percent','vote',0,1358781153,'190.82.86.165#3inCuBT-FmkUVLhCgiNGQDqEqgOD-JcWgRJdpgGzZHQ'),(47,'node',469,20,'percent','vote',0,1358781155,'190.82.86.165#bf2QmLz8R4nYVmDep8FTaE7jXQ72rxvqq4QuVQJhfDc'),(48,'node',469,40,'percent','vote',0,1358781155,'190.82.86.165#axFvyDssB0-FzPV0hS06BU4lC4Eh-gAuiQnj1PlFHag'),(49,'node',70,20,'percent','vote',0,1358781160,'190.82.86.165#eZGJGTaCegIXpn1PjztfKl0TNgDqRruCBrZxHIYj0nw'),(50,'node',70,40,'percent','vote',0,1358781160,'190.82.86.165#bf2QmLz8R4nYVmDep8FTaE7jXQ72rxvqq4QuVQJhfDc'),(51,'node',6,40,'percent','vote',0,1358781165,'190.82.86.165#eZGJGTaCegIXpn1PjztfKl0TNgDqRruCBrZxHIYj0nw'),(52,'node',6,20,'percent','vote',0,1358781164,'190.82.86.165#axFvyDssB0-FzPV0hS06BU4lC4Eh-gAuiQnj1PlFHag'),(53,'node',40,20,'percent','vote',0,1358781170,'190.82.86.165#zpjpAnOrglq8uf72TnTGGdBUcLGAsmWbABLoZ_BeF6E'),(54,'node',40,40,'percent','vote',0,1358781171,'190.82.86.165#FV6nbdH3_hrc_jgKgpdVhboSWZSsb2Ysy1B0kh4_R0w'),(56,'node',5,40,'percent','vote',0,1358781172,'190.82.86.165#zpjpAnOrglq8uf72TnTGGdBUcLGAsmWbABLoZ_BeF6E'),(58,'node',81,40,'percent','vote',0,1358781174,'190.82.86.165#FV6nbdH3_hrc_jgKgpdVhboSWZSsb2Ysy1B0kh4_R0w'),(60,'node',491,40,'percent','vote',0,1358781176,'190.82.86.165#FV6nbdH3_hrc_jgKgpdVhboSWZSsb2Ysy1B0kh4_R0w'),(61,'node',497,20,'percent','vote',0,1358781178,'190.82.86.165#y9b40qoDoxEk5QG2NCbB9PMgc1t_P1VFxkigHBDYSNw'),(62,'node',497,40,'percent','vote',0,1358781178,'190.82.86.165#Thi8omonOUcavH6XmW3VDZ0NhCBQD1EmAkYzg7yKbMs'),(63,'node',471,20,'percent','vote',0,1358781183,'190.82.86.165#mljwxFECLdJavjtWpa_JrhY3QJ28o3o2EDKWxSjvWlE'),(64,'node',471,40,'percent','vote',0,1358781184,'190.82.86.165#o5kvNIloJWsTLVGvx5zXT-I6Zt1AYCsuv1BA7MMoYBE'),(65,'node',73,20,'percent','vote',0,1358781233,'190.82.86.165#2yoIXs_uEGd0-UIf09eCNQ0p38jv9LvBx856GeRstxY'),(66,'node',73,40,'percent','vote',0,1358781234,'190.82.86.165#LBIM3BBAXi_ba7ltcOHn1I3-2Vy6VJZiI7bRsTeR6Uk'),(68,'node',84,40,'percent','vote',0,1358781235,'190.82.86.165#2yoIXs_uEGd0-UIf09eCNQ0p38jv9LvBx856GeRstxY'),(70,'node',53,40,'percent','vote',0,1358781237,'190.82.86.165#LBIM3BBAXi_ba7ltcOHn1I3-2Vy6VJZiI7bRsTeR6Uk'),(72,'node',9,40,'percent','vote',0,1358781239,'190.82.86.165#LBIM3BBAXi_ba7ltcOHn1I3-2Vy6VJZiI7bRsTeR6Uk'),(73,'node',46,20,'percent','vote',0,1358781240,'190.82.86.165#0vWPwXA7aFCUb8Mwn1So48-_GT7acJ1IfXmX7DIvesM'),(74,'node',46,40,'percent','vote',0,1358781241,'190.82.86.165#YBLUwyx44y5lYSP3GiKpx-yiPNnceyngZCGRQucoOxs'),(75,'node',495,20,'percent','vote',0,1358781242,'190.82.86.165#DJAjO6UPyGICf9vmt1pz67Bei0Dc3tP_5cahlTqgNXU'),(76,'node',495,40,'percent','vote',0,1358781242,'190.82.86.165#3m9LypQSsYRdep_rSqXan-3WmzJyPqSO8z-QoAjTQBc'),(77,'node',57,20,'percent','vote',0,1358781244,'190.82.86.165#YBLUwyx44y5lYSP3GiKpx-yiPNnceyngZCGRQucoOxs'),(78,'node',76,20,'percent','vote',0,1358781248,'190.82.86.165#a_FVQOtMJX3V3kDkzfso6Zjhh3M1b8kRv-qP00tYjqQ'),(79,'node',76,40,'percent','vote',0,1358781249,'190.82.86.165#Uo5kDyVbHluHVXcyPZjXQFyL98SqbNzbegdiTdzsgQ0'),(80,'node',79,20,'percent','vote',0,1358781252,'190.82.86.165#uYjeaIzJd9lH7Jq2qAvmgvg2BIaNIWPTTy_xO4c3RWQ'),(81,'node',79,40,'percent','vote',0,1358781253,'190.82.86.165#aW_-tFI6KDXnx1CYpC8dY5UXlrKbAtAA6GN2W6T2-5E'),(83,'node',65,40,'percent','vote',0,1358781255,'190.82.86.165#uYjeaIzJd9lH7Jq2qAvmgvg2BIaNIWPTTy_xO4c3RWQ'),(85,'node',82,40,'percent','vote',0,1358781257,'190.82.86.165#aW_-tFI6KDXnx1CYpC8dY5UXlrKbAtAA6GN2W6T2-5E'),(86,'node',18,20,'percent','vote',0,1358781258,'190.82.86.165#MlzbVN8-OpL26Wu48-yV-X5xoq__kJ9uGQzYhpyewJU'),(87,'node',18,40,'percent','vote',0,1358781259,'190.82.86.165#gIPuTdGUI-0n6IcDLWbY4X14YrbEZ5ew5FrkXxgYHNg'),(88,'node',31,20,'percent','vote',0,1358781260,'190.82.86.165#o0n3gT2IU2uSUKCEQgJBkAU0ifiH8xwJNf5S2xIT9eM'),(89,'node',31,40,'percent','vote',0,1358781261,'190.82.86.165#8sQBi8XNSlFRfC13qG3m9FExFqOIEW7nBdBu1Dhaq7E'),(90,'node',21,20,'percent','vote',0,1358781262,'190.82.86.165#mTxfOl0BezswGvxbWxCPLikVwxCdGrNIMxPaYOuOEBM'),(91,'node',21,40,'percent','vote',0,1358781262,'190.82.86.165#-LCef5o_jDAL18nCfm9rZESYvq7rPLj5K4H2aMQVpUU'),(92,'node',51,20,'percent','vote',0,1358781265,'190.82.86.165#mht_TBJYjdaKRwJvWeJX-GSSKsT5iaF9FkkigguE6iI'),(93,'node',51,40,'percent','vote',0,1358781265,'190.82.86.165#k8QKUaFE8482xZ3yRugl7hGvt9wOAv0KcIJyFiGsG14'),(94,'node',19,20,'percent','vote',0,1358781267,'190.82.86.165#fjw8qXSY5ddeZKDSG0MTE2ICah4a0Epf3aBhxB9W7u8'),(95,'node',19,40,'percent','vote',0,1358781267,'190.82.86.165#mtQQQgsZ-OJoVdQ9xY0e_INP4pDM3sCOajrLVP1Xzs8'),(96,'node',41,40,'percent','vote',0,1358781269,'190.82.86.165#kKJr9RjoZGzqRZPZZ8LFmtOR3BFdAUpnwsXfci-bAks'),(97,'node',41,20,'percent','vote',0,1358781269,'190.82.86.165#qhCEPRvi-3bpcbdYB-nC7SOevLLaSWXZtYbXPkbF-9s'),(98,'node',464,20,'percent','vote',0,1358781271,'190.82.86.165#LYP3dGZxdT-7HXR15JCqmEVCdepB5IPJSvKaER1wZu4'),(99,'node',464,40,'percent','vote',0,1358781271,'190.82.86.165#wXYplOTd5ZYo-TiJdnwrKKnuKeLIKRNQo1Aa73R9TtM'),(100,'node',28,20,'percent','vote',0,1358781273,'190.82.86.165#qhCEPRvi-3bpcbdYB-nC7SOevLLaSWXZtYbXPkbF-9s'),(101,'node',28,40,'percent','vote',0,1358781273,'190.82.86.165#puaDu1FnwvMUozY20ymdWTaaKNKLRsdHFNF04jAqguw'),(102,'node',23,20,'percent','vote',0,1358781274,'190.82.86.165#d973OYE36aYff7CW6DzdqjTfbLEdl_fWnpdxZWJmXZ0'),(103,'node',23,40,'percent','vote',0,1358781275,'190.82.86.165#BWgyoI4PiCVlgbM-355RNNDU4YzJir2JIogQXblgslQ'),(104,'node',7,20,'percent','vote',0,1358781348,'190.82.86.165#7iEJtx-vu9FS43ohuJRH7-a80if2kWlq7PI2GZ2PIqM'),(105,'node',7,40,'percent','vote',0,1358781348,'190.82.86.165#gFTW7vwYKZqxgkWIqMCiGEZtjEc59wROL447mCBy-PY'),(106,'node',466,40,'percent','vote',0,1358781373,'190.82.86.165#lzYNtxxwZxN4L30ex1V2gRqfISuO7qZm7VqI9bUWDOg'),(107,'node',466,20,'percent','vote',0,1358781373,'190.82.86.165#a8Vyz9xGWrhaCuBLOf7XjTECoK0VM5vGraOmXNKhOrE'),(108,'node',80,20,'percent','vote',0,1358781376,'190.82.86.165#H-SQXtA5LVB_C5OYe8mUsZEx7EbwuRV4qcsAv7-28Gk'),(109,'node',80,40,'percent','vote',0,1358781376,'190.82.86.165#PakaA2WaEN5Lj-5NmrJN7-Ktq9NPRGOL878-pkFofvw'),(111,'node',8,40,'percent','vote',0,1358781378,'190.82.86.165#a8Vyz9xGWrhaCuBLOf7XjTECoK0VM5vGraOmXNKhOrE'),(112,'node',469,20,'percent','vote',0,1358781378,'190.82.86.165#H-SQXtA5LVB_C5OYe8mUsZEx7EbwuRV4qcsAv7-28Gk'),(113,'node',469,40,'percent','vote',0,1358781379,'190.82.86.165#PakaA2WaEN5Lj-5NmrJN7-Ktq9NPRGOL878-pkFofvw'),(115,'node',70,40,'percent','vote',0,1358781380,'190.82.86.165#PakaA2WaEN5Lj-5NmrJN7-Ktq9NPRGOL878-pkFofvw'),(117,'node',6,40,'percent','vote',0,1358781381,'190.82.86.165#PakaA2WaEN5Lj-5NmrJN7-Ktq9NPRGOL878-pkFofvw'),(119,'node',40,20,'percent','vote',0,1358781389,'190.82.86.165#PakaA2WaEN5Lj-5NmrJN7-Ktq9NPRGOL878-pkFofvw'),(121,'node',5,40,'percent','vote',0,1358781394,'190.82.86.165#PakaA2WaEN5Lj-5NmrJN7-Ktq9NPRGOL878-pkFofvw'),(122,'node',81,40,'percent','vote',0,1358781396,'190.82.86.165#oXMLjlk1wFvo7DeZ_oAqpdrrelIHcOJbqKps5BPnm3w'),(123,'node',491,40,'percent','vote',0,1358781397,'190.82.86.165#FBPhiyzR7ca-9N--IKbl9U7FD5aMt4kW8ebHRtLw3xY'),(124,'node',81,20,'percent','vote',0,1358781396,'190.82.86.165#Ursn60Er5tYCxj7kgfwGI8tEWhpJaM7RGl_dX5u26rI'),(125,'node',491,20,'percent','vote',0,1358781397,'190.82.86.165#GxUJj1LOqV4aBbV5uhS-VbUWieqDcFoDieSm0pFZYwM'),(126,'node',470,100,'percent','vote',0,1360807538,'190.215.182.174#xoT9im9hcfywp9xniMxgkqTa3txZeWdzsQY3JEirBZk'),(127,'node',55,60,'percent','vote',0,1360859326,'189.203.200.252#Bd-gqEqp6w1c_tHVLZjT109WAFl3VuTClN1CGh8HV4o'),(128,'node',41,100,'percent','vote',0,1362181749,'189.203.200.252#5knYOr2SbUSkLjzupw4-Eu-UMPgxDlLLMySjBVc5oio'),(129,'node',19,80,'percent','vote',0,1363056299,'200.120.242.110#fvqaG44IClxWsgwEGtPgwLTV4SHr76tRRyr6bvty9v4'),(130,'node',17,100,'percent','vote',0,1364905626,'200.9.151.143#ka0lHYskXhGnM_ZobGc1ZFRbHSnEpy4aIyob3oFx158'),(131,'node',496,100,'percent','vote',0,1365111002,'181.160.159.229#YxODYzPYiH_H4JopAQLtKQIYFes8JzZbRzz_ngR0IEw'),(132,'node',496,100,'percent','vote',0,1365111562,'181.160.159.229#Rq_qE-fm9i3Nr6YPNTdQ9ksSMY7NcTKQm-uWklSt9ko'),(133,'node',496,100,'percent','vote',0,1365111564,'181.160.159.229#nnNb09fyE1qqtu4P2gwNLYd7dA5sU9sPQUbhJjizXgQ'),(134,'node',496,100,'percent','vote',0,1365111565,'181.160.159.229#Jf0q16VTEeTEHrtyjAP-CNRjihhyIXDtqqoBohx89JY'),(135,'node',496,100,'percent','vote',0,1365111567,'181.160.159.229#WPZ4R-_JVHaRp78Wby10J4E3g6suA88N6hnMqqe2UCk'),(136,'node',460,80,'percent','vote',0,1366053892,'186.55.48.147#9roTGrehADMZ9n1W1rSEPOhtDszXMfkRdrp7wpcalu4'),(137,'node',460,20,'percent','vote',0,1366054931,'186.55.48.147#g89pp04ie5m5A8OLDbflHlNyn20WxiB-tqaTyjYE6xg'),(138,'node',8,100,'percent','vote',0,1367079992,'200.27.178.27#VwnQwCFfNvMdFNd6wE8yhHbiR_apDnzo2M5SCNraAZM'),(139,'node',46,20,'percent','vote',0,1367971773,'190.2.117.60#-Q9a7OZ5QGYThUkKENRJYIoNHi-ofyv7o7xQPdrkAfs'),(140,'node',46,20,'percent','vote',0,1367971778,'190.2.117.60#kO34yVFsuHw1pKBtlKxwIla1mMJVK8RbR2smAlbs5Qw'),(141,'node',46,100,'percent','vote',0,1367971781,'190.2.117.60#fmvcLu3id48gxJMUfubxh97XcFjGvZaKmtiM2ucOiA4'),(142,'node',46,100,'percent','vote',0,1367971783,'190.2.117.60#LqZVYxl8DoDTpLa37jVmZq-2VI_OOERteHwvOj02Dek'),(143,'node',46,40,'percent','vote',0,1367971784,'190.2.117.60#qKttOcFsqm01YkcTSe__DhkxUO81dwcox11K7h-SZoI'),(144,'node',46,40,'percent','vote',0,1367971786,'190.2.117.60#6b_UayTXK7GEBoEG5c-ogt2NqoKmu_gpcIMUBfQcvdU'),(145,'node',46,20,'percent','vote',0,1367971788,'190.2.117.60#8VYWNTTqwdHcRU9iawYH3zj7DvEghwoJ9W-QRzJGkxI'),(146,'node',46,20,'percent','vote',0,1367971790,'190.2.117.60#5q_wRdIpLQECYTG2i1lWh9ZRp0Yjc4NhlO2H3gZvrZw'),(147,'node',46,20,'percent','vote',0,1367971791,'190.2.117.60#LKDG_tZyrum7PeZ0niSOGTvTwpSzANnmjW89NyXY79E'),(148,'node',46,40,'percent','vote',0,1367971793,'190.2.117.60#TCUTOJQ1uzsJWvXj0HncAy8c6CtZxlqigDJfRYCi5c8'),(149,'node',46,20,'percent','vote',0,1367971794,'190.2.117.60#yHgFu-SGJNNBNU_T2_p-XX7XzvTyZIAy5vO_lq3VuKY'),(150,'node',46,20,'percent','vote',0,1367971795,'190.2.117.60#Z7zT5bK4Sw34dBWu-MP7c3eng4n7j-LIhCwfohzFmvE'),(151,'node',491,80,'percent','vote',0,1371483672,'200.72.242.8#Ccs4Df7Jg89bCuv4Udb_kkfppajJ8SuSbyZ6TOOPDFE'),(153,'node',5,40,'percent','vote',0,1373832797,'200.112.75.198#LCPXBaP-beUoZZrRoCELiAH_nYbSE6FkbMRUt2og2lQ'),(154,'node',6,20,'percent','vote',0,1373832799,'200.112.75.198#ciZxHAmrl8p_NgThWbkicokzNFvUOvqjGOzHcX6WIEc'),(155,'node',6,40,'percent','vote',0,1373832800,'200.112.75.198#VWPAPNjjOfLI4zvRIGKMzVeNSK0rHPICIj0ZPWfDR5E'),(156,'node',7,20,'percent','vote',0,1373832801,'200.112.75.198#esJ_0jYovubiSmJc3gjU48S1iR2rr8jlbFOzcNH1OOg'),(157,'node',7,40,'percent','vote',0,1373832801,'200.112.75.198#rYCS9kw5gc_5lSrjSTxejVgSP4OFOP9Oi741vNH5NhE'),(158,'node',8,20,'percent','vote',0,1373832802,'200.112.75.198#bYlupIhFfKEekHnBH1u1xrQVRHaFuJ_SDIPPjXHioPo'),(159,'node',8,40,'percent','vote',0,1373832802,'200.112.75.198#esJ_0jYovubiSmJc3gjU48S1iR2rr8jlbFOzcNH1OOg'),(161,'node',81,40,'percent','vote',0,1373832803,'200.112.75.198#rYCS9kw5gc_5lSrjSTxejVgSP4OFOP9Oi741vNH5NhE'),(162,'node',491,20,'percent','vote',0,1373832804,'200.112.75.198#JXY2oPggbztMU1cVB4vFZQrDn1l2a8SmIww6x-VadHk'),(163,'node',491,40,'percent','vote',0,1373832804,'200.112.75.198#yWL87xhqIC77-fA0HRmlZEWQP12kNvYEnQS6ttAJ4HE'),(165,'node',471,20,'percent','vote',0,1373832806,'200.112.75.198#HzF9pXenxj8l98XOvAn4F0yOQo-vsNeC0QROl0uIMtM'),(167,'node',466,20,'percent','vote',0,1373832809,'200.112.75.198#yWL87xhqIC77-fA0HRmlZEWQP12kNvYEnQS6ttAJ4HE'),(168,'node',469,20,'percent','vote',0,1373832813,'200.112.75.198#enBmQgHfZwm0LccJK7Z5t_RzLDQcyItSw8ySnIqehR4'),(169,'node',469,40,'percent','vote',0,1373832814,'200.112.75.198#-axqhLHe3-XrMPAc5TtS79aQduhpaWiwuafWDQrpgmE'),(170,'node',70,20,'percent','vote',0,1373832814,'200.112.75.198#PZvdBDrfoisovw3QHc5Dg1Nyj_JR-bKpQOv1usPd1cY'),(171,'node',70,40,'percent','vote',0,1373832815,'200.112.75.198#reDCrl4JEMxs1OVPWajn5exREf_zeNYoVBWlDdQqDsQ'),(172,'node',80,20,'percent','vote',0,1373832816,'200.112.75.198#PZvdBDrfoisovw3QHc5Dg1Nyj_JR-bKpQOv1usPd1cY'),(173,'node',80,40,'percent','vote',0,1373832816,'200.112.75.198#1tS4kRP6AXWjk224fDk3Xg31FyzErECanH4FaQbKFIE'),(174,'node',17,20,'percent','vote',0,1373832819,'200.112.75.198#pP3hfKg3JUY5B_HtYVpinPwpPT2UbN7LdnX7XbofStM'),(175,'node',17,40,'percent','vote',0,1373832819,'200.112.75.198#-oxOlhHChzvPOuWsgW4zJf8AibRf4rITXJ5AsZedYKk'),(176,'node',470,20,'percent','vote',0,1373832820,'200.112.75.198#CnzmxlCw9IBTEbb5DpJD-HsMZeu9aOZA2i5j_5EL910'),(177,'node',496,20,'percent','vote',0,1373832822,'200.112.75.198#Foj5TY9YJjg6ePOKJlhPCJWquGeAp_bicIud5vBkPmQ'),(178,'node',496,40,'percent','vote',0,1373832823,'200.112.75.198#NRsKNyywlexU2OU8pJJ0vWBUw6ypLRHLyrlpQQ_fqTw'),(180,'node',19,40,'percent','vote',0,1373832895,'200.112.75.198#cXWRacCtQzrPjc3lOSwL7OtopG17Rf3X6o73x7q5CRM'),(181,'node',21,20,'percent','vote',0,1373832896,'200.112.75.198#yx7Wy9NJW2bNBhN516uAqWb46EzFCYtIkJS4TPda3_0'),(182,'node',21,40,'percent','vote',0,1373832896,'200.112.75.198#PxnE-hT382QGEg3wiWWHmy8c2Dk2OF7XrMZLiyksohw'),(183,'node',22,40,'percent','vote',0,1373832897,'200.112.75.198#yx7Wy9NJW2bNBhN516uAqWb46EzFCYtIkJS4TPda3_0'),(184,'node',22,20,'percent','vote',0,1373832897,'200.112.75.198#kepeCqlNFgXLzAfSl7RG9WghX8N3jkRShb74nOnSLkc'),(186,'node',23,40,'percent','vote',0,1373832899,'200.112.75.198#UOoYExjaE--R83bSVSPU3wfcZsJaqDXX7K6tmXdokxE'),(187,'node',68,20,'percent','vote',0,1373832899,'200.112.75.198#meD488YVCzc-DKIYKiFuMe6tnZ0bn6Bx9WVjMECMNnI'),(188,'node',68,40,'percent','vote',0,1373832899,'200.112.75.198#JhsRb1tOIYZ6U1xfNDHDVETlDfodmTOZZoJQAEwUUcw'),(189,'node',32,20,'percent','vote',0,1373832900,'200.112.75.198#xbBikG84bTGOphizmX-t-rartsxKSseQcD0CE06pfBs'),(190,'node',32,40,'percent','vote',0,1373832900,'200.112.75.198#Bn2YlOmZsUT4HOw1rIhkHn3iLuaTijuUvvD6s_glj6c'),(192,'node',35,20,'percent','vote',0,1373832901,'200.112.75.198#xbBikG84bTGOphizmX-t-rartsxKSseQcD0CE06pfBs'),(193,'node',39,20,'percent','vote',0,1373832903,'200.112.75.198#knfqmzxuf4bDLdjRtCVvz1PGu--D3sO1geKCD2UyFU4'),(194,'node',39,40,'percent','vote',0,1373832903,'200.112.75.198#89yfznXfq8DpD3DVJ4_5tcDYp2DjKrUE4aOIcRHcbR4'),(195,'node',36,40,'percent','vote',0,1373832906,'200.112.75.198#kHSvNurzD5d4j16YQrRj7QnAH_xo-iUFxt63UWj2bz4'),(196,'node',36,20,'percent','vote',0,1373832905,'200.112.75.198#l6hn5JtDAh3GF0B77axeSaaymLWoof9luqf5uh8aQnU'),(198,'node',41,40,'percent','vote',0,1373832907,'200.112.75.198#kHSvNurzD5d4j16YQrRj7QnAH_xo-iUFxt63UWj2bz4'),(199,'node',40,20,'percent','vote',0,1373832908,'200.112.75.198#KI74ZKDPs_c6q-BYso96NFVty-6DzPgbY4qtaGMB_u8'),(200,'node',40,40,'percent','vote',0,1373832909,'200.112.75.198#LkT9X7iUa1-uQbXTQkRl3tFUEOxQDGaZA686Vm2ATlM'),(201,'node',43,40,'percent','vote',0,1373832910,'200.112.75.198#5TJmk7TgdqQ2kgf0EfzOZYl10IusRfNhBKm6eQ2_KrU'),(202,'node',43,20,'percent','vote',0,1373832910,'200.112.75.198#8G84mVs2NgD5Pb7RXQRhrXJXZ0o_THuK1-56pdvEu8Y'),(203,'node',46,40,'percent','vote',0,1373832911,'200.112.75.198#EjdVElgDOEe8sflezoXlci8-CtRR9gmc7HkaNfQ1QyQ'),(204,'node',46,20,'percent','vote',0,1373832911,'200.112.75.198#f8-I9cFCXG45Y63KYXEa4WKEmtvaAQndehI3R6Oh-UU'),(206,'node',44,40,'percent','vote',0,1373832912,'200.112.75.198#iAdD8jN61sMEwWz4Crr3OAf0wmGVs5w-tAuIVozvbTU'),(208,'node',61,40,'percent','vote',0,1373832913,'200.112.75.198#f8-I9cFCXG45Y63KYXEa4WKEmtvaAQndehI3R6Oh-UU'),(210,'node',460,40,'percent','vote',0,1373832914,'200.112.75.198#f8-I9cFCXG45Y63KYXEa4WKEmtvaAQndehI3R6Oh-UU'),(211,'node',66,20,'percent','vote',0,1373832915,'200.112.75.198#_62VPdfURfR1rqovtHMXzcaWPd6caWigSszLiSMnZig'),(212,'node',66,40,'percent','vote',0,1373832915,'200.112.75.198#_txEBVV-vXwQTtdbDfB5ld27XHAzSMykR2lB-ObH55I'),(213,'node',63,40,'percent','vote',0,1373832916,'200.112.75.198#FIQg4XdHbqtgJQvfsAyNq-fWxmxtulSkNgXFKdKc1ks'),(215,'node',84,40,'percent','vote',0,1373832917,'200.112.75.198#_txEBVV-vXwQTtdbDfB5ld27XHAzSMykR2lB-ObH55I'),(217,'node',459,40,'percent','vote',0,1373832918,'200.112.75.198#HIy5y8rRWjqFJkGhKhvZakoRxH1nBzwLoQeB6IzV2oo'),(218,'node',48,20,'percent','vote',0,1373832920,'200.112.75.198#qAb7x0XR68uGM6ANPJ8S5QnU1Nm8msnSB6hGJU4uAnw'),(219,'node',48,40,'percent','vote',0,1373832920,'200.112.75.198#atcjo8a47qnIe6JKJmrFeOvoSitm-2kCvB83sToEADw'),(221,'node',13,40,'percent','vote',0,1373832921,'200.112.75.198#atcjo8a47qnIe6JKJmrFeOvoSitm-2kCvB83sToEADw'),(222,'node',51,20,'percent','vote',0,1373832922,'200.112.75.198#fj6xmArmUE2r18gvQsvHzEiKIpNZUAhMzDYjs0io62o'),(223,'node',51,40,'percent','vote',0,1373832922,'200.112.75.198#vFmp5DnIr1SY8cF4MdEAADgreLc8Ikk4eYUk7_bhHjA'),(224,'node',54,20,'percent','vote',0,1373832923,'200.112.75.198#vFmp5DnIr1SY8cF4MdEAADgreLc8Ikk4eYUk7_bhHjA'),(225,'node',54,40,'percent','vote',0,1373832923,'200.112.75.198#G6035SR4IdMZRO9vn8f667LgAa3M_QDZvRNi0yPf-r8'),(226,'node',56,40,'percent','vote',0,1373832924,'200.112.75.198#G6035SR4IdMZRO9vn8f667LgAa3M_QDZvRNi0yPf-r8'),(227,'node',56,20,'percent','vote',0,1373832924,'200.112.75.198#zhs-2im_jmg8eu2jqtaeyXP1rqHX_wqq3j5UgVELpFk'),(228,'node',59,20,'percent','vote',0,1373832927,'200.112.75.198#nhceg0Z7LFr2zY0ZS5ssYAfC_KGf2fvMNuv0Og5omOI'),(229,'node',59,40,'percent','vote',0,1373832928,'200.112.75.198#XzfO5wtYZcY1lIB0mPC8IkRSx0hHjj-fFnKYBis79DA'),(230,'node',57,20,'percent','vote',0,1373832929,'200.112.75.198#B3jzSzjSvichuMEQmjWfmQXpuKx9AFJx_kwowXHag84'),(232,'node',53,40,'percent','vote',0,1373832930,'200.112.75.198#XzfO5wtYZcY1lIB0mPC8IkRSx0hHjj-fFnKYBis79DA'),(233,'node',79,20,'percent','vote',0,1373832931,'200.112.75.198#aGeTgKaFscuX1daJIXiYfhf3BZ0w6ERbXM5DCDAaj90'),(234,'node',79,40,'percent','vote',0,1373832931,'200.112.75.198#e0adjDMbAPJ1ldwWG7O7yiapoJTmX3e7CDQd5JBH_Ts'),(235,'node',464,20,'percent','vote',0,1373832932,'200.112.75.198#oEklIktEL5g2wBb96PQmRgNnbuHx7g-6KxWxFLJlpuA'),(236,'node',464,40,'percent','vote',0,1373832932,'200.112.75.198#e0adjDMbAPJ1ldwWG7O7yiapoJTmX3e7CDQd5JBH_Ts'),(237,'node',468,20,'percent','vote',0,1373832933,'200.112.75.198#EADolGBUI96wkpIripoWL9xxF8t9I9D7FWPzLO3NkH8'),(238,'node',468,40,'percent','vote',0,1373832933,'200.112.75.198#UGNFx-dSesHjO47jwvHGPCUD11sZ9EqOSd9F45NJJfg'),(239,'node',497,20,'percent','vote',0,1373832934,'200.112.75.198#cE0iElAbEd6p-6FLwdiQjndT-5xOyLDBz0ihQQ2Zdqs'),(240,'node',497,40,'percent','vote',0,1373832934,'200.112.75.198#DCI8Sl1BEGsjaJYBFNG0rRjAtmTFWvpyrQTB1tdCC5c'),(242,'node',467,40,'percent','vote',0,1373832935,'200.112.75.198#DCI8Sl1BEGsjaJYBFNG0rRjAtmTFWvpyrQTB1tdCC5c'),(243,'node',465,20,'percent','vote',0,1373832936,'200.112.75.198#XEtkk3tpkexxOttmytxu5-aEA1x5BZ0mvp5RpLWRX6g'),(244,'node',465,40,'percent','vote',0,1373832936,'200.112.75.198#Sy_rPcktUfphFngOq1Ca_luuDpVuSRdPVoko7W1PGR4'),(246,'node',492,40,'percent','vote',0,1373832937,'200.112.75.198#0_OY6uTjYkSm3_SIlrdncEOJcSu4t8HypsKnxoUQ_rM'),(248,'node',495,40,'percent','vote',0,1373832938,'200.112.75.198#8Ca4FirMPc-U6rbggdW2gVd-HmPjvIBfH-j-5WR0gc8'),(249,'node',499,40,'percent','vote',0,1373832939,'200.112.75.198#e-010f-JRT1-rWqajusaJ8nVTtgboNf2dLlV0c5tcPM'),(250,'node',499,20,'percent','vote',0,1373832939,'200.112.75.198#T_k9VSOpzC_4HRIvVZIJS-QaaGHo_STZ-0xjn9tUIW4'),(251,'node',504,20,'percent','vote',0,1373832940,'200.112.75.198#e-010f-JRT1-rWqajusaJ8nVTtgboNf2dLlV0c5tcPM'),(252,'node',504,40,'percent','vote',0,1373832940,'200.112.75.198#T_k9VSOpzC_4HRIvVZIJS-QaaGHo_STZ-0xjn9tUIW4'),(254,'node',9,40,'percent','vote',0,1373832942,'200.112.75.198#FGWXLPodOlOi4MIeXSMweEQa5p78aNTjzAm_frrR9Hk'),(256,'node',25,40,'percent','vote',0,1373832943,'200.112.75.198#FGWXLPodOlOi4MIeXSMweEQa5p78aNTjzAm_frrR9Hk'),(257,'node',34,20,'percent','vote',0,1373832943,'200.112.75.198#ZR4aiJ9qb_uTJg9j9Ri_Q7bLnUD9JzGkTiKHjeF6soQ'),(258,'node',34,40,'percent','vote',0,1373832943,'200.112.75.198#ETsRwMWPQz8B04wEUyqG7M6zc2RQE95Iwt26ElBAj0A'),(259,'node',27,20,'percent','vote',0,1373832944,'200.112.75.198#ENkZftiysLek-4vwjTSm0-6v7Xn9cqOBPH60AVSrRpQ'),(260,'node',27,40,'percent','vote',0,1373832944,'200.112.75.198#a6Ol-QmcK9-c7cic4VhelZdvgIS4GdCVDioH4vgw6DE'),(261,'node',28,20,'percent','vote',0,1373832945,'200.112.75.198#IR6_h64gpz6QXIiKCBF3xt_pA6Zq5v1gRGClrqlFNJc'),(262,'node',28,40,'percent','vote',0,1373832945,'200.112.75.198#Adx80fRvDBxLZJEonYkbou6Ze0EPq2fRq0-5VY1UmNo'),(264,'node',52,40,'percent','vote',0,1373832946,'200.112.75.198#ENkZftiysLek-4vwjTSm0-6v7Xn9cqOBPH60AVSrRpQ'),(265,'node',60,20,'percent','vote',0,1373832947,'200.112.75.198#nbOHdsRJH8ApBrMgTtGUdp6i39mGpQYmgD8okVR22aY'),(266,'node',60,40,'percent','vote',0,1373832947,'200.112.75.198#V1Jqkt3KPeC9mXGpE_JaC8_gLqQkdoYiGZTHGI0Q-3I'),(267,'node',31,40,'percent','vote',0,1373832948,'200.112.75.198#uWGtnhbg07o9vNGWyq6K84-FFXYWRBLP5LmMmMFa1pM'),(268,'node',31,20,'percent','vote',0,1373832948,'200.112.75.198#aLgX_x0kmKHaF0ppep4s1pxxrJbxNeCf1qiN3h-sAGc'),(269,'node',65,40,'percent','vote',0,1373832949,'200.112.75.198#rm6R9ku2IdaFLC5K_IsZK1wGAh-B7tt84cz2VcFS6a8'),(270,'node',65,20,'percent','vote',0,1373832949,'200.112.75.198#c0k3Ax5uNwmlc-mKKP23tCMb8m3z6wooNIExciTS8UI'),(272,'node',71,40,'percent','vote',0,1373832950,'200.112.75.198#aLgX_x0kmKHaF0ppep4s1pxxrJbxNeCf1qiN3h-sAGc'),(273,'node',72,20,'percent','vote',0,1373832951,'200.112.75.198#3JZJkhIcIMpRgdj2U19Yzd_NXnbIpbB2ELKOqpSo4WA'),(274,'node',72,40,'percent','vote',0,1373832951,'200.112.75.198#LyFW70xcGvrhiOBx3wq6q2bZBpvKLlbmOUXkOfAy0PQ'),(275,'node',78,20,'percent','vote',0,1373832952,'200.112.75.198#3bL2hu4rdv5aHlDa5UNuzY8G6g-9PX9Ozy7wScKRF-g'),(276,'node',78,40,'percent','vote',0,1373832952,'200.112.75.198#0x51evpGYf8wPaYcYv37TmZ6l38UUJ-OfZ4PJ473OZs'),(278,'node',76,40,'percent','vote',0,1373832953,'200.112.75.198#sGBPM2pnZfNcGXezqeF8rKR8Wmznlfxmh_9hiHTfj14'),(279,'node',463,40,'percent','vote',0,1373832953,'200.112.75.198#0x51evpGYf8wPaYcYv37TmZ6l38UUJ-OfZ4PJ473OZs'),(280,'node',463,20,'percent','vote',0,1373832953,'200.112.75.198#0x51evpGYf8wPaYcYv37TmZ6l38UUJ-OfZ4PJ473OZs'),(281,'node',58,40,'percent','vote',0,1373832954,'200.112.75.198#0x51evpGYf8wPaYcYv37TmZ6l38UUJ-OfZ4PJ473OZs'),(282,'node',461,20,'percent','vote',0,1373832955,'200.112.75.198#4jp2n6156_jeEUCLyLTIpHDKfH98jdpQKe0LDbMI8nI'),(283,'node',461,40,'percent','vote',0,1373832955,'200.112.75.198#yNFJiMG4rzK-JaY0crlLWpLzGhwbUm6eyyS-a2Rj6Mw'),(285,'node',73,40,'percent','vote',0,1373832956,'200.112.75.198#zha14ogZlSm5zeiT-AyV72WZAcNVlaFd7Jfi4IIY0bE'),(286,'node',77,20,'percent','vote',0,1373832957,'200.112.75.198#yNFJiMG4rzK-JaY0crlLWpLzGhwbUm6eyyS-a2Rj6Mw'),(287,'node',77,40,'percent','vote',0,1373832957,'200.112.75.198#t9YNlh12ApYovoDSaJo5KXHH-h1R8R_jGoK-xemDZHA'),(289,'node',75,20,'percent','vote',0,1373832958,'200.112.75.198#t9YNlh12ApYovoDSaJo5KXHH-h1R8R_jGoK-xemDZHA'),(290,'node',82,40,'percent','vote',0,1373832959,'200.112.75.198#hcl0m1_ita-cSACKlKF2WxQABgfFIaIS4kEo-rk8vsU'),(291,'node',82,20,'percent','vote',0,1373832959,'200.112.75.198#LPNfwtaoIviUmXDvjRVDeNMB0Mleo5XGonacDdiC2RQ'),(292,'node',11,20,'percent','vote',0,1373832960,'200.112.75.198#QdIG9wejvNKSaJT4ZDYE8DLHeIc92vlFpkZsCt4-ykU'),(293,'node',11,40,'percent','vote',0,1373832960,'200.112.75.198#gdYMVQtAVbl8-YPWcVDDbX2jtxe8p9lORWJFV6QzyyQ'),(295,'node',55,40,'percent','vote',0,1373832962,'200.112.75.198#f8c95DqUyZFl6neHcMySWW9l4398NA1urHBOx337UZs'),(296,'node',26,20,'percent','vote',0,1373832963,'200.112.75.198#QdIG9wejvNKSaJT4ZDYE8DLHeIc92vlFpkZsCt4-ykU'),(297,'node',26,40,'percent','vote',0,1373832963,'200.112.75.198#QdIG9wejvNKSaJT4ZDYE8DLHeIc92vlFpkZsCt4-ykU'),(298,'node',24,20,'percent','vote',0,1373832967,'200.112.75.198#cQ4R8QT5A64ZG8AeJHmEwG691ckVfxI8lGiOQbdQYu4'),(299,'node',24,40,'percent','vote',0,1373832967,'200.112.75.198#FRmoq2mkW6lFJFpR1NvTRNk2HRZgWF8iT0f-e0phRDw'),(300,'node',18,20,'percent','vote',0,1373832968,'200.112.75.198#c_T3-ku_tuCoEYGosbj1cYokBI79C6MV0t_5DMZKXHE'),(301,'node',18,40,'percent','vote',0,1373832969,'200.112.75.198#jP3871tZZ1XwwGzJX0p4p3noPQw5Ln9iKLodGmqUtRQ'),(302,'node',33,20,'percent','vote',0,1373832969,'200.112.75.198#FRmoq2mkW6lFJFpR1NvTRNk2HRZgWF8iT0f-e0phRDw'),(303,'node',33,40,'percent','vote',0,1373832970,'200.112.75.198#c_T3-ku_tuCoEYGosbj1cYokBI79C6MV0t_5DMZKXHE'),(305,'node',476,20,'percent','vote',0,1373832971,'200.112.75.198#jP3871tZZ1XwwGzJX0p4p3noPQw5Ln9iKLodGmqUtRQ'),(307,'node',477,40,'percent','vote',0,1373832972,'200.112.75.198#jP3871tZZ1XwwGzJX0p4p3noPQw5Ln9iKLodGmqUtRQ'),(308,'node',474,20,'percent','vote',0,1373832973,'200.112.75.198#MwKnSvwqBssJ5Hsyh1eQHmx0lnBGf8SNm8GHWUXt5Q4'),(309,'node',474,40,'percent','vote',0,1373832973,'200.112.75.198#hdYvB3gJp-7L4RIVKYIC-qwwndc_lIn2AjsGklyff2w'),(310,'node',475,20,'percent','vote',0,1373832975,'200.112.75.198#ch0t0jN5-6BbmX1s8oMo_W_MiPvyogaDW5g5Yb4zv-4'),(311,'node',475,40,'percent','vote',0,1373832975,'200.112.75.198#BGPDSQOftnpVpTZaTsOWGrduiEbuxhXC7fnkSXRzUQo'),(312,'node',478,20,'percent','vote',0,1373832975,'200.112.75.198#B4rbfSOrEurwrnEQU-WXLmef4-FjwSU0rUs6h-xlc18'),(313,'node',478,40,'percent','vote',0,1373832975,'200.112.75.198#3g2enSHf0GVHKN80wVd6wTTi_iNGWWlTimOWsowgI0w'),(314,'node',479,20,'percent','vote',0,1373832976,'200.112.75.198#BGPDSQOftnpVpTZaTsOWGrduiEbuxhXC7fnkSXRzUQo'),(315,'node',479,40,'percent','vote',0,1373832977,'200.112.75.198#B4rbfSOrEurwrnEQU-WXLmef4-FjwSU0rUs6h-xlc18'),(316,'node',505,20,'percent','vote',0,1373832977,'200.112.75.198#zHLNcsrl89xy1YcEr_FYM-oBLDA155faI2GUVcSb-3E'),(317,'node',505,40,'percent','vote',0,1373832978,'200.112.75.198#LRMXGKX5Vdzu0aoeZZ5fX6tCFuh8PMEdkCW9PXYGENQ'),(319,'node',500,40,'percent','vote',0,1373832978,'200.112.75.198#2y7m1NHb1bUIgl1xQfOiyOnC-qamLl_BGX9-dtOGm7w'),(320,'node',501,20,'percent','vote',0,1373832979,'200.112.75.198#NimSm7dvg6worFnIChMMJb-7BSVCgqz_lIGlE6nggXM'),(321,'node',501,40,'percent','vote',0,1373832979,'200.112.75.198#PCHzeJznA_ntSfl1EEIe6JR81jx9KqtvA2cU7VedLS4'),(323,'node',502,40,'percent','vote',0,1373832981,'200.112.75.198#37TtPeI-2rGl6Ym9McRcqmApCPm5haj4zEFEbQmaBQU'),(324,'node',503,40,'percent','vote',0,1373832983,'200.112.75.198#7NFoLnJHEoTtWFuk90ZhEqiod9ifsQZ9RBdkI9-BEVU'),(325,'node',503,20,'percent','vote',0,1373832983,'200.112.75.198#-nB0Xyn2fIrxNgD92GI9IZWd9SIDfBsiaSAkJB2w2nE'),(326,'node',493,20,'percent','vote',0,1373832988,'200.112.75.198#yforVF5o5X1AsnMuvU4eSJwas0jfBnyNcfc_c4tx1O0'),(327,'node',493,40,'percent','vote',0,1373832988,'200.112.75.198#v1gcQtP566ICCChaszbPMZ23KXs3gwXzjJg1O6y7Ed8'),(328,'node',506,20,'percent','vote',0,1373832989,'200.112.75.198#531rvv_xoWfJOvrxgS8kX8NQKziWSUawC9g0QrKCmQY'),(329,'node',506,40,'percent','vote',0,1373832989,'200.112.75.198#-Zivr1FM9W5kCfWzarf_KjbKmbta_GDe3skgWzhEjJI'),(330,'node',5,20,'percent','vote',0,1373832992,'200.112.75.198#K-m5mt0Pu9hwUvhoGzOQbYDtFT5ppCg85jLr9GkVslQ'),(331,'node',5,40,'percent','vote',0,1373832993,'200.112.75.198#pS3NlnkAuILCootI5XrIQdK7qYNxnjDNegHo0s6pv7o'),(332,'node',6,20,'percent','vote',0,1373832994,'200.112.75.198#elwIbHFFLG27HPPS-yrpt7JKlmYGcUuzzYRMbOP0SAc'),(333,'node',6,40,'percent','vote',0,1373832994,'200.112.75.198#elwIbHFFLG27HPPS-yrpt7JKlmYGcUuzzYRMbOP0SAc'),(334,'node',7,20,'percent','vote',0,1373832994,'200.112.75.198#pNEo-oenW5flGb9YO480_mCTogHXX2DEyPIsf9hgXew'),(335,'node',7,40,'percent','vote',0,1373832995,'200.112.75.198#pS3NlnkAuILCootI5XrIQdK7qYNxnjDNegHo0s6pv7o'),(336,'node',8,40,'percent','vote',0,1373832995,'200.112.75.198#pS3NlnkAuILCootI5XrIQdK7qYNxnjDNegHo0s6pv7o'),(337,'node',8,20,'percent','vote',0,1373832995,'200.112.75.198#pS3NlnkAuILCootI5XrIQdK7qYNxnjDNegHo0s6pv7o'),(339,'node',81,40,'percent','vote',0,1373832996,'200.112.75.198#pS3NlnkAuILCootI5XrIQdK7qYNxnjDNegHo0s6pv7o'),(341,'node',491,40,'percent','vote',0,1373832996,'200.112.75.198#pS3NlnkAuILCootI5XrIQdK7qYNxnjDNegHo0s6pv7o'),(343,'node',471,40,'percent','vote',0,1373832997,'200.112.75.198#pS3NlnkAuILCootI5XrIQdK7qYNxnjDNegHo0s6pv7o'),(345,'node',466,40,'percent','vote',0,1373832998,'200.112.75.198#pS3NlnkAuILCootI5XrIQdK7qYNxnjDNegHo0s6pv7o'),(346,'node',469,20,'percent','vote',0,1373833002,'200.112.75.198#tkV8FobGrmBMVl5e1LVraw-TlzJvMKuSyYyDChAHRo4'),(347,'node',469,40,'percent','vote',0,1373833002,'200.112.75.198#jfKmMhv2cau4CrxtKpvnc-0uYc_6ujtzKcPeOPlR7OM'),(349,'node',70,40,'percent','vote',0,1373833002,'200.112.75.198#R9teP9xEiZbVQxgqwyZGV5WzD-WRIyFlY6YWdzck5Lc'),(350,'node',80,20,'percent','vote',0,1373833003,'200.112.75.198#nBx8DtcQ1UWDY24LwrPzIYgU7L82JowUEmE6gL-a9Hw'),(351,'node',80,40,'percent','vote',0,1373833003,'200.112.75.198#jfKmMhv2cau4CrxtKpvnc-0uYc_6ujtzKcPeOPlR7OM'),(353,'node',17,40,'percent','vote',0,1373833004,'200.112.75.198#jff5xPU6JcPA79QrT9uTWli549tdwTTWk_EBcElLteQ'),(354,'node',470,20,'percent','vote',0,1373833007,'200.112.75.198#7J81HCuNddy2pMeDz3D2UOqG1JQLhuibaudWUnc8RC0'),(355,'node',470,40,'percent','vote',0,1373833007,'200.112.75.198#eybwyN3sBO-lUvubmlPmXd5_r0trLIU3StMov-LNLak'),(356,'node',496,20,'percent','vote',0,1373833011,'200.112.75.198#U98psJ2JRs61WXIroXgsRg3iKg49HAObv6PwcxwMZcw'),(357,'node',496,40,'percent','vote',0,1373833011,'200.112.75.198#tNUl1qx--JAXCsXwdXWRRDGL-8IDd0_cHtx4l0oKqe0'),(358,'node',462,20,'percent','vote',0,1373833032,'200.112.75.198#YQFwDNOUcDdeACEK1nVuq8vvu8_h2ty24VZPrcsfWuc'),(359,'node',462,40,'percent','vote',0,1373833032,'200.112.75.198#EKezTGsOL0flpLDZZzZfyrvXs6l5VxL57g0aJNnO3bA'),(360,'node',19,20,'percent','vote',0,1373833053,'200.112.75.198#BgQ0_HJgwsBc7ZYXMnR4nkbRSuCGwx7j2mDRRvwQfx4'),(361,'node',19,40,'percent','vote',0,1373833053,'200.112.75.198#V0ULJs0zQ0TeGwZxmOxQfHCefO1efSp_WzQWUQkiAEw'),(362,'node',52,100,'percent','vote',0,1374880484,'189.202.205.146#rpFzUUlULodzsy6O4t00KJwZwJPhYig0JriVxsowY3Q'),(363,'node',36,40,'percent','vote',0,1375676059,'201.190.113.44#oFGWXG9jNapeYWV6d8Gv3NYnxI6wRvac_Wu-vNnU_wM'),(364,'node',496,80,'percent','vote',0,1375735503,'201.215.51.70#L4rCcW3QUD9Zqm61lyHJEmnLJNv6wNv2T0FClwqmp2w'),(365,'node',496,80,'percent','vote',0,1375735506,'201.215.51.70#GL4ZPYZBCF9owyXbD3j19nRWrTpIKphE-0G2QaoRKYA');

--
-- Table structure for table `watchdog`
--

CREATE TABLE `watchdog` (
  `wid` int(11) NOT NULL AUTO_INCREMENT COMMENT 'Primary Key: Unique watchdog event ID.',
  `uid` int(11) NOT NULL DEFAULT '0' COMMENT 'The users.uid of the user who triggered the event.',
  `type` varchar(64) NOT NULL DEFAULT '' COMMENT 'Type of log message, for example "user" or "page not found."',
  `message` longtext NOT NULL COMMENT 'Text of log message to be passed into the t() function.',
  `variables` longblob NOT NULL COMMENT 'Serialized array of variables that match the message string and that is passed into the t() function.',
  `severity` tinyint(3) unsigned NOT NULL DEFAULT '0' COMMENT 'The severity level of the event; ranges from 0 (Emergency) to 7 (Debug)',
  `link` varchar(255) DEFAULT '' COMMENT 'Link to view the result of the event.',
  `location` text NOT NULL COMMENT 'URL of the origin of the event.',
  `referer` text COMMENT 'URL of referring page.',
  `hostname` varchar(128) NOT NULL DEFAULT '' COMMENT 'Hostname of the user who triggered the event.',
  `timestamp` int(11) NOT NULL DEFAULT '0' COMMENT 'Unix timestamp of when event occurred.',
  PRIMARY KEY (`wid`),
  KEY `type` (`type`),
  KEY `uid` (`uid`)
) ENGINE=InnoDB AUTO_INCREMENT=234854 DEFAULT CHARSET=utf8 COMMENT='Table that contains logs of all system events.';

--
-- Dumping data for table `watchdog`
--

INSERT INTO `watchdog` VALUES (233844,0,'search','Searched %type for %keys.','a:2:{s:5:\"%keys\";s:4:\"vega\";s:5:\"%type\";s:7:\"Content\";}',5,'<a href=\"/search/node/vega\" class=\"active\">resultados</a>','http://www.guiadigital.gob.cl/search/node/vega','','186.9.149.204',1376527338),(233845,0,'search','Searched %type for %keys.','a:2:{s:5:\"%keys\";s:4:\"vega\";s:5:\"%type\";s:7:\"Content\";}',5,'<a href=\"/search/node/vega\" class=\"active\">resultados</a>','http://www.guiadigital.gob.cl/search/node/vega','','186.9.149.204',1376527338),(233846,0,'search','Searched %type for %keys.','a:2:{s:5:\"%keys\";s:4:\"vega\";s:5:\"%type\";s:7:\"Content\";}',5,'<a href=\"/search/node/vega\" class=\"active\">resultados</a>','http://www.guiadigital.gob.cl/search/node/vega','','186.9.149.204',1376527338),(233847,0,'search','Searched %type for %keys.','a:2:{s:5:\"%keys\";s:4:\"vega\";s:5:\"%type\";s:7:\"Content\";}',5,'<a href=\"/search/node/vega\" class=\"active\">resultados</a>','http://www.guiadigital.gob.cl/search/node/vega','','186.9.149.204',1376527338),(233848,0,'search','Searched %type for %keys.','a:2:{s:5:\"%keys\";s:4:\"vega\";s:5:\"%type\";s:7:\"Content\";}',5,'<a href=\"/search/node/vega\" class=\"active\">resultados</a>','http://www.guiadigital.gob.cl/search/node/vega','','186.9.149.204',1376527338),(233849,0,'search','Searched %type for %keys.','a:2:{s:5:\"%keys\";s:4:\"vega\";s:5:\"%type\";s:7:\"Content\";}',5,'<a href=\"/search/node/vega\" class=\"active\">resultados</a>','http://www.guiadigital.gob.cl/search/node/vega','','186.9.149.204',1376527338),(233850,0,'search','Searched %type for %keys.','a:2:{s:5:\"%keys\";s:4:\"vega\";s:5:\"%type\";s:7:\"Content\";}',5,'<a href=\"/search/node/vega\" class=\"active\">resultados</a>','http://www.guiadigital.gob.cl/search/node/vega','','186.9.149.204',1376527338),(233851,0,'search','Searched %type for %keys.','a:2:{s:5:\"%keys\";s:4:\"vega\";s:5:\"%type\";s:7:\"Content\";}',5,'<a href=\"/search/node/vega\" class=\"active\">resultados</a>','http://www.guiadigital.gob.cl/search/node/vega','','186.9.149.204',1376527338),(233852,0,'search','Searched %type for %keys.','a:2:{s:5:\"%keys\";s:4:\"vega\";s:5:\"%type\";s:7:\"Content\";}',5,'<a href=\"/search/node/vega\" class=\"active\">resultados</a>','http://www.guiadigital.gob.cl/search/node/vega','','186.9.149.204',1376527338),(233853,0,'search','Searched %type for %keys.','a:2:{s:5:\"%keys\";s:4:\"vega\";s:5:\"%type\";s:7:\"Content\";}',5,'<a href=\"/search/node/vega\" class=\"active\">resultados</a>','http://www.guiadigital.gob.cl/search/node/vega','','186.9.149.204',1376527338),(233854,0,'search','Searched %type for %keys.','a:2:{s:5:\"%keys\";s:4:\"vega\";s:5:\"%type\";s:7:\"Content\";}',5,'<a href=\"/search/node/vega\" class=\"active\">resultados</a>','http://www.guiadigital.gob.cl/search/node/vega','','186.9.149.204',1376527339),(233855,0,'search','Searched %type for %keys.','a:2:{s:5:\"%keys\";s:4:\"vega\";s:5:\"%type\";s:7:\"Content\";}',5,'<a href=\"/search/node/vega\" class=\"active\">resultados</a>','http://www.guiadigital.gob.cl/search/node/vega','','186.9.149.204',1376527338),(233856,0,'search','Searched %type for %keys.','a:2:{s:5:\"%keys\";s:4:\"vega\";s:5:\"%type\";s:7:\"Content\";}',5,'<a href=\"/search/node/vega\" class=\"active\">resultados</a>','http://www.guiadigital.gob.cl/search/node/vega','','186.9.149.204',1376527339),(233857,0,'search','Searched %type for %keys.','a:2:{s:5:\"%keys\";s:4:\"vega\";s:5:\"%type\";s:7:\"Content\";}',5,'<a href=\"/search/node/vega\" class=\"active\">resultados</a>','http://www.guiadigital.gob.cl/search/node/vega','','186.9.149.204',1376527339),(233858,0,'search','Searched %type for %keys.','a:2:{s:5:\"%keys\";s:4:\"vega\";s:5:\"%type\";s:7:\"Content\";}',5,'<a href=\"/search/node/vega\" class=\"active\">resultados</a>','http://www.guiadigital.gob.cl/search/node/vega','','186.9.149.204',1376527339),(233859,0,'search','Searched %type for %keys.','a:2:{s:5:\"%keys\";s:4:\"vega\";s:5:\"%type\";s:7:\"Content\";}',5,'<a href=\"/search/node/vega\" class=\"active\">resultados</a>','http://www.guiadigital.gob.cl/search/node/vega','','186.9.149.204',1376527339),(233860,0,'search','Searched %type for %keys.','a:2:{s:5:\"%keys\";s:4:\"vega\";s:5:\"%type\";s:7:\"Content\";}',5,'<a href=\"/search/node/vega\" class=\"active\">resultados</a>','http://www.guiadigital.gob.cl/search/node/vega','','186.9.149.204',1376527339),(233861,0,'search','Searched %type for %keys.','a:2:{s:5:\"%keys\";s:4:\"vega\";s:5:\"%type\";s:7:\"Content\";}',5,'<a href=\"/search/node/vega\" class=\"active\">resultados</a>','http://www.guiadigital.gob.cl/search/node/vega','','186.9.149.204',1376527339),(233862,0,'search','Searched %type for %keys.','a:2:{s:5:\"%keys\";s:4:\"vega\";s:5:\"%type\";s:7:\"Content\";}',5,'<a href=\"/search/node/vega\" class=\"active\">resultados</a>','http://www.guiadigital.gob.cl/search/node/vega','','186.9.149.204',1376527339),(233863,0,'search','Searched %type for %keys.','a:2:{s:5:\"%keys\";s:4:\"vega\";s:5:\"%type\";s:7:\"Content\";}',5,'<a href=\"/search/node/vega\" class=\"active\">resultados</a>','http://www.guiadigital.gob.cl/search/node/vega','','186.9.149.204',1376527339),(233864,0,'search','Searched %type for %keys.','a:2:{s:5:\"%keys\";s:4:\"vega\";s:5:\"%type\";s:7:\"Content\";}',5,'<a href=\"/search/node/vega\" class=\"active\">resultados</a>','http://www.guiadigital.gob.cl/search/node/vega','','186.9.149.204',1376527339),(233865,0,'search','Searched %type for %keys.','a:2:{s:5:\"%keys\";s:4:\"vega\";s:5:\"%type\";s:7:\"Content\";}',5,'<a href=\"/search/node/vega\" class=\"active\">resultados</a>','http://www.guiadigital.gob.cl/search/node/vega','vega\\\'\\\"','186.9.149.204',1376527339),(233866,0,'search','Searched %type for %keys.','a:2:{s:5:\"%keys\";s:4:\"vega\";s:5:\"%type\";s:7:\"Content\";}',5,'<a href=\"/search/node/vega\" class=\"active\">resultados</a>','http://www.guiadigital.gob.cl/search/node/vega','','186.9.149.204',1376527339),(233867,0,'search','Searched %type for %keys.','a:2:{s:5:\"%keys\";s:4:\"vega\";s:5:\"%type\";s:7:\"Content\";}',5,'<a href=\"/search/node/vega\" class=\"active\">resultados</a>','http://www.guiadigital.gob.cl/search/node/vega','vega\'\"','186.9.149.204',1376527339),(233868,0,'search','Searched %type for %keys.','a:2:{s:5:\"%keys\";s:4:\"vega\";s:5:\"%type\";s:7:\"Content\";}',5,'<a href=\"/search/node/vega\" class=\"active\">resultados</a>','http://www.guiadigital.gob.cl/search/node/vega','vega\\\\\'\\\\\"','186.9.149.204',1376527339),(233869,0,'search','Searched %type for %keys.','a:2:{s:5:\"%keys\";s:4:\"vega\";s:5:\"%type\";s:7:\"Content\";}',5,'<a href=\"/search/node/vega\" class=\"active\">resultados</a>','http://www.guiadigital.gob.cl/search/node/vega','','186.9.149.204',1376527339),(233870,0,'search','Searched %type for %keys.','a:2:{s:5:\"%keys\";s:4:\"vega\";s:5:\"%type\";s:7:\"Content\";}',5,'<a href=\"/search/node/vega\" class=\"active\">resultados</a>','http://www.guiadigital.gob.cl/search/node/vega','','186.9.149.204',1376527340),(233871,0,'search','Searched %type for %keys.','a:2:{s:5:\"%keys\";s:4:\"vega\";s:5:\"%type\";s:7:\"Content\";}',5,'<a href=\"/search/node/vega\" class=\"active\">resultados</a>','http://www.guiadigital.gob.cl/search/node/vega','','186.9.149.204',1376527340),(233872,0,'search','Searched %type for %keys.','a:2:{s:5:\"%keys\";s:4:\"vega\";s:5:\"%type\";s:7:\"Content\";}',5,'<a href=\"/search/node/vega\" class=\"active\">resultados</a>','http://www.guiadigital.gob.cl/search/node/vega','','186.9.149.204',1376527340),(233873,0,'search','Searched %type for %keys.','a:2:{s:5:\"%keys\";s:4:\"vega\";s:5:\"%type\";s:7:\"Content\";}',5,'<a href=\"/search/node/vega\" class=\"active\">resultados</a>','http://www.guiadigital.gob.cl/search/node/vega','','186.9.149.204',1376527340),(233874,0,'search','Searched %type for %keys.','a:2:{s:5:\"%keys\";s:4:\"vega\";s:5:\"%type\";s:7:\"Content\";}',5,'<a href=\"/search/node/vega\" class=\"active\">resultados</a>','http://www.guiadigital.gob.cl/search/node/vega','','186.9.149.204',1376527340),(233875,0,'search','Searched %type for %keys.','a:2:{s:5:\"%keys\";s:4:\"vega\";s:5:\"%type\";s:7:\"Content\";}',5,'<a href=\"/search/node/vega\" class=\"active\">resultados</a>','http://www.guiadigital.gob.cl/search/node/vega','','186.9.149.204',1376527340),(233876,0,'search','Searched %type for %keys.','a:2:{s:5:\"%keys\";s:4:\"vega\";s:5:\"%type\";s:7:\"Content\";}',5,'<a href=\"/search/node/vega\" class=\"active\">resultados</a>','http://www.guiadigital.gob.cl/search/node/vega','','186.9.149.204',1376527341),(233877,0,'search','Searched %type for %keys.','a:2:{s:5:\"%keys\";s:4:\"vega\";s:5:\"%type\";s:7:\"Content\";}',5,'<a href=\"/search/node/vega\" class=\"active\">resultados</a>','http://www.guiadigital.gob.cl/search/node/vega','','186.9.149.204',1376527341),(233878,0,'search','Searched %type for %keys.','a:2:{s:5:\"%keys\";s:4:\"vega\";s:5:\"%type\";s:7:\"Content\";}',5,'<a href=\"/search/node/vega\" class=\"active\">resultados</a>','http://www.guiadigital.gob.cl/search/node/vega','','186.9.149.204',1376527341),(233879,0,'page not found','articulo','N;',4,'','http://www.guiadigital.gob.cl/articulo/','','186.9.149.204',1376527342),(233880,0,'page not found','articulo','N;',4,'','http://www.guiadigital.gob.cl/articulo/','','186.9.149.204',1376527342),(233881,0,'page not found','articulo','N;',4,'','http://www.guiadigital.gob.cl/articulo/','','186.9.149.204',1376527342),(233882,0,'page not found','articulo','N;',4,'','http://www.guiadigital.gob.cl/articulo/','','186.9.149.204',1376527342),(233883,0,'page not found','articulo','N;',4,'','http://www.guiadigital.gob.cl/articulo/','','186.9.149.204',1376527342),(233884,0,'page not found','articulo','N;',4,'','http://www.guiadigital.gob.cl/articulo/','','186.9.149.204',1376527343),(233885,0,'page not found','articulo','N;',4,'','http://www.guiadigital.gob.cl/articulo/','','186.9.149.204',1376527343),(233886,0,'page not found','articulo','N;',4,'','http://www.guiadigital.gob.cl/articulo/','','186.9.149.204',1376527343),(233887,0,'page not found','articulo','N;',4,'','http://www.guiadigital.gob.cl/articulo/','','186.9.149.204',1376527343),(233888,0,'page not found','articulo','N;',4,'','http://www.guiadigital.gob.cl/articulo/','','186.9.149.204',1376527343),(233889,0,'page not found','articulo','N;',4,'','http://www.guiadigital.gob.cl/articulo/','','186.9.149.204',1376527343),(233890,0,'page not found','articulo','N;',4,'','http://www.guiadigital.gob.cl/articulo/','','186.9.149.204',1376527342),(233891,0,'page not found','articulo','N;',4,'','http://www.guiadigital.gob.cl/articulo/','','186.9.149.204',1376527343),(233892,0,'page not found','articulo','N;',4,'','http://www.guiadigital.gob.cl/articulo/','','186.9.149.204',1376527343),(233893,0,'page not found','articulo','N;',4,'','http://www.guiadigital.gob.cl/articulo/','','186.9.149.204',1376527343),(233894,0,'page not found','articulo','N;',4,'','http://www.guiadigital.gob.cl/articulo/','','186.9.149.204',1376527343),(233895,0,'search','Searched %type for %keys.','a:2:{s:5:\"%keys\";s:4:\"vega\";s:5:\"%type\";s:7:\"Content\";}',5,'<a href=\"/search/node/vega\" class=\"active\">resultados</a>','http://www.guiadigital.gob.cl/search/node/vega','','186.9.149.204',1376527345),(233896,0,'search','Searched %type for %keys.','a:2:{s:5:\"%keys\";s:4:\"vega\";s:5:\"%type\";s:7:\"Content\";}',5,'<a href=\"/search/node/vega\" class=\"active\">resultados</a>','http://www.guiadigital.gob.cl/search/node/vega','','186.9.149.204',1376527346),(233897,0,'search','Searched %type for %keys.','a:2:{s:5:\"%keys\";s:4:\"vega\";s:5:\"%type\";s:7:\"Content\";}',5,'<a href=\"/search/node/vega\" class=\"active\">resultados</a>','http://www.guiadigital.gob.cl/search/node/vega','','186.9.149.204',1376527343),(233898,0,'search','Searched %type for %keys.','a:2:{s:5:\"%keys\";s:4:\"vega\";s:5:\"%type\";s:7:\"Content\";}',5,'<a href=\"/search/node/vega\" class=\"active\">resultados</a>','http://www.guiadigital.gob.cl/search/node/vega','','186.9.149.204',1376527344),(233899,0,'search','Searched %type for %keys.','a:2:{s:5:\"%keys\";s:4:\"vega\";s:5:\"%type\";s:7:\"Content\";}',5,'<a href=\"/search/node/vega\" class=\"active\">resultados</a>','http://www.guiadigital.gob.cl/search/node/vega','','186.9.149.204',1376527344),(233900,0,'search','Searched %type for %keys.','a:2:{s:5:\"%keys\";s:4:\"vega\";s:5:\"%type\";s:7:\"Content\";}',5,'<a href=\"/search/node/vega\" class=\"active\">resultados</a>','http://www.guiadigital.gob.cl/search/node/vega','','186.9.149.204',1376527346),(233901,0,'search','Searched %type for %keys.','a:2:{s:5:\"%keys\";s:4:\"vega\";s:5:\"%type\";s:7:\"Content\";}',5,'<a href=\"/search/node/vega\" class=\"active\">resultados</a>','http://www.guiadigital.gob.cl/search/node/vega','','186.9.149.204',1376527343),(233902,0,'search','Searched %type for %keys.','a:2:{s:5:\"%keys\";s:4:\"vega\";s:5:\"%type\";s:7:\"Content\";}',5,'<a href=\"/search/node/vega\" class=\"active\">resultados</a>','http://www.guiadigital.gob.cl/search/node/vega','','186.9.149.204',1376527343),(233903,0,'search','Searched %type for %keys.','a:2:{s:5:\"%keys\";s:4:\"vega\";s:5:\"%type\";s:7:\"Content\";}',5,'<a href=\"/search/node/vega\" class=\"active\">resultados</a>','http://www.guiadigital.gob.cl/search/node/vega','','186.9.149.204',1376527343),(233904,0,'page not found','articulo','N;',4,'','http://www.guiadigital.gob.cl/articulo/','','186.9.149.204',1376527343),(233905,0,'search','Searched %type for %keys.','a:2:{s:5:\"%keys\";s:4:\"vega\";s:5:\"%type\";s:7:\"Content\";}',5,'<a href=\"/search/node/vega\" class=\"active\">resultados</a>','http://www.guiadigital.gob.cl/search/node/vega','','186.9.149.204',1376527344),(233906,0,'search','Searched %type for %keys.','a:2:{s:5:\"%keys\";s:4:\"vega\";s:5:\"%type\";s:7:\"Content\";}',5,'<a href=\"/search/node/vega\" class=\"active\">resultados</a>','http://www.guiadigital.gob.cl/search/node/vega','','186.9.149.204',1376527343),(233907,0,'search','Searched %type for %keys.','a:2:{s:5:\"%keys\";s:4:\"vega\";s:5:\"%type\";s:7:\"Content\";}',5,'<a href=\"/search/node/vega\" class=\"active\">resultados</a>','http://www.guiadigital.gob.cl/search/node/vega','','186.9.149.204',1376527346),(233908,0,'page not found','articulo','N;',4,'','http://www.guiadigital.gob.cl/articulo/','','186.9.149.204',1376527342),(233909,0,'search','Searched %type for %keys.','a:2:{s:5:\"%keys\";s:4:\"vega\";s:5:\"%type\";s:7:\"Content\";}',5,'<a href=\"/search/node/vega\" class=\"active\">resultados</a>','http://www.guiadigital.gob.cl/search/node/vega','','186.9.149.204',1376527343),(233910,0,'search','Searched %type for %keys.','a:2:{s:5:\"%keys\";s:4:\"vega\";s:5:\"%type\";s:7:\"Content\";}',5,'<a href=\"/search/node/vega\" class=\"active\">resultados</a>','http://www.guiadigital.gob.cl/search/node/vega','','186.9.149.204',1376527345),(233911,0,'page not found','articulo','N;',4,'','http://www.guiadigital.gob.cl/articulo/','','186.9.149.204',1376527343),(233912,0,'page not found','articulo','N;',4,'','http://www.guiadigital.gob.cl/articulo/','','186.9.149.204',1376527343),(233913,0,'search','Searched %type for %keys.','a:2:{s:5:\"%keys\";s:4:\"vega\";s:5:\"%type\";s:7:\"Content\";}',5,'<a href=\"/search/node/vega\" class=\"active\">resultados</a>','http://www.guiadigital.gob.cl/search/node/vega','','186.9.149.204',1376527343),(233914,0,'search','Searched %type for %keys.','a:2:{s:5:\"%keys\";s:4:\"vega\";s:5:\"%type\";s:7:\"Content\";}',5,'<a href=\"/search/node/vega\" class=\"active\">resultados</a>','http://www.guiadigital.gob.cl/search/node/vega','','186.9.149.204',1376527343),(233915,0,'search','Searched %type for %keys.','a:2:{s:5:\"%keys\";s:4:\"vega\";s:5:\"%type\";s:7:\"Content\";}',5,'<a href=\"/search/node/vega\" class=\"active\">resultados</a>','http://www.guiadigital.gob.cl/search/node/vega','','186.9.149.204',1376527348),(233916,0,'search','Searched %type for %keys.','a:2:{s:5:\"%keys\";s:4:\"vega\";s:5:\"%type\";s:7:\"Content\";}',5,'<a href=\"/search/node/vega\" class=\"active\">resultados</a>','http://www.guiadigital.gob.cl/search/node/vega','','186.9.149.204',1376527348),(233917,0,'search','Searched %type for %keys.','a:2:{s:5:\"%keys\";s:4:\"vega\";s:5:\"%type\";s:7:\"Content\";}',5,'<a href=\"/search/node/vega\" class=\"active\">resultados</a>','http://www.guiadigital.gob.cl/search/node/vega','','186.9.149.204',1376527349),(233918,0,'search','Searched %type for %keys.','a:2:{s:5:\"%keys\";s:4:\"vega\";s:5:\"%type\";s:7:\"Content\";}',5,'<a href=\"/search/node/vega\" class=\"active\">resultados</a>','http://www.guiadigital.gob.cl/search/node/vega','','186.9.149.204',1376527350),(233919,0,'search','Searched %type for %keys.','a:2:{s:5:\"%keys\";s:4:\"vega\";s:5:\"%type\";s:7:\"Content\";}',5,'<a href=\"/search/node/vega\" class=\"active\">resultados</a>','http://www.guiadigital.gob.cl/search/node/vega','','186.9.149.204',1376527350),(233920,0,'search','Searched %type for %keys.','a:2:{s:5:\"%keys\";s:4:\"vega\";s:5:\"%type\";s:7:\"Content\";}',5,'<a href=\"/search/node/vega\" class=\"active\">resultados</a>','http://www.guiadigital.gob.cl/search/node/vega','','186.9.149.204',1376527350),(233921,0,'search','Searched %type for %keys.','a:2:{s:5:\"%keys\";s:4:\"vega\";s:5:\"%type\";s:7:\"Content\";}',5,'<a href=\"/search/node/vega\" class=\"active\">resultados</a>','http://www.guiadigital.gob.cl/search/node/vega','','186.9.149.204',1376527349),(233922,0,'search','Searched %type for %keys.','a:2:{s:5:\"%keys\";s:4:\"vega\";s:5:\"%type\";s:7:\"Content\";}',5,'<a href=\"/search/node/vega\" class=\"active\">resultados</a>','http://www.guiadigital.gob.cl/search/node/vega','','186.9.149.204',1376527353),(233923,0,'search','Searched %type for %keys.','a:2:{s:5:\"%keys\";s:4:\"vega\";s:5:\"%type\";s:7:\"Content\";}',5,'<a href=\"/search/node/vega\" class=\"active\">resultados</a>','http://www.guiadigital.gob.cl/search/node/vega','','186.9.149.204',1376527354),(233924,0,'search','Searched %type for %keys.','a:2:{s:5:\"%keys\";s:4:\"vega\";s:5:\"%type\";s:7:\"Content\";}',5,'<a href=\"/search/node/vega\" class=\"active\">resultados</a>','http://www.guiadigital.gob.cl/search/node/vega','','186.9.149.204',1376527354),(233925,0,'search','Searched %type for %keys.','a:2:{s:5:\"%keys\";s:4:\"vega\";s:5:\"%type\";s:7:\"Content\";}',5,'<a href=\"/search/node/vega\" class=\"active\">resultados</a>','http://www.guiadigital.gob.cl/search/node/vega','','186.9.149.204',1376527354),(233926,0,'search','Searched %type for %keys.','a:2:{s:5:\"%keys\";s:4:\"vega\";s:5:\"%type\";s:7:\"Content\";}',5,'<a href=\"/search/node/vega\" class=\"active\">resultados</a>','http://www.guiadigital.gob.cl/search/node/vega','','186.9.149.204',1376527354),(233927,0,'search','Searched %type for %keys.','a:2:{s:5:\"%keys\";s:4:\"vega\";s:5:\"%type\";s:7:\"Content\";}',5,'<a href=\"/search/node/vega\" class=\"active\">resultados</a>','http://www.guiadigital.gob.cl/search/node/vega','','186.9.149.204',1376527354),(233928,0,'search','Searched %type for %keys.','a:2:{s:5:\"%keys\";s:4:\"vega\";s:5:\"%type\";s:7:\"Content\";}',5,'<a href=\"/search/node/vega\" class=\"active\">resultados</a>','http://www.guiadigital.gob.cl/search/node/vega','','186.9.149.204',1376527354),(233929,0,'search','Searched %type for %keys.','a:2:{s:5:\"%keys\";s:4:\"vega\";s:5:\"%type\";s:7:\"Content\";}',5,'<a href=\"/search/node/vega\" class=\"active\">resultados</a>','http://www.guiadigital.gob.cl/search/node/vega','','186.9.149.204',1376527354),(233930,0,'search','Searched %type for %keys.','a:2:{s:5:\"%keys\";s:4:\"vega\";s:5:\"%type\";s:7:\"Content\";}',5,'<a href=\"/search/node/vega\" class=\"active\">resultados</a>','http://www.guiadigital.gob.cl/search/node/vega','','186.9.149.204',1376527354),(233931,0,'search','Searched %type for %keys.','a:2:{s:5:\"%keys\";s:4:\"vega\";s:5:\"%type\";s:7:\"Content\";}',5,'<a href=\"/search/node/vega\" class=\"active\">resultados</a>','http://www.guiadigital.gob.cl/search/node/vega','-->\">\'>\'\"<vvv000368v304262>','186.9.149.204',1376527354),(233932,0,'search','Searched %type for %keys.','a:2:{s:5:\"%keys\";s:4:\"vega\";s:5:\"%type\";s:7:\"Content\";}',5,'<a href=\"/search/node/vega\" class=\"active\">resultados</a>','http://www.guiadigital.gob.cl/search/node/vega','','186.9.149.204',1376527354),(233933,0,'search','Searched %type for %keys.','a:2:{s:5:\"%keys\";s:4:\"vega\";s:5:\"%type\";s:7:\"Content\";}',5,'<a href=\"/search/node/vega\" class=\"active\">resultados</a>','http://www.guiadigital.gob.cl/search/node/vega','','186.9.149.204',1376527354),(233934,0,'search','Searched %type for %keys.','a:2:{s:5:\"%keys\";s:4:\"vega\";s:5:\"%type\";s:7:\"Content\";}',5,'<a href=\"/search/node/vega\" class=\"active\">resultados</a>','http://www.guiadigital.gob.cl/search/node/vega','','186.9.149.204',1376527354),(233935,0,'search','Searched %type for %keys.','a:2:{s:5:\"%keys\";s:4:\"vega\";s:5:\"%type\";s:7:\"Content\";}',5,'<a href=\"/search/node/vega\" class=\"active\">resultados</a>','http://www.guiadigital.gob.cl/search/node/vega','','186.9.149.204',1376527354),(233936,0,'search','Searched %type for %keys.','a:2:{s:5:\"%keys\";s:4:\"vega\";s:5:\"%type\";s:7:\"Content\";}',5,'<a href=\"/search/node/vega\" class=\"active\">resultados</a>','http://www.guiadigital.gob.cl/search/node/vega','','186.9.149.204',1376527354),(233937,0,'search','Searched %type for %keys.','a:2:{s:5:\"%keys\";s:4:\"vega\";s:5:\"%type\";s:7:\"Content\";}',5,'<a href=\"/search/node/vega\" class=\"active\">resultados</a>','http://www.guiadigital.gob.cl/search/node/vega','','186.9.149.204',1376527354),(233938,0,'search','Searched %type for %keys.','a:2:{s:5:\"%keys\";s:4:\"vega\";s:5:\"%type\";s:7:\"Content\";}',5,'<a href=\"/search/node/vega\" class=\"active\">resultados</a>','http://www.guiadigital.gob.cl/search/node/vega','','186.9.149.204',1376527354),(233939,0,'search','Searched %type for %keys.','a:2:{s:5:\"%keys\";s:4:\"vega\";s:5:\"%type\";s:7:\"Content\";}',5,'<a href=\"/search/node/vega\" class=\"active\">resultados</a>','http://www.guiadigital.gob.cl/search/node/vega','','186.9.149.204',1376527361),(233940,0,'search','Searched %type for %keys.','a:2:{s:5:\"%keys\";s:4:\"vega\";s:5:\"%type\";s:7:\"Content\";}',5,'<a href=\"/search/node/vega\" class=\"active\">resultados</a>','http://www.guiadigital.gob.cl/search/node/vega','','186.9.149.204',1376527361),(233941,0,'search','Searched %type for %keys.','a:2:{s:5:\"%keys\";s:4:\"vega\";s:5:\"%type\";s:7:\"Content\";}',5,'<a href=\"/search/node/vega\" class=\"active\">resultados</a>','http://www.guiadigital.gob.cl/search/node/vega','','186.9.149.204',1376527361),(233942,0,'search','Searched %type for %keys.','a:2:{s:5:\"%keys\";s:4:\"vega\";s:5:\"%type\";s:7:\"Content\";}',5,'<a href=\"/search/node/vega\" class=\"active\">resultados</a>','http://www.guiadigital.gob.cl/search/node/vega','','186.9.149.204',1376527361),(233943,0,'search','Searched %type for %keys.','a:2:{s:5:\"%keys\";s:4:\"vega\";s:5:\"%type\";s:7:\"Content\";}',5,'<a href=\"/search/node/vega\" class=\"active\">resultados</a>','http://www.guiadigital.gob.cl/search/node/vega','','186.9.149.204',1376527361),(233944,0,'search','Searched %type for %keys.','a:2:{s:5:\"%keys\";s:4:\"vega\";s:5:\"%type\";s:7:\"Content\";}',5,'<a href=\"/search/node/vega\" class=\"active\">resultados</a>','http://www.guiadigital.gob.cl/search/node/vega','','186.9.149.204',1376527361),(233945,0,'search','Searched %type for %keys.','a:2:{s:5:\"%keys\";s:4:\"vega\";s:5:\"%type\";s:7:\"Content\";}',5,'<a href=\"/search/node/vega\" class=\"active\">resultados</a>','http://www.guiadigital.gob.cl/search/node/vega','','186.9.149.204',1376527361),(233946,0,'search','Searched %type for %keys.','a:2:{s:5:\"%keys\";s:4:\"vega\";s:5:\"%type\";s:7:\"Content\";}',5,'<a href=\"/search/node/vega\" class=\"active\">resultados</a>','http://www.guiadigital.gob.cl/search/node/vega','','186.9.149.204',1376527361),(233947,0,'search','Searched %type for %keys.','a:2:{s:5:\"%keys\";s:4:\"vega\";s:5:\"%type\";s:7:\"Content\";}',5,'<a href=\"/search/node/vega\" class=\"active\">resultados</a>','http://www.guiadigital.gob.cl/search/node/vega','','186.9.149.204',1376527361),(233948,0,'search','Searched %type for %keys.','a:2:{s:5:\"%keys\";s:4:\"vega\";s:5:\"%type\";s:7:\"Content\";}',5,'<a href=\"/search/node/vega\" class=\"active\">resultados</a>','http://www.guiadigital.gob.cl/search/node/vega','','186.9.149.204',1376527361),(233949,0,'search','Searched %type for %keys.','a:2:{s:5:\"%keys\";s:4:\"vega\";s:5:\"%type\";s:7:\"Content\";}',5,'<a href=\"/search/node/vega\" class=\"active\">resultados</a>','http://www.guiadigital.gob.cl/search/node/vega','','186.9.149.204',1376527362),(233950,0,'search','Searched %type for %keys.','a:2:{s:5:\"%keys\";s:4:\"vega\";s:5:\"%type\";s:7:\"Content\";}',5,'<a href=\"/search/node/vega\" class=\"active\">resultados</a>','http://www.guiadigital.gob.cl/search/node/vega','','186.9.149.204',1376527361),(233951,0,'search','Searched %type for %keys.','a:2:{s:5:\"%keys\";s:4:\"vega\";s:5:\"%type\";s:7:\"Content\";}',5,'<a href=\"/search/node/vega\" class=\"active\">resultados</a>','http://www.guiadigital.gob.cl/search/node/vega','','186.9.149.204',1376527362),(233952,0,'search','Searched %type for %keys.','a:2:{s:5:\"%keys\";s:4:\"vega\";s:5:\"%type\";s:7:\"Content\";}',5,'<a href=\"/search/node/vega\" class=\"active\">resultados</a>','http://www.guiadigital.gob.cl/search/node/vega','','186.9.149.204',1376527362),(233953,0,'search','Searched %type for %keys.','a:2:{s:5:\"%keys\";s:4:\"vega\";s:5:\"%type\";s:7:\"Content\";}',5,'<a href=\"/search/node/vega\" class=\"active\">resultados</a>','http://www.guiadigital.gob.cl/search/node/vega','','186.9.149.204',1376527362),(233954,0,'search','Searched %type for %keys.','a:2:{s:5:\"%keys\";s:4:\"vega\";s:5:\"%type\";s:7:\"Content\";}',5,'<a href=\"/search/node/vega\" class=\"active\">resultados</a>','http://www.guiadigital.gob.cl/search/node/vega','','186.9.149.204',1376527362),(233955,0,'search','Searched %type for %keys.','a:2:{s:5:\"%keys\";s:4:\"vega\";s:5:\"%type\";s:7:\"Content\";}',5,'<a href=\"/search/node/vega\" class=\"active\">resultados</a>','http://www.guiadigital.gob.cl/search/node/vega','','186.9.149.204',1376527362),(233956,0,'search','Searched %type for %keys.','a:2:{s:5:\"%keys\";s:4:\"vega\";s:5:\"%type\";s:7:\"Content\";}',5,'<a href=\"/search/node/vega\" class=\"active\">resultados</a>','http://www.guiadigital.gob.cl/search/node/vega','vega\\\'\\\"','186.9.149.204',1376527362),(233957,0,'search','Searched %type for %keys.','a:2:{s:5:\"%keys\";s:4:\"vega\";s:5:\"%type\";s:7:\"Content\";}',5,'<a href=\"/search/node/vega\" class=\"active\">resultados</a>','http://www.guiadigital.gob.cl/search/node/vega','','186.9.149.204',1376527362),(233958,0,'search','Searched %type for %keys.','a:2:{s:5:\"%keys\";s:4:\"vega\";s:5:\"%type\";s:7:\"Content\";}',5,'<a href=\"/search/node/vega\" class=\"active\">resultados</a>','http://www.guiadigital.gob.cl/search/node/vega','','186.9.149.204',1376527362),(233959,0,'search','Searched %type for %keys.','a:2:{s:5:\"%keys\";s:4:\"vega\";s:5:\"%type\";s:7:\"Content\";}',5,'<a href=\"/search/node/vega\" class=\"active\">resultados</a>','http://www.guiadigital.gob.cl/search/node/vega','','186.9.149.204',1376527362),(233960,0,'search','Searched %type for %keys.','a:2:{s:5:\"%keys\";s:4:\"vega\";s:5:\"%type\";s:7:\"Content\";}',5,'<a href=\"/search/node/vega\" class=\"active\">resultados</a>','http://www.guiadigital.gob.cl/search/node/vega','vega\\\\\'\\\\\"','186.9.149.204',1376527362),(233961,0,'search','Searched %type for %keys.','a:2:{s:5:\"%keys\";s:4:\"vega\";s:5:\"%type\";s:7:\"Content\";}',5,'<a href=\"/search/node/vega\" class=\"active\">resultados</a>','http://www.guiadigital.gob.cl/search/node/vega','vega\'\"','186.9.149.204',1376527362),(233962,0,'search','Searched %type for %keys.','a:2:{s:5:\"%keys\";s:4:\"vega\";s:5:\"%type\";s:7:\"Content\";}',5,'<a href=\"/search/node/vega\" class=\"active\">resultados</a>','http://www.guiadigital.gob.cl/search/node/vega','','186.9.149.204',1376527362),(233963,0,'search','Searched %type for %keys.','a:2:{s:5:\"%keys\";s:4:\"vega\";s:5:\"%type\";s:7:\"Content\";}',5,'<a href=\"/search/node/vega\" class=\"active\">resultados</a>','http://www.guiadigital.gob.cl/search/node/vega','','186.9.149.204',1376527362),(233964,0,'search','Searched %type for %keys.','a:2:{s:5:\"%keys\";s:4:\"vega\";s:5:\"%type\";s:7:\"Content\";}',5,'<a href=\"/search/node/vega\" class=\"active\">resultados</a>','http://www.guiadigital.gob.cl/search/node/vega','','186.9.149.204',1376527362),(233965,0,'search','Searched %type for %keys.','a:2:{s:5:\"%keys\";s:4:\"vega\";s:5:\"%type\";s:7:\"Content\";}',5,'<a href=\"/search/node/vega\" class=\"active\">resultados</a>','http://www.guiadigital.gob.cl/search/node/vega','','186.9.149.204',1376527362),(233966,0,'search','Searched %type for %keys.','a:2:{s:5:\"%keys\";s:4:\"vega\";s:5:\"%type\";s:7:\"Content\";}',5,'<a href=\"/search/node/vega\" class=\"active\">resultados</a>','http://www.guiadigital.gob.cl/search/node/vega','','186.9.149.204',1376527363),(233967,0,'search','Searched %type for %keys.','a:2:{s:5:\"%keys\";s:4:\"vega\";s:5:\"%type\";s:7:\"Content\";}',5,'<a href=\"/search/node/vega\" class=\"active\">resultados</a>','http://www.guiadigital.gob.cl/search/node/vega','','186.9.149.204',1376527363),(233968,0,'page not found','guia-web/nosuchpage123','N;',4,'','http://www.guiadigital.gob.cl/guia-web/nosuchpage123','','186.9.149.204',1376527364),(233969,0,'search','Searched %type for %keys.','a:2:{s:5:\"%keys\";s:4:\"vega\";s:5:\"%type\";s:7:\"Content\";}',5,'<a href=\"/search/node/vega\" class=\"active\">resultados</a>','http://www.guiadigital.gob.cl/search/node/vega','','186.9.149.204',1376527363),(233970,0,'page not found','recurso-documento','N;',4,'','http://www.guiadigital.gob.cl/recurso-documento/','','186.9.149.204',1376527364),(233971,0,'page not found','guia-web/~nosuchpage123','N;',4,'','http://www.guiadigital.gob.cl/guia-web/~nosuchpage123','','186.9.149.204',1376527364),(233972,0,'page not found','guia-web/lpt9','N;',4,'','http://www.guiadigital.gob.cl/guia-web/lpt9','','186.9.149.204',1376527364),(233973,0,'page not found','recurso-documento','N;',4,'','http://www.guiadigital.gob.cl/recurso-documento/','','186.9.149.204',1376527364),(233974,0,'page not found','recurso-documento','N;',4,'','http://www.guiadigital.gob.cl/recurso-documento/','','186.9.149.204',1376527364),(233975,0,'page not found','recurso-documento','N;',4,'','http://www.guiadigital.gob.cl/recurso-documento/','','186.9.149.204',1376527364),(233976,0,'page not found','recurso-documento','N;',4,'','http://www.guiadigital.gob.cl/recurso-documento/','','186.9.149.204',1376527364),(233977,0,'page not found','recurso-documento','N;',4,'','http://www.guiadigital.gob.cl/recurso-documento/','','186.9.149.204',1376527364),(233978,0,'page not found','recurso-documento','N;',4,'','http://www.guiadigital.gob.cl/recurso-documento/','','186.9.149.204',1376527364),(233979,0,'page not found','recurso-documento','N;',4,'','http://www.guiadigital.gob.cl/recurso-documento/','','186.9.149.204',1376527365),(233980,0,'page not found','recurso-documento','N;',4,'','http://www.guiadigital.gob.cl/recurso-documento/','','186.9.149.204',1376527365),(233981,0,'page not found','recurso-documento','N;',4,'','http://www.guiadigital.gob.cl/recurso-documento/','','186.9.149.204',1376527365),(233982,0,'page not found','recurso-documento','N;',4,'','http://www.guiadigital.gob.cl/recurso-documento/','','186.9.149.204',1376527365),(233983,0,'page not found','recurso-documento','N;',4,'','http://www.guiadigital.gob.cl/recurso-documento/','','186.9.149.204',1376527365),(233984,0,'page not found','recurso-documento/crossdomain.xml','N;',4,'','http://www.guiadigital.gob.cl/recurso-documento/crossdomain.xml','','186.9.149.204',1376527365),(233985,0,'page not found','recurso-documento','N;',4,'','http://www.guiadigital.gob.cl/recurso-documento/','','186.9.149.204',1376527365),(233986,0,'page not found','recurso-documento','N;',4,'','http://www.guiadigital.gob.cl/recurso-documento/','','186.9.149.204',1376527365),(233987,0,'page not found','recurso-documento','N;',4,'','http://www.guiadigital.gob.cl/recurso-documento/','','186.9.149.204',1376527365),(233988,0,'page not found','recurso-documento/--&gt;&quot;&gt;&#039;&gt;&#039;&quot;&lt;vvv000384v304262&gt;','N;',4,'','http://www.guiadigital.gob.cl/recurso-documento/-->\">\'>\'\"<vvv000384v304262>','-->\">\'>\'\"<vvv000384v304262>','186.9.149.204',1376527369),(233989,0,'page not found','recurso-documento/vega&gt;&#039;&gt;&quot;&gt;&lt;/vega&gt;&lt;vega&gt;','N;',4,'','http://www.guiadigital.gob.cl/recurso-documento/vega>\'>\"></vega><vega>','','186.9.149.204',1376527369),(233990,0,'page not found','recurso-documento/vega&gt;&#039;&gt;&quot;&gt;&lt;vega&gt;&lt;/vega&gt;','N;',4,'','http://www.guiadigital.gob.cl/recurso-documento/vega>\'>\"><vega></vega>','','186.9.149.204',1376527369),(233991,0,'page not found','recurso-documento/&quot; src=--&gt;&quot;&gt;&#039;&gt;&#039;&quot;&lt;vvv000387v304262&gt;','N;',4,'','http://www.guiadigital.gob.cl/recurso-documento/\"%20src%3D-->\">\'>\'\"<vvv000387v304262>','','186.9.149.204',1376527369),(233992,0,'page not found','recurso-documento/&lt;/textarea&gt;--&gt;&quot;&gt;&#039;&gt;&#039;&quot;&lt;vvv000386v304262&gt;','N;',4,'','http://www.guiadigital.gob.cl/recurso-documento/</textarea>-->\">\'>\'\"<vvv000386v304262>','','186.9.149.204',1376527369),(233993,0,'page not found','recurso-documento/ src=--&gt;&quot;&gt;&#039;&gt;&#039;&quot;&lt;vvv000388v304262&gt;','N;',4,'','http://www.guiadigital.gob.cl/recurso-documento/%20src%3D-->\">\'>\'\"<vvv000388v304262>','','186.9.149.204',1376527369),(233994,0,'page not found','recurso-documento/\n --&gt;&quot;&gt;&#039;&gt;&#039;&quot;&lt;vvv000389v304262&gt;','N;',4,'','http://www.guiadigital.gob.cl/recurso-documento/%0A%20-->\">\'>\'\"<vvv000389v304262>','','186.9.149.204',1376527369),(233995,0,'page not found','recurso-documento/*/ --&gt;&quot;&gt;&#039;&gt;&#039;&quot;&lt;vvv000390v304262&gt;','N;',4,'','http://www.guiadigital.gob.cl/recurso-documento/*/%20-->\">\'>\'\"<vvv000390v304262>','','186.9.149.204',1376527369),(233996,0,'page not found','recurso-documento/&#039; --&gt;&quot;&gt;&#039;&gt;&#039;&quot;&lt;vvv000391v304262&gt;','N;',4,'','http://www.guiadigital.gob.cl/recurso-documento/\'%20-->\">\'>\'\"<vvv000391v304262>','','186.9.149.204',1376527369),(233997,0,'page not found','recurso-documento/&quot; onMouseOver=vvv000394v304262','N;',4,'','http://www.guiadigital.gob.cl/recurso-documento/\"%20onMouseOver%3Dvvv000394v304262','','186.9.149.204',1376527370),(233998,0,'page not found','recurso-documento/vbscript:vvv000393v304262','N;',4,'','http://www.guiadigital.gob.cl/recurso-documento/vbscript:vvv000393v304262','','186.9.149.204',1376527370),(233999,0,'page not found','recurso-documento/javascript:vvv000392v304262','N;',4,'','http://www.guiadigital.gob.cl/recurso-documento/javascript:vvv000392v304262','','186.9.149.204',1376527369),(234000,0,'page not found','recurso-documento/&quot; style=vvv000395v304262','N;',4,'','http://www.guiadigital.gob.cl/recurso-documento/\"%20style%3Dvvv000395v304262','','186.9.149.204',1376527370),(234001,0,'page not found','recurso-documento/&#039; onMouseOver=vvv000396v304262','N;',4,'','http://www.guiadigital.gob.cl/recurso-documento/\'%20onMouseOver%3Dvvv000396v304262','','186.9.149.204',1376527370),(234002,0,'page not found','recurso-documento/&quot; --&gt;&quot;&gt;&#039;&gt;&#039;&quot;&lt;vvv000398v304262&gt;','N;',4,'','http://www.guiadigital.gob.cl/recurso-documento/\"%20-->\">\'>\'\"<vvv000398v304262>','','186.9.149.204',1376527370),(234003,0,'page not found','recurso-documento/&#039; --&gt;&quot;&gt;&#039;&gt;&#039;&quot;&lt;vvv000399v304262&gt;','N;',4,'','http://www.guiadigital.gob.cl/recurso-documento/\'%20-->\">\'>\'\"<vvv000399v304262>','','186.9.149.204',1376527370),(234004,0,'page not found','recurso-documento/&#039; style=vvv000397v304262','N;',4,'','http://www.guiadigital.gob.cl/recurso-documento/\'%20style%3Dvvv000397v304262','','186.9.149.204',1376527370),(234005,0,'page not found','recurso-documento/`true`','N;',4,'','http://www.guiadigital.gob.cl/recurso-documento/`true`','','186.9.149.204',1376527370),(234006,0,'page not found','recurso-documento/&quot;`true`&quot;','N;',4,'','http://www.guiadigital.gob.cl/recurso-documento/\"`true`\"','','186.9.149.204',1376527370),(234007,0,'page not found','recurso-documento/`false`','N;',4,'','http://www.guiadigital.gob.cl/recurso-documento/`false`','','186.9.149.204',1376527370),(234008,0,'page not found','recurso-documento/`uname`','N;',4,'','http://www.guiadigital.gob.cl/recurso-documento/`uname`','','186.9.149.204',1376527370),(234009,0,'page not found','recurso-documento/&quot;`uname`&quot;','N;',4,'','http://www.guiadigital.gob.cl/recurso-documento/\"`uname`\"','','186.9.149.204',1376527370),(234010,0,'page not found','recurso-documento/&quot;`false`&quot;','N;',4,'','http://www.guiadigital.gob.cl/recurso-documento/\"`false`\"','','186.9.149.204',1376527370),(234011,0,'page not found','recurso-documento/&#039;false&#039;','N;',4,'','http://www.guiadigital.gob.cl/recurso-documento/\'false\'','','186.9.149.204',1376527370),(234012,0,'page not found','recurso-documento/&#039;uname&#039;','N;',4,'','http://www.guiadigital.gob.cl/recurso-documento/\'uname\'','','186.9.149.204',1376527370),(234013,0,'page not found','recurso-documento//vega.invalid/;','N;',4,'','http://www.guiadigital.gob.cl/recurso-documento//vega.invalid/%3B?','','186.9.149.204',1376527371),(234014,0,'page not found','recurso-documento/vega://invalid/;','N;',4,'','http://www.guiadigital.gob.cl/recurso-documento/vega://invalid/%3B?','','186.9.149.204',1376527371),(234015,0,'page not found','recurso-documento/ src=http://vega.invalid/;','N;',4,'','http://www.guiadigital.gob.cl/recurso-documento/%20src%3Dhttp://vega.invalid/%3B?','','186.9.149.204',1376527371),(234016,0,'page not found','recurso-documento/http://vega.invalid/;','N;',4,'','http://www.guiadigital.gob.cl/recurso-documento/http://vega.invalid/%3B?','','186.9.149.204',1376527370),(234017,0,'page not found','recurso-documento/&#039;true&#039;','N;',4,'','http://www.guiadigital.gob.cl/recurso-documento/\'true\'','','186.9.149.204',1376527371),(234018,0,'page not found','recurso-biblioteca/crossdomain.xml','N;',4,'','http://www.guiadigital.gob.cl/recurso-biblioteca/crossdomain.xml','','186.9.149.204',1376527371),(234019,0,'page not found','recurso-documento/bogus\nVega-Inject:bogus','N;',4,'','http://www.guiadigital.gob.cl/recurso-documento/bogus%0AVega-Inject:bogus','','186.9.149.204',1376527371),(234020,0,'page not found','recurso-documento/&quot; src=http://vega.invalid/;','N;',4,'','http://www.guiadigital.gob.cl/recurso-documento/\"%20src%3Dhttp://vega.invalid/%3B?','','186.9.149.204',1376527371),(234021,0,'page not found','recurso-documento/bogus\rVega-Inject:bogus','N;',4,'','http://www.guiadigital.gob.cl/recurso-documento/bogus%0DVega-Inject:bogus','','186.9.149.204',1376527371),(234022,0,'page not found','recurso-biblioteca/crossdomain.xml','N;',4,'','http://www.guiadigital.gob.cl/recurso-biblioteca/crossdomain.xml','','186.9.149.204',1376527371),(234023,0,'page not found','recurso-biblioteca/crossdomain.xml','N;',4,'','http://www.guiadigital.gob.cl/recurso-biblioteca/crossdomain.xml','','186.9.149.204',1376527371),(234024,0,'page not found','recurso-biblioteca/crossdomain.xml','N;',4,'','http://www.guiadigital.gob.cl/recurso-biblioteca/crossdomain.xml','','186.9.149.204',1376527371),(234025,0,'page not found','recurso-biblioteca/crossdomain.xml','N;',4,'','http://www.guiadigital.gob.cl/recurso-biblioteca/crossdomain.xml','','186.9.149.204',1376527371),(234026,0,'page not found','recurso-documento/instructivo-presidencial-de-participacion-ciudadana-ndeg-002-2011/abc123','N;',4,'','http://www.guiadigital.gob.cl/recurso-documento/instructivo-presidencial-de-participacion-ciudadana-ndeg-002-2011/abc123/','','186.9.149.204',1376527376),(234027,0,'page not found','jefe-de-proyecto/lpt9','N;',4,'','http://www.guiadigital.gob.cl/jefe-de-proyecto/lpt9','','186.9.149.204',1376527376),(234028,0,'page not found','recurso-documento/instructivo-presidencial-sobre-digitalizacion-de-tramites-publicos-no-02-2012/abc123','N;',4,'','http://www.guiadigital.gob.cl/recurso-documento/instructivo-presidencial-sobre-digitalizacion-de-tramites-publicos-no-02-2012/abc123/','','186.9.149.204',1376527376),(234029,0,'page not found','jefe-de-proyecto/~nosuchpage123','N;',4,'','http://www.guiadigital.gob.cl/jefe-de-proyecto/~nosuchpage123','','186.9.149.204',1376527376),(234030,0,'page not found','jefe-de-proyecto/nosuchpage123','N;',4,'','http://www.guiadigital.gob.cl/jefe-de-proyecto/nosuchpage123','','186.9.149.204',1376527376),(234031,0,'page not found','articulo/sobre-la-normativa-web-en-chile/abc123','N;',4,'','http://www.guiadigital.gob.cl/articulo/sobre-la-normativa-web-en-chile/abc123/','','186.9.149.204',1376527377),(234032,0,'page not found','articulo/orientaciones-generales-en-redes-sociales/abc123','N;',4,'','http://www.guiadigital.gob.cl/articulo/orientaciones-generales-en-redes-sociales/abc123/','','186.9.149.204',1376527377),(234033,0,'page not found','recurso-documento/plan-estrategico-de-gobierno-electronico-2011-2014/abc123','N;',4,'','http://www.guiadigital.gob.cl/recurso-documento/plan-estrategico-de-gobierno-electronico-2011-2014/abc123/','','186.9.149.204',1376527377),(234034,0,'page not found','articulo/derechos-del-usuario/abc123','N;',4,'','http://www.guiadigital.gob.cl/articulo/derechos-del-usuario/abc123/','','186.9.149.204',1376527377),(234035,0,'page not found','articulo/objetivos-y-requerimientos-para-redes-sociales/abc123','N;',4,'','http://www.guiadigital.gob.cl/articulo/objetivos-y-requerimientos-para-redes-sociales/abc123/','','186.9.149.204',1376527377),(234036,0,'page not found','articulo/medios-sociales/abc123','N;',4,'','http://www.guiadigital.gob.cl/articulo/medios-sociales/abc123/','','186.9.149.204',1376527377),(234037,0,'page not found','articulo/interoperabilidad-y-estandares-de-metadatos/abc123','N;',4,'','http://www.guiadigital.gob.cl/articulo/interoperabilidad-y-estandares-de-metadatos/abc123/','','186.9.149.204',1376527377),(234038,0,'page not found','articulo/instructivos-presidenciales/abc123','N;',4,'','http://www.guiadigital.gob.cl/articulo/instructivos-presidenciales/abc123/','','186.9.149.204',1376527377),(234039,0,'page not found','articulo/decretos-supremos/abc123','N;',4,'','http://www.guiadigital.gob.cl/articulo/decretos-supremos/abc123/','','186.9.149.204',1376527377),(234040,0,'page not found','articulo/participacion-ciudadana/abc123','N;',4,'','http://www.guiadigital.gob.cl/articulo/participacion-ciudadana/abc123/','','186.9.149.204',1376527378),(234041,0,'page not found','articulo/normas-graficas-y-de-comunicacion-digital-para-web-de-gobierno-de-chile/abc123','N;',4,'','http://www.guiadigital.gob.cl/articulo/normas-graficas-y-de-comunicacion-digital-para-web-de-gobierno-de-chile/abc123/','','186.9.149.204',1376527378),(234042,0,'page not found','articulo/leyes/abc123','N;',4,'','http://www.guiadigital.gob.cl/articulo/leyes/abc123/','','186.9.149.204',1376527378),(234043,0,'page not found','articulo/como-atender-los-usuarios/abc123','N;',4,'','http://www.guiadigital.gob.cl/articulo/como-atender-los-usuarios/abc123/','','186.9.149.204',1376527378),(234044,0,'page not found','articulo/sobre-redes-sociales-en-chile/abc123','N;',4,'','http://www.guiadigital.gob.cl/articulo/sobre-redes-sociales-en-chile/abc123/','','186.9.149.204',1376527378),(234045,0,'page not found','articulo/desarrollo-de-un-plan-de-lanzamiento/abc123','N;',4,'','http://www.guiadigital.gob.cl/articulo/desarrollo-de-un-plan-de-lanzamiento/abc123/','','186.9.149.204',1376527381),(234046,0,'page not found','articulo/arquitectura-de-informacion/abc123','N;',4,'','http://www.guiadigital.gob.cl/articulo/arquitectura-de-informacion/abc123/','','186.9.149.204',1376527381),(234047,0,'page not found','articulo/pruebas-de-interfaces-y-contenidos/abc123','N;',4,'','http://www.guiadigital.gob.cl/articulo/pruebas-de-interfaces-y-contenidos/abc123/','','186.9.149.204',1376527382),(234048,0,'page not found','arquitectura-de-informacion/nosuchpage123','N;',4,'','http://www.guiadigital.gob.cl/arquitectura-de-informacion/nosuchpage123','','186.9.149.204',1376527383),(234049,0,'page not found','planificacion/~nosuchpage123','N;',4,'','http://www.guiadigital.gob.cl/planificacion/~nosuchpage123','','186.9.149.204',1376527384),(234050,0,'page not found','arquitectura-de-informacion/lpt9','N;',4,'','http://www.guiadigital.gob.cl/arquitectura-de-informacion/lpt9','','186.9.149.204',1376527383),(234051,0,'page not found','arquitectura-de-informacion/~nosuchpage123','N;',4,'','http://www.guiadigital.gob.cl/arquitectura-de-informacion/~nosuchpage123','','186.9.149.204',1376527383),(234052,0,'page not found','nuevo-sitio/nosuchpage123','N;',4,'','http://www.guiadigital.gob.cl/nuevo-sitio/nosuchpage123','','186.9.149.204',1376527384),(234053,0,'page not found','planificacion/nosuchpage123','N;',4,'','http://www.guiadigital.gob.cl/planificacion/nosuchpage123','','186.9.149.204',1376527384),(234054,0,'page not found','gestion-de-proyecto/lpt9','N;',4,'','http://www.guiadigital.gob.cl/gestion-de-proyecto/lpt9','','186.9.149.204',1376527385),(234055,0,'page not found','articulo/mantencion-de-funcionalidades/abc123','N;',4,'','http://www.guiadigital.gob.cl/articulo/mantencion-de-funcionalidades/abc123/','','186.9.149.204',1376527385),(234056,0,'page not found','disenador/~nosuchpage123','N;',4,'','http://www.guiadigital.gob.cl/disenador/~nosuchpage123','','186.9.149.204',1376527384),(234057,0,'page not found','nuevo-sitio/~nosuchpage123','N;',4,'','http://www.guiadigital.gob.cl/nuevo-sitio/~nosuchpage123','','186.9.149.204',1376527384),(234058,0,'page not found','gestion-de-proyecto/~nosuchpage123','N;',4,'','http://www.guiadigital.gob.cl/gestion-de-proyecto/~nosuchpage123','','186.9.149.204',1376527385),(234059,0,'page not found','disenador/nosuchpage123','N;',4,'','http://www.guiadigital.gob.cl/disenador/nosuchpage123','','186.9.149.204',1376527385),(234060,0,'page not found','puesta-en-marcha/lpt9','N;',4,'','http://www.guiadigital.gob.cl/puesta-en-marcha/lpt9','','186.9.149.204',1376527384),(234061,0,'page not found','planificacion/lpt9','N;',4,'','http://www.guiadigital.gob.cl/planificacion/lpt9','','186.9.149.204',1376527383),(234062,0,'page not found','articulo/hojas-de-estilo-css/abc123','N;',4,'','http://www.guiadigital.gob.cl/articulo/hojas-de-estilo-css/abc123/','','186.9.149.204',1376527387),(234063,0,'page not found','puesta-en-marcha/~nosuchpage123','N;',4,'','http://www.guiadigital.gob.cl/puesta-en-marcha/~nosuchpage123','','186.9.149.204',1376527384),(234064,0,'page not found','puesta-en-marcha/nosuchpage123','N;',4,'','http://www.guiadigital.gob.cl/puesta-en-marcha/nosuchpage123','','186.9.149.204',1376527384),(234065,0,'page not found','articulo/gestion-de-seguridad-en-contrasenas-de-redes-sociales/abc123','N;',4,'','http://www.guiadigital.gob.cl/articulo/gestion-de-seguridad-en-contrasenas-de-redes-sociales/abc123/','','186.9.149.204',1376527385),(234066,0,'page not found','articulo/nivel-ii-ds-100/abc123','N;',4,'','http://www.guiadigital.gob.cl/articulo/nivel-ii-ds-100/abc123/','','186.9.149.204',1376527386),(234067,0,'page not found','gestion-de-proyecto/nosuchpage123','N;',4,'','http://www.guiadigital.gob.cl/gestion-de-proyecto/nosuchpage123','','186.9.149.204',1376527385),(234068,0,'page not found','disenador/lpt9','N;',4,'','http://www.guiadigital.gob.cl/disenador/lpt9','','186.9.149.204',1376527384),(234069,0,'page not found','nuevo-sitio/lpt9','N;',4,'','http://www.guiadigital.gob.cl/nuevo-sitio/lpt9','','186.9.149.204',1376527384),(234070,0,'page not found','articulo/desarrollo-de-un-plan-de-pruebas/abc123','N;',4,'','http://www.guiadigital.gob.cl/articulo/desarrollo-de-un-plan-de-pruebas/abc123/','','186.9.149.204',1376527390),(234071,0,'page not found','guia-v2/capitulos/02/anexos/3cols-print.css','N;',4,'','http://www.guiadigital.gob.cl/guia-v2/capitulos/02/anexos/3cols-print.css','','186.9.149.204',1376527390),(234072,0,'page not found','guia-v2/capitulos/03/images/fig.012.htm','N;',4,'','http://www.guiadigital.gob.cl/guia-v2/capitulos/03/images/fig.012.htm','','186.9.149.204',1376527389),(234073,0,'page not found','guia-v2/capitulos/03/images/fig.018.htm','N;',4,'','http://www.guiadigital.gob.cl/guia-v2/capitulos/03/images/fig.018.htm','','186.9.149.204',1376527390),(234074,0,'page not found','guia-v2/capitulos/03/images/fig.019.htm','N;',4,'','http://www.guiadigital.gob.cl/guia-v2/capitulos/03/images/fig.019.htm','','186.9.149.204',1376527391),(234075,0,'page not found','images/pic.accessibility.jpg/guia','N;',4,'','http://www.guiadigital.gob.cl/images/pic.accessibility.jpg/guia/','','186.9.149.204',1376527392),(234076,0,'page not found','images/pic.accessibility.jpg','N;',4,'','http://www.guiadigital.gob.cl/images/pic.accessibility.jpg/','','186.9.149.204',1376527391),(234077,0,'page not found','guia-v2/capitulos/02/images/fig.002.htm','N;',4,'','http://www.guiadigital.gob.cl/guia-v2/capitulos/02/images/fig.002.htm','','186.9.149.204',1376527392),(234078,0,'page not found','images/pic.accessibility.jpg/guia/glosario.htm','N;',4,'','http://www.guiadigital.gob.cl/images/pic.accessibility.jpg/guia/glosario.htm','','186.9.149.204',1376527392),(234079,0,'page not found','guia-v2/capitulos/02/images/fig.001.htm','N;',4,'','http://www.guiadigital.gob.cl/guia-v2/capitulos/02/images/fig.001.htm','','186.9.149.204',1376527393),(234080,0,'page not found','guia-v2/capitulos/03/images/fig.017.htm','N;',4,'','http://www.guiadigital.gob.cl/guia-v2/capitulos/03/images/fig.017.htm','','186.9.149.204',1376527394),(234081,0,'page not found','guia-v2/capitulos/02/anexos/3cols.css','N;',4,'','http://www.guiadigital.gob.cl/guia-v2/capitulos/02/anexos/3cols.css','','186.9.149.204',1376527394),(234082,0,'page not found','guia-v2/capitulos/03/images/fig.011.htm','N;',4,'','http://www.guiadigital.gob.cl/guia-v2/capitulos/03/images/fig.011.htm','','186.9.149.204',1376527395),(234083,0,'page not found','guia-v2/capitulos/04/images/fig.001.htm','N;',4,'','http://www.guiadigital.gob.cl/guia-v2/capitulos/04/images/fig.001.htm','','186.9.149.204',1376527396),(234084,0,'page not found','guia-v2/capitulos/04/images/fig.003.htm','N;',4,'','http://www.guiadigital.gob.cl/guia-v2/capitulos/04/images/fig.003.htm','','186.9.149.204',1376527391),(234085,0,'page not found','guia-v2/capitulos/05/anexos/pauta-test-usuario.pdf','N;',4,'','http://www.guiadigital.gob.cl/guia-v2/capitulos/05/anexos/pauta-test-usuario.pdf','','186.9.149.204',1376527396),(234086,0,'page not found','guia-v2/capitulos/03/images/fig.013.htm','N;',4,'','http://www.guiadigital.gob.cl/guia-v2/capitulos/03/images/fig.013.htm','','186.9.149.204',1376527396),(234087,0,'page not found','guia-v2/capitulos/05/anexos/pauta-persona-escenario.pdf','N;',4,'','http://www.guiadigital.gob.cl/guia-v2/capitulos/05/anexos/pauta-persona-escenario.pdf','','186.9.149.204',1376527396),(234088,0,'page not found','guia-v2/capitulos/02/images/fig.003.htm','N;',4,'','http://www.guiadigital.gob.cl/guia-v2/capitulos/02/images/fig.003.htm','','186.9.149.204',1376527395),(234089,0,'page not found','guia-v2/capitulos/03/images/fig.015.htm','N;',4,'','http://www.guiadigital.gob.cl/guia-v2/capitulos/03/images/fig.015.htm','','186.9.149.204',1376527396),(234090,0,'page not found','guia-v2/capitulos/03/images/fig.002.htm','N;',4,'','http://www.guiadigital.gob.cl/guia-v2/capitulos/03/images/fig.002.htm','','186.9.149.204',1376527405),(234091,0,'page not found','guia-v2/capitulos/03/images/fig.010.htm','N;',4,'','http://www.guiadigital.gob.cl/guia-v2/capitulos/03/images/fig.010.htm','','186.9.149.204',1376527407),(234092,0,'page not found','guia-v2/capitulos/03/images/fig.016.htm','N;',4,'','http://www.guiadigital.gob.cl/guia-v2/capitulos/03/images/fig.016.htm','','186.9.149.204',1376527407),(234093,0,'page not found','images/pic.accessibility.jpg/guia/capitulos','N;',4,'','http://www.guiadigital.gob.cl/images/pic.accessibility.jpg/guia/capitulos/','','186.9.149.204',1376527408),(234094,0,'page not found','images/pic.accessibility.jpg/guia/capitulos/tres','N;',4,'','http://www.guiadigital.gob.cl/images/pic.accessibility.jpg/guia/capitulos/tres/','','186.9.149.204',1376527408),(234095,0,'page not found','images/pic.accessibility.jpg/guia/capitulos/tres/index.htm','N;',4,'','http://www.guiadigital.gob.cl/images/pic.accessibility.jpg/guia/capitulos/tres/index.htm','','186.9.149.204',1376527408),(234096,0,'page not found','guia-v2/capitulos/03/images/fig.014.htm','N;',4,'','http://www.guiadigital.gob.cl/guia-v2/capitulos/03/images/fig.014.htm','','186.9.149.204',1376527408),(234097,0,'page not found','guia-v2/capitulos/03/images/fig.009.htm','N;',4,'','http://www.guiadigital.gob.cl/guia-v2/capitulos/03/images/fig.009.htm','','186.9.149.204',1376527409),(234098,0,'page not found','guia-v2/capitulos/03/images/fig.001.htm','N;',4,'','http://www.guiadigital.gob.cl/guia-v2/capitulos/03/images/fig.001.htm','','186.9.149.204',1376527408),(234099,0,'page not found','guia-v2/capitulos/05/images/fig.001.htm','N;',4,'','http://www.guiadigital.gob.cl/guia-v2/capitulos/05/images/fig.001.htm','','186.9.149.204',1376527409),(234100,0,'page not found','guia-v2/capitulos/05/anexos/pauta-evaluacion-heuristica.pdf','N;',4,'','http://www.guiadigital.gob.cl/guia-v2/capitulos/05/anexos/pauta-evaluacion-heuristica.pdf','','186.9.149.204',1376527409),(234101,0,'page not found','guia-v2/capitulos/02/anexos/3cols.htm','N;',4,'','http://www.guiadigital.gob.cl/guia-v2/capitulos/02/anexos/3cols.htm','','186.9.149.204',1376527407),(234102,0,'page not found','articulo/buenas-practicas-en-youtube/abc123','N;',4,'','http://www.guiadigital.gob.cl/articulo/buenas-practicas-en-youtube/abc123/','','186.9.149.204',1376527410),(234103,0,'page not found','articulo/herramientas-de-medicion/abc123','N;',4,'','http://www.guiadigital.gob.cl/articulo/herramientas-de-medicion/abc123/','','186.9.149.204',1376527410),(234104,0,'page not found','articulo/pruebas-de-seguridad/abc123','N;',4,'','http://www.guiadigital.gob.cl/articulo/pruebas-de-seguridad/abc123/','','186.9.149.204',1376527410),(234105,0,'page not found','articulo/mantencion-de-contenidos/abc123','N;',4,'','http://www.guiadigital.gob.cl/articulo/mantencion-de-contenidos/abc123/','','186.9.149.204',1376527411),(234106,0,'page not found','articulo/elementos-del-diseno-de-interfaces-e-interaccion/abc123','N;',4,'','http://www.guiadigital.gob.cl/articulo/elementos-del-diseno-de-interfaces-e-interaccion/abc123/','','186.9.149.204',1376527412),(234107,0,'page not found','articulo/estandares-para-sitios-de-gobierno/abc123','N;',4,'','http://www.guiadigital.gob.cl/articulo/estandares-para-sitios-de-gobierno/abc123/','','186.9.149.204',1376527413),(234108,0,'page not found','articulo/aplicacion-de-la-metodologia-de-usabilidad/abc123','N;',4,'','http://www.guiadigital.gob.cl/articulo/aplicacion-de-la-metodologia-de-usabilidad/abc123/','','186.9.149.204',1376527413),(234109,0,'page not found','articulo/desarrollo-de-diagrama-de-interaccion/abc123','N;',4,'','http://www.guiadigital.gob.cl/articulo/desarrollo-de-diagrama-de-interaccion/abc123/','','186.9.149.204',1376527413),(234110,0,'page not found','articulo/desafios-de-nuevas-tecnologias/abc123','N;',4,'','http://www.guiadigital.gob.cl/articulo/desafios-de-nuevas-tecnologias/abc123/','','186.9.149.204',1376527414),(234111,0,'page not found','articulo/registro-y-control-de-pruebas/abc123','N;',4,'','http://www.guiadigital.gob.cl/articulo/registro-y-control-de-pruebas/abc123/','','186.9.149.204',1376527414),(234112,0,'page not found','articulo/buenas-practicas-en-slideshare/abc123','N;',4,'','http://www.guiadigital.gob.cl/articulo/buenas-practicas-en-slideshare/abc123/','','186.9.149.204',1376527414),(234113,0,'page not found','articulo/estandares/abc123','N;',4,'','http://www.guiadigital.gob.cl/articulo/estandares/abc123/','','186.9.149.204',1376527415),(234114,0,'page not found','articulo/probidad-y-transparencia/abc123','N;',4,'','http://www.guiadigital.gob.cl/articulo/probidad-y-transparencia/abc123/','','186.9.149.204',1376527415),(234115,0,'page not found','articulo/que-es-la-usabilidad/abc123','N;',4,'','http://www.guiadigital.gob.cl/articulo/que-es-la-usabilidad/abc123/','','186.9.149.204',1376527415),(234116,0,'page not found','articulo/pruebas-de-funcionalidades-y-operacion/abc123','N;',4,'','http://www.guiadigital.gob.cl/articulo/pruebas-de-funcionalidades-y-operacion/abc123/','','186.9.149.204',1376527416),(234117,0,'page not found','articulo/datos-abiertos-en-gobierno-open-data/abc123','N;',4,'','http://www.guiadigital.gob.cl/articulo/datos-abiertos-en-gobierno-open-data/abc123/','','186.9.149.204',1376527416),(234118,0,'page not found','articulo/levantamiento-de-necesidades/abc123','N;',4,'','http://www.guiadigital.gob.cl/articulo/levantamiento-de-necesidades/abc123/','','186.9.149.204',1376527421),(234119,0,'page not found','articulo/acerca-del-cumplimiento-de-las-normas/abc123','N;',4,'','http://www.guiadigital.gob.cl/articulo/acerca-del-cumplimiento-de-las-normas/abc123/','','186.9.149.204',1376527421),(234120,0,'page not found','articulo/metodologia-de-implantacion-de-mejoras/abc123','N;',4,'','http://www.guiadigital.gob.cl/articulo/metodologia-de-implantacion-de-mejoras/abc123/','','186.9.149.204',1376527420),(234121,0,'page not found','articulo/guias-de-aplicacion/abc123','N;',4,'','http://www.guiadigital.gob.cl/articulo/guias-de-aplicacion/abc123/','','186.9.149.204',1376527421),(234122,0,'page not found','articulo/definicion-de-objetivos/abc123','N;',4,'','http://www.guiadigital.gob.cl/articulo/definicion-de-objetivos/abc123/','','186.9.149.204',1376527421),(234123,0,'page not found','articulo/preguntas-iniciales/abc123','N;',4,'','http://www.guiadigital.gob.cl/articulo/preguntas-iniciales/abc123/','','186.9.149.204',1376527421),(234124,0,'page not found','articulo/recepcion-final-del-proyecto/abc123','N;',4,'','http://www.guiadigital.gob.cl/articulo/recepcion-final-del-proyecto/abc123/','','186.9.149.204',1376527421),(234125,0,'page not found','articulo/checklists/abc123','N;',4,'','http://www.guiadigital.gob.cl/articulo/checklists/abc123/','','186.9.149.204',1376527421),(234126,0,'page not found','articulo/plan-de-mantencion-del-sitio/abc123','N;',4,'','http://www.guiadigital.gob.cl/articulo/plan-de-mantencion-del-sitio/abc123/','','186.9.149.204',1376527422),(234127,0,'page not found','articulo/pruebas-de-carga/abc123','N;',4,'','http://www.guiadigital.gob.cl/articulo/pruebas-de-carga/abc123/','','186.9.149.204',1376527423),(234128,0,'page not found','articulo/como-se-aumenta-la-encontrabilidad/abc123','N;',4,'','http://www.guiadigital.gob.cl/articulo/como-se-aumenta-la-encontrabilidad/abc123/','','186.9.149.204',1376527423),(234129,0,'page not found','articulo/financiamiento-del-proyecto-de-sitio-web/abc123','N;',4,'','http://www.guiadigital.gob.cl/articulo/financiamiento-del-proyecto-de-sitio-web/abc123/','','186.9.149.204',1376527423),(234130,0,'page not found','articulo/buenas-practicas-en-flickr/abc123','N;',4,'','http://www.guiadigital.gob.cl/articulo/buenas-practicas-en-flickr/abc123/','','186.9.149.204',1376527424),(234131,0,'page not found','articulo/definicion-de-contenidos-del-sitio/abc123','N;',4,'','http://www.guiadigital.gob.cl/articulo/definicion-de-contenidos-del-sitio/abc123/','','186.9.149.204',1376527425),(234132,0,'page not found','articulo/equipo-de-trabajo/abc123','N;',4,'','http://www.guiadigital.gob.cl/articulo/equipo-de-trabajo/abc123/','','186.9.149.204',1376527427),(234133,0,'page not found','articulo/metricas-de-evaluacion-de-desempeno/abc123','N;',4,'','http://www.guiadigital.gob.cl/articulo/metricas-de-evaluacion-de-desempeno/abc123/','','186.9.149.204',1376527427),(234134,0,'page not found','articulo/diseno-para-la-accesibilidad/abc123','N;',4,'','http://www.guiadigital.gob.cl/articulo/diseno-para-la-accesibilidad/abc123/','','186.9.149.204',1376527427),(234135,0,'page not found','articulo/documentos-relacionados/abc123','N;',4,'','http://www.guiadigital.gob.cl/articulo/documentos-relacionados/abc123/','','186.9.149.204',1376527426),(234136,0,'page not found','articulo/instrumentos-de-seguimiento/abc123','N;',4,'','http://www.guiadigital.gob.cl/articulo/instrumentos-de-seguimiento/abc123/','','186.9.149.204',1376527427),(234137,0,'page not found','articulo/buenas-practicas-en-facebook/abc123','N;',4,'','http://www.guiadigital.gob.cl/articulo/buenas-practicas-en-facebook/abc123/','','186.9.149.204',1376527427),(234138,0,'page not found','articulo/diseno-para-el-acceso-rapido/abc123','N;',4,'','http://www.guiadigital.gob.cl/articulo/diseno-para-el-acceso-rapido/abc123/','','186.9.149.204',1376527428),(234139,0,'page not found','articulo/ejemplos-de-medicion-de-usabilidad/abc123','N;',4,'','http://www.guiadigital.gob.cl/articulo/ejemplos-de-medicion-de-usabilidad/abc123/','','186.9.149.204',1376527430),(234140,0,'page not found','articulo/que-es-la-encontrabilidad/abc123','N;',4,'','http://www.guiadigital.gob.cl/articulo/que-es-la-encontrabilidad/abc123/','','186.9.149.204',1376527431),(234141,0,'page not found','articulo/uso-de-logotipos/abc123','N;',4,'','http://www.guiadigital.gob.cl/articulo/uso-de-logotipos/abc123/','','186.9.149.204',1376527431),(234142,0,'page not found','articulo/ds-1002006-normas-y-estandares/abc123','N;',4,'','http://www.guiadigital.gob.cl/articulo/ds-1002006-normas-y-estandares/abc123/','','186.9.149.204',1376527432),(234143,0,'page not found','articulo/desarrollo-con-estandares/abc123','N;',4,'','http://www.guiadigital.gob.cl/articulo/desarrollo-con-estandares/abc123/','','186.9.149.204',1376527431),(234144,0,'page not found','articulo/principales-actividades-desarrollar-en-el-sitio/abc123','N;',4,'','http://www.guiadigital.gob.cl/articulo/principales-actividades-desarrollar-en-el-sitio/abc123/','','186.9.149.204',1376527431),(234145,0,'page not found','articulo/acerca-de-la-usabilidad/abc123','N;',4,'','http://www.guiadigital.gob.cl/articulo/acerca-de-la-usabilidad/abc123/','','186.9.149.204',1376527431),(234146,0,'page not found','articulo/aseguramiento-de-usabilidad/abc123','N;',4,'','http://www.guiadigital.gob.cl/articulo/aseguramiento-de-usabilidad/abc123/','','186.9.149.204',1376527436),(234147,0,'page not found','articulo/pruebas-de-respaldo-y-recuperacion/abc123','N;',4,'','http://www.guiadigital.gob.cl/articulo/pruebas-de-respaldo-y-recuperacion/abc123/','','186.9.149.204',1376527436),(234148,0,'page not found','articulo/buenas-practicas-en-twitter/abc123','N;',4,'','http://www.guiadigital.gob.cl/articulo/buenas-practicas-en-twitter/abc123/','','186.9.149.204',1376527437),(234149,0,'page not found','articulo/mineria-web-y-encontrabilidad/abc123','N;',4,'','http://www.guiadigital.gob.cl/articulo/mineria-web-y-encontrabilidad/abc123/','','186.9.149.204',1376527437),(234150,0,'page not found','articulo','N;',4,'','http://www.guiadigital.gob.cl/articulo/','','186.9.149.204',1376527440),(234151,0,'page not found','articulo/protocolo-de-estilo-para-redes-sociales/abc123','N;',4,'','http://www.guiadigital.gob.cl/articulo/protocolo-de-estilo-para-redes-sociales/abc123/','','186.9.149.204',1376527439),(234152,0,'page not found','articulo/plataformas-sociales-mas-utilizadas-en-las-instituciones-publicas/abc123','N;',4,'','http://www.guiadigital.gob.cl/articulo/plataformas-sociales-mas-utilizadas-en-las-instituciones-publicas/abc123/','','186.9.149.204',1376527438),(234153,0,'page not found','articulo/licitacion-del-proyecto/abc123','N;',4,'','http://www.guiadigital.gob.cl/articulo/licitacion-del-proyecto/abc123/','','186.9.149.204',1376527438),(234154,0,'page not found','articulo','N;',4,'','http://www.guiadigital.gob.cl/articulo/','','186.9.149.204',1376527448),(234155,0,'page not found','articulo','N;',4,'','http://www.guiadigital.gob.cl/articulo/','','186.9.149.204',1376527448),(234156,0,'page not found','articulo','N;',4,'','http://www.guiadigital.gob.cl/articulo/','','186.9.149.204',1376527445),(234157,0,'page not found','articulo','N;',4,'','http://www.guiadigital.gob.cl/articulo/','','186.9.149.204',1376527448),(234158,0,'page not found','articulo','N;',4,'','http://www.guiadigital.gob.cl/articulo/','','186.9.149.204',1376527448),(234159,0,'page not found','articulo','N;',4,'','http://www.guiadigital.gob.cl/articulo/','','186.9.149.204',1376527448),(234160,0,'page not found','articulo','N;',4,'','http://www.guiadigital.gob.cl/articulo/','','186.9.149.204',1376527452),(234161,0,'page not found','articulo/&lt;/textarea&gt;--&gt;&quot;&gt;&#039;&gt;&#039;&quot;&lt;vvv000402v304262&gt;','N;',4,'','http://www.guiadigital.gob.cl/articulo/</textarea>-->\">\'>\'\"<vvv000402v304262>','','186.9.149.204',1376527452),(234162,0,'page not found','articulo','N;',4,'','http://www.guiadigital.gob.cl/articulo/','','186.9.149.204',1376527452),(234163,0,'page not found','articulo/vega&gt;&#039;&gt;&quot;&gt;&lt;vega&gt;&lt;/vega&gt;','N;',4,'','http://www.guiadigital.gob.cl/articulo/vega>\'>\"><vega></vega>','','186.9.149.204',1376527452),(234164,0,'page not found','articulo','N;',4,'','http://www.guiadigital.gob.cl/articulo/','','186.9.149.204',1376527452),(234165,0,'page not found','articulo','N;',4,'','http://www.guiadigital.gob.cl/articulo/','','186.9.149.204',1376527452),(234166,0,'page not found','articulo/--&gt;&quot;&gt;&#039;&gt;&#039;&quot;&lt;vvv000400v304262&gt;','N;',4,'','http://www.guiadigital.gob.cl/articulo/-->\">\'>\'\"<vvv000400v304262>','-->\">\'>\'\"<vvv000400v304262>','186.9.149.204',1376527452),(234167,0,'page not found','articulo/crossdomain.xml','N;',4,'','http://www.guiadigital.gob.cl/articulo/crossdomain.xml','','186.9.149.204',1376527452),(234168,0,'page not found','articulo/vega&gt;&#039;&gt;&quot;&gt;&lt;/vega&gt;&lt;vega&gt;','N;',4,'','http://www.guiadigital.gob.cl/articulo/vega>\'>\"></vega><vega>','','186.9.149.204',1376527452),(234169,0,'page not found','articulo/&#039; --&gt;&quot;&gt;&#039;&gt;&#039;&quot;&lt;vvv000407v304262&gt;','N;',4,'','http://www.guiadigital.gob.cl/articulo/\'%20-->\">\'>\'\"<vvv000407v304262>','','186.9.149.204',1376527455),(234170,0,'page not found','articulo/\n --&gt;&quot;&gt;&#039;&gt;&#039;&quot;&lt;vvv000405v304262&gt;','N;',4,'','http://www.guiadigital.gob.cl/articulo/%0A%20-->\">\'>\'\"<vvv000405v304262>','','186.9.149.204',1376527455),(234171,0,'page not found','articulo','N;',4,'','http://www.guiadigital.gob.cl/articulo/','','186.9.149.204',1376527452),(234172,0,'page not found','articulo/&quot; src=--&gt;&quot;&gt;&#039;&gt;&#039;&quot;&lt;vvv000403v304262&gt;','N;',4,'','http://www.guiadigital.gob.cl/articulo/\"%20src%3D-->\">\'>\'\"<vvv000403v304262>','','186.9.149.204',1376527452),(234173,0,'page not found','articulo/*/ --&gt;&quot;&gt;&#039;&gt;&#039;&quot;&lt;vvv000406v304262&gt;','N;',4,'','http://www.guiadigital.gob.cl/articulo/*/%20-->\">\'>\'\"<vvv000406v304262>','','186.9.149.204',1376527455),(234174,0,'page not found','articulo','N;',4,'','http://www.guiadigital.gob.cl/articulo/','','186.9.149.204',1376527452),(234175,0,'page not found','articulo','N;',4,'','http://www.guiadigital.gob.cl/articulo/','','186.9.149.204',1376527452),(234176,0,'page not found','articulo/ src=--&gt;&quot;&gt;&#039;&gt;&#039;&quot;&lt;vvv000404v304262&gt;','N;',4,'','http://www.guiadigital.gob.cl/articulo/%20src%3D-->\">\'>\'\"<vvv000404v304262>','','186.9.149.204',1376527455),(234177,0,'page not found','articulo','N;',4,'','http://www.guiadigital.gob.cl/articulo/','','186.9.149.204',1376527452),(234178,0,'page not found','articulo/javascript:vvv000408v304262','N;',4,'','http://www.guiadigital.gob.cl/articulo/javascript:vvv000408v304262','','186.9.149.204',1376527456),(234179,0,'page not found','articulo/vbscript:vvv000409v304262','N;',4,'','http://www.guiadigital.gob.cl/articulo/vbscript:vvv000409v304262','','186.9.149.204',1376527456),(234180,0,'page not found','articulo/&quot; onMouseOver=vvv000410v304262','N;',4,'','http://www.guiadigital.gob.cl/articulo/\"%20onMouseOver%3Dvvv000410v304262','','186.9.149.204',1376527456),(234181,0,'page not found','articulo/&quot; style=vvv000411v304262','N;',4,'','http://www.guiadigital.gob.cl/articulo/\"%20style%3Dvvv000411v304262','','186.9.149.204',1376527457),(234182,0,'page not found','articulo/&#039; onMouseOver=vvv000412v304262','N;',4,'','http://www.guiadigital.gob.cl/articulo/\'%20onMouseOver%3Dvvv000412v304262','','186.9.149.204',1376527457),(234183,0,'page not found','articulo/&#039; style=vvv000413v304262','N;',4,'','http://www.guiadigital.gob.cl/articulo/\'%20style%3Dvvv000413v304262','','186.9.149.204',1376527458),(234184,0,'page not found','articulo/&quot; --&gt;&quot;&gt;&#039;&gt;&#039;&quot;&lt;vvv000414v304262&gt;','N;',4,'','http://www.guiadigital.gob.cl/articulo/\"%20-->\">\'>\'\"<vvv000414v304262>','','186.9.149.204',1376527458),(234185,0,'page not found','articulo/&#039; --&gt;&quot;&gt;&#039;&gt;&#039;&quot;&lt;vvv000415v304262&gt;','N;',4,'','http://www.guiadigital.gob.cl/articulo/\'%20-->\">\'>\'\"<vvv000415v304262>','','186.9.149.204',1376527458),(234186,0,'page not found','articulo/bogus\rVega-Inject:bogus','N;',4,'','http://www.guiadigital.gob.cl/articulo/bogus%0DVega-Inject:bogus','','186.9.149.204',1376527461),(234187,0,'page not found','articulo/vega://invalid/;','N;',4,'','http://www.guiadigital.gob.cl/articulo/vega://invalid/%3B?','','186.9.149.204',1376527461),(234188,0,'page not found','articulo/&quot; src=http://vega.invalid/;','N;',4,'','http://www.guiadigital.gob.cl/articulo/\"%20src%3Dhttp://vega.invalid/%3B?','','186.9.149.204',1376527461),(234189,0,'page not found','articulo/&#039;true&#039;','N;',4,'','http://www.guiadigital.gob.cl/articulo/\'true\'','','186.9.149.204',1376527460),(234190,0,'page not found','articulo/`false`','N;',4,'','http://www.guiadigital.gob.cl/articulo/`false`','','186.9.149.204',1376527459),(234191,0,'page not found','articulo/bogus\nVega-Inject:bogus','N;',4,'','http://www.guiadigital.gob.cl/articulo/bogus%0AVega-Inject:bogus','','186.9.149.204',1376527461),(234192,0,'page not found','articulo//vega.invalid/;','N;',4,'','http://www.guiadigital.gob.cl/articulo//vega.invalid/%3B?','','186.9.149.204',1376527461),(234193,0,'page not found','articulo/&quot;`uname`&quot;','N;',4,'','http://www.guiadigital.gob.cl/articulo/\"`uname`\"','','186.9.149.204',1376527460),(234194,0,'page not found','articulo/&#039;uname&#039;','N;',4,'','http://www.guiadigital.gob.cl/articulo/\'uname\'','','186.9.149.204',1376527460),(234195,0,'page not found','articulo/&quot;`true`&quot;','N;',4,'','http://www.guiadigital.gob.cl/articulo/\"`true`\"','','186.9.149.204',1376527460),(234196,0,'page not found','articulo/`true`','N;',4,'','http://www.guiadigital.gob.cl/articulo/`true`','','186.9.149.204',1376527459),(234197,0,'page not found','articulo/&#039;false&#039;','N;',4,'','http://www.guiadigital.gob.cl/articulo/\'false\'','','186.9.149.204',1376527460),(234198,0,'page not found','articulo/&quot;`false`&quot;','N;',4,'','http://www.guiadigital.gob.cl/articulo/\"`false`\"','','186.9.149.204',1376527460),(234199,0,'page not found','articulo/ src=http://vega.invalid/;','N;',4,'','http://www.guiadigital.gob.cl/articulo/%20src%3Dhttp://vega.invalid/%3B?','','186.9.149.204',1376527461),(234200,0,'page not found','articulo/http://vega.invalid/;','N;',4,'','http://www.guiadigital.gob.cl/articulo/http://vega.invalid/%3B?','','186.9.149.204',1376527460),(234201,0,'page not found','articulo/definicion-de-la-estructura-del-sitio/abc123','N;',4,'','http://www.guiadigital.gob.cl/articulo/definicion-de-la-estructura-del-sitio/abc123/','','186.9.149.204',1376527461),(234202,0,'page not found','articulo/`uname`','N;',4,'','http://www.guiadigital.gob.cl/articulo/`uname`','','186.9.149.204',1376527459),(234203,0,'page not found','articulo/tareas-del-equipo-editorial/abc123','N;',4,'','http://www.guiadigital.gob.cl/articulo/tareas-del-equipo-editorial/abc123/','','186.9.149.204',1376527483),(234204,0,'page not found','articulo/como-se-mide-la-encontrabilidad/abc123','N;',4,'','http://www.guiadigital.gob.cl/articulo/como-se-mide-la-encontrabilidad/abc123/','','186.9.149.204',1376527499),(234205,0,'page not found','articulo/nivel-i-ds-1002006/abc123','N;',4,'','http://www.guiadigital.gob.cl/articulo/nivel-i-ds-1002006/abc123/','','186.9.149.204',1376527500),(234206,0,'page not found','webform','N;',4,'','http://www.guiadigital.gob.cl/webform/','','186.9.149.204',1376527535),(234207,0,'page not found','webform','N;',4,'','http://www.guiadigital.gob.cl/webform/','','186.9.149.204',1376527535),(234208,0,'page not found','webform','N;',4,'','http://www.guiadigital.gob.cl/webform/','','186.9.149.204',1376527535),(234209,0,'page not found','webform','N;',4,'','http://www.guiadigital.gob.cl/webform/','','186.9.149.204',1376527536),(234210,0,'page not found','webform','N;',4,'','http://www.guiadigital.gob.cl/webform/','','186.9.149.204',1376527535),(234211,0,'page not found','webform','N;',4,'','http://www.guiadigital.gob.cl/webform/','','186.9.149.204',1376527535),(234212,0,'page not found','webform','N;',4,'','http://www.guiadigital.gob.cl/webform/','','186.9.149.204',1376527535),(234213,0,'page not found','webform','N;',4,'','http://www.guiadigital.gob.cl/webform/','','186.9.149.204',1376527535),(234214,0,'page not found','articulo/definicion-del-diseno-visual/abc123','N;',4,'','http://www.guiadigital.gob.cl/articulo/definicion-del-diseno-visual/abc123/','','186.9.149.204',1376527535),(234215,0,'page not found','webform','N;',4,'','http://www.guiadigital.gob.cl/webform/','','186.9.149.204',1376527535),(234216,0,'page not found','webform','N;',4,'','http://www.guiadigital.gob.cl/webform/','','186.9.149.204',1376527535),(234217,0,'page not found','webform','N;',4,'','http://www.guiadigital.gob.cl/webform/','','186.9.149.204',1376527535),(234218,0,'page not found','webform','N;',4,'','http://www.guiadigital.gob.cl/webform/','','186.9.149.204',1376527535),(234219,0,'page not found','webform','N;',4,'','http://www.guiadigital.gob.cl/webform/','','186.9.149.204',1376527535),(234220,0,'page not found','webform','N;',4,'','http://www.guiadigital.gob.cl/webform/','','186.9.149.204',1376527535),(234221,0,'page not found','webform','N;',4,'','http://www.guiadigital.gob.cl/webform/','','186.9.149.204',1376527535),(234222,0,'page not found','webform','N;',4,'','http://www.guiadigital.gob.cl/webform/','','186.9.149.204',1376527536),(234223,0,'page not found','webform','N;',4,'','http://www.guiadigital.gob.cl/webform/','','186.9.149.204',1376527536),(234224,0,'page not found','webform','N;',4,'','http://www.guiadigital.gob.cl/webform/','','186.9.149.204',1376527536),(234225,0,'page not found','webform','N;',4,'','http://www.guiadigital.gob.cl/webform/','','186.9.149.204',1376527536),(234226,0,'page not found','webform','N;',4,'','http://www.guiadigital.gob.cl/webform/','','186.9.149.204',1376527536),(234227,0,'page not found','PUT-putfile','N;',4,'','http://www.guiadigital.gob.cl/PUT-putfile','','186.9.149.204',1376527553),(234228,0,'page not found','recurso-biblioteca-seguridad','N;',4,'','http://www.guiadigital.gob.cl/recurso-biblioteca-seguridad/','','186.9.149.204',1376527556),(234229,0,'page not found','node/nosuchpage123','N;',4,'','http://www.guiadigital.gob.cl/node/nosuchpage123','','186.9.149.204',1376527557),(234230,0,'page not found','node/lpt9','N;',4,'','http://www.guiadigital.gob.cl/node/lpt9','','186.9.149.204',1376527557),(234231,0,'page not found','PUT-putfile','N;',4,'','http://www.guiadigital.gob.cl/PUT-putfile','','186.9.149.204',1376527557),(234232,0,'page not found','node/~nosuchpage123','N;',4,'','http://www.guiadigital.gob.cl/node/~nosuchpage123','','186.9.149.204',1376527557),(234233,0,'page not found','www.facebook.com','N;',4,'','http://www.guiadigital.gob.cl/www.facebook.com/','','186.9.149.204',1376527557),(234234,0,'page not found','www.facebook.com','N;',4,'','http://www.guiadigital.gob.cl/www.facebook.com/','','186.9.149.204',1376527557),(234235,0,'page not found','www.facebook.com','N;',4,'','http://www.guiadigital.gob.cl/www.facebook.com/','','186.9.149.204',1376527564),(234236,0,'page not found','www.facebook.com','N;',4,'','http://www.guiadigital.gob.cl/www.facebook.com/','','186.9.149.204',1376527565),(234237,0,'page not found','www.facebook.com','N;',4,'','http://www.guiadigital.gob.cl/www.facebook.com/','','186.9.149.204',1376527565),(234238,0,'page not found','www.facebook.com','N;',4,'','http://www.guiadigital.gob.cl/www.facebook.com/','','186.9.149.204',1376527565),(234239,0,'page not found','www.facebook.com','N;',4,'','http://www.guiadigital.gob.cl/www.facebook.com/','','186.9.149.204',1376527565),(234240,0,'page not found','www.facebook.com','N;',4,'','http://www.guiadigital.gob.cl/www.facebook.com/','','186.9.149.204',1376527565),(234241,0,'page not found','www.facebook.com','N;',4,'','http://www.guiadigital.gob.cl/www.facebook.com/','','186.9.149.204',1376527566),(234242,0,'page not found','www.facebook.com','N;',4,'','http://www.guiadigital.gob.cl/www.facebook.com/','','186.9.149.204',1376527567),(234243,0,'page not found','www.facebook.com','N;',4,'','http://www.guiadigital.gob.cl/www.facebook.com/','','186.9.149.204',1376527568),(234244,0,'page not found','www.facebook.com','N;',4,'','http://www.guiadigital.gob.cl/www.facebook.com/','','186.9.149.204',1376527567),(234245,0,'page not found','www.facebook.com','N;',4,'','http://www.guiadigital.gob.cl/www.facebook.com/','','186.9.149.204',1376527568),(234246,0,'page not found','www.facebook.com','N;',4,'','http://www.guiadigital.gob.cl/www.facebook.com/','','186.9.149.204',1376527569),(234247,0,'page not found','www.facebook.com','N;',4,'','http://www.guiadigital.gob.cl/www.facebook.com/','','186.9.149.204',1376527569),(234248,0,'page not found','www.facebook.com','N;',4,'','http://www.guiadigital.gob.cl/www.facebook.com/','','186.9.149.204',1376527567),(234249,0,'page not found','www.facebook.com','N;',4,'','http://www.guiadigital.gob.cl/www.facebook.com/','','186.9.149.204',1376527568),(234250,0,'page not found','www.facebook.com','N;',4,'','http://www.guiadigital.gob.cl/www.facebook.com/','','186.9.149.204',1376527568),(234251,0,'page not found','www.facebook.com','N;',4,'','http://www.guiadigital.gob.cl/www.facebook.com/','','186.9.149.204',1376527567),(234252,0,'page not found','www.facebook.com','N;',4,'','http://www.guiadigital.gob.cl/www.facebook.com/','','186.9.149.204',1376527569),(234253,0,'page not found','www.facebook.com','N;',4,'','http://www.guiadigital.gob.cl/www.facebook.com/','','186.9.149.204',1376527568),(234254,0,'page not found','www.facebook.com','N;',4,'','http://www.guiadigital.gob.cl/www.facebook.com/','','186.9.149.204',1376527569),(234255,0,'page not found','www.facebook.com','N;',4,'','http://www.guiadigital.gob.cl/www.facebook.com/','','186.9.149.204',1376527569),(234256,0,'page not found','www.facebook.com','N;',4,'','http://www.guiadigital.gob.cl/www.facebook.com/','-->\">\'>\'\"<vvv000528v304262>','186.9.149.204',1376527568),(234257,0,'page not found','www.facebook.com','N;',4,'','http://www.guiadigital.gob.cl/www.facebook.com/','','186.9.149.204',1376527567),(234258,0,'page not found','www.facebook.com','N;',4,'','http://www.guiadigital.gob.cl/www.facebook.com/','','186.9.149.204',1376527569),(234259,0,'page not found','www.facebook.com','N;',4,'','http://www.guiadigital.gob.cl/www.facebook.com/','','186.9.149.204',1376527568),(234260,0,'page not found','www.facebook.com','N;',4,'','http://www.guiadigital.gob.cl/www.facebook.com/','','186.9.149.204',1376527568),(234261,0,'page not found','www.facebook.com','N;',4,'','http://www.guiadigital.gob.cl/www.facebook.com/','','186.9.149.204',1376527568),(234262,0,'page not found','www.facebook.com','N;',4,'','http://www.guiadigital.gob.cl/www.facebook.com/','','186.9.149.204',1376527568),(234263,0,'page not found','www.facebook.com','N;',4,'','http://www.guiadigital.gob.cl/www.facebook.com/','','186.9.149.204',1376527569),(234264,0,'page not found','www.facebook.com','N;',4,'','http://www.guiadigital.gob.cl/www.facebook.com/','','186.9.149.204',1376527567),(234265,0,'page not found','www.facebook.com','N;',4,'','http://www.guiadigital.gob.cl/www.facebook.com/','','186.9.149.204',1376527568),(234266,0,'page not found','www.facebook.com','N;',4,'','http://www.guiadigital.gob.cl/www.facebook.com/','','186.9.149.204',1376527566),(234267,0,'page not found','www.facebook.com','N;',4,'','http://www.guiadigital.gob.cl/www.facebook.com/','','186.9.149.204',1376527567),(234268,0,'page not found','www.facebook.com','N;',4,'','http://www.guiadigital.gob.cl/www.facebook.com/','','186.9.149.204',1376527568),(234269,0,'page not found','www.facebook.com','N;',4,'','http://www.guiadigital.gob.cl/www.facebook.com/','','186.9.149.204',1376527568),(234270,0,'page not found','www.facebook.com','N;',4,'','http://www.guiadigital.gob.cl/www.facebook.com/','','186.9.149.204',1376527569),(234271,0,'page not found','www.facebook.com','N;',4,'','http://www.guiadigital.gob.cl/www.facebook.com/','','186.9.149.204',1376527569),(234272,0,'page not found','www.facebook.com','N;',4,'','http://www.guiadigital.gob.cl/www.facebook.com/','','186.9.149.204',1376527568),(234273,0,'page not found','www.facebook.com','N;',4,'','http://www.guiadigital.gob.cl/www.facebook.com/','','186.9.149.204',1376527567),(234274,0,'page not found','www.facebook.com','N;',4,'','http://www.guiadigital.gob.cl/www.facebook.com/','','186.9.149.204',1376527567),(234275,0,'page not found','www.facebook.com','N;',4,'','http://www.guiadigital.gob.cl/www.facebook.com/','','186.9.149.204',1376527572),(234276,0,'page not found','www.facebook.com','N;',4,'','http://www.guiadigital.gob.cl/www.facebook.com/','','186.9.149.204',1376527567),(234277,0,'page not found','www.facebook.com','N;',4,'','http://www.guiadigital.gob.cl/www.facebook.com/','','186.9.149.204',1376527568),(234278,0,'page not found','www.facebook.com','N;',4,'','http://www.guiadigital.gob.cl/www.facebook.com/','','186.9.149.204',1376527566),(234279,0,'page not found','www.facebook.com','N;',4,'','http://www.guiadigital.gob.cl/www.facebook.com/','','186.9.149.204',1376527567),(234280,0,'page not found','www.facebook.com','N;',4,'','http://www.guiadigital.gob.cl/www.facebook.com/','','186.9.149.204',1376527572),(234281,0,'page not found','www.facebook.com','N;',4,'','http://www.guiadigital.gob.cl/www.facebook.com/','','186.9.149.204',1376527568),(234282,0,'page not found','www.facebook.com','N;',4,'','http://www.guiadigital.gob.cl/www.facebook.com/','','186.9.149.204',1376527569),(234283,0,'page not found','www.facebook.com','N;',4,'','http://www.guiadigital.gob.cl/www.facebook.com/','','186.9.149.204',1376527568),(234284,0,'page not found','www.facebook.com','N;',4,'','http://www.guiadigital.gob.cl/www.facebook.com/','','186.9.149.204',1376527569),(234285,0,'page not found','www.facebook.com','N;',4,'','http://www.guiadigital.gob.cl/www.facebook.com/','','186.9.149.204',1376527566),(234286,0,'page not found','www.facebook.com','N;',4,'','http://www.guiadigital.gob.cl/www.facebook.com/','','186.9.149.204',1376527578),(234287,0,'page not found','www.facebook.com','N;',4,'','http://www.guiadigital.gob.cl/www.facebook.com/','','186.9.149.204',1376527578),(234288,0,'page not found','www.facebook.com','N;',4,'','http://www.guiadigital.gob.cl/www.facebook.com/','','186.9.149.204',1376527578),(234289,0,'page not found','www.facebook.com','N;',4,'','http://www.guiadigital.gob.cl/www.facebook.com/','','186.9.149.204',1376527579),(234290,0,'page not found','www.facebook.com','N;',4,'','http://www.guiadigital.gob.cl/www.facebook.com/','','186.9.149.204',1376527579),(234291,0,'page not found','www.facebook.com','N;',4,'','http://www.guiadigital.gob.cl/www.facebook.com/','','186.9.149.204',1376527579),(234292,0,'page not found','www.facebook.com','N;',4,'','http://www.guiadigital.gob.cl/www.facebook.com/','vega\'\"','186.9.149.204',1376527579),(234293,0,'page not found','www.facebook.com','N;',4,'','http://www.guiadigital.gob.cl/www.facebook.com/','','186.9.149.204',1376527579),(234294,0,'page not found','www.facebook.com','N;',4,'','http://www.guiadigital.gob.cl/www.facebook.com/','vega\\\\\'\\\\\"','186.9.149.204',1376527579),(234295,0,'page not found','www.facebook.com','N;',4,'','http://www.guiadigital.gob.cl/www.facebook.com/','','186.9.149.204',1376527579),(234296,0,'page not found','www.facebook.com','N;',4,'','http://www.guiadigital.gob.cl/www.facebook.com/','','186.9.149.204',1376527578),(234297,0,'page not found','www.facebook.com','N;',4,'','http://www.guiadigital.gob.cl/www.facebook.com/','vega\\\'\\\"','186.9.149.204',1376527579),(234298,0,'page not found','www.facebook.com','N;',4,'','http://www.guiadigital.gob.cl/www.facebook.com/','','186.9.149.204',1376527579),(234299,0,'page not found','www.facebook.com','N;',4,'','http://www.guiadigital.gob.cl/www.facebook.com/','','186.9.149.204',1376527579),(234300,0,'page not found','www.facebook.com','N;',4,'','http://www.guiadigital.gob.cl/www.facebook.com/','','186.9.149.204',1376527579),(234301,0,'page not found','webform','N;',4,'','http://www.guiadigital.gob.cl/webform/','','186.9.149.204',1376527579),(234302,0,'page not found','webform','N;',4,'','http://www.guiadigital.gob.cl/webform/','','186.9.149.204',1376527579),(234303,0,'page not found','webform','N;',4,'','http://www.guiadigital.gob.cl/webform/','','186.9.149.204',1376527580),(234304,0,'page not found','webform','N;',4,'','http://www.guiadigital.gob.cl/webform/','','186.9.149.204',1376527580),(234305,0,'page not found','webform','N;',4,'','http://www.guiadigital.gob.cl/webform/','','186.9.149.204',1376527580),(234306,0,'page not found','webform','N;',4,'','http://www.guiadigital.gob.cl/webform/','','186.9.149.204',1376527580),(234307,0,'page not found','webform','N;',4,'','http://www.guiadigital.gob.cl/webform/','','186.9.149.204',1376527580),(234308,0,'page not found','webform','N;',4,'','http://www.guiadigital.gob.cl/webform/','','186.9.149.204',1376527580),(234309,0,'page not found','www.facebook.com','N;',4,'','http://www.guiadigital.gob.cl/www.facebook.com/','','186.9.149.204',1376527580),(234310,0,'page not found','www.facebook.com','N;',4,'','http://www.guiadigital.gob.cl/www.facebook.com/','','186.9.149.204',1376527580),(234311,0,'page not found','webform','N;',4,'','http://www.guiadigital.gob.cl/webform/','','186.9.149.204',1376527580),(234312,0,'page not found','webform','N;',4,'','http://www.guiadigital.gob.cl/webform/','','186.9.149.204',1376527580),(234313,0,'page not found','webform','N;',4,'','http://www.guiadigital.gob.cl/webform/','','186.9.149.204',1376527580),(234314,0,'page not found','webform','N;',4,'','http://www.guiadigital.gob.cl/webform/','','186.9.149.204',1376527580),(234315,0,'page not found','webform','N;',4,'','http://www.guiadigital.gob.cl/webform/','','186.9.149.204',1376527580),(234316,0,'page not found','webform','N;',4,'','http://www.guiadigital.gob.cl/webform/','','186.9.149.204',1376527580),(234317,0,'page not found','webform','N;',4,'','http://www.guiadigital.gob.cl/webform/','','186.9.149.204',1376527580),(234318,0,'page not found','www.facebook.com','N;',4,'','http://www.guiadigital.gob.cl/www.facebook.com/','','186.9.149.204',1376527580),(234319,0,'page not found','webform/vega&gt;&#039;&gt;&quot;&gt;&lt;/vega&gt;&lt;vega&gt;','N;',4,'','http://www.guiadigital.gob.cl/webform/vega>\'>\"></vega><vega>','','186.9.149.204',1376527583),(234320,0,'page not found','webform/crossdomain.xml','N;',4,'','http://www.guiadigital.gob.cl/webform/crossdomain.xml','','186.9.149.204',1376527583),(234321,0,'page not found','webform/javascript:vvv000552v304262','N;',4,'','http://www.guiadigital.gob.cl/webform/javascript:vvv000552v304262','','186.9.149.204',1376527583),(234322,0,'page not found','webform/vbscript:vvv000553v304262','N;',4,'','http://www.guiadigital.gob.cl/webform/vbscript:vvv000553v304262','','186.9.149.204',1376527583),(234323,0,'page not found','webform/&lt;/textarea&gt;--&gt;&quot;&gt;&#039;&gt;&#039;&quot;&lt;vvv000546v304262&gt;','N;',4,'','http://www.guiadigital.gob.cl/webform/</textarea>-->\">\'>\'\"<vvv000546v304262>','','186.9.149.204',1376527583),(234324,0,'page not found','webform/--&gt;&quot;&gt;&#039;&gt;&#039;&quot;&lt;vvv000544v304262&gt;','N;',4,'','http://www.guiadigital.gob.cl/webform/-->\">\'>\'\"<vvv000544v304262>','-->\">\'>\'\"<vvv000544v304262>','186.9.149.204',1376527583),(234325,0,'page not found','webform/\n --&gt;&quot;&gt;&#039;&gt;&#039;&quot;&lt;vvv000549v304262&gt;','N;',4,'','http://www.guiadigital.gob.cl/webform/%0A%20-->\">\'>\'\"<vvv000549v304262>','','186.9.149.204',1376527583),(234326,0,'page not found','webform/vega&gt;&#039;&gt;&quot;&gt;&lt;vega&gt;&lt;/vega&gt;','N;',4,'','http://www.guiadigital.gob.cl/webform/vega>\'>\"><vega></vega>','','186.9.149.204',1376527583),(234327,0,'page not found','webform/&quot; src=--&gt;&quot;&gt;&#039;&gt;&#039;&quot;&lt;vvv000547v304262&gt;','N;',4,'','http://www.guiadigital.gob.cl/webform/\"%20src%3D-->\">\'>\'\"<vvv000547v304262>','','186.9.149.204',1376527583),(234328,0,'page not found','webform/&quot; onMouseOver=vvv000554v304262','N;',4,'','http://www.guiadigital.gob.cl/webform/\"%20onMouseOver%3Dvvv000554v304262','','186.9.149.204',1376527583),(234329,0,'page not found','webform/&#039; --&gt;&quot;&gt;&#039;&gt;&#039;&quot;&lt;vvv000551v304262&gt;','N;',4,'','http://www.guiadigital.gob.cl/webform/\'%20-->\">\'>\'\"<vvv000551v304262>','','186.9.149.204',1376527583),(234330,0,'page not found','webform/*/ --&gt;&quot;&gt;&#039;&gt;&#039;&quot;&lt;vvv000550v304262&gt;','N;',4,'','http://www.guiadigital.gob.cl/webform/*/%20-->\">\'>\'\"<vvv000550v304262>','','186.9.149.204',1376527583),(234331,0,'page not found','webform/&quot; style=vvv000555v304262','N;',4,'','http://www.guiadigital.gob.cl/webform/\"%20style%3Dvvv000555v304262','','186.9.149.204',1376527583),(234332,0,'page not found','webform/ src=--&gt;&quot;&gt;&#039;&gt;&#039;&quot;&lt;vvv000548v304262&gt;','N;',4,'','http://www.guiadigital.gob.cl/webform/%20src%3D-->\">\'>\'\"<vvv000548v304262>','','186.9.149.204',1376527583),(234333,0,'page not found','webform/&#039; onMouseOver=vvv000556v304262','N;',4,'','http://www.guiadigital.gob.cl/webform/\'%20onMouseOver%3Dvvv000556v304262','','186.9.149.204',1376527584),(234334,0,'page not found','webform/&#039; style=vvv000557v304262','N;',4,'','http://www.guiadigital.gob.cl/webform/\'%20style%3Dvvv000557v304262','','186.9.149.204',1376527584),(234335,0,'page not found','webform/&quot; --&gt;&quot;&gt;&#039;&gt;&#039;&quot;&lt;vvv000558v304262&gt;','N;',4,'','http://www.guiadigital.gob.cl/webform/\"%20-->\">\'>\'\"<vvv000558v304262>','','186.9.149.204',1376527585),(234336,0,'page not found','webform/&#039; --&gt;&quot;&gt;&#039;&gt;&#039;&quot;&lt;vvv000559v304262&gt;','N;',4,'','http://www.guiadigital.gob.cl/webform/\'%20-->\">\'>\'\"<vvv000559v304262>','','186.9.149.204',1376527585),(234337,0,'page not found','webform/&quot;`uname`&quot;','N;',4,'','http://www.guiadigital.gob.cl/webform/\"`uname`\"','','186.9.149.204',1376527585),(234338,0,'page not found','webform/`true`','N;',4,'','http://www.guiadigital.gob.cl/webform/`true`','','186.9.149.204',1376527585),(234339,0,'page not found','webform/`false`','N;',4,'','http://www.guiadigital.gob.cl/webform/`false`','','186.9.149.204',1376527585),(234340,0,'page not found','webform/&quot;`true`&quot;','N;',4,'','http://www.guiadigital.gob.cl/webform/\"`true`\"','','186.9.149.204',1376527585),(234341,0,'page not found','webform/&quot;`false`&quot;','N;',4,'','http://www.guiadigital.gob.cl/webform/\"`false`\"','','186.9.149.204',1376527585),(234342,0,'page not found','webform/&#039;true&#039;','N;',4,'','http://www.guiadigital.gob.cl/webform/\'true\'','','186.9.149.204',1376527585),(234343,0,'page not found','webform/`uname`','N;',4,'','http://www.guiadigital.gob.cl/webform/`uname`','','186.9.149.204',1376527585),(234344,0,'page not found','webform/&#039;false&#039;','N;',4,'','http://www.guiadigital.gob.cl/webform/\'false\'','','186.9.149.204',1376527585),(234345,0,'page not found','webform/&#039;uname&#039;','N;',4,'','http://www.guiadigital.gob.cl/webform/\'uname\'','','186.9.149.204',1376527586),(234346,0,'page not found','webform/http://vega.invalid/;','N;',4,'','http://www.guiadigital.gob.cl/webform/http://vega.invalid/%3B?','','186.9.149.204',1376527586),(234347,0,'page not found','webform//vega.invalid/;','N;',4,'','http://www.guiadigital.gob.cl/webform//vega.invalid/%3B?','','186.9.149.204',1376527586),(234348,0,'page not found','webform/vega://invalid/;','N;',4,'','http://www.guiadigital.gob.cl/webform/vega://invalid/%3B?','','186.9.149.204',1376527586),(234349,0,'page not found','webform/ src=http://vega.invalid/;','N;',4,'','http://www.guiadigital.gob.cl/webform/%20src%3Dhttp://vega.invalid/%3B?','','186.9.149.204',1376527586),(234350,0,'page not found','guia-v2/capitulos/01/decretos.htm','N;',4,'','http://www.guiadigital.gob.cl/guia-v2/capitulos/01/decretos.htm','http://w7app.mineduc.cl/valida/valida_lic','190.46.2.99',1376529650),(234351,0,'page not found','styles/main.css','N;',4,'','http://www.guiadigital.gob.cl/styles/main.css','http://www.guiadigital.gob.cl/guia/capitulos/dos/navegacion.htm','190.156.97.232',1376532316),(234352,0,'page not found','scripts/uifunctions.js','N;',4,'','http://www.guiadigital.gob.cl/scripts/uifunctions.js','http://www.guiadigital.gob.cl/guia/capitulos/dos/navegacion.htm','190.156.97.232',1376532316),(234353,0,'page not found','styles/print.css','N;',4,'','http://www.guiadigital.gob.cl/styles/print.css','http://www.guiadigital.gob.cl/guia/capitulos/dos/navegacion.htm','190.156.97.232',1376532317),(234354,0,'page not found','favicon.ico','N;',4,'','http://www.guiadigital.gob.cl/favicon.ico','','190.156.97.232',1376532318),(234355,0,'access denied','user/register','N;',4,'','http://www.guiadigital.gob.cl/?q=user/register','http://www.guiadigital.gob.cl/indice-a-z','185.3.132.209',1376532693),(234356,0,'page not found','styles/main.css','N;',4,'','http://www.guiadigital.gob.cl/styles/main.css','','157.55.33.86',1376532958),(234357,0,'page not found','guia-v2/capitulos/01/decretos.htm','N;',4,'','http://www.guiadigital.gob.cl/guia-v2/capitulos/01/decretos.htm','http://www.ispch.cl/biomedicos','186.105.119.217',1376533060),(234358,0,'page not found','guia-v2/capitulos/01/decretos.htm','N;',4,'','http://www.guiadigital.gob.cl/guia-v2/capitulos/01/decretos.htm','','186.105.119.217',1376533925),(234359,0,'page not found','favicon.ico','N;',4,'','http://www.guiadigital.gob.cl/favicon.ico','','181.48.9.7',1376533931),(234360,0,'page not found','guia/glosario.htm','N;',4,'','http://www.guiadigital.gob.cl/guia/glosario.htm','','199.21.99.95',1376533935),(234361,0,'page not found','favicon.ico','N;',4,'','http://www.guiadigital.gob.cl/favicon.ico','','181.48.9.13',1376533945),(234362,0,'page not found','favicon.ico','N;',4,'','http://www.guiadigital.gob.cl/favicon.ico','','181.48.9.13',1376533946),(234363,0,'page not found','favicon.ico','N;',4,'','http://www.guiadigital.gob.cl/favicon.ico','','181.48.9.13',1376533948),(234364,0,'page not found','favicon.ico','N;',4,'','http://www.guiadigital.gob.cl/favicon.ico','','181.48.9.13',1376533948),(234365,0,'page not found','favicon.ico','N;',4,'','http://www.guiadigital.gob.cl/favicon.ico','','181.48.9.7',1376533996),(234366,0,'page not found','favicon.ico','N;',4,'','http://www.guiadigital.gob.cl/favicon.ico','','181.48.9.9',1376534031),(234367,0,'page not found','favicon.ico','N;',4,'','http://www.guiadigital.gob.cl/favicon.ico','','181.48.9.9',1376534032),(234368,0,'page not found','styles/main.css','N;',4,'','http://www.guiadigital.gob.cl/styles/main.css','','157.55.33.86',1376535048),(234369,0,'job_scheduler','Finished processing scheduled jobs (!time s, !total total, !failed failed).','a:3:{s:5:\"!time\";s:5:\"0 seg\";s:6:\"!total\";i:0;s:7:\"!failed\";i:0;}',5,'','http://www.guiadigital.gob.cl/','','209.85.238.56',1376535226),(234370,0,'cron','Attempting to re-run cron while it is already running.','a:0:{}',4,'','http://www.guiadigital.gob.cl/','','209.190.1.132',1376535235),(234371,0,'cron','Cron run completed.','a:0:{}',5,'','http://www.guiadigital.gob.cl/','','209.85.238.56',1376535226),(234372,0,'search','Searched %type for %keys.','a:2:{s:5:\"%keys\";s:15:\"peso de paginas\";s:5:\"%type\";s:7:\"Content\";}',5,'<a href=\"/search/node/peso%20de%20paginas\" class=\"active\">resultados</a>','http://www.guiadigital.gob.cl/search/node/peso%20de%20paginas','http://www.guiadigital.gob.cl/','186.47.245.139',1376539118),(234373,0,'search','Searched %type for %keys.','a:2:{s:5:\"%keys\";s:15:\"peso de paginas\";s:5:\"%type\";s:7:\"Content\";}',5,'<a href=\"/search/node/peso%20de%20paginas\" class=\"active\">resultados</a>','http://www.guiadigital.gob.cl/search/node/peso%20de%20paginas','http://www.guiadigital.gob.cl/','186.47.245.139',1376539123),(234374,0,'page not found','guia-v2/images/pic.tapa.baja.pdf.jpg','N;',4,'','http://www.guiadigital.gob.cl/guia-v2/images/pic.tapa.baja.pdf.jpg','','66.249.82.87',1376539715),(234375,0,'access denied','user/register','N;',4,'','http://www.guiadigital.gob.cl/?q=user/register','http://www.guiadigital.gob.cl/indice-a-z','151.237.189.235',1376540373),(234376,0,'page not found','guia-v2/capitulos/01/decretos.htm','N;',4,'','http://www.guiadigital.gob.cl/guia-v2/capitulos/01/decretos.htm','','186.105.119.217',1376542167),(234377,0,'page not found','guia-v2/capitulos/01/documentos.htm','N;',4,'','http://www.guiadigital.gob.cl/guia-v2/capitulos/01/documentos.htm','','180.76.5.142',1376542206),(234378,0,'access denied','user/register','N;',4,'','http://www.guiadigital.gob.cl/?q=user/register','http://www.guiadigital.gob.cl/indice-a-z','184.154.174.203',1376542246),(234379,0,'page not found','guia-v2/index.htm','N;',4,'','http://www.guiadigital.gob.cl/guia-v2/index.htm','','157.55.34.168',1376544480),(234380,0,'job_scheduler','Finished processing scheduled jobs (!time s, !total total, !failed failed).','a:3:{s:5:\"!time\";s:5:\"0 seg\";s:6:\"!total\";i:0;s:7:\"!failed\";i:0;}',5,'','http://www.guiadigital.gob.cl/','','209.85.238.56',1376546047),(234381,0,'cron','Cron run completed.','a:0:{}',5,'','http://www.guiadigital.gob.cl/','','209.85.238.56',1376546047),(234382,0,'page not found','copyright.php','N;',4,'','http://www.guiadigital.gob.cl/copyright.php','','5.10.83.18',1376547600),(234383,0,'page not found','articulo/presencia-en-internet/trackback','N;',4,'','http://www.guiadigital.gob.cl/articulo/presencia-en-internet/trackback/','http://www.guiadigital.gob.cl/articulo/presencia-en-internet','208.110.71.50',1376547970),(234384,0,'access denied','user/register','N;',4,'','http://www.guiadigital.gob.cl/?q=user/register','http://www.guiadigital.gob.cl/indice-a-z','46.4.227.157',1376548767),(234385,0,'page not found','guia/index.htm','N;',4,'','http://www.guiadigital.gob.cl/guia/index.htm','','157.55.32.225',1376548838),(234386,0,'page not found','guia-v2/capitulos/01/decretos.htm','N;',4,'','http://www.guiadigital.gob.cl/guia-v2/capitulos/01/decretos.htm','http://www.comunidadescolar.cl/noticias/noticias_2013_07_22.html','190.22.18.209',1376549919),(234387,0,'page not found','guia-v2/capitulos/01/decretos.htm','N;',4,'','http://www.guiadigital.gob.cl/guia-v2/capitulos/01/decretos.htm','http://www.comunidadescolar.cl/noticias/noticias_2013_07_22.html','190.22.18.209',1376549920),(234388,0,'page not found','guia-v2/capitulos/01/decretos.htm','N;',4,'','http://www.guiadigital.gob.cl/guia-v2/capitulos/01/decretos.htm','http://www.comunidadescolar.cl/noticias/noticias_2013_07_22.html','190.22.18.209',1376549921),(234389,0,'access denied','user/register','N;',4,'','http://www.guiadigital.gob.cl/?q=user/register','http://www.guiadigital.gob.cl/indice-a-z','78.46.70.94',1376550419),(234390,0,'page not found','guia-v2/capitulos/03/images/fig.017.htm','N;',4,'','http://www.guiadigital.gob.cl/guia-v2/capitulos/03/images/fig.017.htm','','66.249.73.215',1376550801),(234391,0,'page not found','guia-v2/capitulos/02/capitulo-dos.htm','N;',4,'','http://www.guiadigital.gob.cl/guia-v2/capitulos/02/capitulo-dos.htm','','180.76.5.27',1376555288),(234392,0,'page not found','guia-v2/capitulos/01/documentos.htm','N;',4,'','http://www.guiadigital.gob.cl/guia-v2/capitulos/01/documentos.htm','','66.249.73.215',1376555897),(234393,0,'page not found','guia-v2/index.htm','N;',4,'','http://www.guiadigital.gob.cl/guia-v2/index.htm','','66.249.73.215',1376556062),(234394,0,'page not found','guia-v2/capitulos/01/capitulo-uno.htm','N;',4,'','http://www.guiadigital.gob.cl/guia-v2/capitulos/01/capitulo-uno.htm','','66.249.73.215',1376556339),(234395,0,'job_scheduler','Finished processing scheduled jobs (!time s, !total total, !failed failed).','a:3:{s:5:\"!time\";s:5:\"0 seg\";s:6:\"!total\";i:0;s:7:\"!failed\";i:0;}',5,'','http://www.guiadigital.gob.cl/','','209.85.238.56',1376556866),(234396,0,'cron','Cron run completed.','a:0:{}',5,'','http://www.guiadigital.gob.cl/','','209.85.238.56',1376556866),(234397,0,'page not found','guia-v2/capitulos/05/usabilidad.htm','N;',4,'','http://www.guiadigital.gob.cl/guia-v2/capitulos/05/usabilidad.htm','','178.255.215.90',1376557127),(234398,0,'access denied','user/register','N;',4,'','http://www.guiadigital.gob.cl/?q=user/register','http://www.guiadigital.gob.cl/indice-a-z','222.124.15.123',1376559157),(234399,0,'page not found','guia-v2/index.htm','N;',4,'','http://www.guiadigital.gob.cl/guia-v2/index.htm','','208.80.194.120',1376559320),(234400,0,'page not found','index.htm','N;',4,'','http://www.guiadigital.gob.cl/index.htm','','208.80.194.120',1376559320),(234401,0,'page not found','guia-v2/images/pic.tapa.baja.pdf.jpg','N;',4,'','http://www.guiadigital.gob.cl/guia-v2/images/pic.tapa.baja.pdf.jpg','','66.249.82.87',1376560799),(234402,0,'page not found','guia-v2/images/pic.tapa.baja.pdf.jpg','N;',4,'','http://www.guiadigital.gob.cl/guia-v2/images/pic.tapa.baja.pdf.jpg','','66.249.82.87',1376560887),(234403,0,'page not found','articulo/decretos-supremos#ds100','N;',4,'','http://www.guiadigital.gob.cl/articulo/decretos-supremos#ds100','','186.104.182.125',1376561794),(234404,0,'page not found','articulo/decretos-supremos#ds100','N;',4,'','http://www.guiadigital.gob.cl/articulo/decretos-supremos#ds100','','186.104.182.125',1376561851),(234405,0,'page not found','guia-v2/capitulos/01/decretos.htm','N;',4,'','http://www.guiadigital.gob.cl/guia-v2/capitulos/01/decretos.htm','','186.104.182.125',1376561895),(234406,0,'page not found','guia-v2/capitulos/01/decre','N;',4,'','http://www.guiadigital.gob.cl/guia-v2/capitulos/01/decre','','186.104.182.125',1376563054),(234407,0,'page not found','articulo/#main-content','N;',4,'','http://www.guiadigital.gob.cl/articulo/#main-content','','186.104.182.125',1376563418),(234408,0,'page not found','articulo','N;',4,'','http://www.guiadigital.gob.cl/articulo//','','186.104.182.125',1376563419),(234409,0,'page not found','articulo//guia-web','N;',4,'','http://www.guiadigital.gob.cl/articulo//guia-web','','186.104.182.125',1376563420),(234410,0,'page not found','articulo//perfil-profesional','N;',4,'','http://www.guiadigital.gob.cl/articulo//perfil-profesional','','186.104.182.125',1376563420),(234411,0,'page not found','articulo//jefe-de-area','N;',4,'','http://www.guiadigital.gob.cl/articulo//jefe-de-area','','186.104.182.125',1376563420),(234412,0,'page not found','articulo//jefe-de-proyecto','N;',4,'','http://www.guiadigital.gob.cl/articulo//jefe-de-proyecto','','186.104.182.125',1376563421),(234413,0,'page not found','articulo//disenador','N;',4,'','http://www.guiadigital.gob.cl/articulo//disenador','','186.104.182.125',1376563421),(234414,0,'page not found','articulo//desarrollador-frontend','N;',4,'','http://www.guiadigital.gob.cl/articulo//desarrollador-frontend','','186.104.182.125',1376563422),(234415,0,'page not found','articulo//editor-de-contenidos','N;',4,'','http://www.guiadigital.gob.cl/articulo//editor-de-contenidos','','186.104.182.125',1376563423),(234416,0,'page not found','articulo//desarrollador-backend','N;',4,'','http://www.guiadigital.gob.cl/articulo//desarrollador-backend','','186.104.182.125',1376563423),(234417,0,'page not found','articulo//arquitecto-de-informacion','N;',4,'','http://www.guiadigital.gob.cl/articulo//arquitecto-de-informacion','','186.104.182.125',1376563424),(234418,0,'page not found','articulo//control-de-calidad-0','N;',4,'','http://www.guiadigital.gob.cl/articulo//control-de-calidad-0','','186.104.182.125',1376563424),(234419,0,'page not found','articulo//gestor-de-redes-sociales','N;',4,'','http://www.guiadigital.gob.cl/articulo//gestor-de-redes-sociales','','186.104.182.125',1376563425),(234420,0,'page not found','articulo//gestion-de-proyecto','N;',4,'','http://www.guiadigital.gob.cl/articulo//gestion-de-proyecto','','186.104.182.125',1376563425),(234421,0,'page not found','articulo//planificacion','N;',4,'','http://www.guiadigital.gob.cl/articulo//planificacion','','186.104.182.125',1376563426),(234422,0,'page not found','articulo//arquitectura-de-informacion','N;',4,'','http://www.guiadigital.gob.cl/articulo//arquitectura-de-informacion','','186.104.182.125',1376563427),(234423,0,'page not found','articulo//usabilidad-y-diseno','N;',4,'','http://www.guiadigital.gob.cl/articulo//usabilidad-y-diseno','','186.104.182.125',1376563428),(234424,0,'page not found','articulo//gestion-de-contenido','N;',4,'','http://www.guiadigital.gob.cl/articulo//gestion-de-contenido','','186.104.182.125',1376563429),(234425,0,'page not found','articulo//accesibilidad','N;',4,'','http://www.guiadigital.gob.cl/articulo//accesibilidad','','186.104.182.125',1376563429),(234426,0,'page not found','articulo//encontrabilidad','N;',4,'','http://www.guiadigital.gob.cl/articulo//encontrabilidad','','186.104.182.125',1376563429),(234427,0,'page not found','articulo//puesta-en-marcha','N;',4,'','http://www.guiadigital.gob.cl/articulo//puesta-en-marcha','','186.104.182.125',1376563430),(234428,0,'page not found','articulo//metricas','N;',4,'','http://www.guiadigital.gob.cl/articulo//metricas','','186.104.182.125',1376563430),(234429,0,'page not found','articulo//normativa-y-estandares','N;',4,'','http://www.guiadigital.gob.cl/articulo//normativa-y-estandares','','186.104.182.125',1376563431),(234430,0,'page not found','articulo//buenas-practicas','N;',4,'','http://www.guiadigital.gob.cl/articulo//buenas-practicas','','186.104.182.125',1376563431),(234431,0,'page not found','articulo//control-de-calidad','N;',4,'','http://www.guiadigital.gob.cl/articulo//control-de-calidad','','186.104.182.125',1376563431),(234432,0,'page not found','articulo//desarrollo','N;',4,'','http://www.guiadigital.gob.cl/articulo//desarrollo','','186.104.182.125',1376563432),(234433,0,'page not found','articulo//gestion-de-crisis','N;',4,'','http://www.guiadigital.gob.cl/articulo//gestion-de-crisis','','186.104.182.125',1376563432),(234434,0,'page not found','articulo//ciclos-del-proyecto','N;',4,'','http://www.guiadigital.gob.cl/articulo//ciclos-del-proyecto','','186.104.182.125',1376563434),(234435,0,'page not found','articulo//nuevo-sitio','N;',4,'','http://www.guiadigital.gob.cl/articulo//nuevo-sitio','','186.104.182.125',1376563435),(234436,0,'page not found','articulo//rediseno','N;',4,'','http://www.guiadigital.gob.cl/articulo//rediseno','','186.104.182.125',1376563435),(234437,0,'page not found','articulo//cumplimiento-de-normativa','N;',4,'','http://www.guiadigital.gob.cl/articulo//cumplimiento-de-normativa','','186.104.182.125',1376563435),(234438,0,'page not found','articulo//nuevas-funcionalidades','N;',4,'','http://www.guiadigital.gob.cl/articulo//nuevas-funcionalidades','','186.104.182.125',1376563435),(234439,0,'page not found','articulo//migracion-de-plataforma','N;',4,'','http://www.guiadigital.gob.cl/articulo//migracion-de-plataforma','','186.104.182.125',1376563436),(234440,0,'page not found','articulo//plataformas-sociales','N;',4,'','http://www.guiadigital.gob.cl/articulo//plataformas-sociales','','186.104.182.125',1376563436),(234441,0,'page not found','articulo//atencion-ciudadana','N;',4,'','http://www.guiadigital.gob.cl/articulo//atencion-ciudadana','','186.104.182.125',1376563436),(234442,0,'page not found','articulo//recursos-tecnologicos','N;',4,'','http://www.guiadigital.gob.cl/articulo//recursos-tecnologicos','','186.104.182.125',1376563437),(234443,0,'page not found','articulo//biblioteca-de-recursos','N;',4,'','http://www.guiadigital.gob.cl/articulo//biblioteca-de-recursos','','186.104.182.125',1376563437),(234444,0,'page not found','articulo//directorio-de-recursos','N;',4,'','http://www.guiadigital.gob.cl/articulo//directorio-de-recursos','','186.104.182.125',1376563438),(234445,0,'page not found','articulo//documentos-oficiales','N;',4,'','http://www.guiadigital.gob.cl/articulo//documentos-oficiales','','186.104.182.125',1376563438),(234446,0,'page not found','articulo//biblioteca-de-recursos-seguridad','N;',4,'','http://www.guiadigital.gob.cl/articulo//biblioteca-de-recursos-seguridad','','186.104.182.125',1376563439),(234447,0,'page not found','articulo//indice-a-z','N;',4,'','http://www.guiadigital.gob.cl/articulo//indice-a-z','','186.104.182.125',1376563439),(234448,0,'page not found','articulo//glosario','N;',4,'','http://www.guiadigital.gob.cl/articulo//glosario','','186.104.182.125',1376563440),(234449,0,'page not found','articulo//recurso-documento/instructivo-presidencial-sobre-digitalizacion-de-tramites-publicos-no-02-2012','N;',4,'','http://www.guiadigital.gob.cl/articulo//recurso-documento/instructivo-presidencial-sobre-digitalizacion-de-tramites-publicos-no-02-2012','','186.104.182.125',1376563441),(234450,0,'page not found','articulo//recurso-documento/plan-estrategico-de-gobierno-electronico-2011-2014','N;',4,'','http://www.guiadigital.gob.cl/articulo//recurso-documento/plan-estrategico-de-gobierno-electronico-2011-2014','','186.104.182.125',1376563441),(234451,0,'page not found','articulo//recurso-documento/instructivo-presidencial-de-participacion-ciudadana-ndeg-002-2011','N;',4,'','http://www.guiadigital.gob.cl/articulo//recurso-documento/instructivo-presidencial-de-participacion-ciudadana-ndeg-002-2011','','186.104.182.125',1376563442),(234452,0,'page not found','articulo//articulo/decretos-supremos','N;',4,'','http://www.guiadigital.gob.cl/articulo//articulo/decretos-supremos','','186.104.182.125',1376563445),(234453,0,'page not found','articulo//webform/ayudanos-mejorar-el-contenido','N;',4,'','http://www.guiadigital.gob.cl/articulo//webform/ayudanos-mejorar-el-contenido','','186.104.182.125',1376563445),(234454,0,'page not found','articulo//articulo/sobre-redes-sociales-en-chile','N;',4,'','http://www.guiadigital.gob.cl/articulo//articulo/sobre-redes-sociales-en-chile','','186.104.182.125',1376563446),(234455,0,'page not found','articulo//articulo/sobre-la-normativa-web-en-chile','N;',4,'','http://www.guiadigital.gob.cl/articulo//articulo/sobre-la-normativa-web-en-chile','','186.104.182.125',1376563447),(234456,0,'page not found','articulo/#ribbon-top','N;',4,'','http://www.guiadigital.gob.cl/articulo/#ribbon-top','','186.104.182.125',1376563449),(234457,0,'access denied','user/register','N;',4,'','http://www.guiadigital.gob.cl/?q=user/register','http://www.guiadigital.gob.cl/indice-a-z','151.237.177.23',1376565177),(234458,0,'access denied','user/register','N;',4,'','http://www.guiadigital.gob.cl/?q=user/register','http://www.guiadigital.gob.cl/indice-a-z','46.4.227.157',1376565233),(234459,0,'access denied','user/register','N;',4,'','http://www.guiadigital.gob.cl/?q=user/register','http://www.guiadigital.gob.cl/indice-a-z','5.39.43.64',1376565919),(234460,0,'job_scheduler','Finished processing scheduled jobs (!time s, !total total, !failed failed).','a:3:{s:5:\"!time\";s:5:\"0 seg\";s:6:\"!total\";i:0;s:7:\"!failed\";i:0;}',5,'','http://www.guiadigital.gob.cl/','','163.247.70.56',1376567748),(234461,0,'cron','Cron run completed.','a:0:{}',5,'','http://www.guiadigital.gob.cl/','','163.247.70.56',1376567748),(234462,0,'page not found','guia-v2/capitulos/03/images/fig.017.htm','N;',4,'','http://www.guiadigital.gob.cl/guia-v2/capitulos/03/images/fig.017.htm','','157.56.93.84',1376568810),(234463,0,'page not found','guia-v2/capitulos/05/anexos/pauta-test-usuario.pdf&amp;q=Sitios para mirar modelos&amp;sa=X&amp;ei=ldz2T8W3NsqR-wak67XUBg&amp;ved=0CBgQFjAB','N;',4,'','http://www.guiadigital.gob.cl/guia-v2/capitulos/05/anexos/pauta-test-usuario.pdf&q=Sitios+para+mirar+modelos&sa=X&ei=ldz2T8W3NsqR-wak67XUBg&ved=0CBgQFjAB','','157.55.33.86',1376568970),(234464,0,'access denied','user/register','N;',4,'','http://www.guiadigital.gob.cl/?q=user/register','http://www.guiadigital.gob.cl/indice-a-z','178.33.250.224',1376570147),(234465,0,'access denied','user/register','N;',4,'','http://www.guiadigital.gob.cl/?q=user/register','http://www.guiadigital.gob.cl/indice-a-z','5.199.166.18',1376570355),(234466,0,'page not found','styles/print.css','N;',4,'','http://www.guiadigital.gob.cl/styles/print.css','http://www.guiadigital.gob.cl/guia/capitulos/dos/navegacion.htm','201.225.165.29',1376575093),(234467,0,'page not found','styles/main.css','N;',4,'','http://www.guiadigital.gob.cl/styles/main.css','http://www.guiadigital.gob.cl/guia/capitulos/dos/navegacion.htm','201.225.165.29',1376575093),(234468,0,'page not found','scripts/uifunctions.js','N;',4,'','http://www.guiadigital.gob.cl/scripts/uifunctions.js','http://www.guiadigital.gob.cl/guia/capitulos/dos/navegacion.htm','201.225.165.29',1376575093),(234469,0,'page not found','favicon.ico','N;',4,'','http://www.guiadigital.gob.cl/favicon.ico','','201.225.165.29',1376575095),(234470,0,'page not found','favicon.ico','N;',4,'','http://www.guiadigital.gob.cl/favicon.ico','','201.225.165.29',1376575096),(234471,0,'page not found','styles/main.css','N;',4,'','http://www.guiadigital.gob.cl/styles/main.css','http://www.guiadigital.gob.cl/guia/capitulos/tres/index.htm','190.187.112.3',1376575512),(234472,0,'page not found','scripts/uifunctions.js','N;',4,'','http://www.guiadigital.gob.cl/scripts/uifunctions.js','http://www.guiadigital.gob.cl/guia/capitulos/tres/index.htm','190.187.112.3',1376575512),(234473,0,'page not found','styles/print.css','N;',4,'','http://www.guiadigital.gob.cl/styles/print.css','http://www.guiadigital.gob.cl/guia/capitulos/tres/index.htm','190.187.112.3',1376575513),(234474,0,'page not found','favicon.ico','N;',4,'','http://www.guiadigital.gob.cl/favicon.ico','','190.187.112.3',1376575515),(234475,0,'access denied','user/register','N;',4,'','http://www.guiadigital.gob.cl/?q=user/register','http://www.guiadigital.gob.cl/indice-a-z','151.237.177.130',1376576677),(234476,0,'access denied','user/register','N;',4,'','http://www.guiadigital.gob.cl/?q=user/register','http://www.guiadigital.gob.cl/indice-a-z','173.0.59.168',1376576953),(234477,0,'access denied','user/register','N;',4,'','http://www.guiadigital.gob.cl/?q=user/register','http://www.guiadigital.gob.cl/indice-a-z','173.0.59.168',1376576958),(234478,0,'page not found','guia-v2/capitulos/05/usabilidad.htm','N;',4,'','http://www.guiadigital.gob.cl/guia-v2/capitulos/05/usabilidad.htm','','180.76.5.137',1376577515),(234479,0,'page not found','index.htm','N;',4,'','http://www.guiadigital.gob.cl/index.htm','','180.76.5.58',1376577638),(234480,0,'access denied','user/register','N;',4,'','http://www.guiadigital.gob.cl/?q=user/register','http://www.guiadigital.gob.cl/indice-a-z','46.4.227.158',1376577936),(234481,0,'page not found','guia-v2/capitulos/01/capitulo-uno.htm','N;',4,'','http://www.guiadigital.gob.cl/guia-v2/capitulos/01/capitulo-uno.htm','','157.55.33.86',1376578419),(234482,0,'access denied','user/register','N;',4,'','http://www.guiadigital.gob.cl/?q=user/register','http://www.guiadigital.gob.cl/indice-a-z','178.33.250.224',1376578511),(234483,0,'job_scheduler','Finished processing scheduled jobs (!time s, !total total, !failed failed).','a:3:{s:5:\"!time\";s:5:\"0 seg\";s:6:\"!total\";i:0;s:7:\"!failed\";i:0;}',5,'','http://www.guiadigital.gob.cl/articulo/decretos-supremos','','65.55.213.67',1376578550),(234484,0,'cron','Cron run completed.','a:0:{}',5,'','http://www.guiadigital.gob.cl/articulo/decretos-supremos','','65.55.213.67',1376578550),(234485,0,'page not found','guia-v2/capitulos/01/decretos.htm','N;',4,'','http://www.guiadigital.gob.cl/guia-v2/capitulos/01/decretos.htm','','72.233.72.155',1376578580),(234486,0,'page not found','guia-v2/capitulos/01/decretos.htm','N;',4,'','http://www.guiadigital.gob.cl/guia-v2/capitulos/01/decretos.htm','','66.249.75.87',1376579027),(234487,0,'page not found','guia-v2/index.htm','N;',4,'','http://www.guiadigital.gob.cl/guia-v2/index.htm','','208.80.194.26',1376580322),(234488,0,'page not found','index.htm','N;',4,'','http://www.guiadigital.gob.cl/index.htm','','208.80.194.26',1376580322),(234489,0,'page not found','favicon.ico','N;',4,'','http://www.guiadigital.gob.cl/favicon.ico','','66.54.69.33',1376581218),(234490,0,'page not found','favicon.ico','N;',4,'','http://www.guiadigital.gob.cl/favicon.ico','','187.64.133.125',1376581883),(234491,0,'page not found','favicon.ico','N;',4,'','http://www.guiadigital.gob.cl/favicon.ico','','187.64.133.125',1376581885),(234492,0,'page not found','mapa.htm','N;',4,'','http://www.guiadigital.gob.cl/mapa.htm','','157.56.93.84',1376582346),(234493,0,'page not found','guia-v2/capitulos/05/aseguramiento.htm','N;',4,'','http://www.guiadigital.gob.cl/guia-v2/capitulos/05/aseguramiento.htm','http://usando.info/blog/2011/04/%c2%bfque-se-le-puede-revisar-a-un-sitio-web.html','190.90.112.50',1376583258),(234494,0,'access denied','user/register','N;',4,'','http://www.guiadigital.gob.cl/?q=user/register','http://www.guiadigital.gob.cl/indice-a-z','96.127.155.14',1376583565),(234495,0,'page not found','styles/print_v2.css','N;',4,'','http://www.guiadigital.gob.cl/styles/print_v2.css','http://www.guiadigital.gob.cl/recursos/documentos.htm','190.149.102.26',1376583824),(234496,0,'page not found','scripts/uifunctions.js','N;',4,'','http://www.guiadigital.gob.cl/scripts/uifunctions.js','http://www.guiadigital.gob.cl/recursos/documentos.htm','190.149.102.26',1376583824),(234497,0,'page not found','styles/main_v2.css','N;',4,'','http://www.guiadigital.gob.cl/styles/main_v2.css','http://www.guiadigital.gob.cl/recursos/documentos.htm','190.149.102.26',1376583824),(234498,0,'page not found','favicon.ico','N;',4,'','http://www.guiadigital.gob.cl/favicon.ico','','190.149.102.26',1376583825),(234499,0,'page not found','guia-v2/capitulos/00/index.htm','N;',4,'','http://www.guiadigital.gob.cl/guia-v2/capitulos/00/index.htm','','66.249.75.87',1376584420),(234500,0,'page not found','register.php','N;',4,'','http://www.guiadigital.gob.cl/register.php','','188.26.165.3',1376585734),(234501,0,'page not found','register.php','N;',4,'','http://www.guiadigital.gob.cl/register.php','','188.26.165.3',1376585736),(234502,0,'page not found','signup.php','N;',4,'','http://www.guiadigital.gob.cl/signup.php','','188.26.165.3',1376585738),(234503,0,'page not found','join.php','N;',4,'','http://www.guiadigital.gob.cl/join.php','','188.26.165.3',1376585741),(234504,0,'page not found','guia-v2/images/pic.tapa.baja.pdf.jpg','N;',4,'','http://www.guiadigital.gob.cl/guia-v2/images/pic.tapa.baja.pdf.jpg','','66.249.82.87',1376585997),(234505,0,'page not found','favicon.ico','N;',4,'','http://www.guiadigital.gob.cl/favicon.ico','','181.28.177.38',1376586866),(234506,0,'page not found','styles/main.css','N;',4,'','http://www.guiadigital.gob.cl/styles/main.css','http://www.guiadigital.gob.cl/guia/capitulos/dos/navegacion.htm','201.224.86.194',1376586927),(234507,0,'page not found','styles/print.css','N;',4,'','http://www.guiadigital.gob.cl/styles/print.css','http://www.guiadigital.gob.cl/guia/capitulos/dos/navegacion.htm','201.224.86.194',1376586927),(234508,0,'page not found','scripts/uifunctions.js','N;',4,'','http://www.guiadigital.gob.cl/scripts/uifunctions.js','http://www.guiadigital.gob.cl/guia/capitulos/dos/navegacion.htm','201.224.86.194',1376586928),(234509,0,'page not found','favicon.ico','N;',4,'','http://www.guiadigital.gob.cl/favicon.ico','','201.224.86.194',1376586929),(234510,0,'page not found','guia-v2/capitulos/01/decretos.htm','N;',4,'','http://www.guiadigital.gob.cl/guia-v2/capitulos/01/decretos.htm','','72.233.72.155',1376587820),(234511,0,'page not found','scripts/uifunctions.js','N;',4,'','http://www.guiadigital.gob.cl/scripts/uifunctions.js','http://www.guiadigital.gob.cl/guia/capitulos/uno/instrumentos.htm','186.104.110.123',1376587974),(234512,0,'page not found','styles/print.css','N;',4,'','http://www.guiadigital.gob.cl/styles/print.css','http://www.guiadigital.gob.cl/guia/capitulos/uno/instrumentos.htm','186.104.110.123',1376587974),(234513,0,'page not found','styles/main.css','N;',4,'','http://www.guiadigital.gob.cl/styles/main.css','http://www.guiadigital.gob.cl/guia/capitulos/uno/instrumentos.htm','186.104.110.123',1376587974),(234514,0,'page not found','favicon.ico','N;',4,'','http://www.guiadigital.gob.cl/favicon.ico','','186.104.110.123',1376587975),(234515,0,'page not found','styles/main.css','N;',4,'','http://www.guiadigital.gob.cl/styles/main.css','http://www.guiadigital.gob.cl/guia/checklists/seguridad.htm','187.141.104.226',1376587980),(234516,0,'page not found','styles/print.css','N;',4,'','http://www.guiadigital.gob.cl/styles/print.css','http://www.guiadigital.gob.cl/guia/checklists/seguridad.htm','187.141.104.226',1376587980),(234517,0,'page not found','scripts/uifunctions.js','N;',4,'','http://www.guiadigital.gob.cl/scripts/uifunctions.js','http://www.guiadigital.gob.cl/guia/checklists/seguridad.htm','187.141.104.226',1376587982),(234518,0,'page not found','scripts/uifunctions.js','N;',4,'','http://www.guiadigital.gob.cl/scripts/uifunctions.js','http://www.guiadigital.gob.cl/guia/capitulos/uno/index.htm','186.104.110.123',1376587983),(234519,0,'page not found','styles/print.css','N;',4,'','http://www.guiadigital.gob.cl/styles/print.css','http://www.guiadigital.gob.cl/guia/capitulos/uno/index.htm','186.104.110.123',1376587983),(234520,0,'page not found','styles/main.css','N;',4,'','http://www.guiadigital.gob.cl/styles/main.css','http://www.guiadigital.gob.cl/guia/capitulos/uno/index.htm','186.104.110.123',1376587983),(234521,0,'page not found','favicon.ico','N;',4,'','http://www.guiadigital.gob.cl/favicon.ico','','186.104.110.123',1376587983),(234522,0,'page not found','styles/main.css','N;',4,'','http://www.guiadigital.gob.cl/styles/main.css','http://www.guiadigital.gob.cl/guia/capitulos/uno/index.htm','186.104.110.123',1376587988),(234523,0,'page not found','styles/print.css','N;',4,'','http://www.guiadigital.gob.cl/styles/print.css','http://www.guiadigital.gob.cl/guia/capitulos/uno/index.htm','186.104.110.123',1376587988),(234524,0,'page not found','scripts/uifunctions.js','N;',4,'','http://www.guiadigital.gob.cl/scripts/uifunctions.js','http://www.guiadigital.gob.cl/guia/capitulos/uno/index.htm','186.104.110.123',1376587988),(234525,0,'page not found','styles/print.css','N;',4,'','http://www.guiadigital.gob.cl/styles/print.css','http://www.guiadigital.gob.cl/guia/capitulos/uno/instrumentos.htm','186.104.110.123',1376587997),(234526,0,'page not found','styles/main.css','N;',4,'','http://www.guiadigital.gob.cl/styles/main.css','http://www.guiadigital.gob.cl/guia/capitulos/uno/instrumentos.htm','186.104.110.123',1376587997),(234527,0,'page not found','scripts/uifunctions.js','N;',4,'','http://www.guiadigital.gob.cl/scripts/uifunctions.js','http://www.guiadigital.gob.cl/guia/capitulos/uno/instrumentos.htm','186.104.110.123',1376587997),(234528,0,'page not found','favicon.ico','N;',4,'','http://www.guiadigital.gob.cl/favicon.ico','','131.178.161.94',1376588003),(234529,0,'page not found','favicon.gif','N;',4,'','http://www.guiadigital.gob.cl/favicon.gif','','131.178.161.94',1376588003),(234530,0,'page not found','favicon.ico','N;',4,'','http://www.guiadigital.gob.cl/favicon.ico','','187.141.104.226',1376588032),(234531,0,'page not found','styles/main.css','N;',4,'','http://www.guiadigital.gob.cl/styles/main.css','','187.141.104.226',1376588152),(234532,0,'job_scheduler','Finished processing scheduled jobs (!time s, !total total, !failed failed).','a:3:{s:5:\"!time\";s:5:\"0 seg\";s:6:\"!total\";i:0;s:7:\"!failed\";i:0;}',5,'','http://www.guiadigital.gob.cl/','','163.247.70.56',1376589444),(234533,0,'cron','Cron run completed.','a:0:{}',5,'','http://www.guiadigital.gob.cl/','','163.247.70.56',1376589444),(234534,0,'page not found','favicon.ico','N;',4,'','http://www.guiadigital.gob.cl/favicon.ico','','181.48.9.9',1376590098),(234535,0,'page not found','favicon.ico','N;',4,'','http://www.guiadigital.gob.cl/favicon.ico','','181.48.9.11',1376590108),(234536,0,'page not found','all/themes/danland/images/ribbon.gif','N;',4,'','http://www.guiadigital.gob.cl/all/themes/danland/images/ribbon.gif','http://www.guiadigital.gob.cl/articulo/decretos-supremos','186.169.82.209',1376590176),(234537,0,'page not found','all/themes/danland/images/ribbon.gif','N;',4,'','http://www.guiadigital.gob.cl/all/themes/danland/images/ribbon.gif','http://www.guiadigital.gob.cl/articulo/decretos-supremos','186.169.82.209',1376590230),(234538,0,'page not found','all/themes/danland/images/ribbon.gif','N;',4,'','http://www.guiadigital.gob.cl/all/themes/danland/images/ribbon.gif','http://www.guiadigital.gob.cl/articulo/decretos-supremos','186.169.82.209',1376590234),(234539,0,'page not found','guia-v2/capitulos/05/anexos/pauta-persona-escenario.pdf','N;',4,'','http://www.guiadigital.gob.cl/guia-v2/capitulos/05/anexos/pauta-persona-escenario.pdf','http://viejoprograma.gobiernoenlinea.gov.co/apc-aa-files/5854534aee4eee4102f0bd5ca294791f/GEL108_CINTEL_Lineamientos_y_metodologias_en_usabilidad.pdf','186.80.93.40',1376591034),(234540,0,'page not found','guia-v2/capitulos/05/anexos/pauta-persona-escenario.pdf','N;',4,'','http://www.guiadigital.gob.cl/guia-v2/capitulos/05/anexos/pauta-persona-escenario.pdf','http://viejoprograma.gobiernoenlinea.gov.co/apc-aa-files/5854534aee4eee4102f0bd5ca294791f/GEL108_CINTEL_Lineamientos_y_metodologias_en_usabilidad.pdf','186.80.93.40',1376591077),(234541,0,'page not found','guia-v2/capitulos/05/anexos/pauta-persona-escenario.pdf','N;',4,'','http://www.guiadigital.gob.cl/guia-v2/capitulos/05/anexos/pauta-persona-escenario.pdf','','186.80.93.40',1376591109),(234542,0,'page not found','guia-v2/capitulos/05/anexos/pauta-persona-escenario.pdf','N;',4,'','http://www.guiadigital.gob.cl/guia-v2/capitulos/05/anexos/pauta-persona-escenario.pdf','http://www.guiadigital.gob.cl/guia-v2/capitulos/05/anexos/pauta-persona-escenario.pdf','186.80.93.40',1376591132),(234543,0,'search','Searched %type for %keys.','a:2:{s:5:\"%keys\";s:21:\"personajes escenarios\";s:5:\"%type\";s:7:\"Content\";}',5,'<a href=\"/search/node/personajes%20escenarios\" class=\"active\">resultados</a>','http://www.guiadigital.gob.cl/search/node/personajes%20escenarios','http://www.guiadigital.gob.cl/guia-v2/capitulos/05/anexos/pauta-persona-escenario.pdf','186.80.93.40',1376591132),(234544,0,'access denied','user/register','N;',4,'','http://www.guiadigital.gob.cl/?q=user/register','http://www.guiadigital.gob.cl/indice-a-z','46.118.152.7',1376592558),(234545,0,'page not found','favicon.ico','N;',4,'','http://www.guiadigital.gob.cl/favicon.ico','','181.226.226.153',1376595194),(234546,0,'page not found','uso.htm','N;',4,'','http://www.guiadigital.gob.cl/uso.htm','','66.249.75.87',1376595306),(234547,0,'page not found','sitemap.xml','N;',4,'','http://www.guiadigital.gob.cl/sitemap.xml','','189.149.134.67',1376595486),(234548,0,'access denied','user/register','N;',4,'','http://www.guiadigital.gob.cl/?q=user/register','http://www.guiadigital.gob.cl/indice-a-z','151.237.189.108',1376599933),(234549,0,'page not found','recursos/index.php','N;',4,'','http://www.guiadigital.gob.cl/recursos/index.php?option=com_jce&task=plugin&plugin=imgmanager&file=imgmanager&version=1576&cid=20','','187.39.222.3',1376600078),(234550,0,'job_scheduler','Finished processing scheduled jobs (!time s, !total total, !failed failed).','a:3:{s:5:\"!time\";s:5:\"0 seg\";s:6:\"!total\";i:0;s:7:\"!failed\";i:0;}',5,'','http://www.guiadigital.gob.cl/','','163.247.70.56',1376600559),(234551,0,'cron','Cron run completed.','a:0:{}',5,'','http://www.guiadigital.gob.cl/','','163.247.70.56',1376600559),(234552,0,'page not found','favicon.ico','N;',4,'','http://www.guiadigital.gob.cl/favicon.ico','','200.104.241.82',1376604175),(234553,0,'page not found','styles/main.css','N;',4,'','http://www.guiadigital.gob.cl/styles/main.css','http://www.guiadigital.gob.cl/guia/capitulos/dos/estructura.htm','201.159.50.43',1376604216),(234554,0,'page not found','scripts/uifunctions.js','N;',4,'','http://www.guiadigital.gob.cl/scripts/uifunctions.js','http://www.guiadigital.gob.cl/guia/capitulos/dos/estructura.htm','201.159.50.43',1376604216),(234555,0,'page not found','styles/print.css','N;',4,'','http://www.guiadigital.gob.cl/styles/print.css','http://www.guiadigital.gob.cl/guia/capitulos/dos/estructura.htm','201.159.50.43',1376604216),(234556,0,'page not found','favicon.ico','N;',4,'','http://www.guiadigital.gob.cl/favicon.ico','','201.159.50.43',1376604217),(234557,0,'page not found','favicon.ico','N;',4,'','http://www.guiadigital.gob.cl/favicon.ico','','201.159.50.43',1376604220),(234558,0,'page not found','favicon.ico','N;',4,'','http://www.guiadigital.gob.cl/favicon.ico','','186.115.93.155',1376604752),(234559,0,'page not found','favicon.ico','N;',4,'','http://www.guiadigital.gob.cl/favicon.ico','','186.115.93.155',1376604769),(234560,0,'access denied','user/register','N;',4,'','http://www.guiadigital.gob.cl/?q=user/register','http://www.guiadigital.gob.cl/indice-a-z','5.34.247.106',1376604790),(234561,0,'page not found','favicon.ico','N;',4,'','http://www.guiadigital.gob.cl/favicon.ico','','200.27.61.2',1376605551),(234562,0,'page not found','favicon.ico','N;',4,'','http://www.guiadigital.gob.cl/favicon.ico','','200.27.61.2',1376605732),(234563,0,'access denied','user/register','N;',4,'','http://www.guiadigital.gob.cl/?q=user/register','http://www.guiadigital.gob.cl/indice-a-z','5.39.1.97',1376607317),(234564,0,'page not found','styles/main.css','N;',4,'','http://www.guiadigital.gob.cl/styles/main.css','http://www.guiadigital.gob.cl/guia/capitulos/dos/estructura.htm','79.144.152.176',1376608191),(234565,0,'page not found','styles/print.css','N;',4,'','http://www.guiadigital.gob.cl/styles/print.css','http://www.guiadigital.gob.cl/guia/capitulos/dos/estructura.htm','79.144.152.176',1376608191),(234566,0,'page not found','scripts/uifunctions.js','N;',4,'','http://www.guiadigital.gob.cl/scripts/uifunctions.js','http://www.guiadigital.gob.cl/guia/capitulos/dos/estructura.htm','79.144.152.176',1376608192),(234567,0,'page not found','favicon.ico','N;',4,'','http://www.guiadigital.gob.cl/favicon.ico','','79.144.152.176',1376608193),(234568,0,'page not found','favicon.ico','N;',4,'','http://www.guiadigital.gob.cl/favicon.ico','','201.140.107.105',1376609247),(234569,0,'search','Searched %type for %keys.','a:2:{s:5:\"%keys\";s:22:\"experiencia de usuario\";s:5:\"%type\";s:7:\"Content\";}',5,'<a href=\"/search/node/experiencia%20de%20usuario\" class=\"active\">resultados</a>','http://www.guiadigital.gob.cl/search/node/experiencia%20de%20usuario','http://www.guiadigital.gob.cl/articulo/que-es-la-usabilidad','186.11.17.62',1376609317),(234570,0,'access denied','admin','N;',4,'','http://www.guiadigital.gob.cl/?q=admin&destination=admin','','91.200.13.33',1376610695),(234571,0,'access denied','admin','N;',4,'','http://www.guiadigital.gob.cl/?q=admin&destination=admin','http://www.guiadigital.gob.cl/','91.200.13.33',1376610696),(234572,0,'access denied','admin','N;',4,'','http://www.guiadigital.gob.cl/?q=admin&destination=admin','http://www.guiadigital.gob.cl/','91.200.13.33',1376610698),(234573,0,'access denied','admin','N;',4,'','http://www.guiadigital.gob.cl/?q=admin&destination=admin','http://www.guiadigital.gob.cl/','91.200.13.33',1376610699),(234574,0,'access denied','admin','N;',4,'','http://www.guiadigital.gob.cl/?q=admin&destination=admin','http://www.guiadigital.gob.cl/','91.200.13.33',1376610700),(234575,0,'access denied','admin','N;',4,'','http://www.guiadigital.gob.cl/?q=admin&destination=admin','http://www.guiadigital.gob.cl/','91.200.13.33',1376610701),(234576,0,'access denied','admin','N;',4,'','http://www.guiadigital.gob.cl/?q=admin&destination=admin','http://www.guiadigital.gob.cl/','91.200.13.33',1376610702),(234577,0,'access denied','admin','N;',4,'','http://www.guiadigital.gob.cl/?q=admin&destination=admin','http://www.guiadigital.gob.cl/','91.200.13.33',1376610703),(234578,0,'access denied','admin','N;',4,'','http://www.guiadigital.gob.cl/?q=admin&destination=admin','http://www.guiadigital.gob.cl/','91.200.13.33',1376610704),(234579,0,'access denied','admin','N;',4,'','http://www.guiadigital.gob.cl/?q=admin&destination=admin','http://www.guiadigital.gob.cl/','91.200.13.33',1376610705),(234580,0,'access denied','admin','N;',4,'','http://www.guiadigital.gob.cl/?q=admin&destination=admin','http://www.guiadigital.gob.cl/','91.200.13.33',1376610706),(234581,0,'access denied','admin','N;',4,'','http://www.guiadigital.gob.cl/?q=admin&destination=admin','http://www.guiadigital.gob.cl/','91.200.13.33',1376610707),(234582,0,'access denied','admin','N;',4,'','http://www.guiadigital.gob.cl/?q=admin&destination=admin','http://www.guiadigital.gob.cl/','91.200.13.33',1376610708),(234583,0,'access denied','admin','N;',4,'','http://www.guiadigital.gob.cl/?q=admin&destination=admin','http://www.guiadigital.gob.cl/','91.200.13.33',1376610709),(234584,0,'access denied','admin','N;',4,'','http://www.guiadigital.gob.cl/?q=admin&destination=admin','http://www.guiadigital.gob.cl/','91.200.13.33',1376610710),(234585,0,'access denied','admin','N;',4,'','http://www.guiadigital.gob.cl/?q=admin&destination=admin','http://www.guiadigital.gob.cl/','91.200.13.33',1376610711),(234586,0,'access denied','admin','N;',4,'','http://www.guiadigital.gob.cl/?q=admin&destination=admin','http://www.guiadigital.gob.cl/','91.200.13.33',1376610712),(234587,0,'access denied','admin','N;',4,'','http://www.guiadigital.gob.cl/?q=admin&destination=admin','http://www.guiadigital.gob.cl/','91.200.13.33',1376610713),(234588,0,'access denied','admin','N;',4,'','http://www.guiadigital.gob.cl/?q=admin&destination=admin','http://www.guiadigital.gob.cl/','91.200.13.33',1376610714),(234589,0,'access denied','admin','N;',4,'','http://www.guiadigital.gob.cl/?q=admin&destination=admin','http://www.guiadigital.gob.cl/','91.200.13.33',1376610715),(234590,0,'access denied','admin','N;',4,'','http://www.guiadigital.gob.cl/?q=admin&destination=admin','http://www.guiadigital.gob.cl/','91.200.13.33',1376610716),(234591,0,'access denied','admin','N;',4,'','http://www.guiadigital.gob.cl/?q=admin&destination=admin','http://www.guiadigital.gob.cl/','91.200.13.33',1376610717),(234592,0,'access denied','admin','N;',4,'','http://www.guiadigital.gob.cl/?q=admin&destination=admin','http://www.guiadigital.gob.cl/','91.200.13.33',1376610719),(234593,0,'access denied','admin','N;',4,'','http://www.guiadigital.gob.cl/?q=admin&destination=admin','http://www.guiadigital.gob.cl/','91.200.13.33',1376610720),(234594,0,'access denied','admin','N;',4,'','http://www.guiadigital.gob.cl/?q=admin&destination=admin','http://www.guiadigital.gob.cl/','91.200.13.33',1376610721),(234595,0,'access denied','admin','N;',4,'','http://www.guiadigital.gob.cl/?q=admin&destination=admin','http://www.guiadigital.gob.cl/','91.200.13.33',1376610722),(234596,0,'access denied','admin','N;',4,'','http://www.guiadigital.gob.cl/?q=admin&destination=admin','http://www.guiadigital.gob.cl/','91.200.13.33',1376610723),(234597,0,'access denied','admin','N;',4,'','http://www.guiadigital.gob.cl/?q=admin&destination=admin','http://www.guiadigital.gob.cl/','91.200.13.33',1376610725),(234598,0,'access denied','admin','N;',4,'','http://www.guiadigital.gob.cl/?q=admin&destination=admin','http://www.guiadigital.gob.cl/','91.200.13.33',1376610726),(234599,0,'access denied','admin','N;',4,'','http://www.guiadigital.gob.cl/?q=admin&destination=admin','http://www.guiadigital.gob.cl/','91.200.13.33',1376610727),(234600,0,'access denied','admin','N;',4,'','http://www.guiadigital.gob.cl/?q=admin&destination=admin','http://www.guiadigital.gob.cl/','91.200.13.33',1376610728),(234601,0,'access denied','admin','N;',4,'','http://www.guiadigital.gob.cl/?q=admin&destination=admin','http://www.guiadigital.gob.cl/','91.200.13.33',1376610729),(234602,0,'access denied','admin','N;',4,'','http://www.guiadigital.gob.cl/?q=admin&destination=admin','http://www.guiadigital.gob.cl/','91.200.13.33',1376610730),(234603,0,'access denied','admin','N;',4,'','http://www.guiadigital.gob.cl/?q=admin&destination=admin','http://www.guiadigital.gob.cl/','91.200.13.33',1376610731),(234604,0,'access denied','admin','N;',4,'','http://www.guiadigital.gob.cl/?q=admin&destination=admin','http://www.guiadigital.gob.cl/','91.200.13.33',1376610732),(234605,0,'access denied','admin','N;',4,'','http://www.guiadigital.gob.cl/?q=admin&destination=admin','http://www.guiadigital.gob.cl/','91.200.13.33',1376610733),(234606,0,'access denied','admin','N;',4,'','http://www.guiadigital.gob.cl/?q=admin&destination=admin','http://www.guiadigital.gob.cl/','91.200.13.33',1376610734),(234607,0,'access denied','admin','N;',4,'','http://www.guiadigital.gob.cl/?q=admin&destination=admin','http://www.guiadigital.gob.cl/','91.200.13.33',1376610735),(234608,0,'access denied','admin','N;',4,'','http://www.guiadigital.gob.cl/?q=admin&destination=admin','http://www.guiadigital.gob.cl/','91.200.13.33',1376610736),(234609,0,'access denied','admin','N;',4,'','http://www.guiadigital.gob.cl/?q=admin&destination=admin','http://www.guiadigital.gob.cl/','91.200.13.33',1376610737),(234610,0,'access denied','admin','N;',4,'','http://www.guiadigital.gob.cl/?q=admin&destination=admin','http://www.guiadigital.gob.cl/','91.200.13.33',1376610738),(234611,0,'access denied','admin','N;',4,'','http://www.guiadigital.gob.cl/?q=admin&destination=admin','http://www.guiadigital.gob.cl/','91.200.13.33',1376610739),(234612,0,'access denied','admin','N;',4,'','http://www.guiadigital.gob.cl/?q=admin&destination=admin','http://www.guiadigital.gob.cl/','91.200.13.33',1376610740),(234613,0,'access denied','admin','N;',4,'','http://www.guiadigital.gob.cl/?q=admin&destination=admin','http://www.guiadigital.gob.cl/','91.200.13.33',1376610741),(234614,0,'access denied','admin','N;',4,'','http://www.guiadigital.gob.cl/?q=admin&destination=admin','http://www.guiadigital.gob.cl/','91.200.13.33',1376610742),(234615,0,'access denied','admin','N;',4,'','http://www.guiadigital.gob.cl/?q=admin&destination=admin','http://www.guiadigital.gob.cl/','91.200.13.33',1376610743),(234616,0,'access denied','admin','N;',4,'','http://www.guiadigital.gob.cl/?q=admin&destination=admin','http://www.guiadigital.gob.cl/','91.200.13.33',1376610744),(234617,0,'access denied','admin','N;',4,'','http://www.guiadigital.gob.cl/?q=admin&destination=admin','http://www.guiadigital.gob.cl/','91.200.13.33',1376610745),(234618,0,'access denied','admin','N;',4,'','http://www.guiadigital.gob.cl/?q=admin&destination=admin','http://www.guiadigital.gob.cl/','91.200.13.33',1376610746),(234619,0,'access denied','admin','N;',4,'','http://www.guiadigital.gob.cl/?q=admin&destination=admin','http://www.guiadigital.gob.cl/','91.200.13.33',1376610747),(234620,0,'access denied','admin','N;',4,'','http://www.guiadigital.gob.cl/?q=admin&destination=admin','http://www.guiadigital.gob.cl/','91.200.13.33',1376610748),(234621,0,'access denied','admin','N;',4,'','http://www.guiadigital.gob.cl/?q=admin&destination=admin','http://www.guiadigital.gob.cl/','91.200.13.33',1376610749),(234622,0,'access denied','admin','N;',4,'','http://www.guiadigital.gob.cl/?q=admin&destination=admin','http://www.guiadigital.gob.cl/','91.200.13.33',1376610750),(234623,0,'access denied','admin','N;',4,'','http://www.guiadigital.gob.cl/?q=admin&destination=admin','http://www.guiadigital.gob.cl/','91.200.13.33',1376610751),(234624,0,'access denied','admin','N;',4,'','http://www.guiadigital.gob.cl/?q=admin&destination=admin','http://www.guiadigital.gob.cl/','91.200.13.33',1376610752),(234625,0,'access denied','admin','N;',4,'','http://www.guiadigital.gob.cl/?q=admin&destination=admin','http://www.guiadigital.gob.cl/','91.200.13.33',1376610752),(234626,0,'access denied','admin','N;',4,'','http://www.guiadigital.gob.cl/?q=admin&destination=admin','http://www.guiadigital.gob.cl/','91.200.13.33',1376610753),(234627,0,'access denied','admin','N;',4,'','http://www.guiadigital.gob.cl/?q=admin&destination=admin','http://www.guiadigital.gob.cl/','91.200.13.33',1376610754),(234628,0,'access denied','admin','N;',4,'','http://www.guiadigital.gob.cl/?q=admin&destination=admin','http://www.guiadigital.gob.cl/','91.200.13.33',1376610755),(234629,0,'access denied','admin','N;',4,'','http://www.guiadigital.gob.cl/?q=admin&destination=admin','http://www.guiadigital.gob.cl/','91.200.13.33',1376610756),(234630,0,'access denied','admin','N;',4,'','http://www.guiadigital.gob.cl/?q=admin&destination=admin','http://www.guiadigital.gob.cl/','91.200.13.33',1376610757),(234631,0,'access denied','admin','N;',4,'','http://www.guiadigital.gob.cl/?q=admin&destination=admin','http://www.guiadigital.gob.cl/','91.200.13.33',1376610758),(234632,0,'access denied','admin','N;',4,'','http://www.guiadigital.gob.cl/?q=admin&destination=admin','http://www.guiadigital.gob.cl/','91.200.13.33',1376610760),(234633,0,'access denied','admin','N;',4,'','http://www.guiadigital.gob.cl/?q=admin&destination=admin','http://www.guiadigital.gob.cl/','91.200.13.33',1376610761),(234634,0,'access denied','admin','N;',4,'','http://www.guiadigital.gob.cl/?q=admin&destination=admin','http://www.guiadigital.gob.cl/','91.200.13.33',1376610762),(234635,0,'access denied','admin','N;',4,'','http://www.guiadigital.gob.cl/?q=admin&destination=admin','http://www.guiadigital.gob.cl/','91.200.13.33',1376610763),(234636,0,'access denied','admin','N;',4,'','http://www.guiadigital.gob.cl/?q=admin&destination=admin','http://www.guiadigital.gob.cl/','91.200.13.33',1376610764),(234637,0,'access denied','admin','N;',4,'','http://www.guiadigital.gob.cl/?q=admin&destination=admin','http://www.guiadigital.gob.cl/','91.200.13.33',1376610765),(234638,0,'access denied','admin','N;',4,'','http://www.guiadigital.gob.cl/?q=admin&destination=admin','http://www.guiadigital.gob.cl/','91.200.13.33',1376610768),(234639,0,'access denied','admin','N;',4,'','http://www.guiadigital.gob.cl/?q=admin&destination=admin','http://www.guiadigital.gob.cl/','91.200.13.33',1376610769),(234640,0,'access denied','admin','N;',4,'','http://www.guiadigital.gob.cl/?q=admin&destination=admin','http://www.guiadigital.gob.cl/','91.200.13.33',1376610771),(234641,0,'access denied','admin','N;',4,'','http://www.guiadigital.gob.cl/?q=admin&destination=admin','http://www.guiadigital.gob.cl/','91.200.13.33',1376610772),(234642,0,'access denied','admin','N;',4,'','http://www.guiadigital.gob.cl/?q=admin&destination=admin','http://www.guiadigital.gob.cl/','91.200.13.33',1376610773),(234643,0,'access denied','admin','N;',4,'','http://www.guiadigital.gob.cl/?q=admin&destination=admin','http://www.guiadigital.gob.cl/','91.200.13.33',1376610774),(234644,0,'access denied','admin','N;',4,'','http://www.guiadigital.gob.cl/?q=admin&destination=admin','http://www.guiadigital.gob.cl/','91.200.13.33',1376610775),(234645,0,'access denied','admin','N;',4,'','http://www.guiadigital.gob.cl/?q=admin&destination=admin','http://www.guiadigital.gob.cl/','91.200.13.33',1376610776),(234646,0,'access denied','admin','N;',4,'','http://www.guiadigital.gob.cl/?q=admin&destination=admin','http://www.guiadigital.gob.cl/','91.200.13.33',1376610777),(234647,0,'access denied','admin','N;',4,'','http://www.guiadigital.gob.cl/?q=admin&destination=admin','http://www.guiadigital.gob.cl/','91.200.13.33',1376610778),(234648,0,'access denied','admin','N;',4,'','http://www.guiadigital.gob.cl/?q=admin&destination=admin','http://www.guiadigital.gob.cl/','91.200.13.33',1376610779),(234649,0,'access denied','admin','N;',4,'','http://www.guiadigital.gob.cl/?q=admin&destination=admin','http://www.guiadigital.gob.cl/','91.200.13.33',1376610780),(234650,0,'access denied','admin','N;',4,'','http://www.guiadigital.gob.cl/?q=admin&destination=admin','http://www.guiadigital.gob.cl/','91.200.13.33',1376610782),(234651,0,'access denied','admin','N;',4,'','http://www.guiadigital.gob.cl/?q=admin&destination=admin','http://www.guiadigital.gob.cl/','91.200.13.33',1376610783),(234652,0,'access denied','admin','N;',4,'','http://www.guiadigital.gob.cl/?q=admin&destination=admin','http://www.guiadigital.gob.cl/','91.200.13.33',1376610785),(234653,0,'access denied','admin','N;',4,'','http://www.guiadigital.gob.cl/?q=admin&destination=admin','http://www.guiadigital.gob.cl/','91.200.13.33',1376610786),(234654,0,'access denied','admin','N;',4,'','http://www.guiadigital.gob.cl/?q=admin&destination=admin','http://www.guiadigital.gob.cl/','91.200.13.33',1376610787),(234655,0,'access denied','admin','N;',4,'','http://www.guiadigital.gob.cl/?q=admin&destination=admin','http://www.guiadigital.gob.cl/','91.200.13.33',1376610788),(234656,0,'access denied','admin','N;',4,'','http://www.guiadigital.gob.cl/?q=admin&destination=admin','http://www.guiadigital.gob.cl/','91.200.13.33',1376610789),(234657,0,'access denied','admin','N;',4,'','http://www.guiadigital.gob.cl/?q=admin&destination=admin','http://www.guiadigital.gob.cl/','91.200.13.33',1376610790),(234658,0,'access denied','admin','N;',4,'','http://www.guiadigital.gob.cl/?q=admin&destination=admin','http://www.guiadigital.gob.cl/','91.200.13.33',1376610791),(234659,0,'access denied','admin','N;',4,'','http://www.guiadigital.gob.cl/?q=admin&destination=admin','http://www.guiadigital.gob.cl/','91.200.13.33',1376610792),(234660,0,'access denied','admin','N;',4,'','http://www.guiadigital.gob.cl/?q=admin&destination=admin','http://www.guiadigital.gob.cl/','91.200.13.33',1376610793),(234661,0,'access denied','admin','N;',4,'','http://www.guiadigital.gob.cl/?q=admin&destination=admin','http://www.guiadigital.gob.cl/','91.200.13.33',1376610794),(234662,0,'access denied','admin','N;',4,'','http://www.guiadigital.gob.cl/?q=admin&destination=admin','http://www.guiadigital.gob.cl/','91.200.13.33',1376610795),(234663,0,'access denied','admin','N;',4,'','http://www.guiadigital.gob.cl/?q=admin&destination=admin','http://www.guiadigital.gob.cl/','91.200.13.33',1376610796),(234664,0,'access denied','admin','N;',4,'','http://www.guiadigital.gob.cl/?q=admin&destination=admin','http://www.guiadigital.gob.cl/','91.200.13.33',1376610797),(234665,0,'access denied','admin','N;',4,'','http://www.guiadigital.gob.cl/?q=admin&destination=admin','http://www.guiadigital.gob.cl/','91.200.13.33',1376610798),(234666,0,'access denied','admin','N;',4,'','http://www.guiadigital.gob.cl/?q=admin&destination=admin','http://www.guiadigital.gob.cl/','91.200.13.33',1376610799),(234667,0,'access denied','admin','N;',4,'','http://www.guiadigital.gob.cl/?q=admin&destination=admin','http://www.guiadigital.gob.cl/','91.200.13.33',1376610800),(234668,0,'access denied','admin','N;',4,'','http://www.guiadigital.gob.cl/?q=admin&destination=admin','http://www.guiadigital.gob.cl/','91.200.13.33',1376610801),(234669,0,'access denied','admin','N;',4,'','http://www.guiadigital.gob.cl/?q=admin&destination=admin','http://www.guiadigital.gob.cl/','91.200.13.33',1376610802),(234670,0,'access denied','admin','N;',4,'','http://www.guiadigital.gob.cl/?q=admin&destination=admin','http://www.guiadigital.gob.cl/','91.200.13.33',1376610803),(234671,0,'page not found','styles/main_v2.css','N;',4,'','http://www.guiadigital.gob.cl/styles/main_v2.css','http://www.guiadigital.gob.cl/recursos/documentos.htm','190.22.2.248',1376611151),(234672,0,'page not found','styles/print_v2.css','N;',4,'','http://www.guiadigital.gob.cl/styles/print_v2.css','http://www.guiadigital.gob.cl/recursos/documentos.htm','190.22.2.248',1376611151),(234673,0,'page not found','scripts/uifunctions.js','N;',4,'','http://www.guiadigital.gob.cl/scripts/uifunctions.js','http://www.guiadigital.gob.cl/recursos/documentos.htm','190.22.2.248',1376611151),(234674,0,'page not found','favicon.ico','N;',4,'','http://www.guiadigital.gob.cl/favicon.ico','','190.22.2.248',1376611152),(234675,0,'page not found','guia-v2/archivos/index.htm','N;',4,'','http://www.guiadigital.gob.cl/guia-v2/archivos/index.htm','','157.55.34.168',1376611360),(234676,0,'job_scheduler','Finished processing scheduled jobs (!time s, !total total, !failed failed).','a:3:{s:5:\"!time\";s:5:\"0 seg\";s:6:\"!total\";i:0;s:7:\"!failed\";i:0;}',5,'','http://www.guiadigital.gob.cl/guia-v2/archivos/index.htm','','157.55.34.168',1376611360),(234677,0,'cron','Cron run completed.','a:0:{}',5,'','http://www.guiadigital.gob.cl/guia-v2/archivos/index.htm','','157.55.34.168',1376611360),(234678,0,'page not found','guia-v2/index.htm','N;',4,'','http://www.guiadigital.gob.cl/guia-v2/index.htm','','208.80.194.120',1376613943),(234679,0,'page not found','index.htm','N;',4,'','http://www.guiadigital.gob.cl/index.htm','','208.80.194.120',1376613943),(234680,0,'page not found','guia-v2/capitulos/01/capitulo-uno.htm','N;',4,'','http://www.guiadigital.gob.cl/guia-v2/capitulos/01/capitulo-uno.htm','','180.76.5.157',1376614642),(234681,0,'page not found','favicon.ico','N;',4,'','http://www.guiadigital.gob.cl/favicon.ico','','200.104.236.126',1376616479),(234682,0,'page not found','guiaweb_old/guia-v2/capitulos/02/css.htm','N;',4,'','http://www.guiadigital.gob.cl/guiaweb_old/guia-v2/capitulos/02/css.htm','','157.55.33.47',1376616489),(234683,0,'page not found','guia-v2/capitulos/03/images/fig.015.htm','N;',4,'','http://www.guiadigital.gob.cl/guia-v2/capitulos/03/images/fig.015.htm','','66.249.75.87',1376616531),(234684,0,'page not found','favicon.ico','N;',4,'','http://www.guiadigital.gob.cl/favicon.ico','','200.104.236.126',1376616567),(234685,0,'page not found','styles/main.css','N;',4,'','http://www.guiadigital.gob.cl/styles/main.css','http://www.guiadigital.gob.cl/guia/capitulos/dos/navegacion.htm','66.249.82.87',1376617226),(234686,0,'page not found','scripts/uifunctions.js','N;',4,'','http://www.guiadigital.gob.cl/scripts/uifunctions.js','http://www.guiadigital.gob.cl/guia/capitulos/dos/navegacion.htm','66.249.82.87',1376617227),(234687,0,'page not found','styles/print.css','N;',4,'','http://www.guiadigital.gob.cl/styles/print.css','http://www.guiadigital.gob.cl/guia/capitulos/dos/navegacion.htm','66.249.82.87',1376617231),(234688,0,'page not found','favicon.ico','N;',4,'','http://www.guiadigital.gob.cl/favicon.ico','','201.239.8.98',1376617472),(234689,0,'page not found','favicon.ico','N;',4,'','http://www.guiadigital.gob.cl/favicon.ico','','181.226.226.153',1376619221),(234690,0,'page not found','favicon.ico','N;',4,'','http://www.guiadigital.gob.cl/favicon.ico','','181.226.226.153',1376619221),(234691,0,'page not found','index.htm','N;',4,'','http://www.guiadigital.gob.cl/index.htm','','157.55.34.168',1376619382),(234692,0,'page not found','guia-v2/images/pic.tapa.baja.pdf.jpg','N;',4,'','http://www.guiadigital.gob.cl/guia-v2/images/pic.tapa.baja.pdf.jpg','','66.249.82.87',1376619800),(234693,0,'page not found','styles/main_v2.css','N;',4,'','http://www.guiadigital.gob.cl/styles/main_v2.css','http://www.guiadigital.gob.cl/recursos/documentos.htm','181.42.217.94',1376620645),(234694,0,'page not found','styles/print_v2.css','N;',4,'','http://www.guiadigital.gob.cl/styles/print_v2.css','http://www.guiadigital.gob.cl/recursos/documentos.htm','181.42.217.94',1376620646),(234695,0,'page not found','scripts/uifunctions.js','N;',4,'','http://www.guiadigital.gob.cl/scripts/uifunctions.js','http://www.guiadigital.gob.cl/recursos/documentos.htm','181.42.217.94',1376620646),(234696,0,'page not found','favicon.ico','N;',4,'','http://www.guiadigital.gob.cl/favicon.ico','','181.42.217.94',1376620652),(234697,0,'page not found','sitemap.xml','N;',4,'','http://www.guiadigital.gob.cl/sitemap.xml','','201.241.6.58',1376621844),(234698,0,'job_scheduler','Finished processing scheduled jobs (!time s, !total total, !failed failed).','a:3:{s:5:\"!time\";s:5:\"0 seg\";s:6:\"!total\";i:0;s:7:\"!failed\";i:0;}',5,'','http://www.guiadigital.gob.cl/articulo/definicion-del-diseno-visual','','186.112.245.21',1376622168),(234699,0,'cron','Cron run completed.','a:0:{}',5,'','http://www.guiadigital.gob.cl/articulo/definicion-del-diseno-visual','','186.112.245.21',1376622168),(234700,0,'page not found','favicon.ico','N;',4,'','http://www.guiadigital.gob.cl/favicon.ico','','189.165.92.43',1376622355),(234701,0,'page not found','favicon.ico','N;',4,'','http://www.guiadigital.gob.cl/favicon.ico','','189.165.92.43',1376622356),(234702,0,'page not found','guia-v2/capitulos/03/images/fig.002.htm','N;',4,'','http://www.guiadigital.gob.cl/guia-v2/capitulos/03/images/fig.002.htm','','66.249.75.87',1376622413),(234703,0,'page not found','guia-v2/capitulos/01/decretos.htm','N;',4,'','http://www.guiadigital.gob.cl/guia-v2/capitulos/01/decretos.htm','','66.249.75.87',1376622528),(234704,0,'search','Searched %type for %keys.','a:2:{s:5:\"%keys\";s:19:\"DISEÑO DE INTERFAZ\";s:5:\"%type\";s:7:\"Content\";}',5,'<a href=\"/search/node/DISE%C3%91O%20DE%20INTERFAZ\" class=\"active\">resultados</a>','http://www.guiadigital.gob.cl/search/node/DISE%C3%91O%20DE%20INTERFAZ','http://www.guiadigital.gob.cl/','186.104.203.110',1376624676),(234705,0,'page not found','guia-v2/capitulos/01/decretos.htm','N;',4,'','http://www.guiadigital.gob.cl/guia-v2/capitulos/01/decretos.htm','','85.17.29.107',1376626740),(234706,0,'page not found','index.htm','N;',4,'','http://www.guiadigital.gob.cl/index.htm','','85.17.29.107',1376626741),(234707,0,'page not found','guia-v2/capitulos/02/capitulo-dos.htm','N;',4,'','http://www.guiadigital.gob.cl/guia-v2/capitulos/02/capitulo-dos.htm','','85.17.29.107',1376626746),(234708,0,'page not found','guia-v2/index.htm','N;',4,'','http://www.guiadigital.gob.cl/guia-v2/index.htm','','85.17.29.107',1376626749),(234709,0,'page not found','guia-v2/capitulos/01/decretos.html','N;',4,'','http://www.guiadigital.gob.cl/guia-v2/capitulos/01/decretos.html','','85.17.29.107',1376626762),(234710,0,'page not found','guia-v2/archivos/index.htm','N;',4,'','http://www.guiadigital.gob.cl/guia-v2/archivos/index.htm','','85.17.29.107',1376626764),(234711,0,'page not found','guia-v2/capitulos/05/aseguramiento.htm','N;',4,'','http://www.guiadigital.gob.cl/guia-v2/capitulos/05/aseguramiento.htm','','85.17.29.107',1376626768),(234712,0,'page not found','guia-v2/capitulos/04/index.htm','N;',4,'','http://www.guiadigital.gob.cl/guia-v2/capitulos/04/index.htm','','85.17.29.107',1376626770),(234713,0,'page not found','guia-v2/capitulos/05/index.htm','N;',4,'','http://www.guiadigital.gob.cl/guia-v2/capitulos/05/index.htm','','85.17.29.107',1376626772),(234714,0,'page not found','guia-v2/capitulos/02/index.htm','N;',4,'','http://www.guiadigital.gob.cl/guia-v2/capitulos/02/index.htm','','85.17.29.107',1376626851),(234715,0,'page not found','contacto.html','N;',4,'','http://www.guiadigital.gob.cl/contacto.html','','85.17.29.107',1376626879),(234716,0,'page not found','equipo.htm','N;',4,'','http://www.guiadigital.gob.cl/equipo.htm','','85.17.29.107',1376626912),(234717,0,'access denied','user/register','N;',4,'','http://www.guiadigital.gob.cl/?q=user/register','http://www.guiadigital.gob.cl/indice-a-z','184.154.167.78',1376626932),(234718,0,'access denied','user/register','N;',4,'','http://www.guiadigital.gob.cl/?q=user/register','http://www.guiadigital.gob.cl','5.39.43.217',1376626937),(234719,0,'page not found','recomendar.html','N;',4,'','http://www.guiadigital.gob.cl/recomendar.html','','85.17.29.107',1376626994),(234720,0,'page not found','guia-v2/capitulos/03/images/fig.010.htm','N;',4,'','http://www.guiadigital.gob.cl/guia-v2/capitulos/03/images/fig.010.htm','','85.17.29.107',1376627123),(234721,0,'page not found','guia/index.htm','N;',4,'','http://www.guiadigital.gob.cl/guia/index.htm','','85.17.29.107',1376627216),(234722,0,'page not found','guia-v2/capitulos/03/images/fig.002.htm','N;',4,'','http://www.guiadigital.gob.cl/guia-v2/capitulos/03/images/fig.002.htm','','85.17.29.107',1376627227),(234723,0,'page not found','estandares.htm','N;',4,'','http://www.guiadigital.gob.cl/estandares.htm','','85.17.29.107',1376627271),(234724,0,'page not found','guia-v2/capitulos/02/images/fig.003.htm','N;',4,'','http://www.guiadigital.gob.cl/guia-v2/capitulos/02/images/fig.003.htm','','85.17.29.107',1376627326),(234725,0,'page not found','guia-v2/capitulos/02/images/fig.002.htm','N;',4,'','http://www.guiadigital.gob.cl/guia-v2/capitulos/02/images/fig.002.htm','','85.17.29.107',1376627345),(234726,0,'page not found','guia-v2/capitulos/03/images/fig.009.htm','N;',4,'','http://www.guiadigital.gob.cl/guia-v2/capitulos/03/images/fig.009.htm','','85.17.29.107',1376627351),(234727,0,'page not found','programas.htm','N;',4,'','http://www.guiadigital.gob.cl/programas.htm','','85.17.29.107',1376627380),(234728,0,'page not found','guia-v2/capitulos/04/images/fig.003.htm','N;',4,'','http://www.guiadigital.gob.cl/guia-v2/capitulos/04/images/fig.003.htm','','85.17.29.107',1376627424),(234729,0,'page not found','guia-v2/glosario.htm','N;',4,'','http://www.guiadigital.gob.cl/guia-v2/glosario.htm','','85.17.29.107',1376627457),(234730,0,'page not found','guia-v2/capitulos/03/images/fig.001.htm','N;',4,'','http://www.guiadigital.gob.cl/guia-v2/capitulos/03/images/fig.001.htm','','85.17.29.107',1376627472),(234731,0,'page not found','guia/glosario.htm','N;',4,'','http://www.guiadigital.gob.cl/guia/glosario.htm','','85.17.29.107',1376627493),(234732,0,'page not found','guia-v2/capitulos/03/index.htm','N;',4,'','http://www.guiadigital.gob.cl/guia-v2/capitulos/03/index.htm','','85.17.29.107',1376627586),(234733,0,'page not found','guia-v2/capitulos/03/images/fig.014.htm','N;',4,'','http://www.guiadigital.gob.cl/guia-v2/capitulos/03/images/fig.014.htm','','85.17.29.107',1376627616),(234734,0,'page not found','guia-v2/capitulos/01/index.htm','N;',4,'','http://www.guiadigital.gob.cl/guia-v2/capitulos/01/index.htm','','85.17.29.107',1376627653),(234735,0,'page not found','guia-v2/capitulos/00/index.htm','N;',4,'','http://www.guiadigital.gob.cl/guia-v2/capitulos/00/index.htm','','85.17.29.107',1376627669),(234736,0,'page not found','guia-v2/capitulos/03/images/fig.011.htm','N;',4,'','http://www.guiadigital.gob.cl/guia-v2/capitulos/03/images/fig.011.htm','','85.17.29.107',1376627685),(234737,0,'page not found','uso.htm','N;',4,'','http://www.guiadigital.gob.cl/uso.htm','','85.17.29.107',1376627698),(234738,0,'page not found','guia-v2/capitulos/03/images/fig.015.htm','N;',4,'','http://www.guiadigital.gob.cl/guia-v2/capitulos/03/images/fig.015.htm','','85.17.29.107',1376627706),(234739,0,'page not found','guia-v2/capitulos/05/images/fig.001.htm','N;',4,'','http://www.guiadigital.gob.cl/guia-v2/capitulos/05/images/fig.001.htm','','85.17.29.107',1376627719),(234740,0,'page not found','quienes.htm','N;',4,'','http://www.guiadigital.gob.cl/quienes.htm','','85.17.29.107',1376627731),(234741,0,'page not found','guia-v2/capitulos/03/images/fig.012.htm','N;',4,'','http://www.guiadigital.gob.cl/guia-v2/capitulos/03/images/fig.012.htm','','85.17.29.107',1376627741),(234742,0,'page not found','node/&lt;','N;',4,'','http://www.guiadigital.gob.cl/node/%3C?php%20echo%20URL_BASE;%20?%3E/sites/default/files/ds_100_2006.pdf','','85.17.29.107',1376627797),(234743,0,'page not found','guia-v2/capitulos/02/anexos/3cols.htm','N;',4,'','http://www.guiadigital.gob.cl/guia-v2/capitulos/02/anexos/3cols.htm','','85.17.29.107',1376627812),(234744,0,'page not found','guia-v2/capitulos/03/images/fig.013.htm','N;',4,'','http://www.guiadigital.gob.cl/guia-v2/capitulos/03/images/fig.013.htm','','85.17.29.107',1376627925),(234745,0,'page not found','guia-v2/capitulos/03/images/fig.017.htm','N;',4,'','http://www.guiadigital.gob.cl/guia-v2/capitulos/03/images/fig.017.htm','','85.17.29.107',1376627942),(234746,0,'page not found','articulo/&lt;','N;',4,'','http://www.guiadigital.gob.cl/articulo/%3C?php%20echo%20URL_BASE;%20?%3E/sites/default/files/ds_100_2006.pdf','','85.17.29.107',1376627956),(234747,0,'page not found','mapa.htm','N;',4,'','http://www.guiadigital.gob.cl/mapa.htm','','85.17.29.107',1376628001),(234748,0,'page not found','guia-v2/capitulos/04/images/fig.001.htm','N;',4,'','http://www.guiadigital.gob.cl/guia-v2/capitulos/04/images/fig.001.htm','','85.17.29.107',1376628020),(234749,0,'page not found','guia-v2/capitulos/03/images/fig.016.htm','N;',4,'','http://www.guiadigital.gob.cl/guia-v2/capitulos/03/images/fig.016.htm','','85.17.29.107',1376628052),(234750,0,'page not found','guia-v2/capitulos/03/images/fig.018.htm','N;',4,'','http://www.guiadigital.gob.cl/guia-v2/capitulos/03/images/fig.018.htm','','85.17.29.107',1376628057),(234751,0,'page not found','guiaweb_old/guia/index.htm','N;',4,'','http://www.guiadigital.gob.cl/guiaweb_old/guia/index.htm','','85.17.29.107',1376628136),(234752,0,'page not found','guiaweb_old/guia-v2/index.htm','N;',4,'','http://www.guiadigital.gob.cl/guiaweb_old/guia-v2/index.htm','','85.17.29.107',1376628157),(234753,0,'page not found','guia-v2/capitulos/03/images/fig.019.htm','N;',4,'','http://www.guiadigital.gob.cl/guia-v2/capitulos/03/images/fig.019.htm','','85.17.29.107',1376628163),(234754,0,'page not found','guia-v2/capitulos/02/images/fig.001.htm','N;',4,'','http://www.guiadigital.gob.cl/guia-v2/capitulos/02/images/fig.001.htm','','85.17.29.107',1376628166),(234755,0,'page not found','guiaweb_old/guia-v2/capitulos/00/index.htm','N;',4,'','http://www.guiadigital.gob.cl/guiaweb_old/guia-v2/capitulos/00/index.htm','','85.17.29.107',1376628195),(234756,0,'page not found','images/pic.accessibility.jpg/guia/capitulos/tres/index.htm','N;',4,'','http://www.guiadigital.gob.cl/images/pic.accessibility.jpg/guia/capitulos/tres/index.htm','','85.17.29.107',1376628235),(234757,0,'page not found','images/pic.accessibility.jpg/guia/glosario.htm','N;',4,'','http://www.guiadigital.gob.cl/images/pic.accessibility.jpg/guia/glosario.htm','','85.17.29.107',1376628264),(234758,0,'page not found','articulo/presencia-en-internet/trackback','N;',4,'','http://www.guiadigital.gob.cl/articulo/presencia-en-internet/trackback/','http://www.guiadigital.gob.cl/articulo/presencia-en-internet','216.244.79.171',1376629115),(234759,0,'access denied','user/register','N;',4,'','http://www.guiadigital.gob.cl/?q=user/register','http://www.guiadigital.gob.cl/indice-a-z','37.59.68.213',1376629658),(234760,0,'page not found','favicon.ico','N;',4,'','http://www.guiadigital.gob.cl/favicon.ico','','181.160.249.182',1376629951),(234761,0,'page not found','favicon.ico','N;',4,'','http://www.guiadigital.gob.cl/favicon.ico','','181.160.249.182',1376629964),(234762,0,'search','Searched %type for %keys.','a:2:{s:5:\"%keys\";s:7:\"usuario\";s:5:\"%type\";s:7:\"Content\";}',5,'<a href=\"/search/node/usuario\" class=\"active\">resultados</a>','http://www.guiadigital.gob.cl/search/node/usuario','http://www.guiadigital.gob.cl/articulo/que-es-la-usabilidad','187.172.80.179',1376632098),(234763,0,'job_scheduler','Finished processing scheduled jobs (!time s, !total total, !failed failed).','a:3:{s:5:\"!time\";s:5:\"0 seg\";s:6:\"!total\";i:0;s:7:\"!failed\";i:0;}',5,'','http://www.guiadigital.gob.cl/jefe-de-area','','46.165.197.141',1376632979),(234764,0,'cron','Cron run completed.','a:0:{}',5,'','http://www.guiadigital.gob.cl/jefe-de-area','','46.165.197.141',1376632979),(234765,0,'page not found','guia-v2/capitulos/01/decretos.htm','N;',4,'','http://www.guiadigital.gob.cl/guia-v2/capitulos/01/decretos.htm','','46.165.197.141',1376633244),(234766,0,'access denied','user/register','N;',4,'','http://www.guiadigital.gob.cl/?q=user/register','http://www.guiadigital.gob.cl/indice-a-z','198.50.189.126',1376633476),(234767,0,'page not found','guia-v2/images/pic.tapa.baja.pdf.jpg','N;',4,'','http://www.guiadigital.gob.cl/guia-v2/images/pic.tapa.baja.pdf.jpg','','66.249.82.87',1376634129),(234768,0,'search','Searched %type for %keys.','a:2:{s:5:\"%keys\";s:20:\"que es la usabilidad\";s:5:\"%type\";s:7:\"Content\";}',5,'<a href=\"/search/node/que%20es%20la%20usabilidad\" class=\"active\">resultados</a>','http://www.guiadigital.gob.cl/search/node/que%20es%20la%20usabilidad','http://www.guiadigital.gob.cl/articulo/que-es-la-usabilidad','187.172.80.179',1376635557),(234769,0,'page not found','guia-v2/archivos/GW2_cap1.pdf','N;',4,'','http://www.guiadigital.gob.cl/guia-v2/archivos/GW2_cap1.pdf','','157.56.229.211',1376636364),(234770,0,'access denied','user/register','N;',4,'','http://www.guiadigital.gob.cl/?q=user/register','http://www.guiadigital.gob.cl/indice-a-z','188.165.157.7',1376637988),(234771,0,'page not found','scripts/uifunctions.js','N;',4,'','http://www.guiadigital.gob.cl/scripts/uifunctions.js','http://www.guiadigital.gob.cl/guia/checklists/usabilidad.htm','200.86.240.68',1376638282),(234772,0,'page not found','styles/main.css','N;',4,'','http://www.guiadigital.gob.cl/styles/main.css','http://www.guiadigital.gob.cl/guia/checklists/usabilidad.htm','200.86.240.68',1376638282),(234773,0,'page not found','styles/print.css','N;',4,'','http://www.guiadigital.gob.cl/styles/print.css','http://www.guiadigital.gob.cl/guia/checklists/usabilidad.htm','200.86.240.68',1376638283),(234774,0,'page not found','apple-touch-icon-precomposed.png','N;',4,'','http://www.guiadigital.gob.cl/apple-touch-icon-precomposed.png','','200.86.240.68',1376638285),(234775,0,'page not found','favicon.ico','N;',4,'','http://www.guiadigital.gob.cl/favicon.ico','','200.86.240.68',1376638285),(234776,0,'page not found','favicon.ico','N;',4,'','http://www.guiadigital.gob.cl/favicon.ico','','200.86.240.68',1376638285),(234777,0,'page not found','guia-v2/capitulos/03/interface.htm','N;',4,'','http://www.guiadigital.gob.cl/guia-v2/capitulos/03/interface.htm','','157.56.229.211',1376638992),(234778,0,'page not found','guia-v2/capitulos/03/interface3.htm','N;',4,'','http://www.guiadigital.gob.cl/guia-v2/capitulos/03/interface3.htm','','157.55.33.86',1376641607),(234779,0,'page not found','articulo/presencia-en-internet/trackback','N;',4,'','http://www.guiadigital.gob.cl/articulo/presencia-en-internet/trackback/','http://www.guiadigital.gob.cl/articulo/presencia-en-internet','69.197.189.46',1376643634),(234780,0,'job_scheduler','Finished processing scheduled jobs (!time s, !total total, !failed failed).','a:3:{s:5:\"!time\";s:5:\"0 seg\";s:6:\"!total\";i:0;s:7:\"!failed\";i:0;}',5,'','http://www.guiadigital.gob.cl/','','165.225.145.40',1376643835),(234781,0,'cron','Cron run completed.','a:0:{}',5,'','http://www.guiadigital.gob.cl/','','165.225.145.40',1376643835),(234782,0,'page not found','copyright.php','N;',4,'','http://www.guiadigital.gob.cl/copyright.php','','157.55.32.49',1376644324),(234783,0,'page not found','language/en-GB/en-GB.xml','N;',4,'','http://www.guiadigital.gob.cl/language/en-GB/en-GB.xml','','5.149.248.84',1376645041),(234784,0,'page not found','index.htm','N;',4,'','http://www.guiadigital.gob.cl/index.htm','','180.76.5.61',1376647795),(234785,0,'page not found','guia-v2/capitulos/01/index.htm','N;',4,'','http://www.guiadigital.gob.cl/guia-v2/capitulos/01/index.htm','','157.55.32.49',1376649201),(234786,0,'access denied','user/register','N;',4,'','http://www.guiadigital.gob.cl/?q=user/register','http://www.guiadigital.gob.cl/indice-a-z','37.59.71.182',1376649701),(234787,0,'access denied','user/register','N;',4,'','http://www.guiadigital.gob.cl/?q=user/register','http://www.guiadigital.gob.cl/indice-a-z','78.46.70.90',1376650071),(234788,0,'page not found','guia-v2/capitulos/05/anexos/pauta-test-usuario.pdf','N;',4,'','http://www.guiadigital.gob.cl/guia-v2/capitulos/05/anexos/pauta-test-usuario.pdf','','54.235.8.78',1376651517),(234789,0,'job_scheduler','Finished processing scheduled jobs (!time s, !total total, !failed failed).','a:3:{s:5:\"!time\";s:5:\"0 seg\";s:6:\"!total\";i:0;s:7:\"!failed\";i:0;}',5,'','http://www.guiadigital.gob.cl/','http://www.modernizacion.gob.cl/','200.86.209.191',1376654670),(234790,0,'cron','Cron run completed.','a:0:{}',5,'','http://www.guiadigital.gob.cl/','http://www.modernizacion.gob.cl/','200.86.209.191',1376654670),(234791,0,'job_scheduler','Finished processing scheduled jobs (!time s, !total total, !failed failed).','a:3:{s:5:\"!time\";s:5:\"0 seg\";s:6:\"!total\";i:0;s:7:\"!failed\";i:0;}',5,'','http://www.guiadigital.gob.cl/','http://www.modernizacion.gob.cl/','200.86.209.191',1376654680),(234792,0,'cron','Cron run completed.','a:0:{}',5,'','http://www.guiadigital.gob.cl/','http://www.modernizacion.gob.cl/','200.86.209.191',1376654680),(234793,0,'page not found','guia-v2/index.htm','N;',4,'','http://www.guiadigital.gob.cl/guia-v2/index.htm','','157.55.32.49',1376655321),(234794,0,'page not found','guiaweb_old/guia-v2/archivos/GW2_intro.pdf','N;',4,'','http://www.guiadigital.gob.cl/guiaweb_old/guia-v2/archivos/GW2_intro.pdf','','66.249.73.215',1376655493),(234795,0,'page not found','guiaweb_old/guia/glosario.htm','N;',4,'','http://www.guiadigital.gob.cl/guiaweb_old/guia/glosario.htm','','66.249.73.215',1376656843),(234796,0,'page not found','guia-v2/capitulos/01/instructivos.htm','N;',4,'','http://www.guiadigital.gob.cl/guia-v2/capitulos/01/instructivos.htm','','157.55.32.223',1376658802),(234797,0,'page not found','guia-v2/capitulos/01/decretos.htm','N;',4,'','http://www.guiadigital.gob.cl/guia-v2/capitulos/01/decretos.htm','http://www.apolinav.cl/','200.0.174.160',1376658950),(234798,0,'page not found','guia-v2/capitulos/04/index.htm','N;',4,'','http://www.guiadigital.gob.cl/guia-v2/capitulos/04/index.htm','','157.55.32.49',1376659302),(234799,0,'page not found','contacto.php','N;',4,'','http://www.guiadigital.gob.cl/contacto.php','','66.249.73.215',1376659544),(234800,0,'page not found','guia-v2/index.htm','N;',4,'','http://www.guiadigital.gob.cl/guia-v2/index.htm','','208.80.194.120',1376660016),(234801,0,'page not found','index.htm','N;',4,'','http://www.guiadigital.gob.cl/index.htm','','208.80.194.120',1376660016),(234802,0,'page not found','guiaweb_old/estandares.htm','N;',4,'','http://www.guiadigital.gob.cl/guiaweb_old/estandares.htm','','66.249.73.215',1376660893),(234803,0,'page not found','guia/glosario.htm','N;',4,'','http://www.guiadigital.gob.cl/guia/glosario.htm','http://www.guiadigital.gob.cl/','120.37.211.11',1376661139),(234804,0,'access denied','user/register','N;',4,'','http://www.guiadigital.gob.cl/?q=user/register','http://www.guiadigital.gob.cl/guia/glosario.htm','120.37.211.11',1376661140),(234805,0,'page not found','guia-v2/archivos/index.htm','N;',4,'','http://www.guiadigital.gob.cl/guia-v2/archivos/index.htm','','180.76.5.161',1376661192),(234806,0,'page not found','favicon.ico','N;',4,'','http://www.guiadigital.gob.cl/favicon.ico','','201.221.151.180',1376662282),(234807,0,'page not found','recomendar.htm','N;',4,'','http://www.guiadigital.gob.cl/recomendar.htm','','66.249.73.215',1376663594),(234808,0,'page not found','favicon.ico','N;',4,'','http://www.guiadigital.gob.cl/favicon.ico','','187.163.65.158',1376663809),(234809,0,'page not found','favicon.ico','N;',4,'','http://www.guiadigital.gob.cl/favicon.ico','','187.163.65.158',1376663810),(234810,0,'page not found','index.htm','N;',4,'','http://www.guiadigital.gob.cl/index.htm','','200.57.68.242',1376664641),(234811,0,'page not found','guiaweb_old/guia-v2/capitulos/02/index.htm','N;',4,'','http://www.guiadigital.gob.cl/guiaweb_old/guia-v2/capitulos/02/index.htm','','66.249.73.215',1376664943),(234812,0,'job_scheduler','Finished processing scheduled jobs (!time s, !total total, !failed failed).','a:3:{s:5:\"!time\";s:5:\"0 seg\";s:6:\"!total\";i:0;s:7:\"!failed\";i:0;}',5,'','http://www.guiadigital.gob.cl/','https://www.google.com/','190.101.45.54',1376665532),(234813,0,'cron','Attempting to re-run cron while it is already running.','a:0:{}',4,'','http://www.guiadigital.gob.cl/','https://www.google.com/','190.101.45.54',1376665537),(234814,0,'cron','Cron run completed.','a:0:{}',5,'','http://www.guiadigital.gob.cl/','https://www.google.com/','190.101.45.54',1376665532),(234815,0,'page not found','guia-v2/capitulos/01/decretos.htm','N;',4,'','http://www.guiadigital.gob.cl/guia-v2/capitulos/01/decretos.htm','','65.55.213.67',1376666128),(234816,0,'page not found','guiaweb_old/guia/roles/index.htm','N;',4,'','http://www.guiadigital.gob.cl/guiaweb_old/guia/roles/index.htm','','66.249.73.215',1376666293),(234817,0,'page not found','index.htm','N;',4,'','http://www.guiadigital.gob.cl/index.htm','','79.156.94.64',1376666847),(234818,0,'search','Searched %type for %keys.','a:2:{s:5:\"%keys\";s:9:\"ley 18575\";s:5:\"%type\";s:7:\"Content\";}',5,'<a href=\"/search/node/ley%2018575\" class=\"active\">resultados</a>','http://www.guiadigital.gob.cl/search/node/ley%2018575','http://www.guiadigital.gob.cl/documentos-oficiales','200.27.205.76',1376666902),(234819,0,'search','Searched %type for %keys.','a:2:{s:5:\"%keys\";s:10:\"decreto 86\";s:5:\"%type\";s:7:\"Content\";}',5,'<a href=\"/search/node/decreto%2086\" class=\"active\">resultados</a>','http://www.guiadigital.gob.cl/search/node/decreto%2086','http://www.guiadigital.gob.cl/search/node/ley%2018575','200.27.205.76',1376667701),(234820,0,'page not found','styles/main_v2.css','N;',4,'','http://www.guiadigital.gob.cl/styles/main_v2.css','http://www.guiadigital.gob.cl/recursos/directorio.htm','163.247.70.77',1376669207),(234821,0,'page not found','scripts/uifunctions.js','N;',4,'','http://www.guiadigital.gob.cl/scripts/uifunctions.js','http://www.guiadigital.gob.cl/recursos/directorio.htm','163.247.70.77',1376669207),(234822,0,'page not found','styles/print_v2.css','N;',4,'','http://www.guiadigital.gob.cl/styles/print_v2.css','http://www.guiadigital.gob.cl/recursos/directorio.htm','163.247.70.77',1376669208),(234823,0,'page not found','favicon.ico','N;',4,'','http://www.guiadigital.gob.cl/favicon.ico','','163.247.70.77',1376669208),(234824,0,'page not found','scripts/uifunctions.js','N;',4,'','http://www.guiadigital.gob.cl/scripts/uifunctions.js','http://www.guiadigital.gob.cl/guia/capitulos/dos/navegacion.htm','200.9.151.143',1376671735),(234825,0,'page not found','styles/main.css','N;',4,'','http://www.guiadigital.gob.cl/styles/main.css','http://www.guiadigital.gob.cl/guia/capitulos/dos/navegacion.htm','200.9.151.143',1376671735),(234826,0,'page not found','styles/print.css','N;',4,'','http://www.guiadigital.gob.cl/styles/print.css','http://www.guiadigital.gob.cl/guia/capitulos/dos/navegacion.htm','200.9.151.143',1376671737),(234827,0,'page not found','favicon.ico','N;',4,'','http://www.guiadigital.gob.cl/favicon.ico','','200.9.151.143',1376671740),(234828,0,'page not found','favicon.ico','N;',4,'','http://www.guiadigital.gob.cl/favicon.ico','','200.14.70.132',1376672310),(234829,0,'page not found','favicon.ico','N;',4,'','http://www.guiadigital.gob.cl/favicon.ico','','200.14.70.132',1376672312),(234830,0,'page not found','images/pic.accessibility.jpg/guia/capitulos/tres/index.htm','N;',4,'','http://www.guiadigital.gob.cl/images/pic.accessibility.jpg/guia/capitulos/tres/index.htm','http://www.guiadigital.gob.cl/','91.205.174.24',1376672364),(234831,0,'page not found','favicon.ico','N;',4,'','http://www.guiadigital.gob.cl/favicon.ico','','200.14.70.132',1376672397),(234832,0,'page not found','favicon.ico','N;',4,'','http://www.guiadigital.gob.cl/favicon.ico','','200.14.70.132',1376672399),(234833,0,'page not found','favicon.ico','N;',4,'','http://www.guiadigital.gob.cl/favicon.ico','','200.14.70.132',1376672870),(234834,0,'page not found','favicon.ico','N;',4,'','http://www.guiadigital.gob.cl/favicon.ico','','200.14.70.132',1376672873),(234835,0,'page not found','guia-v2/archivos/GW2_doc_full.pdf','N;',4,'','http://www.guiadigital.gob.cl/guia-v2/archivos/GW2_doc_full.pdf','http://hess-cr.blogspot.com/2009/02/gobierno-digital-renueva-guia-para.html','201.204.46.38',1376673361),(234836,0,'page not found','favicon.ico','N;',4,'','http://www.guiadigital.gob.cl/favicon.ico','','200.14.70.132',1376673680),(234837,0,'page not found','favicon.ico','N;',4,'','http://www.guiadigital.gob.cl/favicon.ico','','200.14.70.132',1376673682),(234838,0,'page not found','scripts/uifunctions.js','N;',4,'','http://www.guiadigital.gob.cl/scripts/uifunctions.js','http://www.guiadigital.gob.cl/guia/capitulos/tres/accesorapido.htm','200.90.227.117',1376674194),(234839,0,'page not found','styles/print.css','N;',4,'','http://www.guiadigital.gob.cl/styles/print.css','http://www.guiadigital.gob.cl/guia/capitulos/tres/accesorapido.htm','200.90.227.117',1376674194),(234840,0,'page not found','styles/main.css','N;',4,'','http://www.guiadigital.gob.cl/styles/main.css','http://www.guiadigital.gob.cl/guia/capitulos/tres/accesorapido.htm','200.90.227.117',1376674194),(234841,0,'page not found','favicon.ico','N;',4,'','http://www.guiadigital.gob.cl/favicon.ico','','200.90.227.117',1376674195),(234842,0,'page not found','favicon.ico','N;',4,'','http://www.guiadigital.gob.cl/favicon.ico','','190.130.235.130',1376675773),(234843,0,'page not found','favicon.ico','N;',4,'','http://www.guiadigital.gob.cl/favicon.ico','','190.130.235.130',1376675774),(234844,0,'job_scheduler','Finished processing scheduled jobs (!time s, !total total, !failed failed).','a:3:{s:5:\"!time\";s:5:\"0 seg\";s:6:\"!total\";i:0;s:7:\"!failed\";i:0;}',5,'','http://www.guiadigital.gob.cl/','','165.225.145.40',1376676372),(234845,0,'cron','Cron run completed.','a:0:{}',5,'','http://www.guiadigital.gob.cl/','','165.225.145.40',1376676372),(234846,0,'page not found','guia-v2/capitulos/01/decretos.htm','N;',4,'','http://www.guiadigital.gob.cl/guia-v2/capitulos/01/decretos.htm','','66.249.73.215',1376676892),(234847,0,'page not found','styles/main.css','N;',4,'','http://www.guiadigital.gob.cl/styles/main.css','http://www.guiadigital.gob.cl/guia/archivos/index.htm','190.228.137.250',1376677881),(234848,0,'page not found','scripts/uifunctions.js','N;',4,'','http://www.guiadigital.gob.cl/scripts/uifunctions.js','http://www.guiadigital.gob.cl/guia/archivos/index.htm','190.228.137.250',1376677883),(234849,0,'page not found','styles/print.css','N;',4,'','http://www.guiadigital.gob.cl/styles/print.css','http://www.guiadigital.gob.cl/guia/archivos/index.htm','190.228.137.250',1376677946),(234850,0,'access denied','user/register','N;',4,'','http://www.guiadigital.gob.cl/?q=user/register','http://www.guiadigital.gob.cl/indice-a-z','5.39.43.67',1376678012),(234851,1,'user','Session opened for %name.','a:1:{s:5:\"%name\";s:5:\"admin\";}',5,'','http://www.guiadigital.gob.cl/user','http://www.guiadigital.gob.cl/user','192.168.29.239',1376679902),(234852,0,'page not found','guia/index.htm','N;',4,'','http://www.guiadigital.gob.cl/guia/index.htm','','157.55.35.31',1376680002),(234853,1,'filter','Missing text format: %format.','a:1:{s:7:\"%format\";s:1:\"1\";}',1,'','http://www.guiadigital.gob.cl/node/473/log','http://www.guiadigital.gob.cl/node/473/track','192.168.29.239',1376680108);

--
-- Table structure for table `webform`
--

CREATE TABLE `webform` (
  `nid` int(10) unsigned NOT NULL COMMENT 'The node identifier of a webform.',
  `confirmation` text NOT NULL COMMENT 'The confirmation message or URL displayed to the user after submitting a form.',
  `confirmation_format` varchar(255) DEFAULT NULL COMMENT 'The filter_format.format of the confirmation message.',
  `redirect_url` varchar(255) DEFAULT '<confirmation>' COMMENT 'The URL a user is redirected to after submitting a form.',
  `status` tinyint(4) NOT NULL DEFAULT '1' COMMENT 'Boolean value of a webform for open (1) or closed (0).',
  `block` tinyint(4) NOT NULL DEFAULT '0' COMMENT 'Boolean value for whether this form be available as a block.',
  `teaser` tinyint(4) NOT NULL DEFAULT '0' COMMENT 'Boolean value for whether the entire form should be displayed on the teaser.',
  `allow_draft` tinyint(4) NOT NULL DEFAULT '0' COMMENT 'Boolean value for whether submissions to this form be saved as a draft.',
  `auto_save` tinyint(4) NOT NULL DEFAULT '0' COMMENT 'Boolean value for whether submissions to this form should be auto-saved between pages.',
  `submit_notice` tinyint(4) NOT NULL DEFAULT '1' COMMENT 'Boolean value for whether to show or hide the previous submissions notification.',
  `submit_text` varchar(255) DEFAULT NULL COMMENT 'The title of the submit button on the form.',
  `submit_limit` tinyint(4) NOT NULL DEFAULT '-1' COMMENT 'The number of submissions a single user is allowed to submit within an interval. -1 is unlimited.',
  `submit_interval` int(11) NOT NULL DEFAULT '-1' COMMENT 'The amount of time in seconds that must pass before a user can submit another submission within the set limit.',
  `total_submit_limit` int(11) NOT NULL DEFAULT '-1' COMMENT 'The total number of submissions allowed within an interval. -1 is unlimited.',
  `total_submit_interval` int(11) NOT NULL DEFAULT '-1' COMMENT 'The amount of time in seconds that must pass before another submission can be submitted within the set limit.',
  PRIMARY KEY (`nid`)
) ENGINE=InnoDB DEFAULT CHARSET=utf8 COMMENT='Table for storing additional properties for webform nodes.';

--
-- Dumping data for table `webform`
--

INSERT INTO `webform` VALUES (473,'','full_html','http://www.guiadigital.gob.cl/mensaje-enviado',1,0,0,0,0,1,'Enviar',-1,-1,-1,-1),(481,'<p>Se ha enviado su mensaje.</p>','full_html','/',1,0,0,0,0,1,'mandar mensaje',-1,-1,-1,-1);

--
-- Table structure for table `webform_component`
--

CREATE TABLE `webform_component` (
  `nid` int(10) unsigned NOT NULL DEFAULT '0' COMMENT 'The node identifier of a webform.',
  `cid` smallint(5) unsigned NOT NULL DEFAULT '0' COMMENT 'The identifier for this component within this node, starts at 0 for each node.',
  `pid` smallint(5) unsigned NOT NULL DEFAULT '0' COMMENT 'If this component has a parent fieldset, the cid of that component.',
  `form_key` varchar(128) DEFAULT NULL COMMENT 'When the form is displayed and processed, this key can be used to reference the results.',
  `name` varchar(255) DEFAULT NULL COMMENT 'The label for this component.',
  `type` varchar(16) DEFAULT NULL COMMENT 'The field type of this component (textfield, select, hidden, etc.).',
  `value` text NOT NULL COMMENT 'The default value of the component when displayed to the end-user.',
  `extra` text NOT NULL COMMENT 'Additional information unique to the display or processing of this component.',
  `mandatory` tinyint(4) NOT NULL DEFAULT '0' COMMENT 'Boolean flag for if this component is required.',
  `weight` smallint(6) NOT NULL DEFAULT '0' COMMENT 'Determines the position of this component in the form.',
  PRIMARY KEY (`nid`,`cid`)
) ENGINE=InnoDB DEFAULT CHARSET=utf8 COMMENT='Stores information about components for webform nodes.';

--
-- Dumping data for table `webform_component`
--

INSERT INTO `webform_component` VALUES (473,1,0,'nombre','Nombre','textfield','','a:5:{s:13:\"title_display\";s:6:\"before\";s:7:\"private\";i:0;s:8:\"disabled\";i:0;s:6:\"unique\";i:0;s:20:\"conditional_operator\";s:1:\"=\";}',1,0),(473,2,0,'observacion','Observación','textarea','','a:5:{s:13:\"title_display\";i:0;s:7:\"private\";i:0;s:9:\"resizable\";i:1;s:8:\"disabled\";i:0;s:20:\"conditional_operator\";s:1:\"=\";}',1,2),(473,3,0,'e_mail','E-mail','email','','a:10:{s:13:\"title_display\";s:6:\"before\";s:7:\"private\";i:0;s:8:\"disabled\";i:0;s:6:\"unique\";i:0;s:20:\"conditional_operator\";s:1:\"=\";s:5:\"width\";s:0:\"\";s:11:\"description\";s:0:\"\";s:10:\"attributes\";a:0:{}s:21:\"conditional_component\";s:0:\"\";s:18:\"conditional_values\";s:0:\"\";}',1,1),(481,1,0,'nombre','Nombre','textfield','','a:5:{s:13:\"title_display\";s:6:\"before\";s:7:\"private\";i:0;s:8:\"disabled\";i:0;s:6:\"unique\";i:0;s:20:\"conditional_operator\";s:1:\"=\";}',1,0),(481,2,0,'su_direccion_de_correo_electronico','Su dirección de correo electrónico ','email','','a:5:{s:13:\"title_display\";s:6:\"before\";s:7:\"private\";i:0;s:8:\"disabled\";i:0;s:6:\"unique\";i:0;s:20:\"conditional_operator\";s:1:\"=\";}',1,1),(481,3,0,'asunto','Asunto','textfield','','a:5:{s:13:\"title_display\";s:6:\"before\";s:7:\"private\";i:0;s:8:\"disabled\";i:0;s:6:\"unique\";i:0;s:20:\"conditional_operator\";s:1:\"=\";}',1,2),(481,4,0,'mensaje','Mensaje','textarea','','a:5:{s:13:\"title_display\";i:0;s:7:\"private\";i:0;s:9:\"resizable\";i:1;s:8:\"disabled\";i:0;s:20:\"conditional_operator\";s:1:\"=\";}',1,3);

--
-- Table structure for table `webform_emails`
--

CREATE TABLE `webform_emails` (
  `nid` int(10) unsigned NOT NULL DEFAULT '0' COMMENT 'The node identifier of a webform.',
  `eid` smallint(5) unsigned NOT NULL DEFAULT '0' COMMENT 'The e-mail identifier for this row’s settings.',
  `email` text COMMENT 'The e-mail address that will be sent to upon submission. This may be an e-mail address, the special key "default" or a numeric value. If a numeric value is used, the value of a component will be substituted on submission.',
  `subject` varchar(255) DEFAULT NULL COMMENT 'The e-mail subject that will be used. This may be a string, the special key "default" or a numeric value. If a numeric value is used, the value of a component will be substituted on submission.',
  `from_name` varchar(255) DEFAULT NULL COMMENT 'The e-mail "from" name that will be used. This may be a string, the special key "default" or a numeric value. If a numeric value is used, the value of a component will be substituted on submission.',
  `from_address` varchar(255) DEFAULT NULL COMMENT 'The e-mail "from" e-mail address that will be used. This may be a string, the special key "default" or a numeric value. If a numeric value is used, the value of a component will be substituted on submission.',
  `template` text COMMENT 'A template that will be used for the sent e-mail. This may be a string or the special key "default", which will use the template provided by the theming layer.',
  `excluded_components` text NOT NULL COMMENT 'A list of components that will not be included in the %email_values token. A list of CIDs separated by commas.',
  `html` tinyint(3) unsigned NOT NULL DEFAULT '0' COMMENT 'Determines if the e-mail will be sent in an HTML format. Requires Mime Mail module.',
  `attachments` tinyint(3) unsigned NOT NULL DEFAULT '0' COMMENT 'Determines if the e-mail will include file attachments. Requires Mime Mail module.',
  PRIMARY KEY (`nid`,`eid`)
) ENGINE=InnoDB DEFAULT CHARSET=utf8 COMMENT='Holds information regarding e-mails that should be sent...';

--
-- Dumping data for table `webform_emails`
--

INSERT INTO `webform_emails` VALUES (473,1,'guiaweb@minsegpres.gob.cl','default','default','default','default','',0,0),(481,1,'guiaweb@minsegpres.gob.cl','Formulario - Guía Web','default','default','Enviado el %date\nEnviado por : %username\nFormulario:\n%email_values\n\n\n%submission_url','',0,0);

--
-- Table structure for table `webform_last_download`
--

CREATE TABLE `webform_last_download` (
  `nid` int(10) unsigned NOT NULL DEFAULT '0' COMMENT 'The node identifier of a webform.',
  `uid` int(10) unsigned NOT NULL DEFAULT '0' COMMENT 'The user identifier.',
  `sid` int(10) unsigned NOT NULL DEFAULT '0' COMMENT 'The last downloaded submission number.',
  `requested` int(10) unsigned NOT NULL DEFAULT '0' COMMENT 'Timestamp of last download request.',
  PRIMARY KEY (`nid`,`uid`)
) ENGINE=InnoDB DEFAULT CHARSET=utf8 COMMENT='Stores last submission number per user download.';

--
-- Dumping data for table `webform_last_download`
--


--
-- Table structure for table `webform_roles`
--

CREATE TABLE `webform_roles` (
  `nid` int(10) unsigned NOT NULL DEFAULT '0' COMMENT 'The node identifier of a webform.',
  `rid` int(10) unsigned NOT NULL DEFAULT '0' COMMENT 'The role identifier.',
  PRIMARY KEY (`nid`,`rid`)
) ENGINE=InnoDB DEFAULT CHARSET=utf8 COMMENT='Holds access information regarding which roles are...';

--
-- Dumping data for table `webform_roles`
--

INSERT INTO `webform_roles` VALUES (473,1),(473,2),(481,1),(481,2);

--
-- Table structure for table `webform_submissions`
--

CREATE TABLE `webform_submissions` (
  `sid` int(10) unsigned NOT NULL AUTO_INCREMENT COMMENT 'The unique identifier for this submission.',
  `nid` int(10) unsigned NOT NULL DEFAULT '0' COMMENT 'The node identifier of a webform.',
  `uid` int(10) unsigned NOT NULL DEFAULT '0' COMMENT 'The id of the user that completed this submission.',
  `is_draft` tinyint(4) NOT NULL DEFAULT '0' COMMENT 'Is this a draft of the submission?',
  `submitted` int(11) NOT NULL DEFAULT '0' COMMENT 'Timestamp of when the form was submitted.',
  `remote_addr` varchar(128) DEFAULT NULL COMMENT 'The IP address of the user that submitted the form.',
  PRIMARY KEY (`sid`),
  UNIQUE KEY `sid_nid` (`sid`,`nid`),
  KEY `nid_uid_sid` (`nid`,`uid`,`sid`),
  KEY `nid_sid` (`nid`,`sid`)
) ENGINE=InnoDB AUTO_INCREMENT=134 DEFAULT CHARSET=utf8 COMMENT='Holds general information about submissions outside of...';

--
-- Dumping data for table `webform_submissions`
--

INSERT INTO `webform_submissions` VALUES (1,481,1,0,1343398455,'190.8.77.68'),(2,481,0,0,1343422908,'192.168.29.239'),(3,473,0,0,1345504423,'192.168.29.19'),(4,481,0,0,1345557109,'192.168.29.239'),(5,481,0,0,1345557132,'192.168.29.239'),(6,473,0,0,1345557211,'192.168.29.19'),(7,473,0,0,1345557803,'192.168.29.239'),(8,473,1,0,1345558658,'192.168.29.239'),(9,481,0,0,1345559174,'192.168.29.239'),(10,473,0,0,1345559188,'192.168.29.239'),(11,473,0,0,1345652933,'10.10.0.160'),(12,473,0,0,1345671029,'192.168.29.19'),(13,473,1,0,1345671634,'192.168.29.19'),(14,473,1,0,1345672374,'192.168.29.239'),(15,481,1,0,1345672399,'192.168.29.239'),(16,473,0,0,1345672430,'192.168.29.239'),(17,481,0,0,1345672451,'192.168.29.239'),(18,473,0,0,1345672748,'192.168.29.239'),(19,473,1,0,1345672832,'192.168.29.19'),(20,473,0,0,1345672839,'192.168.29.239'),(21,473,0,0,1345822089,'192.168.29.239'),(22,473,0,0,1345824228,'192.168.29.239'),(23,473,0,0,1345824411,'192.168.29.239'),(24,473,0,0,1345825115,'192.168.29.84'),(25,473,0,0,1345825849,'192.168.29.239'),(26,473,0,0,1345826518,'192.168.29.239'),(27,473,0,0,1345826536,'192.168.29.239'),(28,473,0,0,1345826809,'192.168.29.239'),(29,481,0,0,1346855234,'163.247.45.114'),(30,473,0,0,1346857459,'200.27.27.200'),(31,473,0,0,1346857485,'200.27.27.200'),(32,473,0,0,1346938842,'200.50.43.23'),(33,473,0,0,1346938937,'200.50.43.23'),(34,473,0,0,1346939056,'200.50.43.23'),(35,473,1,0,1346940532,'192.168.29.239'),(36,473,1,0,1346940912,'192.168.29.239'),(37,473,1,0,1346941157,'192.168.29.239'),(38,473,0,0,1346941224,'192.168.29.239'),(39,473,0,0,1346941361,'192.168.29.239'),(40,473,0,0,1346941986,'192.168.29.239'),(41,473,0,0,1346942201,'192.168.29.239'),(42,473,0,0,1346942243,'192.168.29.239'),(43,473,0,0,1346942299,'192.168.29.239'),(44,473,0,0,1346942436,'192.168.29.239'),(45,473,0,0,1347021761,'192.168.29.179'),(46,481,0,0,1347489679,'201.216.177.236'),(47,473,0,0,1347624283,'190.229.107.193'),(48,481,0,0,1348475428,'182.68.133.230'),(49,473,0,0,1349205003,'163.247.42.100'),(50,473,0,0,1349300105,'201.238.223.219'),(51,473,0,0,1350392496,'164.77.112.42'),(52,481,0,0,1354627027,'200.75.19.110'),(53,481,0,0,1355491432,'163.247.40.50'),(54,473,0,0,1355665095,'186.80.60.109'),(55,481,0,0,1358438599,'190.98.232.34'),(56,473,0,0,1358781178,'190.82.86.165'),(57,473,0,0,1362496040,'158.170.1.87'),(58,473,0,0,1362496646,'158.170.1.87'),(59,481,0,0,1362514180,'200.111.147.211'),(60,473,0,0,1366412221,'200.72.240.3'),(61,473,0,0,1369690142,'190.36.10.53'),(62,473,0,0,1371054251,'163.247.62.128'),(63,473,0,0,1371448302,'118.99.67.5'),(64,473,0,0,1371731373,'202.6.238.50'),(65,481,0,0,1372936147,'182.68.10.99'),(66,473,0,0,1374103491,'220.137.54.75'),(67,473,0,0,1375918203,'200.50.43.23'),(68,473,0,0,1376084742,'173.44.37.242'),(69,473,0,0,1376090781,'173.44.37.234'),(70,473,0,0,1376093052,'173.44.37.226'),(71,473,0,0,1376094406,'96.47.224.50'),(72,473,0,0,1376094820,'96.47.224.42'),(73,473,0,0,1376094967,'173.44.37.250'),(74,473,0,0,1376097681,'96.47.224.58'),(75,473,0,0,1376099625,'173.44.37.250'),(76,473,0,0,1376105811,'173.44.37.226'),(77,473,0,0,1376110979,'173.44.37.242'),(78,473,0,0,1376122809,'96.47.224.42'),(79,473,0,0,1376129927,'173.44.37.234'),(80,473,0,0,1376133708,'96.47.224.58'),(81,473,0,0,1376139046,'96.47.224.50'),(82,473,0,0,1376177492,'173.44.37.242'),(83,473,0,0,1376191472,'173.44.37.234'),(84,473,0,0,1376200725,'173.44.37.226'),(85,473,0,0,1376203489,'96.47.224.50'),(86,473,0,0,1376204106,'96.47.224.42'),(87,473,0,0,1376205762,'173.44.37.250'),(88,473,0,0,1376211518,'96.47.224.58'),(89,473,0,0,1376219183,'173.44.37.250'),(90,473,0,0,1376235691,'173.44.37.226'),(91,473,0,0,1376251508,'173.44.37.242'),(92,473,0,0,1376270183,'173.44.37.242'),(93,473,0,0,1376274944,'96.47.224.42'),(94,473,0,0,1376288515,'173.44.37.234'),(95,473,0,0,1376293399,'173.44.37.234'),(96,473,0,0,1376302313,'96.47.224.58'),(97,473,0,0,1376305246,'173.44.37.226'),(98,473,0,0,1376305913,'96.47.224.42'),(99,473,0,0,1376309437,'96.47.224.50'),(100,473,0,0,1376313517,'96.47.224.50'),(101,473,0,0,1376314517,'173.44.37.250'),(102,473,0,0,1376318925,'96.47.224.58'),(103,473,0,0,1376320366,'200.50.43.23'),(104,473,0,0,1376336280,'173.44.37.250'),(105,473,0,0,1376362849,'173.44.37.242'),(106,473,0,0,1376363857,'173.44.37.226'),(107,473,0,0,1376381703,'173.44.37.234'),(108,473,0,0,1376390324,'173.44.37.242'),(109,473,0,0,1376402721,'96.47.224.42'),(110,473,0,0,1376408906,'173.44.37.226'),(111,473,0,0,1376409688,'96.47.224.50'),(112,473,0,0,1376421866,'96.47.224.42'),(113,473,0,0,1376421997,'96.47.224.58'),(114,473,0,0,1376422154,'173.44.37.250'),(115,473,0,0,1376449829,'173.44.37.234'),(116,473,0,0,1376452493,'173.44.37.250'),(117,473,0,0,1376453926,'173.44.37.242'),(118,473,0,0,1376457990,'96.47.224.58'),(119,473,0,0,1376559080,'173.44.37.250'),(120,473,0,0,1376561000,'173.44.37.234'),(121,473,0,0,1376563437,'96.47.224.42'),(122,473,0,0,1376566057,'173.44.37.226'),(123,473,0,0,1376569948,'173.44.37.242'),(124,473,0,0,1376570482,'173.44.37.242'),(125,473,0,0,1376573383,'96.47.224.50'),(126,473,0,0,1376575244,'96.47.224.50'),(127,473,0,0,1376586562,'173.44.37.226'),(128,473,0,0,1376595432,'173.44.37.234'),(129,473,0,0,1376599429,'173.44.37.250'),(130,473,0,0,1376599834,'96.47.224.42'),(131,473,0,0,1376666254,'173.44.37.250'),(132,473,0,0,1376669459,'173.44.37.234'),(133,473,0,0,1376679758,'96.47.224.42');

--
-- Table structure for table `webform_submitted_data`
--

CREATE TABLE `webform_submitted_data` (
  `nid` int(10) unsigned NOT NULL DEFAULT '0' COMMENT 'The node identifier of a webform.',
  `sid` int(10) unsigned NOT NULL DEFAULT '0' COMMENT 'The unique identifier for this submission.',
  `cid` smallint(5) unsigned NOT NULL DEFAULT '0' COMMENT 'The identifier for this component within this node, starts at 0 for each node.',
  `no` varchar(128) NOT NULL DEFAULT '0' COMMENT 'Usually this value is 0, but if a field has multiple values (such as a time or date), it may require multiple rows in the database.',
  `data` mediumtext NOT NULL COMMENT 'The submitted value of this field, may be serialized for some components.',
  PRIMARY KEY (`nid`,`sid`,`cid`,`no`),
  KEY `nid` (`nid`),
  KEY `sid_nid` (`sid`,`nid`)
) ENGINE=InnoDB DEFAULT CHARSET=utf8 COMMENT='Stores all submitted field data for webform submissions.';

--
-- Dumping data for table `webform_submitted_data`
--

INSERT INTO `webform_submitted_data` VALUES (473,3,1,'0','Felipe Mancini'),(473,3,2,'0','prueba de formulario'),(473,3,3,'0','fmancini.cl@gmail.com'),(473,6,1,'0','Felipe Mancini'),(473,6,2,'0','test'),(473,6,3,'0','fmancini.cl@gmail.com'),(473,7,1,'0','test'),(473,7,2,'0','test'),(473,7,3,'0','test@test.cl'),(473,8,1,'0','test'),(473,8,2,'0','test'),(473,8,3,'0','test@test.cl'),(473,10,1,'0','test10:32'),(473,10,2,'0','test10:32'),(473,10,3,'0','test@test.cl'),(473,11,1,'0','Felipe Mancini'),(473,11,2,'0','dededd'),(473,11,3,'0','fmancini.cl@gmail.com'),(473,12,1,'0','Felipe Mancini'),(473,12,2,'0','ssss'),(473,12,3,'0','fmancini.cl@gmail.com'),(473,13,1,'0','test'),(473,13,2,'0','hola!!'),(473,13,3,'0','fmancini.cl@gmail.com'),(473,14,1,'0','por contenido'),(473,14,2,'0','por contenido'),(473,14,3,'0','test@test.cl'),(473,16,1,'0','por link de contenido'),(473,16,2,'0','por link de contenido'),(473,16,3,'0','test@test.cl'),(473,18,1,'0','por mejorar el contenido'),(473,18,2,'0','por mejorar el contenido'),(473,18,3,'0','test@test.cl'),(473,19,1,'0','Felipe Mancini'),(473,19,2,'0','test felipe'),(473,19,3,'0','fmancini.cl@gmail.com'),(473,20,1,'0','nuevo'),(473,20,2,'0','nuevo'),(473,20,3,'0','test@test.cl'),(473,21,1,'0','werw'),(473,21,2,'0','werwe'),(473,21,3,'0','test@test.cl'),(473,22,1,'0','qwerty'),(473,22,2,'0','erer'),(473,22,3,'0','test@test.cl'),(473,23,1,'0','werwe'),(473,23,2,'0','werwe'),(473,23,3,'0','test@test.cl'),(473,24,1,'0','hkgj'),(473,24,2,'0','lpñk'),(473,24,3,'0','e@hkhg.bl'),(473,25,1,'0','456546'),(473,25,2,'0','45645'),(473,25,3,'0','test@test.cl'),(473,26,1,'0','erte'),(473,26,2,'0','ererter'),(473,26,3,'0','test@test.cl'),(473,27,1,'0','rtyert'),(473,27,2,'0','rtyrty'),(473,27,3,'0','test@test.cl'),(473,28,1,'0','tyuryt'),(473,28,2,'0','tyutyu'),(473,28,3,'0','test@test.cl'),(473,30,1,'0','Carolina Sandoval'),(473,30,2,'0','No queda clara la diferencia entre:\r\n\"Biblioteca\" de recursos y\r\n\"Directorio\" de Recursos.\r\n\r\nPor ejemplo: Una Biblioteca puede contener uno o más Directorios que listan por orden alfabético....\r\n\r\nY \r\nQué es un Recurso? versus\r\nQué es un Documento?\r\n\r\n(Un Documento puede ser un tipo de Recurso...no queda muy claro dónde debería buscar un tema en particular, de acuerdo al tipo de material que necesito.)\r\n\r\nSeria aconsejable especificar para poder separar (por ejemplo) por tipo de material.\r\n\r\nEso.\r\n\r\nSaludos, y felicitaciones!.\r\n\r\nCarolina.'),(473,30,3,'0','carolina@niclabs.cl'),(473,31,1,'0','Carolina Sandoval'),(473,31,2,'0','No queda clara la diferencia entre:\r\n\"Biblioteca\" de recursos y\r\n\"Directorio\" de Recursos.\r\n\r\nPor ejemplo: Una Biblioteca puede contener uno o más Directorios que listan por orden alfabético....\r\n\r\nY \r\nQué es un Recurso? versus\r\nQué es un Documento?\r\n\r\n(Un Documento puede ser un tipo de Recurso...no queda muy claro dónde debería buscar un tema en particular, de acuerdo al tipo de material que necesito.)\r\n\r\nSeria aconsejable especificar para poder separar (por ejemplo) por tipo de material.\r\n\r\nEso.\r\n\r\nSaludos, y felicitaciones!.\r\n\r\nCarolina.'),(473,31,3,'0','carolina@niclabs.cl'),(473,32,1,'0','Álvaro Pozo'),(473,32,2,'0','En esta página:\r\nhttp://www.guiadigital.gob.cl/articulo/acerca-de-la-usabilidad\r\nSe hace referencia al chechlist de usabilidad:\r\nhttp://www.guiadigital.gob.cl/articulo/checklists\r\nAl llegar a la URL me aparece el siguiente mensaje:\r\nUsted no está autorizado para visitar esta página.'),(473,32,3,'0','alvaropozo@crcl.cl'),(473,33,1,'0','Álvaro Pozo'),(473,33,2,'0','En esta página:\r\nhttp://www.guiadigital.gob.cl/articulo/acerca-de-la-usabilidad\r\nSe hace referencia al chechlist de usabilidad:\r\nhttp://www.guiadigital.gob.cl/articulo/checklists\r\nAl llegar a la URL me aparece el siguiente mensaje:\r\nUsted no está autorizado para visitar esta página.'),(473,33,3,'0','alvaropozo@crcl.cl'),(473,34,1,'0','Alvaro Pozo'),(473,34,2,'0','Cuando lleno el formulario de Ayúdanos a mejorar el contenido, no sé si se envía pero la regla para redireccionar está mal hecha: se imprime esta página no encontrada:\r\nhttp://www.guiadigital.gob.clmensaje-enviado/'),(473,34,3,'0','alvaropozo@crcl.cl'),(473,35,1,'0','test'),(473,35,2,'0','test'),(473,35,3,'0','test@test.cl'),(473,36,1,'0','test'),(473,36,2,'0','test'),(473,36,3,'0','test@test.cl'),(473,37,1,'0','test'),(473,37,2,'0','test'),(473,37,3,'0','test@test.cl'),(473,38,1,'0','test'),(473,38,2,'0','test'),(473,38,3,'0','test@test.cl'),(473,39,1,'0','test'),(473,39,2,'0','test'),(473,39,3,'0','test@test.cl'),(473,40,1,'0','test 2012'),(473,40,2,'0','test 2012'),(473,40,3,'0','test@test.cl'),(473,41,1,'0','Enrique González Muñoz'),(473,41,2,'0','Prueba de sección \"Ayudamos a mejorar el contenido\"\r\nPor favor devolver Ok a egonzalez@minsegpres.gob.cl\r\nGracias.'),(473,41,3,'0','egonzalez@minsegpres.gob.cl'),(473,42,1,'0','test'),(473,42,2,'0','gre'),(473,42,3,'0','test@test.cl'),(473,43,1,'0','test'),(473,43,2,'0','test'),(473,43,3,'0','test@test.cl'),(473,44,1,'0','test'),(473,44,2,'0','test'),(473,44,3,'0','test@test.cl'),(473,45,1,'0','Marcelo Pérez A.'),(473,45,2,'0','prueba para ver si sale un link :)'),(473,45,3,'0','marceloperezantivilo@gmail.com'),(473,47,1,'0','Daniel'),(473,47,2,'0','Estimados amigos,\r\n\r\nme resultó de mucha utilidad el contenido sobre interfaces por lo que les agradezco, \r\n\r\nles mando algunos detalles de tipeo que pueden mejorar el contenido en http://www.guiadigital.gob.cl/guia-v2/capitulos/03/interface3.htm\r\n\r\nde completar su la información \r\nreas de contenidos (en el titulo falta la A, en otros titulos tambien)\r\nconcisa y clarea \r\n\r\n\r\notro detalle en http://www.guiadigital.gob.cl/quienes.htm\r\nThe requested page \"/quienes.htm\" could not be found. \r\n\r\nSaludos desde el hermano país Argentina\r\n'),(473,47,3,'0','danielsalta@gmail.com'),(473,49,1,'0','Claudia Muñoz Flández'),(473,49,2,'0','Hola, sería de utilidad que incluyeran directrices sobre el uso de Redes Sociales, más que recomendaciones, ya que buscamos información y no hay como un manual sobre como usar la marca; como tratar al usuario, tiempo de respuesta, horarios, etc.\r\nNos sería de utilidad, si tienen algo, les pido me los envien a mi correo cmunoz@ssffaa.gob.cl'),(473,49,3,'0','cmunoz@ssffaa.gob.cl'),(473,50,1,'0','Andrea'),(473,50,2,'0','muy bueno el contenido!! felicitaciones.\r\n\r\nhay algún modo de obtenerlo en pdf??, quisiera poder imprimirlo\r\n\r\ngracias\r\n\r\nsaludos'),(473,50,3,'0','andrea.manterola@gmail.com'),(473,51,1,'0','Juan Correa Poblete'),(473,51,2,'0','Junto con saludarles cordialmente, quisiera recomendarles que dentro de la sección de Desarrollador BackEnd hagan mención a la información de OWASP (Open Web Application Security Project); organismo apoyado por empresas de renombre (como Amazon y HP), y que busca encontrar y resolver los problemas más comunes con respecto a la seguridad de aplicaciones web.\r\n\r\nEspecial mención merece el Top Ten Project (https://www.owasp.org/index.php/Category:OWASP_Top_Ten_Project) que sintetiza los 10 errores más encontrados en el desarrollo backend.'),(473,51,3,'0','juan@pslabs.cl'),(473,54,1,'0','Clara Murcia'),(473,54,2,'0','Quería ver un ejemplo de la implementación de Persona y escenario, y el enlace esta roto, dice que no está esa página.  Envio el fragmento:\r\n\r\nEn el Sitio Web se entrega una muestra gráfica de una Persona y Escenario (bajar documento en formato PDF; Peso 110 Kb) que puede emplearse como modelo para implementar esta metodología en forma práctica.\r\n\r\nPodrían enviarme este documento al correo que especifico.  Muchas Gracias '),(473,54,3,'0','claras.murcia@gmail.com'),(473,56,1,'0','wbwsuoxi'),(473,56,2,'0','1'),(473,56,3,'0','sample@email.tst'),(473,57,1,'0','Fabián Valdés'),(473,57,2,'0','Estimados, aparte de la gran cantidad de errores de tipeo en la guía web, les pido pueden reparar el enlace roto http://www.guiadigital.gob.cl/guia-v2/capitulos/05/anexos/pauta-evaluacion-heuristica.pdf\r\n\r\n\r\nEste enlace se ubica el la página http://www.guiadigital.gob.cl/articulo/aseguramiento-de-usabilidad. Se trata de un PDF llamado \"Pauta de Evaluación Heurística\" \r\n\r\nGracias y saludos cordiales.'),(473,57,3,'0','valdesaedo@gmail.com'),(473,58,1,'0','Fabián Valdés'),(473,58,2,'0','por favor, el documento \"Pauta de Test de Usuario\" tampoco está direccionado a la descarga del PDF. La página es http://www.guiadigital.gob.cl/articulo/aseguramiento-de-usabilidad\r\n\r\nSolicito enviarme los PDF al mail, muchas gracias'),(473,58,3,'0','valdesaedo@gmail.com'),(473,60,1,'0','Felipe'),(473,60,2,'0','no cargo ninguno de los links que quería consultar: decreto supremos ni leyes, la verdad no me sirvió de nada visitar este sitio.'),(473,60,3,'0','porelrato@live.cl'),(473,61,1,'0','Elijah'),(473,61,2,'0','Hi, I just hopped over to your web site through StumbleUpon. Not somthing I would generally browse, but I enjoyed your thoughts none the less. Thanks for creating some thing worthy of reading. Elijah http://www.purevolume.com/eliwatso1987/posts/2698944/Elevator+Shoes+Wrecked+My+Everyday+Living'),(473,61,3,'0','ornoybebga@gmail.com'),(473,62,1,'0','María José Véliz'),(473,62,2,'0','Buenos días, escribo debido a que faltan algunos conceptos en el glosario, tales como: diseño responsivo o responsive, footer y feedback, lo cual es sumamente importante para el entendimiento. Saludos, \r\n\r\nMaría José Véliz\r\nCanal Digital\r\n\r\n'),(473,62,3,'0','mjose.veliz@gmail.com'),(473,63,1,'0','shoe lift for men'),(473,63,2,'0','Thanks for your write-up on the vacation industry. I might also like to add that if you are a senior thinking about traveling, its absolutely imperative that you buy travel insurance for retirees. When traveling, golden-agers are at greatest risk of getting a health emergency. Receiving the right insurance policy package for your age group can safeguard your health and provide you with peace of mind. shoe lift for men http://www.deelsonheels.com/$2099_Dual_Air_Cushioned_Shoe_Lifts/p133745_317500.aspx'),(473,63,3,'0','belwkrphpkj@live.com'),(473,64,1,'0','dr scholls heel pads'),(473,64,2,'0','Dead indited content material, appreciate it for information. “Life is God’s novel. Let him write it.” by Isaac Bashevis Singer. dr scholls heel pads http://www.deelsonheels.com/$1049__Buy_Heel_Pads__Gel_Shoe_Insoles__Cushions/p133745_317502.aspx'),(473,64,3,'0','wtzjhdukn@yahoo.co.uk'),(473,66,1,'0','heel pads shoes too big'),(473,66,2,'0','Hi there, we were reading this blog and think it’s pretty awesome. If you don’t mind, would you take a second look at my web site on new identity. Thank you very much. heel pads shoes too big http://www.deelsonheels.com/$1399__Heel_Cups__Gel_Heel_Pads/p133745_603308.aspx'),(473,66,3,'0','iywyvktdik@hotmail.co.uk'),(473,67,1,'0','Alvaro'),(473,67,2,'0','Enlace de destino no existe\r\nhttp://www.guiadigital.gob.cl/guia-v2/capitulos/05/anexos/pauta-persona-escenario.pdf'),(473,67,3,'0','alvaropozo@gmail.com'),(473,68,1,'0','Propecia in women'),(473,68,2,'0','dpriahvjbejhjubm, <a href=\"http://miniteddyhugs.com/\">Levitra</a>, hNHcWrZ, [url=http://miniteddyhugs.com/]Levitra[/url], XIduZGI, http://miniteddyhugs.com/ Levitra, EfZxGNy, <a href=\"http://yourpropeciaresource.com/\">Propecia</a>, CCVvGwL, [url=http://yourpropeciaresource.com/]Costco propecia[/url], qymzkUb, http://yourpropeciaresource.com/ Propecia, wXFRxPu, <a href=\"http://ranktrackerpro.com/\">Quick forum readtopic propecia none generated</a>, HPJFKZu, [url=http://ranktrackerpro.com/]G postmessage propecia guest online[/url], kxmwWaq, http://ranktrackerpro.com/ Hair loss medication propecia, wEuGGRp, <a href=\"http://petnjica.com/\">Viagra uk</a>, HIaIIGb, [url=http://petnjica.com/]Viagra canada[/url], QTwrxTA, http://petnjica.com/ Cialis vs viagra, cCWGCHp, <a href=\"http://debiangems.com/\">Who makes the best electronic cigarette</a>, cIlZQPq, [url=http://debiangems.com/]Electronic cigarette liquid salem[/url], vDPmvTS, http://debiangems.com/ Electronic cigarette manufacturers, XviioSz, <a href=\"http://frndshub.com/\">Electronic cigarette reviews</a>, iyXVxNu, [url=http://frndshub.com/]Electronic cigarette usb charger[/url], iMWWvBU, http://frndshub.com/ Electronic cigarette liquid salem, uTqfvEL.'),(473,68,3,'0','bvvfpzphnu@mprpal.com'),(473,69,1,'0','Dapoxetine priligy'),(473,69,2,'0','ziphyhvjbejhjubm, <a href=\"http://prospectfunding.com/\">Buy priligy</a>, SzKWTQU, [url=http://prospectfunding.com/]Priligy buy online[/url], sLdKqZt, http://prospectfunding.com/ Priligy, BHHuOJa.'),(473,69,3,'0','edqulmzbzb@rxizfx.com'),(473,70,1,'0','Ativan xanax'),(473,70,2,'0','ktkyghvjbejhjubm, <a href=\"http://levitrajust4u.com/\">Order levitra</a>, AFoSuEV, [url=http://levitrajust4u.com/]Vidrgne levitra[/url], CTYsCJC, http://levitrajust4u.com/ Levitra walmart 900, NUjmdeu, <a href=\"http://tvxqargentina.com/\">Propecia</a>, axVOIwL, [url=http://tvxqargentina.com/]G postmessage propecia guest online[/url], evPUlkW, http://tvxqargentina.com/ Propecia in women, YhuNWep, <a href=\"http://maloneylawyers.com/\">Xanax side effects</a>, MlASgxa, [url=http://maloneylawyers.com/]Xanax online[/url], EwsAuDb, http://maloneylawyers.com/ Xanax pictures, ohlyBLa, <a href=\"http://zoomommy.com/\">Discount viagra</a>, GfBriYg, [url=http://zoomommy.com/]Photos viagra[/url], PjkLsRu, http://zoomommy.com/ Viagra, FNdzUuB, <a href=\"http://centralumcnj.org/\">Buy filters for dse 905 electronic cigarette starter kits</a>, XlhFyyf, [url=http://centralumcnj.org/]White cloud electronic cigarette[/url], jhXASHW, http://centralumcnj.org/ Volcano electronic cigarette, YegmFLF, <a href=\"http://wholesalefuels.com/\">Ativan anxiety</a>, vHJKCLk, [url=http://wholesalefuels.com/]Ativan addiction withdrawals[/url], ZMNsrPG, http://wholesalefuels.com/ What is the adverse reaction of ativan, hRIulQE.'),(473,70,3,'0','zgyzbcguad@wvqrmw.com'),(473,71,1,'0','Valium'),(473,71,2,'0','cecnxhvjbejhjubm, <a href=\"http://midwestlibertyfest.com/\">Therapy testosterone human growth hormone hgh</a>, ciihYhi, [url=http://midwestlibertyfest.com/]Hgh first week[/url], FrURjER, http://midwestlibertyfest.com/ HGH, qikLMTY, <a href=\"http://akronfcc.org/\">Fioricet online cheap</a>, cdbhOTL, [url=http://akronfcc.org/]Fioricet equivalent[/url], NOkELaG, http://akronfcc.org/ Fioricet, ZPozuYY, <a href=\"http://amtekglobal.com/\">What is valium for</a>, xmXecBc, [url=http://amtekglobal.com/]Valium withdrawal[/url], mXELWvZ, http://amtekglobal.com/ Valium, JcuCeTW, <a href=\"http://stickmans.net/\">Levitra without a prescription</a>, sKsXEBP, [url=http://stickmans.net/]Levitra blindness cases 2010[/url], ZfstmQp, http://stickmans.net/ Levitra pen, kLgLMcl, <a href=\"http://gegaruch.org/\">The release of hgh at orgasem</a>, hrUUNXG, [url=http://gegaruch.org/]HGH[/url], rdNhHzY, http://gegaruch.org/ The release of hgh at orgasem, eOtiMSb, <a href=\"http://viagracompared.com/\">Viagra for sale</a>, kykKAZY, [url=http://viagracompared.com/]Viagra from canada[/url], jDJhFmT, http://viagracompared.com/ Discount viagra, XHdOJFm.'),(473,71,3,'0','nsqocmeier@vvgvci.com'),(473,72,1,'0','Provigil patient assistance'),(473,72,2,'0','bkwwrhvjbejhjubm, <a href=\"http://pcmacoaches.com/\">G postmessage propecia subject forum</a>, AwrGGTb, [url=http://pcmacoaches.com/]Subaction showcomments propecia start from remember[/url], vmthfsN, http://pcmacoaches.com/ Finasteride propecia, dWDMQvZ, <a href=\"http://purelyfrance.com/\">Smokeless electronic cigarette</a>, DNQjcSj, [url=http://purelyfrance.com/]Slim electronic cigarette[/url], vTzvWmy, http://purelyfrance.com/ Cheapest electronic cigarette, PuiiRpF, <a href=\"http://madinitali.com/\">Provigil</a>, AMxpldT, [url=http://madinitali.com/]Provigil cost[/url], NSslCKm, http://madinitali.com/ Provigil viagra interaction, ZciCeua, <a href=\"http://susanarinaldi.com/\">Electronic Cigarette</a>, mCkfGKr, [url=http://susanarinaldi.com/]Janty electronic cigarette[/url], srSgtSE, http://susanarinaldi.com/ Tornado electronic cigarette, FcdoFkx, <a href=\"http://debiangems.com/\">50-one electronic cigarette</a>, RYiossP, [url=http://debiangems.com/]Electronic Cigarette[/url], ogAYcoW, http://debiangems.com/ Electronic cigarette kit, DBzQAvn, <a href=\"http://levitraknowhow.com/\">Levitra</a>, bziuCbh, [url=http://levitraknowhow.com/]Generic india levitra[/url], VshMvPa, http://levitraknowhow.com/ Levitra for sale, eHMiuJN.'),(473,72,3,'0','hazdzuzewn@pqusar.com'),(473,73,1,'0','Super electronic cigarette'),(473,73,2,'0','inngxhvjbejhjubm, <a href=\"http://lokilistens.com/\">Cheapest electronic cigarette</a>, nmlzcir, [url=http://lokilistens.com/]Electronic cigarette price[/url], nSwfzWQ, http://lokilistens.com/ Electronic Cigarette, oyNjbTZ, <a href=\"http://debiangems.com/\">Menthol electronic cigarette</a>, rLcegAR, [url=http://debiangems.com/]Electronic cigarette usa[/url], ehDcIjp, http://debiangems.com/ Super slim electronic cigarette, IflOZfO, <a href=\"http://buyalteril.org/\">Buy cialis doctor online</a>, HBlvIiv, [url=http://buyalteril.org/]Mountainwest apothecary, cialis[/url], DRyodFZ, http://buyalteril.org/ Cialis, zaBKMPq, <a href=\"http://slodavinir.org/\">Fioricet during pregnancy</a>, JSQWDjM, [url=http://slodavinir.org/]Generic fioricet online[/url], aevXyFs, http://slodavinir.org/ Buy fioricet (blue) without prescription, pVFbfmQ, <a href=\"http://penisextendersfeedback.com/\">Natual penis enlargement</a>, KtRpDTd, [url=http://penisextendersfeedback.com/]Penis enlargement surgery pittsburgh[/url], PRkOgtC, http://penisextendersfeedback.com/ Penis enlargement surgery testimonials, NHsYzzs, <a href=\"http://neworleanslasiksurgery.com/\">Electronic cigarette supplier china</a>, DZbgsXs, [url=http://neworleanslasiksurgery.com/]Electronic cigarette copd[/url], BeyYdxz, http://neworleanslasiksurgery.com/ Electronic Cigarette, DhwQFVs.'),(473,73,3,'0','hawshdxczu@sjisqj.com'),(473,74,1,'0','Order cialis'),(473,74,2,'0','ijdrvhvjbejhjubm, <a href=\"http://cialisusers.com/\">Viagria vs cialis</a>, cwObGyR, [url=http://cialisusers.com/]Cialis[/url], nQrCkVe, http://cialisusers.com/ Cialis uk suppliers, goFWreA, <a href=\"http://petnjica.com/\">Generic viagra</a>, FEBqKWE, [url=http://petnjica.com/]Get viagra online[/url], pRnVUzI, http://petnjica.com/ Lawyer in virginia winning viagra lawsuits, UmtwYrm, <a href=\"http://volumepillscomparison.com/\">Do volumepills work</a>, ljUgChh, [url=http://volumepillscomparison.com/]Volume Pills[/url], XaQkUQh, http://volumepillscomparison.com/ VolumePills, VRUdUlc, <a href=\"http://ihategreenjello.com/\">Cialis and vigrx</a>, BMvBavn, [url=http://ihategreenjello.com/]VigRX Plus[/url], QDaOaQp, http://ihategreenjello.com/ Vigrx plus ingredients, yGxgATf, <a href=\"http://debt-settlement-experts.com/\">Propecia</a>, GgORVLL, [url=http://debt-settlement-experts.com/]Generic propecia[/url], dgcgMVH, http://debt-settlement-experts.com/ Can propecia cause depression, RextgWE, <a href=\"http://heheltd.com/_HeHe/\">Cialis in botlle</a>, dUBPFVp, [url=http://heheltd.com/_HeHe/]Cialis prescription not required[/url], YxWUTJW, http://heheltd.com/_HeHe/ Liquid cialis, DzmldOL.'),(473,74,3,'0','ztyaawrccy@bogqjl.com'),(473,75,1,'0','Electronic cigarette safety'),(473,75,2,'0','vjxgzhvjbejhjubm, <a href=\"http://frndshub.com/\">Product reviews electronic cigarette</a>, dKmUswA, [url=http://frndshub.com/]V2 electronic cigarette[/url], mcCyRaD, http://frndshub.com/ Micro electronic cigarette, gzRzfbF.'),(473,75,3,'0','kjepwedbij@oxnqii.com'),(473,76,1,'0','Hgh studies'),(473,76,2,'0','amqldhvjbejhjubm, <a href=\"http://naitoyuki.com/\">Gaba releases hgh</a>, HEHysPc, [url=http://naitoyuki.com/]Hgh hormone releasers[/url], KazTDYk, http://naitoyuki.com/ HGH, sezzcYt.'),(473,76,3,'0','anwoyjazlc@opnwpd.com'),(473,77,1,'0','Finpecia vs propecia'),(473,77,2,'0','uplsjhvjbejhjubm, <a href=\"http://yourpropeciaresource.com/\">Propecia</a>, LaPndZw, [url=http://yourpropeciaresource.com/]Generic propecia[/url], AbhjgMP, http://yourpropeciaresource.com/ Propecia side effects, LGhaSxH.'),(473,77,3,'0','wwmurommrd@wrzqjw.com'),(473,78,1,'0','Genaric cialis'),(473,78,2,'0','zpgedhvjbejhjubm, <a href=\"http://yaircenter.com/\">Mountainwest apothecary, cialis</a>, ogMRoWG, [url=http://yaircenter.com/]Cialis[/url], uqPOsGi, http://yaircenter.com/ Cialis, gKAjDtO.'),(473,78,3,'0','rgvkxgrmdq@xizjou.com'),(473,79,1,'0','Buy xanax valium online florida'),(473,79,2,'0','norxghvjbejhjubm, <a href=\"http://agenziadebiti.net/\">VigRX Plus</a>, pFwsfBJ, [url=http://agenziadebiti.net/]Vigrx plus testimonials[/url], LLibXSq, http://agenziadebiti.net/ Vigrx plus fraud, jDOvCeR, <a href=\"http://amtekglobal.com/\">Buy valium without prescription</a>, zzHoXYr, [url=http://amtekglobal.com/]Discount valium online[/url], nmtaWCA, http://amtekglobal.com/ Side affects valium, FSGoJlK, <a href=\"http://wholesalefuels.com/\">Ativan</a>, RLBNkEr, [url=http://wholesalefuels.com/]Classification of ativan[/url], IcihiYf, http://wholesalefuels.com/ Ativan anxiety, IvnzKIz, <a href=\"http://kajin.org/\">Propecia</a>, XaUeYgW, [url=http://kajin.org/]Propecia rogaine uk sales[/url], MhAlSmk, http://kajin.org/ G postmessage propecia guest remember, uahiKdf, <a href=\"http://cialisusers.com/\">Cialis</a>, FRMlgvN, [url=http://cialisusers.com/]Which is better the levitra are the cialis[/url], QbPaQoc, http://cialisusers.com/ Health care reform who pays for cialis, sxNpHIm, <a href=\"http://rpoamm.org/\">Xanax 2</a>, DgjKmyh, [url=http://rpoamm.org/]Xanax[/url], NjbvaZM, http://rpoamm.org/ Buy xanax valium online florida, cpUdiFl.'),(473,79,3,'0','bkchhjjnni@qrdxlm.com'),(473,80,1,'0','Semenax'),(473,80,2,'0','jpublhvjbejhjubm, <a href=\"http://semenaxhelper.com/\">Semenax</a>, KVUkVgE, [url=http://semenaxhelper.com/]Vimax online semenax incredible site[/url], cSkRJOd, http://semenaxhelper.com/ Vimax semenax perfect work, wZIKGXs.'),(473,80,3,'0','inskejjhlo@gyncna.com'),(473,81,1,'0','Hgh product'),(473,81,2,'0','mvwwzhvjbejhjubm, <a href=\"http://gegaruch.org/\">HGH</a>, jOVriYK, [url=http://gegaruch.org/]HGH[/url], XhABDGb, http://gegaruch.org/ HGH, fnFXeKh.'),(473,81,3,'0','zzhecpzxla@qhcvxh.com'),(473,82,1,'0','Generic viagra without prescription'),(473,82,2,'0','qyzcyhvjbejhjubm, <a href=\"http://ihategreenjello.com/\">Vigrx plus amazon</a>, tvGHUqI, [url=http://ihategreenjello.com/]VigRX Plus[/url], JGLBhRm, http://ihategreenjello.com/ Vigrx plus where to find, UobVhzY, <a href=\"http://maloneylawyers.com/\">Xanax</a>, XYChSvL, [url=http://maloneylawyers.com/]Side effects of xanax[/url], GOXcPWZ, http://maloneylawyers.com/ Xanax pictures, NqOjEDo, <a href=\"http://upstatetuxedo.com/\">Priligy kostar</a>, mjpNXFU, [url=http://upstatetuxedo.com/]Priligy t[/url], yZMtEwZ, http://upstatetuxedo.com/ Priligy t, DmdIqyz, <a href=\"http://viagracompared.com/\">Generic viagra without prescription</a>, mFilSfU, [url=http://viagracompared.com/]Viagra lawsuits won in court in 2010[/url], WFYmRZM, http://viagracompared.com/ Plaintiffs who won their viagra lawsuit in court in 2010, ghrNLSR, <a href=\"http://tvmain.com/\">Electronic Cigarette</a>, MsCdpSS, [url=http://tvmain.com/]Product reviews electronic cigarette[/url], ygBklgu, http://tvmain.com/ Electronic cigarette brands, mRRZtMa, <a href=\"http://generalsyouthfootball.com/\">Generic viagra online</a>, elPKlbs, [url=http://generalsyouthfootball.com/]Mail order viagra[/url], GsZXrdE, http://generalsyouthfootball.com/ Free viagra, lRlcMoh.'),(473,82,3,'0','trtidfcpsf@huiddv.com'),(473,83,1,'0','Cialis surrey bc'),(473,83,2,'0','pasafhvjbejhjubm, <a href=\"http://heheltd.com/_HeHe/\">Cialis dosage</a>, NBXGRLl, [url=http://heheltd.com/_HeHe/]Buy cialis doctor online[/url], NhoijPq, http://heheltd.com/_HeHe/ Cialis forum, BVBmjie.'),(473,83,3,'0','jhsbcrhylk@dohjlo.com'),(473,84,1,'0','Order viagra online'),(473,84,2,'0','dkwdnhvjbejhjubm, <a href=\"http://yourpropeciaresource.com/\">Propecia</a>, jhzDywb, [url=http://yourpropeciaresource.com/]Propecia[/url], LaUAAPO, http://yourpropeciaresource.com/ G postmessage propecia guest remember, wvFvFeu, <a href=\"http://generalsyouthfootball.com/\">Order viagra</a>, pxXCrwN, [url=http://generalsyouthfootball.com/]Female free sample viagra[/url], bMErxRt, http://generalsyouthfootball.com/ Female herbal viagra, BLCirAN, <a href=\"http://terrisellsnchomes.com/\">Generic for viagra</a>, owpxdOX, [url=http://terrisellsnchomes.com/]Alternative to viagra[/url], gbZSQnH, http://terrisellsnchomes.com/ Won viagra lawsuits in may of 2010, YnKuHcW, <a href=\"http://mianmo1.com/\">Is vigrx plus permanent</a>, DSctdvt, [url=http://mianmo1.com/]Vigrx truth results studies[/url], rhwpUXc, http://mianmo1.com/ Low price vigrx plus, FlmcqWk, <a href=\"http://84sese.com/\">Electronic cigarette nyjoy</a>, YnhFtJV, [url=http://84sese.com/]Electronic cigarette brands[/url], MVyVgKC, http://84sese.com/ Smoketip electronic cigarette review, LoFXDxO, <a href=\"http://amtekglobal.com/\">Can i take valium periodically while pregnant</a>, uALsbHn, [url=http://amtekglobal.com/]Taking valium or xanax in early pregnancy[/url], iZpkXVS, http://amtekglobal.com/ Yellow valium, acuAStb.'),(473,84,3,'0','yklgaeupon@imyqrr.com'),(473,85,1,'0','Tramadol pills'),(473,85,2,'0','bkzwwhvjbejhjubm, <a href=\"http://tramadolcenter.com/\">Tramadol hydrochloride</a>, DDKjrEs, [url=http://tramadolcenter.com/]Tramadol information[/url], zrlIvAt, http://tramadolcenter.com/ Is tramadol a narcotic, bfolxuc, <a href=\"http://reviewedvigrx.com/\">Vigrx plus discount</a>, ijRgRMb, [url=http://reviewedvigrx.com/]VigRX Plus[/url], EnLCnXd, http://reviewedvigrx.com/ Vigrx plus discount, iALhwoz, <a href=\"http://tvmain.com/\">Slim electronic cigarette</a>, niKQnuQ, [url=http://tvmain.com/]Duo pro electronic cigarette[/url], DKLdhOd, http://tvmain.com/ Tornado electronic cigarette, avKDcFT, <a href=\"http://viagracompared.com/\">Women does viagra work</a>, fCUjMtr, [url=http://viagracompared.com/]How viagra works[/url], JPccxjc, http://viagracompared.com/ Viagra, BMGGAHs, <a href=\"http://semenaxhelper.com/\">Semenax wiki</a>, FmhMbTX, [url=http://semenaxhelper.com/]To buy semenax[/url], OHSPaUw, http://semenaxhelper.com/ Semenax side effects, qyXlHYH, <a href=\"http://ruidosotravelnews.com/\">Electronic cigarette comparison</a>, XeLqKlq, [url=http://ruidosotravelnews.com/]Usb car charger for electronic cigarette passthrough[/url], pDfismb, http://ruidosotravelnews.com/ Dura electronic cigarette, DBuzsXh.'),(473,85,3,'0','jjzcwgqwhd@cxcsaz.com'),(473,86,1,'0','VigRX'),(473,86,2,'0','lwtxzhvjbejhjubm, <a href=\"http://mianmo1.com/\">Vigrx side effects</a>, Uebghwt, [url=http://mianmo1.com/]Truth about vigrx plus[/url], SROprcV, http://mianmo1.com/ VigRX, SLVCrtc, <a href=\"http://ranktrackerpro.com/\">Quick forum readtopic propecia answer online</a>, sFKAjUR, [url=http://ranktrackerpro.com/]Quick forum readtopic propecia none generated[/url], murvRgo, http://ranktrackerpro.com/ Online pharmacy propecia, PXnBHOw, <a href=\"http://hue-music.com/\">Vigrx plus reviews</a>, NAAZqxd, [url=http://hue-music.com/]VigRX Plus[/url], DJXmVmy, http://hue-music.com/ Vigrx wordpress p, puHrIOB, <a href=\"http://yourpropeciaresource.com/\">Propecia photos</a>, XIVBRSM, [url=http://yourpropeciaresource.com/]G postmessage propecia subject forum[/url], nvQemjt, http://yourpropeciaresource.com/ Propecia and drug interaction, UpStxfL, <a href=\"http://tramadolcenter.com/\">Tramadol</a>, vVeeLLy, [url=http://tramadolcenter.com/]Ultram tramadol[/url], NFixBge, http://tramadolcenter.com/ Tramadol, tCzFeqV, <a href=\"http://miniteddyhugs.com/\">Levitra and alcohol</a>, TSjHiNw, [url=http://miniteddyhugs.com/]10 mg vs 20 mg levitra[/url], flbfziq, http://miniteddyhugs.com/ Levitra prescribing, zCWeteR.'),(473,86,3,'0','zqipntcdnw@errmbf.com'),(473,87,1,'0','Hgh'),(473,87,2,'0','corbyhvjbejhjubm, <a href=\"http://reviewedvigrx.com/\">Vigrx vs vigrx plus</a>, KebfHRd, [url=http://reviewedvigrx.com/]Vigrx safe or not[/url], JEVBexm, http://reviewedvigrx.com/ Women and vigrx oil, nAMZNlJ, <a href=\"http://sayocla.com/\">Electronic Cigarette</a>, TYkYQzq, [url=http://sayocla.com/]Smoke anywhere electronic cigarette[/url], rzPNMEM, http://sayocla.com/ Electronic Cigarette, ZSuIXNb, <a href=\"http://cacrights.org/\">HGH</a>, kDAGPCQ, [url=http://cacrights.org/]Hgh spray human growth hormone hghfreeinfoexchangenet[/url], UQXXaRr, http://cacrights.org/ Testostrone and hgh, uuFbcqm, <a href=\"http://icakiev.com/\">Buy cheap kamagra</a>, hXFILee, [url=http://icakiev.com/]Www pharmaexpressrx com purchase kamagra[/url], vUnwxzc, http://icakiev.com/ Wholesale kamagra, cULDjZt, <a href=\"http://naitoyuki.com/\">HGH</a>, OjSjTbE, [url=http://naitoyuki.com/]Hgh negative side effects[/url], KFFiJrI, http://naitoyuki.com/ Comparison growth hgh hormone human, feLwLST, <a href=\"http://petnjica.com/\">Erectile dysfunction viagra</a>, HpgVxse, [url=http://petnjica.com/]Plantiffs who won their viagra lawsuit in court in 2010[/url], ibcycQd, http://petnjica.com/ Viagra, LJkiHGW.'),(473,87,3,'0','mxcvvmhlbm@vyphsg.com'),(473,88,1,'0','Pure electronic cigarette'),(473,88,2,'0','rsrfnhvjbejhjubm, <a href=\"http://tvxqargentina.com/\">Propecia</a>, qGYvQUG, [url=http://tvxqargentina.com/]Symptoms of propecia[/url], xFFZpQf, http://tvxqargentina.com/ Propecia, TgvXafy, <a href=\"http://gegaruch.org/\">HGH</a>, tlehDRY, [url=http://gegaruch.org/]Natures youth hgh[/url], GxXgZEY, http://gegaruch.org/ HGH, odacmUT, <a href=\"http://sayocla.com/\">Electronic Cigarette</a>, NaAAZqq, [url=http://sayocla.com/]Blu electronic cigarette[/url], dtbFHQm, http://sayocla.com/ Electronic Cigarette, LxTrVNa, <a href=\"http://purelyfrance.com/\">Electronic cigarette copd</a>, OoklSWy, [url=http://purelyfrance.com/]Electronic cigarette brands[/url], jmBtiDf, http://purelyfrance.com/ Terminator electronic cigarette, UeaDVaG, <a href=\"http://ranktrackerpro.com/\">Subaction showcomments propecia optional blog</a>, sefPiuy, [url=http://ranktrackerpro.com/]Buy propecia[/url], jTgTZAT, http://ranktrackerpro.com/ Hair loss medication propecia, aarRYJm, <a href=\"http://www.exploremymission.org/\">Is daily dose cialis on the tml formulary</a>, PNRumPw, [url=http://www.exploremymission.org/]Cialis hearing loss[/url], zzmEvHQ, http://www.exploremymission.org/ Genaric cialis, NCczfrG.'),(473,88,3,'0','dlreztetgx@bghqmp.com'),(473,89,1,'0','Priligy'),(473,89,2,'0','yrbyjhvjbejhjubm, <a href=\"http://albritton-interiors.com/\">Priligy kostar</a>, SFtfUhm, [url=http://albritton-interiors.com/]Priligi[/url], ukWqVYU, http://albritton-interiors.com/ Priligy mexico, MzHnnPn.'),(473,89,3,'0','ovoijaedzz@ubvcbu.com'),(473,90,1,'0','Levitra'),(473,90,2,'0','jlurzhvjbejhjubm, <a href=\"http://levitrajust4u.com/\">Quantum group levitra</a>, AttzDZj, [url=http://levitrajust4u.com/]Levitra coupons 30day free[/url], VuBNuWq, http://levitrajust4u.com/ Levitra vs cialis, DRkovFC.'),(473,90,3,'0','evjogltuly@hxylyk.com'),(473,91,1,'0','Buy viagra in london england'),(473,91,2,'0','vagzahvjbejhjubm, <a href=\"http://petnjica.com/\">Viagra jokes</a>, MXpJuFJ, [url=http://petnjica.com/]Europe online sale viagra[/url], HMldPog, http://petnjica.com/ Natural viagra, uiGbcEk.'),(473,91,3,'0','wqqngefjfs@ergekn.com'),(473,92,1,'0','Viagra ireland hgh human growth hormone'),(473,92,2,'0','fxamlhvjbejhjubm, <a href=\"http://buyalteril.org/\">Cialis uk</a>, MfCnUgK, [url=http://buyalteril.org/]Generic cialis without a prescription[/url], knAQswz, http://buyalteril.org/ Drug screening for cialis, UmShmGy, <a href=\"http://bigringcyclery.com/\">HGH</a>, zxYmccN, [url=http://bigringcyclery.com/]Maximum hgh[/url], ktCeQcc, http://bigringcyclery.com/ HGH, qwlJUaY, <a href=\"http://penisextendersfeedback.com/\">Penis enlargement surgery video</a>, MPNNHrg, [url=http://penisextendersfeedback.com/]Penis enlargement exercises[/url], cXuSfTQ, http://penisextendersfeedback.com/ Penis enlargement pills review, DIyeAkS, <a href=\"http://naitoyuki.com/\">HGH</a>, JCrxSKO, [url=http://naitoyuki.com/]HGH[/url], JHevhxd, http://naitoyuki.com/ Secretagogue hgh, tJMiUtE, <a href=\"http://levitrajust4u.com/\">How to maximize resutts of levitra</a>, vAPPOrv, [url=http://levitrajust4u.com/]Levitra[/url], FvYyEFO, http://levitrajust4u.com/ Levitra, LRrobDS, <a href=\"http://heheltd.com/_HeHe/\">Cialis</a>, qhKFxBl, [url=http://heheltd.com/_HeHe/]Tadalafil cialis from india[/url], MVFGzvm, http://heheltd.com/_HeHe/ Cialis paypal, PlXgzkt.'),(473,92,3,'0','hgbipsqbmv@dqnkbn.com'),(473,93,1,'0','VigRX Plus'),(473,93,2,'0','somhhhvjbejhjubm, <a href=\"http://reviewsvigrx.com/\">VigRX Plus</a>, bfFfAgY, [url=http://reviewsvigrx.com/]VigRX Plus[/url], DFyDQTg, http://reviewsvigrx.com/ Vigrx plus uk, WHnpklw.'),(473,93,3,'0','ooczhrswhn@ndzveh.com'),(473,94,1,'0','How viagra works'),(473,94,2,'0','qwgjdhvjbejhjubm, <a href=\"http://petnjica.com/\">Viagra</a>, hPHgZis, [url=http://petnjica.com/]Cialis vs viagra[/url], eoPMhRg, http://petnjica.com/ Get viagra without prescription, XGNElZB.'),(473,94,3,'0','wzgpgaubcu@wcstgh.com'),(473,95,1,'0','Hgh aging'),(473,95,2,'0','rxnelhvjbejhjubm, <a href=\"http://sayocla.com/\">Electronic Cigarette</a>, AvuMbFU, [url=http://sayocla.com/]Electronic cigarette gdl[/url], FYCNBoU, http://sayocla.com/ Red dragon electronic cigarette, fEukPra, <a href=\"http://pyramidskateshop.com/\">Priligy</a>, gVJUUhV, [url=http://pyramidskateshop.com/]7drugs priligy[/url], EXpDjrT, http://pyramidskateshop.com/ Buy priligy online, tEpRuMq, <a href=\"http://madinitali.com/\">Provigil adderall combined</a>, vOrSFGR, [url=http://madinitali.com/]Provigil effects[/url], DxOHcsG, http://madinitali.com/ Provigil patience assistance, lKmlKoi, <a href=\"http://wholesalefuels.com/\">Erowid ativan</a>, IyvcXNY, [url=http://wholesalefuels.com/]Can ativan be taken with medrol pack[/url], rAvSYTP, http://wholesalefuels.com/ Typical dossage of ativan, xtViIfj, <a href=\"http://debt-settlement-experts.com/\">G postmessage propecia subject online</a>, iRHUEIi, [url=http://debt-settlement-experts.com/]Cheapest place to buy propecia[/url], fPOPcCn, http://debt-settlement-experts.com/ Subaction showcomments propecia smile older, pYmlZzM, <a href=\"http://naitoyuki.com/\">Hgh product</a>, ApiuANJ, [url=http://naitoyuki.com/]HGH[/url], pTPXCxY, http://naitoyuki.com/ Diabetes hgh, IiAqaRz.'),(473,95,3,'0','ectpmszomi@azprft.com'),(473,96,1,'0','Hgh product'),(473,96,2,'0','lekfmhvjbejhjubm, <a href=\"http://cacrights.org/\">Hgh dietary supplements</a>, zEpKQsK, [url=http://cacrights.org/]Hgh effects[/url], MizLkZf, http://cacrights.org/ Hgh growth, BNgiITe.'),(473,96,3,'0','wbzjraibnn@tfgjux.com'),(473,97,1,'0','Xanax pregnancy'),(473,97,2,'0','palixhvjbejhjubm, <a href=\"http://gursikhijeevan.com/\">Best price vigrx plus</a>, WkHQLDD, [url=http://gursikhijeevan.com/]Vigrx plus avis[/url], udRWgZn, http://gursikhijeevan.com/ Vigrx plus does it work, OqHpeAx, <a href=\"http://rpoamm.org/\">Xanax</a>, KgiDuKv, [url=http://rpoamm.org/]How much xanax to take[/url], LvqhENx, http://rpoamm.org/ Order xanax online, xxzQVHU, <a href=\"http://debiangems.com/\">Who makes the best electronic cigarette</a>, dICtghn, [url=http://debiangems.com/]Green smoke electronic cigarette[/url], XLGdInn, http://debiangems.com/ Electronic cigarette, oIzvgLu, <a href=\"http://levitraknowhow.com/\">Levitra canada</a>, hcZLNtW, [url=http://levitraknowhow.com/]How does levitra work[/url], RkyptlQ, http://levitraknowhow.com/ Levitra blindness cases, ETQpjEo, <a href=\"http://tvmain.com/\">Fda warning electronic cigarette</a>, sEcJtla, [url=http://tvmain.com/]Electronic cigarette kit[/url], YGwnogy, http://tvmain.com/ Electronic cigarette starter, knbOJjj, <a href=\"http://tvxqargentina.com/\">Does propecia really work for women</a>, dOyfwDC, [url=http://tvxqargentina.com/]Subaction showcomments propecia thanks posted[/url], JFJIZuR, http://tvxqargentina.com/ Propecia libido, BNSeASh.'),(473,97,3,'0','uoymnjndyf@pnizkm.com'),(473,98,1,'0','Kamagra'),(473,98,2,'0','ktwmxhvjbejhjubm, <a href=\"http://icakiev.com/\">Kamagra</a>, iYlToqE, [url=http://icakiev.com/]Where to buy kamagra in manila[/url], phgZMjQ, http://icakiev.com/ Www genericpills4less com kamagra, OyXSDQk, <a href=\"http://viagracompared.com/\">Jamaica blog negril sex viagra</a>, AuoCsef, [url=http://viagracompared.com/]Buy viagra online safe[/url], UpAiWKG, http://viagracompared.com/ Erectile dysfunction viagra, iCzQdVB, <a href=\"http://maloneylawyers.com/\">Xanax</a>, LxpqhYX, [url=http://maloneylawyers.com/]Alprazolam xanax[/url], wnWQKNt, http://maloneylawyers.com/ Xanax on line, PwsADJr, <a href=\"http://lokilistens.com/\">Kaji electronic cigarette</a>, RXCzZeu, [url=http://lokilistens.com/]Blue electronic cigarette[/url], ewhqqTW, http://lokilistens.com/ Electronic cigarette copd, TGYbPzi, <a href=\"http://semenax2013.com/\">Semenax results</a>, BCZnzQp, [url=http://semenax2013.com/]Semenax trial test[/url], AWIceOP, http://semenax2013.com/ Active ingredient in semenax, TxtGaDt, <a href=\"http://albritton-interiors.com/\">7drugs priligy</a>, FlQCJju, [url=http://albritton-interiors.com/]Priligy tm[/url], DZHpEaG, http://albritton-interiors.com/ Priligy buy online, wVKwmlV.'),(473,98,3,'0','rrwkssehck@htcarr.com'),(473,99,1,'0','Generic india levitra'),(473,99,2,'0','pyhnjhvjbejhjubm, <a href=\"http://buyalteril.org/\">Order generic cialis</a>, tIIBQGB, [url=http://buyalteril.org/]Cialis dosage[/url], GiqYkFK, http://buyalteril.org/ Cialis, strOfzG, <a href=\"http://ranktrackerpro.com/\">Propecia infertility</a>, mvutUNb, [url=http://ranktrackerpro.com/]G postmessage propecia smiley online[/url], VFTwLlC, http://ranktrackerpro.com/ Hair loss medication propecia, yMXcbdT, <a href=\"http://stickmans.net/\">Low hemoglobin and levitra</a>, AoKjzVE, [url=http://stickmans.net/]Levitra veterans cost[/url], CesEtiD, http://stickmans.net/ Compare viagra to cialis and levitra, FQyxmho, <a href=\"http://slodavinir.org/\">Butalbital fioricet</a>, SePyJyU, [url=http://slodavinir.org/]Fioricet[/url], VfyTdRa, http://slodavinir.org/ Rx fioricet, WmcWvDc, <a href=\"http://sectionfivegames.org/\">Finasteride propecia proscar</a>, CRxfIPC, [url=http://sectionfivegames.org/]G postmessage propecia subject online[/url], obHhFXm, http://sectionfivegames.org/ Subaction showcomments propecia optional older, OGSEiHw, <a href=\"http://volumepillsreviewed.com/\">VolumePills</a>, chEnXUh, [url=http://volumepillsreviewed.com/]Volume Pills[/url], wDmAthF, http://volumepillsreviewed.com/ Volume pills plus, scjzsWI.'),(473,99,3,'0','rjajfaysmo@npoyjy.com'),(473,100,1,'0','Levitra gel'),(473,100,2,'0','gjssbhvjbejhjubm, <a href=\"http://levitraknowhow.com/\">Generic india levitra</a>, oTRgfIg, [url=http://levitraknowhow.com/]Levitra angi gel[/url], AJNqACD, http://levitraknowhow.com/ Levitra cos, JPYCwLZ.'),(473,100,3,'0','dnxydsatln@pbekvs.com'),(473,101,1,'0','Priligy tm'),(473,101,2,'0','gjokuhvjbejhjubm, <a href=\"http://bigringcyclery.com/\">HGH</a>, ATywKKt, [url=http://bigringcyclery.com/]HGH[/url], IneXBEw, http://bigringcyclery.com/ HGH, DawaRKg, <a href=\"http://www.exploremymission.org/\">Where to buy discounted viagra, lavitra &amp; cialis</a>, aFktfYE, [url=http://www.exploremymission.org/]Trisenox and cialis interactions[/url], gHQAOWs, http://www.exploremymission.org/ Free cialis, rCgKIRq, <a href=\"http://tvmain.com/\">Slim electronic cigarette</a>, CWjHVzg, [url=http://tvmain.com/]Electronic cigarette forum[/url], cFsEQHc, http://tvmain.com/ Ultra slim electronic cigarette, suVTxkb, <a href=\"http://prospectfunding.com/\">7drugs priligy</a>, bCdQctr, [url=http://prospectfunding.com/]7drugs priligy[/url], lDrXQld, http://prospectfunding.com/ Priligy t, AQQtRrT, <a href=\"http://supportuniverse.com/\">VigRX</a>, xONbSBe, [url=http://supportuniverse.com/]Vigrx plus buy in guelph[/url], vSdZzny, http://supportuniverse.com/ Vigrx plus is viagra uk, cuQEIts, <a href=\"http://levitrajust4u.com/\">Levitra ear ring</a>, SfliJBE, [url=http://levitrajust4u.com/]Levitra coupons 30day free[/url], RoZcPnA, http://levitrajust4u.com/ Levitra and side effects, jaZPJpe.'),(473,101,3,'0','mgfqmtbeno@ldtdnf.com'),(473,102,1,'0','Smoking cessation electronic cigarette'),(473,102,2,'0','uypzwhvjbejhjubm, <a href=\"http://debiangems.com/\">Electronic Cigarette</a>, zobslLB, [url=http://debiangems.com/]Electronic Cigarette[/url], GnZfczo, http://debiangems.com/ No7 electronic cigarette, tEkmQdv, <a href=\"http://sayocla.com/\">Prado electronic cigarette</a>, QJTrEDo, [url=http://sayocla.com/]Disposable electronic cigarette[/url], nvCSSoZ, http://sayocla.com/ Usb car charger for electronic cigarette passthrough, ukyTgJO, <a href=\"http://coveredbondsasia.com/\">Most effective way to take ambien</a>, bjLEatl, [url=http://coveredbondsasia.com/]Purchase ambien[/url], lyDIUke, http://coveredbondsasia.com/ How to intravenously inject ambien cr, NQwVWPA, <a href=\"http://kajin.org/\">G postmessage propecia guest online</a>, nUscOYI, [url=http://kajin.org/]Zovia+ propecia[/url], jeLOTli, http://kajin.org/ Propecia, PBszeqy, <a href=\"http://slodavinir.org/\">Com buy fioricet</a>, XJeeHBU, [url=http://slodavinir.org/]In fioricet[/url], SZKcCVz, http://slodavinir.org/ Fioricet pharmacy, aCbbVST, <a href=\"http://sectionfivegames.org/\">Quick forum readtopic propecia signature search</a>, nBRBJvF, [url=http://sectionfivegames.org/]G postmessage propecia smiley forum[/url], DvTzYjd, http://sectionfivegames.org/ Propecia rogaine uk sales, wHVpYsn.'),(473,102,3,'0','rogzaodqvs@yinjvo.com'),(473,103,1,'0','Alvaro'),(473,103,2,'0','en la siguiente url:\r\nhttp://www.guiadigital.gob.cl/articulo/aseguramiento-de-usabilidad\r\nSe hace referencia a pauta-evaluacion-heuristica.pdf\r\nEl link a http://www.guiadigital.gob.cl/guia-v2/capitulos/05/anexos/pauta-evaluacion-heuristica.pdf\r\nestá roto'),(473,103,3,'0','alvaropozo@gmail.com'),(473,104,1,'0','Why are there two bath tubs in the cialis commercial'),(473,104,2,'0','uvjkxhvjbejhjubm, <a href=\"http://buyalteril.org/\">Effects of increased dose of cialis</a>, MCRAuBy, [url=http://buyalteril.org/]Cialis[/url], cIEITJr, http://buyalteril.org/ Cialis paypal, YIIQevf.'),(473,104,3,'0','rdqjucocdy@btegkp.com'),(473,105,1,'0','Get viagra avoid prescription'),(473,105,2,'0','quehghvjbejhjubm, <a href=\"http://semenax2013.com/\">Semenax lies</a>, RSPZaiz, [url=http://semenax2013.com/]Semenax in south[/url], FhBAsCq, http://semenax2013.com/ Semenax, YSwhnXV, <a href=\"http://sayocla.com/\">Smoking electronic cigarette</a>, avOVJad, [url=http://sayocla.com/]Quit smoking electronic cigarette[/url], aTfVUeT, http://sayocla.com/ Electronic Cigarette, ekdsLmc, <a href=\"http://myhealthandcholesterol.com/\">Generic cialis</a>, bkMdcLg, [url=http://myhealthandcholesterol.com/]Cialis propafenone[/url], SYWbbea, http://myhealthandcholesterol.com/ Cialis 3 pills free coupon, ZDstTXL, <a href=\"http://bigringcyclery.com/\">Pro hgh</a>, NtDkGLS, [url=http://bigringcyclery.com/]Maximum hgh[/url], wjmiMWZ, http://bigringcyclery.com/ Hgh supplements, NIpCkbp, <a href=\"http://stickmans.net/\">Levitra price list</a>, CTYfSTp, [url=http://stickmans.net/]Generic levitra[/url], MpPVOTB, http://stickmans.net/ Levitra coupons 30day free, hFUWhld, <a href=\"http://www.my59.tv/\">Free viagra sample</a>, OVDnvnh, [url=http://www.my59.tv/]Viagra[/url], onIdmTq, http://www.my59.tv/ Buy viagra online without prescription, tsCDTHx.'),(473,105,3,'0','nkkrphllwp@zmvgnh.com'),(473,106,1,'0','Propecia dose'),(473,106,2,'0','ozpbbhvjbejhjubm, <a href=\"http://debt-settlement-experts.com/\">Lamina propecia</a>, VfIwyyI, [url=http://debt-settlement-experts.com/]Subaction showcomments propecia smile older[/url], TZHxDoA, http://debt-settlement-experts.com/ Propecia canada cheap, TModlts.'),(473,106,3,'0','gzfbrivyxn@kcprdq.com'),(473,107,1,'0','Levitra reviews'),(473,107,2,'0','yipyjhvjbejhjubm, <a href=\"http://levitrahelp.com/\">Levitra</a>, LcDigMa, [url=http://levitrahelp.com/]Buy levitra viagra[/url], EHInsSu, http://levitrahelp.com/ Who sells levitra, oodHmxd.'),(473,107,3,'0','gnvsdtizps@txzgcv.com'),(473,108,1,'0','Why are there two bath tubs in the cialis commercial'),(473,108,2,'0','eqlfbhvjbejhjubm, <a href=\"http://heheltd.com/_HeHe/\">Cialis without prescription</a>, MDzsdnY, [url=http://heheltd.com/_HeHe/]Cialis no prescription[/url], Ytvuldb, http://heheltd.com/_HeHe/ Generic cialis without a prescription, TPggaNx.'),(473,108,3,'0','otrevrymsr@ukdnza.com'),(473,109,1,'0','Tadalafil cialis from india'),(473,109,2,'0','nhtpdhvjbejhjubm, <a href=\"http://ruidosotravelnews.com/\">Quit smoking electronic cigarette</a>, JhvSVSP, [url=http://ruidosotravelnews.com/]Electronic Cigarette[/url], NJlWNXD, http://ruidosotravelnews.com/ Electronic Cigarette, HlyHRym, <a href=\"http://coveredbondsasia.com/\">Ambien lunesta</a>, MPRInDO, [url=http://coveredbondsasia.com/]How does it feel like when you snort an ambien[/url], VSOcuDw, http://coveredbondsasia.com/ Ambien efectiveness, EMKLslZ, <a href=\"http://midwestlibertyfest.com/\">Hgh supplements independent reviews</a>, xyrFsYo, [url=http://midwestlibertyfest.com/]Xenical hgh phentermine quit smoking detox[/url], FVODNwS, http://midwestlibertyfest.com/ Human growth hormone hgh supergreenbiz, WJIEGYv, <a href=\"http://heheltd.com/_HeHe/\">India cialis</a>, QRbOyqQ, [url=http://heheltd.com/_HeHe/]Cialis[/url], YicTjYr, http://heheltd.com/_HeHe/ Cialis, sOTryhu, <a href=\"http://semenax2013.com/\">Semenax sperm production booster</a>, TBcfLqd, [url=http://semenax2013.com/]Semenax really[/url], uoNOwUX, http://semenax2013.com/ Semenax sperm pills, ZcuoyXI, <a href=\"http://cacrights.org/\">HGH</a>, MwNnyqc, [url=http://cacrights.org/]Hgh hormone releasers[/url], rCVociR, http://cacrights.org/ HGH, MHjSrYE.'),(473,109,3,'0','hxcxrsqnod@syopty.com'),(473,110,1,'0','Buy xanax online'),(473,110,2,'0','ifldkhvjbejhjubm, <a href=\"http://terrisellsnchomes.com/\">Viagra side effects</a>, ZnNAinq, [url=http://terrisellsnchomes.com/]Buy viagra on the internet[/url], nnxLxTr, http://terrisellsnchomes.com/ Viagra, KBZRldn, <a href=\"http://volumepillscomparison.com/\">Volume Pills</a>, hnpTzMG, [url=http://volumepillscomparison.com/]Volumepills doctor endorsed semen enhancer review[/url], zsozSzP, http://volumepillscomparison.com/ Reviews of quantum volume pills, RJFHxrG, <a href=\"http://slodavinir.org/\">Blue generic fioricet westward brand</a>, QAGOCaP, [url=http://slodavinir.org/]Soma fioricet[/url], eLtIbRd, http://slodavinir.org/ Fioricet date of approval, aDWYuyQ, <a href=\"http://rpoamm.org/\">Xanax prescription online</a>, wIjwbIe, [url=http://rpoamm.org/]Xanax online overnight shipping[/url], BbFtdbL, http://rpoamm.org/ Xanax drug, smgbDse, <a href=\"http://viagracompared.com/\">Buy viagra in canada</a>, LQBtuep, [url=http://viagracompared.com/]Viagra suppliers in the uk[/url], vyBDtua, http://viagracompared.com/ Viagra, CYPXlpA, <a href=\"http://yourpropeciaresource.com/\">Buy propecia</a>, xurCQHa, [url=http://yourpropeciaresource.com/]Propecia side affect[/url], FMxNJgH, http://yourpropeciaresource.com/ Does propecia work, kJrRXQK.'),(473,110,3,'0','jujsdwzmdg@xfebbk.com'),(473,111,1,'0','Propecia'),(473,111,2,'0','ybihohvjbejhjubm, <a href=\"http://debt-settlement-experts.com/\">Propecia crackhead date</a>, yYfKKNF, [url=http://debt-settlement-experts.com/]G postmessage propecia smiley reply[/url], setIiIK, http://debt-settlement-experts.com/ Does insurance pay for generic propecia, pvagAIj, <a href=\"http://prospectfunding.com/\">Venta priligy mexico</a>, oSDnrKp, [url=http://prospectfunding.com/]Buy priligy[/url], DkkAIIy, http://prospectfunding.com/ Buy priligy online, vvQqrcS, <a href=\"http://tvmain.com/\">Prado electronic cigarette</a>, QddOZgC, [url=http://tvmain.com/]Cheap electronic cigarette kits[/url], cMblIOR, http://tvmain.com/ Electronic Cigarette, zJiNjoz, <a href=\"http://sayocla.com/\">Electronic cigarette big mountain</a>, ABpxfop, [url=http://sayocla.com/]Electronic cigarette health risks[/url], pMfSAGx, http://sayocla.com/ Electronic cigarette locations to purchase, opMRNdt, <a href=\"http://volumepillsreviewed.com/\">VolumePills</a>, SDIUnCj, [url=http://volumepillsreviewed.com/]Volumepills[/url], wXtHWxf, http://volumepillsreviewed.com/ VolumePills, sWQwTUH, <a href=\"http://akronfcc.org/\">Order fioricet</a>, VjTjXuR, [url=http://akronfcc.org/]Fioricet equivelant[/url], RevcveR, http://akronfcc.org/ Fioricet on line, kSsGKOH.'),(473,111,3,'0','vowfrqpmpl@tnjyqg.com'),(473,112,1,'0','Tramadol forum'),(473,112,2,'0','eeeslhvjbejhjubm, <a href=\"http://tramadolcenter.com/\">Tramadol withdrawal symptoms</a>, IiyKrTK, [url=http://tramadolcenter.com/]Tramadol side[/url], oMqkBlt, http://tramadolcenter.com/ Tramadol and ambien, xRGaeOe.'),(473,112,3,'0','shfvwoctrd@tulaks.com'),(473,113,1,'0','Best volumepills'),(473,113,2,'0','lbajphvjbejhjubm, <a href=\"http://tvmain.com/\">Volcano electronic cigarette</a>, nTDjLoy, [url=http://tvmain.com/]Electronic cigarette health risks[/url], zvWepvb, http://tvmain.com/ Electronic cigarette liquid salem, VPMtBbb, <a href=\"http://volumepillsbest.com/\">Volume Pills</a>, FvpdIAp, [url=http://volumepillsbest.com/]Volumepills[/url], XmcJVMG, http://volumepillsbest.com/ VolumePills, UJfKHJx, <a href=\"http://tramadolcenter.com/\">Tramadol robaxin</a>, LsRnaWt, [url=http://tramadolcenter.com/]Tramadol[/url], rYHQJXa, http://tramadolcenter.com/ Tramadol 180, cbdVqng, <a href=\"http://mianmo1.com/\">VigRX Plus</a>, nVUbvhu, [url=http://mianmo1.com/]Vigrx website[/url], SKGvekE, http://mianmo1.com/ Vigrx plus buy in guelph, hbEtCOx, <a href=\"http://reviewsvigrx.com/\">Vigrx plus discount code</a>, YJTKWXM, [url=http://reviewsvigrx.com/]Vigrx plus reviews[/url], baaHDsc, http://reviewsvigrx.com/ Wholesale vigrx, eBCEcDz, <a href=\"http://bigringcyclery.com/\">Secretagogue hgh</a>, tRBqsxr, [url=http://bigringcyclery.com/]Maximum hgh[/url], fRPhXVN, http://bigringcyclery.com/ Comparison growth hgh hormone human, LyuCzwG.'),(473,113,3,'0','qfoiawqyci@mplqkc.com'),(473,114,1,'0','Vigrx or vigrz plus'),(473,114,2,'0','usazvhvjbejhjubm, <a href=\"http://icakiev.com/\">Women who have tried kamagra</a>, dZnHzcg, [url=http://icakiev.com/]In kamagra[/url], MPgSQFg, http://icakiev.com/ Kamagra shop, zxUgUEf, <a href=\"http://ranktrackerpro.com/\">How effective is propecia</a>, WMGuqaH, [url=http://ranktrackerpro.com/]Subaction showcomments propecia archive remember[/url], ikfLqFk, http://ranktrackerpro.com/ G postmessage propecia subject reply, yfeTjlL, <a href=\"http://hue-music.com/\">Vigrx plus canada market</a>, ILaZWiV, [url=http://hue-music.com/]Vigrx plus comparison to other pills[/url], HZJAjIb, http://hue-music.com/ Vigrx plus results, QpKaneH, <a href=\"http://petnjica.com/\">Viagra from canada</a>, JEbzYtx, [url=http://petnjica.com/]Viagra uk[/url], TENcUca, http://petnjica.com/ Women does viagra work, LkdygIf, <a href=\"http://oceanjewelsresort.com/\">Hgh gold</a>, jFVENnK, [url=http://oceanjewelsresort.com/]Hgh and motor skills[/url], oELbpTS, http://oceanjewelsresort.com/ Hgh product, OuoHYAA, <a href=\"http://volumepillsbest.com/\">Volumepill blog</a>, uqCxsTp, [url=http://volumepillsbest.com/]Volume Pills[/url], YCbRCfq, http://volumepillsbest.com/ Buy volumepills, Lvwocsv.'),(473,114,3,'0','kxbtthgaoo@rtpwid.com'),(473,115,1,'0','Viagria vs cialis'),(473,115,2,'0','tygdvhvjbejhjubm, <a href=\"http://kajin.org/\">Subaction showcomments propecia smile remember</a>, SVcDPDO, [url=http://kajin.org/]Where to buy propecia[/url], jxKMtAz, http://kajin.org/ Propecia dose, pFNLnjV, <a href=\"http://levitraknowhow.com/\">Cheap levitra</a>, oIGqNVI, [url=http://levitraknowhow.com/]Levitra prescribing[/url], rwjcwFD, http://levitraknowhow.com/ Levitra, eQBIZaO, <a href=\"http://heheltd.com/_HeHe/\">Cialis female</a>, PUcYvox, [url=http://heheltd.com/_HeHe/]Generic cialis price compare[/url], CfSbzcB, http://heheltd.com/_HeHe/ Generic cialis online, Ywyzsdc, <a href=\"http://reviewedvigrx.com/\">Vigrx</a>, pwurPtO, [url=http://reviewedvigrx.com/]Vigrx scam[/url], gBCrcXL, http://reviewedvigrx.com/ Order vigrx plus, tNPWvOp, <a href=\"http://neworleanslasiksurgery.com/\">Electronic cigarette safety</a>, OAOsrUh, [url=http://neworleanslasiksurgery.com/]Electronic cigarette comparison[/url], qvokdwL, http://neworleanslasiksurgery.com/ Prado electronic cigarette, AvbtXoV, <a href=\"http://oceanjewelsresort.com/\">Secretagogue hgh</a>, olUiQMK, [url=http://oceanjewelsresort.com/]Topical hgh[/url], nVopjbG, http://oceanjewelsresort.com/ Hgh height growth, nshIBxi.'),(473,115,3,'0','cwmlzqftvt@cqbhoy.com'),(473,116,1,'0','Vigrx side affects'),(473,116,2,'0','vofglhvjbejhjubm, <a href=\"http://mianmo1.com/\">Better than vigrx plus</a>, wymzJpc, [url=http://mianmo1.com/]Plus review vigrx[/url], sAlalKJ, http://mianmo1.com/ Vigrx plus permanent, oSSALpW.'),(473,116,3,'0','tzldccrjpr@fcczpi.com'),(473,117,1,'0','Volume pills vs semenax'),(473,117,2,'0','rwfgkhvjbejhjubm, <a href=\"http://supportuniverse.com/\">Where to buy vigrx plus</a>, VbQzKVD, [url=http://supportuniverse.com/]VigRX Plus[/url], eOpxEHe, http://supportuniverse.com/ Vigrx plus side effects, RiGKOCn, <a href=\"http://pcmacoaches.com/\">Buy-best-k propecia -ymmgkr</a>, JoOmGqz, [url=http://pcmacoaches.com/]Subaction showcomments propecia start from online[/url], kQboxsO, http://pcmacoaches.com/ Propecia, YlYzNbE, <a href=\"http://semenax2013.com/\">Semenax lies</a>, iQcGdmL, [url=http://semenax2013.com/]Volume pills vs semenax[/url], nErYygU, http://semenax2013.com/ Semenax uk, KGtAwAE, <a href=\"http://ruidosotravelnews.com/\">Duo pro electronic cigarette</a>, DMEDoLb, [url=http://ruidosotravelnews.com/]Blue electronic cigarette[/url], pzRltEG, http://ruidosotravelnews.com/ Electronic cigarette usa, CcYmoYT, <a href=\"http://upstatetuxedo.com/\">Priligy t</a>, qPhCtSo, [url=http://upstatetuxedo.com/]Priligy studies[/url], goSGPTb, http://upstatetuxedo.com/ 7drugs priligy, CgvuOfv, <a href=\"http://purelyfrance.com/\">Quit smoking electronic cigarette</a>, XevXAsp, [url=http://purelyfrance.com/]Gamucci electronic cigarette[/url], OuFvyux, http://purelyfrance.com/ Electronic cigarette benefits, fUCcZne.'),(473,117,3,'0','lgdnkdtxsi@qenrge.com'),(473,118,1,'0','Drug screening for cialis'),(473,118,2,'0','uqbonhvjbejhjubm, <a href=\"http://heheltd.com/_HeHe/\">Cialis surrey bc</a>, TIteBnq, [url=http://heheltd.com/_HeHe/]Order cialis site espharmacycom[/url], hEgWZKg, http://heheltd.com/_HeHe/ Cialis, LdZurEc.'),(473,118,3,'0','ecktrhyzlr@jjtrmj.com'),(473,119,1,'0','Sildenafil purchase'),(473,119,2,'0','glwpchvjbejhjubm, <a href=\"http://www.littlegeniusmontessorilc.com/\">How does valium work in the brain</a>, dVhVJjM, [url=http://www.littlegeniusmontessorilc.com/]Cheap valium[/url], CVEyGkO, http://www.littlegeniusmontessorilc.com/ Cheap valium free shipping, ntJcCsp, <a href=\"http://winshapewilderness.org/\">Generic for viagra</a>, ksYGgJk, [url=http://winshapewilderness.org/]Female viagra[/url], MItxZtb, http://winshapewilderness.org/ Viagra, QswElFs, <a href=\"http://paktcenter.org/\">What is tadalafil</a>, SwWetmu, [url=http://paktcenter.org/]Tadalafil[/url], PhmBZtr, http://paktcenter.org/ Tadalafil comparison, MVowKAf, <a href=\"http://ilikemytaxi.com/\">Provigil cephalon</a>, xOFWktJ, [url=http://ilikemytaxi.com/]Provigil cost[/url], XQDRDXE, http://ilikemytaxi.com/ Provigil and prozac, SKXCobh, <a href=\"http://www.ubski.com/\">Globus and ambien</a>, bUqLGuZ, [url=http://www.ubski.com/]Generic ambien vs lunesta[/url], aJohZbY, http://www.ubski.com/ Generic name for ambien, RFYtgNT, <a href=\"http://www.childrensharbor.org/\">Sildenafil citrate india</a>, OzWXIsi, [url=http://www.childrensharbor.org/]Sildenafil soft[/url], FGCsTJu, http://www.childrensharbor.org/ Cheap generic sildenafil citrate, QitOajb.'),(473,119,3,'0','pkytzhwkvd@xjfwre.com'),(473,120,1,'0','Ambien cr dosage'),(473,120,2,'0','rcjtuhvjbejhjubm, <a href=\"http://translatorsofamerica.com/\">How long can i take ambien</a>, vQPBAxh, [url=http://translatorsofamerica.com/]Get high on ambien[/url], MtneTEf, http://translatorsofamerica.com/ Most effective way to take ambien, IhXMnIA, <a href=\"http://corymaupin.com/\">Cheap tadalafil</a>, MCijkCN, [url=http://corymaupin.com/]Tadalafil 5mg[/url], mspUqUj, http://corymaupin.com/ Www medicinenet com tadalafil article, JzdpLmS, <a href=\"http://labonnecuisine.com/\">Viagra sale</a>, rAzbroI, [url=http://labonnecuisine.com/]Alternative to viagra[/url], Nohkorv, http://labonnecuisine.com/ Generic viagra without prescription, BOqBXdQ, <a href=\"http://experiencemaritimemaine.org/\">Buy line xanax</a>, PvMFuRI, [url=http://experiencemaritimemaine.org/]Effects of xanax[/url], EGQQpgT, http://experiencemaritimemaine.org/ Xanax overdose, yXEfrah, <a href=\"http://tripleetechnologies.com/\">Xanax fear of flying</a>, OEirCzH, [url=http://tripleetechnologies.com/]Discount xanax online[/url], DROuSWr, http://tripleetechnologies.com/ Buy xanax, frAoozx, <a href=\"http://placidaudio.com/\">Provigil dosages</a>, XtsvljU, [url=http://placidaudio.com/]Provigil vs adderall[/url], LMHZUCW, http://placidaudio.com/ Provigil, FXfJhze.'),(473,120,3,'0','ezdkqgwnoj@npzcdv.com'),(473,121,1,'0','Cialis uk suppliers'),(473,121,2,'0','cbrllhvjbejhjubm, <a href=\"http://www.camerazonesf.com/\">Liquid klonopin</a>, QgSHwQS, [url=http://www.camerazonesf.com/]Dog klonopin[/url], arLlZLJ, http://www.camerazonesf.com/ Methadone with klonopin, dyZOHWp, <a href=\"http://threepennies.com/\">Cialis prescription</a>, WCLavcj, [url=http://threepennies.com/]Cialis with atenolol[/url], PspLLuc, http://threepennies.com/ Cialis prescription not required, Qlzaesy, <a href=\"http://www.crawfordparkfinancial.com/\">Sildenafil profit for pfizer</a>, VVUsTaK, [url=http://www.crawfordparkfinancial.com/]Sildenafil citrate fas[/url], wJWXNfw, http://www.crawfordparkfinancial.com/ India sildenafil, kuofFUq, <a href=\"http://porticoetc.com/\">Tadalafil uk</a>, dYumgAC, [url=http://porticoetc.com/]Tadalafil price[/url], MEMZzWZ, http://porticoetc.com/ Tadalafil for raynaud\'s, ChgyDDP, <a href=\"http://www.undercurrentmedia.com/\">Ambien suicide</a>, fMEktAs, [url=http://www.undercurrentmedia.com/]Ambien[/url], UIgSYNM, http://www.undercurrentmedia.com/ Getting off ambien, ZjDVTWq, <a href=\"http://reservedeputysheriff.com/\">Discount cialis</a>, kZerbAB, [url=http://reservedeputysheriff.com/]Cialis[/url], wSJoBtF, http://reservedeputysheriff.com/ Cialis 3 pills free coupon, ocujVRq.'),(473,121,3,'0','aqcwuyivhl@haaxow.com'),(473,122,1,'0','Sildenafil citrate soft tabs'),(473,122,2,'0','ejjhihvjbejhjubm, <a href=\"http://tntamusements.com/\">Generic sildenafil citrate indian pharmacy</a>, tddKAWx, [url=http://tntamusements.com/]Sildenafil[/url], rYAiJnx, http://tntamusements.com/ Nizagara sildenafil citrate tablets, ICxuOCf.'),(473,122,3,'0','urikqxopme@woewcg.com'),(473,123,1,'0','Levitra cos'),(473,123,2,'0','ezxsfhvjbejhjubm, <a href=\"http://www.beltonjournal.com/\">Buy cialis online</a>, kjWejZl, [url=http://www.beltonjournal.com/]Online catalogs for sellers of viagra and cialis in usa[/url], ElNoUrW, http://www.beltonjournal.com/ Cialis sample pack, QOtPwZf, <a href=\"http://www.aeadvisorsllc.com/\">R modafinil</a>, JbdghlI, [url=http://www.aeadvisorsllc.com/]Wellbutrin modafinil[/url], BxrFSvC, http://www.aeadvisorsllc.com/ Prescription modafinil \'walmart\', yEzVJxj, <a href=\"http://www.childrensharbor.org/\">Sildenafil citrate viagra comparison</a>, ltNybwp, [url=http://www.childrensharbor.org/]Sildenafil 100[/url], dRFNpap, http://www.childrensharbor.org/ Sildenafil, HuJQcWA, <a href=\"http://www.tsweddings.com/\">Get tadalafil</a>, rVBcLKi, [url=http://www.tsweddings.com/]Herbs with tadalafil[/url], ByXnyRy, http://www.tsweddings.com/ Tadalafil dosage, ksiPYOF, <a href=\"http://letterafilms.com/\">Ambien</a>, YrvnOVW, [url=http://letterafilms.com/]Ambien efectiveness[/url], cvjWsXG, http://letterafilms.com/ Near death experience ambien, mJNIRbW, <a href=\"http://socialtransformers.com/\">Levitra canadian</a>, KABCPRL, [url=http://socialtransformers.com/]Levitra[/url], QqSxTLs, http://socialtransformers.com/ Cheap levitra, EtNTlPd.'),(473,123,3,'0','hnecxpardh@mbflpy.com'),(473,124,1,'0','How to intravenously inject ambien cr'),(473,124,2,'0','upmkhhvjbejhjubm, <a href=\"http://www.rentersinsurancecalifornia.org/\">Lunesta vs ambien</a>, tmRkJaW, [url=http://www.rentersinsurancecalifornia.org/]Manufactures ambien[/url], HxuboxJ, http://www.rentersinsurancecalifornia.org/ Overdose on ambien, FKVsFEr.'),(473,124,3,'0','hyukxbepfu@ezxjcs.com'),(473,125,1,'0','Purchase viagra online'),(473,125,2,'0','uttguhvjbejhjubm, <a href=\"http://winshapewilderness.org/\">Buy viagra online safe</a>, MBwVSkk, [url=http://winshapewilderness.org/]Viagra[/url], LoaPRnO, http://winshapewilderness.org/ Buy viagra online inurl:nc, sMpVywH, <a href=\"http://www.garyanthes.com/\">Hypertension sildenafil</a>, wFlbvfa, [url=http://www.garyanthes.com/]Sildenafil 100[/url], GtQbPxK, http://www.garyanthes.com/ Cheapest sildenafil citrate, KlLtDbc, <a href=\"http://www.crawfordparkfinancial.com/\">Sildenafil uk</a>, BgeGKRB, [url=http://www.crawfordparkfinancial.com/]Sildenafil citrate information[/url], PqlGgMn, http://www.crawfordparkfinancial.com/ Sildenafil citrate 100 mg, UXLGyhV, <a href=\"http://experiencemaritimemaine.org/\">Xanax uses</a>, eBRAJDK, [url=http://experiencemaritimemaine.org/]Xanax pfizer[/url], XpthNNw, http://experiencemaritimemaine.org/ Xanax or prozac, soVeCux, <a href=\"http://ithacamontessori.org/\">Plaintiffs who won their viagra lawsuit in court in 2010</a>, jJdkUEu, [url=http://ithacamontessori.org/]Viagra[/url], paTMQdV, http://ithacamontessori.org/ Buy viagra in london england, adAhOhc, <a href=\"http://www.tsweddings.com/\">Tadalafil</a>, hUFWoWw, [url=http://www.tsweddings.com/]Buy cheap tadalafil[/url], LNkUJzM, http://www.tsweddings.com/ Tadalafil discount, mFlwrMp.'),(473,125,3,'0','scuuzgyhdb@psbpnz.com'),(473,126,1,'0','Online catalogs for sellers of viagra and cialis in usa'),(473,126,2,'0','spnlnhvjbejhjubm, <a href=\"http://sectorpoint.com/\">Generic cialis online</a>, yBGPhWk, [url=http://sectorpoint.com/]Cialis vs viagra[/url], nWcicWU, http://sectorpoint.com/ Buy cheap cialis, THCIMIH.'),(473,126,3,'0','jzvufrxnrh@equzhy.com'),(473,127,1,'0','What is levitra'),(473,127,2,'0','nghdahvjbejhjubm, <a href=\"http://lacourte.com/\">Dapoxetine emea</a>, ZzLuJsU, [url=http://lacourte.com/]Dapoxetine in[/url], BBfVoJC, http://lacourte.com/ Dapoxetine on, BEbqKiP, <a href=\"http://reservedeputysheriff.com/\">Cheapest generic cialis</a>, Unjqffm, [url=http://reservedeputysheriff.com/]Buy cialis[/url], AtjNCbk, http://reservedeputysheriff.com/ Buy cheap cialis site espharmacycom, XPKfvcJ, <a href=\"http://campingcostanova.com/\">Studies on modafinil and memory</a>, uVeiAIf, [url=http://campingcostanova.com/]Shipping modafinil to the u s[/url], wTVJgwe, http://campingcostanova.com/ Modafinil no, VbQkDDH, <a href=\"http://sectorpoint.com/\">Comparison viagra cialis</a>, tPQeyMj, [url=http://sectorpoint.com/]Cialis soft tabs[/url], ALwhNXP, http://sectorpoint.com/ Buy cialis online, vFHWbrm, <a href=\"http://dogsportmagazine.com/\">Levitra faqs</a>, cnppzxb, [url=http://dogsportmagazine.com/]Levitra usual dosage[/url], dVIoFOO, http://dogsportmagazine.com/ Online levitra, FzcZGTU, <a href=\"http://americacommercialnews.com/\">How viagra works</a>, zcfZVYn, [url=http://americacommercialnews.com/]Viagra online shop in uk[/url], kahqGuV, http://americacommercialnews.com/ Order viagra, bBsKkQJ.'),(473,127,3,'0','xefephzfkw@oijrka.com'),(473,128,1,'0','Xanax side effects in dogs'),(473,128,2,'0','uxpglhvjbejhjubm, <a href=\"http://richarddupont.com/\">Xanax exercise equipment</a>, eRxqRPL, [url=http://richarddupont.com/]Cheap generic xanax[/url], mRRHJzP, http://richarddupont.com/ Discount xanax, Sfucvkm.'),(473,128,3,'0','xujpryiait@emyozf.com'),(473,129,1,'0','Tadalafil mg'),(473,129,2,'0','kzowzhvjbejhjubm, <a href=\"http://www.memphisfriendsmeeting.org/\">Tadalafil</a>, afTqEUy, [url=http://www.memphisfriendsmeeting.org/]Tadalafil[/url], LUqvGJG, http://www.memphisfriendsmeeting.org/ Tadalafil from india, ggRlIjK.'),(473,129,3,'0','wvcwwiweyu@wlppyr.com'),(473,130,1,'0','Tadalafil tablets'),(473,130,2,'0','wsjoohvjbejhjubm, <a href=\"http://www.memphisfriendsmeeting.org/\">Cialis tadalafil</a>, txYZCdt, [url=http://www.memphisfriendsmeeting.org/]Weekend 20 tadalafil[/url], scLKVEe, http://www.memphisfriendsmeeting.org/ Where to buy tadalafil, ZCfwLRS.'),(473,130,3,'0','mdwsipipjx@wxdhrj.com'),(473,131,1,'0','Levitra professional'),(473,131,2,'0','vambdhvjbejhjubm, <a href=\"http://twilightmoms.com/\">Cialis</a>, MLAzoVP, [url=http://twilightmoms.com/]Cialis paypal[/url], ntCwcKi, http://twilightmoms.com/ Cialis without prescription, canada, bSMZHDY, <a href=\"http://placidaudio.com/\">Cheap provigil</a>, lOnOUpH, [url=http://placidaudio.com/]Provigil com[/url], VWtEsgg, http://placidaudio.com/ Provigil prescription, IFBqjav, <a href=\"http://ilikemytaxi.com/\">Where buy provigil uk</a>, yYhnUek, [url=http://ilikemytaxi.com/]Provigil blood pressure[/url], dibUuuq, http://ilikemytaxi.com/ Provigil narcolepsy, zEWiORY, <a href=\"http://intersect4kids.com/\">Xanax usa</a>, yBmvUjB, [url=http://intersect4kids.com/]Xanax fear of flying[/url], wlIYuNh, http://intersect4kids.com/ Xanax and suboxone, stNTmWO, <a href=\"http://dogsportmagazine.com/\">Buy levitra viagra</a>, iaiGHsL, [url=http://dogsportmagazine.com/]Levitra 10[/url], EMUsalZ, http://dogsportmagazine.com/ Levitra cos, bftYrGF, <a href=\"http://www.mejaconstruction.com/\">Xanax for dogs</a>, AOKOHug, [url=http://www.mejaconstruction.com/]Ativan xanax[/url], SpuMqbi, http://www.mejaconstruction.com/ Xanax 2, XUdLhki.'),(473,131,3,'0','djqwvswycn@ykwtmv.com'),(473,132,1,'0','Is dapoxetine available yet'),(473,132,2,'0','hqmgchvjbejhjubm, <a href=\"http://felineadvisorybureau.org/\">Where to buy discounted viagra, lavitra &amp; cialis</a>, kcwYSSH, [url=http://felineadvisorybureau.org/]Cheapest cialis[/url], eEylggg, http://felineadvisorybureau.org/ Comparison viagra cialis, qTITCCq, <a href=\"http://connectivitycom.com/\">Viagra</a>, itBQdcq, [url=http://connectivitycom.com/]Europe online sale viagra[/url], VlRgQWK, http://connectivitycom.com/ Get viagra online, OoiOZwJ, <a href=\"http://availstaffing.com/\">Sildenafil</a>, AYJyCEw, [url=http://availstaffing.com/]Sildenafil[/url], SOlyErY, http://availstaffing.com/ Sildenafil peru, HkczFHW, <a href=\"http://danparklawgroup.com/\">Valium</a>, wvKaPNQ, [url=http://danparklawgroup.com/]Valium for dogs[/url], YwcHgUQ, http://danparklawgroup.com/ Can i take valium periodically while pregnant, jGFDLtO, <a href=\"http://sectorpoint.com/\">Buy cheap cialis site espharmacycom</a>, ejOXxgc, [url=http://sectorpoint.com/]Cialis professional[/url], WSSThGI, http://sectorpoint.com/ How much does viagra or cialis cost at a walgreens, VGvAAxL, <a href=\"http://www.habitatlaplata.org/\">Get dapoxetine</a>, XkWtTVc, [url=http://www.habitatlaplata.org/]Dapoxetine[/url], XAFQKMP, http://www.habitatlaplata.org/ Dapoxetine hcl, CdakwFB.'),(473,132,3,'0','gnqzneivwj@xkpuoe.com'),(473,133,1,'0','Tadalafil bph trial'),(473,133,2,'0','quvtuhvjbejhjubm, <a href=\"http://www.onsite-physio.com/\">No rx tadalafil best price</a>, yhLbiPm, [url=http://www.onsite-physio.com/]Generic tadalafil[/url], DBYXblU, http://www.onsite-physio.com/ Zenegra tadalafil vs sildenafil citrate, aqmltvq, <a href=\"http://smaservicesinc.com/\">Levitra coupons 30day free</a>, VjCXytO, [url=http://smaservicesinc.com/]Levitra side effects[/url], SyGWgtc, http://smaservicesinc.com/ Which works better for women, cialis, levitra or viagra, zKuoCat, <a href=\"http://www.undercurrentmedia.com/\">Overdose ambien</a>, IrehzYN, [url=http://www.undercurrentmedia.com/]Ambien withdrawl + twitching[/url], dthLptv, http://www.undercurrentmedia.com/ Danger ambien, mmyLEGx, <a href=\"http://ewisandiego.net/\">Provigil ecstasy</a>, bBRyxUk, [url=http://ewisandiego.net/]How does provigil work[/url], YQayLhM, http://ewisandiego.net/ Nuvigil vs provigil, WWMMcWo, <a href=\"http://www.aeadvisorsllc.com/\">Provigil modafinil buy online</a>, StjCZkw, [url=http://www.aeadvisorsllc.com/]Modafinil[/url], JWKqeUD, http://www.aeadvisorsllc.com/ Provigil etc modafinil, CfAgtDq, <a href=\"http://www.somethingelsestudio.com/\">Buy cheap tadalafil</a>, LipBrjk, [url=http://www.somethingelsestudio.com/]Www la refer org spip recherche php3 recherche tadalafil[/url], TNNLAAy, http://www.somethingelsestudio.com/ Tadalafil india, bgpColL.'),(473,133,3,'0','wimfvcdpfy@bvsxju.com'),(481,1,1,'0','prueba'),(481,1,2,'0','arvaro@arvaro.org'),(481,1,3,'0','prueba'),(481,1,4,'0','prueba'),(481,2,1,'0','Enrique González Muño'),(481,2,2,'0','egonzalez@minsegpres.gob.cl'),(481,2,3,'0','TestQA'),(481,2,4,'0','TestQA'),(481,4,1,'0','Test'),(481,4,2,'0','test@test.cl'),(481,4,3,'0','test'),(481,4,4,'0','test'),(481,5,1,'0','test'),(481,5,2,'0','test@test.cl'),(481,5,3,'0','test'),(481,5,4,'0','test'),(481,9,1,'0','test10:31'),(481,9,2,'0','test@test.cl'),(481,9,3,'0','test10:31'),(481,9,4,'0','test10:31'),(481,15,1,'0','por link de contacto'),(481,15,2,'0','test@test.cl'),(481,15,3,'0','por link de contacto'),(481,15,4,'0','por link de contacto'),(481,17,1,'0','por link de contacto'),(481,17,2,'0','test@test.cl'),(481,17,3,'0','por link de contacto'),(481,17,4,'0','por link de contacto.'),(481,29,1,'0','antonieta  carvajal leban'),(481,29,2,'0','acarvajal@serviciocivil.cl'),(481,29,3,'0','acceso unico o clave unica'),(481,29,4,'0','Estimados, necesito ayuda la idea es incorporar el acceso unico a nuestros sistemas de postulacion, como ustedes saben el Servicio civil administra postulaciones de altos directivos publicos y de empleos publicos ( 3r nivel)  y pronto de directores de colegio. La idea es que los postulantes se autentifiquen una sola vez. Se que el registro civil lidera este tema, con quien me puedo contactar??. gracias  www.serviciocivil.cl'),(481,46,1,'0','Walter Alejandro Aguilar Monterroso'),(481,46,2,'0','amigowalter@hotmail.com'),(481,46,3,'0','Sobre diversidad cultural, étnica y linguística en sitios de gobierno'),(481,46,4,'0','Hola, me da gusto saludarles.\r\n\r\nEn primer lugar quiero agradecerles la dedicación que han tenido en crear este sitio web. Pienso que ofrecen un contenido realmente valioso.\r\n\r\nActualmente me encuentro en la etapa de planificación del sitio web de una institución de gobierno en mi país (Guatemala). ¿Quisiera saber si tienen alguna lectura, sitio web ó artículo web referente al tema de sobre diversidad cultural, étnica y linguística en sitios de gobierno? que me puedan recomendar.\r\n\r\nMuchas gracias por la atención, de ante mano.\r\n\r\nSaludos,\r\n\r\nWalter A. Monterroso.'),(481,48,1,'0','Ivan Ballard'),(481,48,2,'0','ivan.iballardivan@gmail.com'),(481,48,3,'0','Beat your competitors'),(481,48,4,'0','We offer quality Search Engine Optimization / SEO Services and Internet Marketing Solutions. Our dedicated team of SEO Professionals ensures Top 10 search engine rankings. Our SEO Processes are designed in view of the SEO guidelines, and white hat SEO techniques are strictly followed to ensure that our clients from world over get the best SEO services. Please reply to this email so we can send you more details.\r\n'),(481,52,1,'0','Cesar Castro M.'),(481,52,2,'0','cesar.castro.2007@gmail.com'),(481,52,3,'0','Sugerencias'),(481,52,4,'0','Primero que todo Felicitarlos por la pagina web es genial y bien estructurada el proyecto de arquitectura esta muy buenísimo.\r\nEn la pagina de http://www.guiadigital.gob.cl/ los efecto jquery están genial si fue ese el que implementaron en  Perfil de Profesional, Gestión de Proyecto y Ciclo de Proyecto, solo acotaría que seria bueno que igual colocaran fecha día, mes y año podría ser arriba del cuadro donde dice Premio Guía Digital 2012 (Entre Ciclo de Proyecto y Premio Guía Digital 2012), por lo demás esta súper.\r\nY en la Pagina http://premio.guiadigital.gob.cl/ en Explorer se ve genial nada que decir un gran Trabajo pero en chrome aparece en el navegador unos recuadros amarillos cuando lo seleccionas y por lo general pasa en varios opciones, casi al final abajo en postulación igual sale un cuadro amarillo cuando lo seleccionas.\r\nSon solo sugerencias constructivas que podrían mejorar mas aun su maravilloso proyecto.\r\nUn saludo Cordial.\r\n\r\nCesar Castro Molina.\r\n'),(481,53,1,'0','Luis Urrea López'),(481,53,2,'0','luis.urrea@sag.gob.cl'),(481,53,3,'0','Consulta sobre botón volver'),(481,53,4,'0','Estimados.\r\nTrabajo en el SAG, y uno de los proyectos que estamos viendo es la nueva página web del servicio y surgió una duda. El área QA está pidiendo que exista un botón omnipresente que cumpla la función de volver atrás, mirando muchos sitios de gobierno y otros me he dado cuenta que no existe dicho botón y leyendo sobre usabilidad se menciona que existiendo un método para volver dentro de una sección específica como lo es el camino de migas y un acceso cómodo hacia la portada no es necesario colocarlo. Necesito que por favor me den su visión para argumentar la ausencia de este. Al igual que ustedes, el nuevo sitio cuenta con el \"camino de migas\" y un acceso rápido a la portada por lo cuál creo que no es necesario tener un botón \"volver atrás\".\r\n\r\nQuedo atento a sus comentarios.'),(481,55,1,'0','Paulina Olivos'),(481,55,2,'0','paulina.olivos@bndechile.cl'),(481,55,3,'0','información'),(481,55,4,'0','Estimados, buenas tardes:\r\nJunto con saludar y felicitar por esta web que es imprescindible para quienes trabajamos en el desarrolo de sitios web, requiero de vuestra ayuda.\r\nNecesito saber si los datos de contacto de los funcionarios de uan institución pública deben ser puestos en la página web.\r\nAgradeceré mucho su respuesta.\r\nAtentamente\r\n\r\nPaulina Olivos\r\n'),(481,59,1,'0','paula'),(481,59,2,'0','paulalagosc@gmail.com'),(481,59,3,'0','Instructivo presidencial de participacion ciudadana'),(481,59,4,'0','Estimados\r\n\r\nDesgargue de su pagina este instructivo pero no sale de cuando es, de que fecha.\r\n\r\nAgradeceria que me pudieran entregar esa informacion.\r\n\r\nhttp://www.guiadigital.gob.cl/sites/default/files/instructivopresidencialparticipacion.pdf\r\n\r\nSaludos \r\n\r\n\r\n\r\n'),(481,65,1,'0','Donna Gabriel'),(481,65,2,'0','dnngabriel@gmail.com'),(481,65,3,'0','Online Marketing of your business'),(481,65,4,'0','We can increase rankings of your website in search engines. Please reply back for more details.');

--
-- Table structure for table `wysiwyg`
--

CREATE TABLE `wysiwyg` (
  `format` varchar(255) NOT NULL COMMENT 'The filter_format.format of the text format.',
  `editor` varchar(128) NOT NULL DEFAULT '' COMMENT 'Internal name of the editor attached to the text format.',
  `settings` text COMMENT 'Configuration settings for the editor.',
  PRIMARY KEY (`format`)
) ENGINE=InnoDB DEFAULT CHARSET=utf8 COMMENT='Stores Wysiwyg profiles.';

--
-- Dumping data for table `wysiwyg`
--

INSERT INTO `wysiwyg` VALUES ('filtered_html','tinymce','a:20:{s:7:\"default\";i:1;s:11:\"user_choose\";i:0;s:11:\"show_toggle\";i:0;s:5:\"theme\";s:8:\"advanced\";s:8:\"language\";s:2:\"en\";s:7:\"buttons\";a:1:{s:7:\"default\";a:9:{s:4:\"bold\";i:1;s:6:\"italic\";i:1;s:9:\"underline\";i:1;s:11:\"justifyleft\";i:1;s:13:\"justifycenter\";i:1;s:12:\"justifyright\";i:1;s:11:\"justifyfull\";i:1;s:7:\"bullist\";i:1;s:7:\"numlist\";i:1;}}s:11:\"toolbar_loc\";s:3:\"top\";s:13:\"toolbar_align\";s:4:\"left\";s:8:\"path_loc\";s:6:\"bottom\";s:8:\"resizing\";i:1;s:11:\"verify_html\";i:1;s:12:\"preformatted\";i:0;s:22:\"convert_fonts_to_spans\";i:0;s:17:\"remove_linebreaks\";i:1;s:23:\"apply_source_formatting\";i:0;s:27:\"paste_auto_cleanup_on_paste\";i:1;s:13:\"block_formats\";s:32:\"p,address,pre,h2,h3,h4,h5,h6,div\";s:11:\"css_setting\";s:4:\"none\";s:8:\"css_path\";s:0:\"\";s:11:\"css_classes\";s:0:\"\";}'),('full_html','tinymce','a:20:{s:7:\"default\";i:1;s:11:\"user_choose\";i:0;s:11:\"show_toggle\";i:1;s:5:\"theme\";s:8:\"advanced\";s:8:\"language\";s:2:\"en\";s:7:\"buttons\";a:23:{s:7:\"default\";a:32:{s:4:\"bold\";i:1;s:6:\"italic\";i:1;s:9:\"underline\";i:1;s:11:\"justifyleft\";i:1;s:13:\"justifycenter\";i:1;s:12:\"justifyright\";i:1;s:11:\"justifyfull\";i:1;s:7:\"bullist\";i:1;s:7:\"numlist\";i:1;s:7:\"outdent\";i:1;s:6:\"indent\";i:1;s:4:\"undo\";i:1;s:4:\"redo\";i:1;s:4:\"link\";i:1;s:6:\"unlink\";i:1;s:6:\"anchor\";i:1;s:5:\"image\";i:1;s:7:\"cleanup\";i:1;s:9:\"forecolor\";i:1;s:9:\"backcolor\";i:1;s:3:\"sup\";i:1;s:3:\"sub\";i:1;s:10:\"blockquote\";i:1;s:4:\"code\";i:1;s:2:\"hr\";i:1;s:3:\"cut\";i:1;s:4:\"copy\";i:1;s:5:\"paste\";i:1;s:9:\"visualaid\";i:1;s:12:\"removeformat\";i:1;s:7:\"charmap\";i:1;s:4:\"help\";i:1;}s:8:\"advimage\";a:1:{s:8:\"advimage\";i:1;}s:7:\"advlink\";a:1:{s:7:\"advlink\";i:1;}s:8:\"autosave\";a:1:{s:8:\"autosave\";i:1;}s:11:\"contextmenu\";a:1:{s:11:\"contextmenu\";i:1;}s:4:\"font\";a:4:{s:12:\"formatselect\";i:1;s:10:\"fontselect\";i:1;s:14:\"fontsizeselect\";i:1;s:11:\"styleselect\";i:1;}s:10:\"fullscreen\";a:1:{s:10:\"fullscreen\";i:1;}s:12:\"inlinepopups\";a:1:{s:12:\"inlinepopups\";i:1;}s:14:\"insertdatetime\";a:2:{s:10:\"insertdate\";i:1;s:10:\"inserttime\";i:1;}s:5:\"layer\";a:4:{s:11:\"insertlayer\";i:1;s:11:\"moveforward\";i:1;s:12:\"movebackward\";i:1;s:8:\"absolute\";i:1;}s:5:\"paste\";a:3:{s:9:\"pastetext\";i:1;s:9:\"pasteword\";i:1;s:9:\"selectall\";i:1;}s:7:\"preview\";a:1:{s:7:\"preview\";i:1;}s:5:\"print\";a:1:{s:5:\"print\";i:1;}s:13:\"searchreplace\";a:2:{s:6:\"search\";i:1;s:7:\"replace\";i:1;}s:5:\"style\";a:1:{s:10:\"styleprops\";i:1;}s:5:\"table\";a:1:{s:13:\"tablecontrols\";i:1;}s:5:\"media\";a:1:{s:5:\"media\";i:1;}s:10:\"xhtmlxtras\";a:6:{s:4:\"cite\";i:1;s:3:\"del\";i:1;s:4:\"abbr\";i:1;s:7:\"acronym\";i:1;s:3:\"ins\";i:1;s:7:\"attribs\";i:1;}s:10:\"autoresize\";a:1:{s:10:\"autoresize\";i:1;}s:7:\"advlist\";a:1:{s:7:\"advlist\";i:1;}s:9:\"wordcount\";a:1:{s:9:\"wordcount\";i:1;}s:4:\"imce\";a:1:{s:4:\"imce\";i:1;}s:6:\"drupal\";a:1:{s:5:\"break\";i:1;}}s:11:\"toolbar_loc\";s:3:\"top\";s:13:\"toolbar_align\";s:4:\"left\";s:8:\"path_loc\";s:6:\"bottom\";s:8:\"resizing\";i:1;s:11:\"verify_html\";i:1;s:12:\"preformatted\";i:0;s:22:\"convert_fonts_to_spans\";i:0;s:17:\"remove_linebreaks\";i:0;s:23:\"apply_source_formatting\";i:1;s:27:\"paste_auto_cleanup_on_paste\";i:1;s:13:\"block_formats\";s:32:\"p,address,pre,h2,h3,h4,h5,h6,div\";s:11:\"css_setting\";s:5:\"theme\";s:8:\"css_path\";s:0:\"\";s:11:\"css_classes\";s:0:\"\";}'),('php_code','',NULL),('plain_text','',NULL);

--
-- Table structure for table `wysiwyg_user`
--

CREATE TABLE `wysiwyg_user` (
  `uid` int(10) unsigned NOT NULL DEFAULT '0' COMMENT 'The users.uid of the user.',
  `format` varchar(255) DEFAULT NULL COMMENT 'The filter_format.format of the text format.',
  `status` tinyint(3) unsigned NOT NULL DEFAULT '0' COMMENT 'Boolean indicating whether the format is enabled by default.',
  KEY `uid` (`uid`),
  KEY `format` (`format`)
) ENGINE=InnoDB DEFAULT CHARSET=utf8 COMMENT='Stores user preferences for wysiwyg profiles.';

--
-- Dumping data for table `wysiwyg_user`
--



