[encoded data, 154878 characters]" download="download">"testdoc.doc"</a>', 1, CAST(N'2019-04-11T06:46:10.377' AS DateTime), N'Send', N'NA', 0)
INSERT [dbo].[Message] ([Msg_id], [msg_from_user_id], [Msg_To_User_Id], [Message], [Is_Read], [Msg_Date], [Msg_Status], [Deleted_By], [IsPublic]) VALUES (N'798155952', N'U831603621', N'U286157411', N'how r you', 1, CAST(N'2018-08-14T07:53:49.090' AS DateTime), N'Send', N'NA', 0)
INSERT [dbo].[Message] ([Msg_id], [msg_from_user_id], [Msg_To_User_Id], [Message], [Is_Read], [Msg_Date], [Msg_Status], [Deleted_By], [IsPublic]) VALUES (N'802479915', N'U831603621', N'U286157411', N'Hi', 1, CAST(N'2018-02-07T09:58:03.890' AS DateTime), N'Send', N'NA', 0)
INSERT [dbo].[Message] ([Msg_id], [msg_from_user_id], [Msg_To_User_Id], [Message], [Is_Read], [Msg_Date], [Msg_Status], [Deleted_By], [IsPublic]) VALUES (N'807035311', N'U846618448', N'U286157411', N'Hello Wasim', 1, CAST(N'2018-02-07T05:54:14.257' AS DateTime), N'Send', N'NA', 0)
INSERT [dbo].[Message] ([Msg_id], [msg_from_user_id], [Msg_To_User_Id], [Message], [Is_Read], [Msg_Date], [Msg_Status], [Deleted_By], [IsPublic]) VALUES (N'809853554', N'U286157411', N'U831603621', N'7', 1, CAST(N'2018-02-07T05:14:06.143' AS DateTime), N'Send', N'NA', 0)
INSERT [dbo].[Message] ([Msg_id], [msg_from_user_id], [Msg_To_User_Id], [Message], [Is_Read], [Msg_Date], [Msg_Status], [Deleted_By], [IsPublic]) VALUES (N'810996139', N'U831603621', N'U286157411', N'asasf', 0, CAST(N'2018-10-23T06:28:57.593' AS DateTime), N'Send', N'NA', 0)
INSERT [dbo].[Message] ([Msg_id], [msg_from_user_id], [Msg_To_User_Id], [Message], [Is_Read], [Msg_Date], [Msg_Status], [Deleted_By], [IsPublic]) VALUES (N'811728628', N'U831603621', N'U980239693', N'testing', 0, CAST(N'2018-08-31T05:03:57.390' AS DateTime), N'Send', N'NA', 0)
INSERT [dbo].[Message] ([Msg_id], [msg_from_user_id], [Msg_To_User_Id], [Message], [Is_Read], [Msg_Date], [Msg_Status], [Deleted_By], [IsPublic]) VALUES (N'812032546', N'U836813822', N'U037283187', N'Hiiiii', 1, CAST(N'2018-08-23T10:35:32.490' AS DateTime), N'Send', N'NA', 0)
INSERT [dbo].[Message] ([Msg_id], [msg_from_user_id], [Msg_To_User_Id], [Message], [Is_Read], [Msg_Date], [Msg_Status], [Deleted_By], [IsPublic]) VALUES (N'812745851', N'U831603621', N'U100955369', N'r', 1, CAST(N'2019-03-06T03:38:23.580' AS DateTime), N'Send', N'NA', 0)
INSERT [dbo].[Message] ([Msg_id], [msg_from_user_id], [Msg_To_User_Id], [Message], [Is_Read], [Msg_Date], [Msg_Status], [Deleted_By], [IsPublic]) VALUES (N'815048190', N'U286157411', N'U831603621', N'oooo', 1, CAST(N'2018-02-07T10:20:33.290' AS DateTime), N'Send', N'NA', 0)
INSERT [dbo].[Message] ([Msg_id], [msg_from_user_id], [Msg_To_User_Id], [Message], [Is_Read], [Msg_Date], [Msg_Status], [Deleted_By], [IsPublic]) VALUES (N'820053858', N'U831603621', N'U100955369', N'r', 1, CAST(N'2019-03-06T03:38:23.830' AS DateTime), N'Send', N'NA', 0)
INSERT [dbo].[Message] ([Msg_id], [msg_from_user_id], [Msg_To_User_Id], [Message], [Is_Read], [Msg_Date], [Msg_Status], [Deleted_By], [IsPublic]) VALUES (N'821586912', N'U831603621', N'U100955369', N'test ', 1, CAST(N'2019-01-01T06:32:16.913' AS DateTime), N'Send', N'NA', 0)
INSERT [dbo].[Message] ([Msg_id], [msg_from_user_id], [Msg_To_User_Id], [Message], [Is_Read], [Msg_Date], [Msg_Status], [Deleted_By], [IsPublic]) VALUES (N'823387330', N'U286157411', N'U846618448', N'sdfsdfsdfsd', 1, CAST(N'2018-02-07T07:24:28.940' AS DateTime), N'Send', N'NA', 0)
INSERT [dbo].[Message] ([Msg_id], [msg_from_user_id], [Msg_To_User_Id], [Message], [Is_Read], [Msg_Date], [Msg_Status], [Deleted_By], [IsPublic]) VALUES (N'823431709', N'U100955369', N'U831603621', N'b', 1, CAST(N'2018-12-30T07:11:57.177' AS DateTime), N'Send', N'NA', 0)
INSERT [dbo].[Message] ([Msg_id], [msg_from_user_id], [Msg_To_User_Id], [Message], [Is_Read], [Msg_Date], [Msg_Status], [Deleted_By], [IsPublic]) VALUES (N'824236600', N'U897523176', N'U673389939', N'<img alt="😛" class="emojioneemoji" src="https://cdnjs.cloudflare.com/ajax/libs/emojione/2.2.7/assets/png/1f61b.png"><img alt="😛" class="emojioneemoji" src="https://cdnjs.cloudflare.com/ajax/libs/emojione/2.2.7/assets/png/1f61b.png">', 1, CAST(N'2019-03-26T09:44:31.083' AS DateTime), N'Send', N'NA', 0)
INSERT [dbo].[Message] ([Msg_id], [msg_from_user_id], [Msg_To_User_Id], [Message], [Is_Read], [Msg_Date], [Msg_Status], [Deleted_By], [IsPublic]) VALUES (N'825049572', N'U706998036', N'U967947584', N'gugjgoh', 0, CAST(N'2019-03-06T06:06:35.230' AS DateTime), N'Send', N'NA', 0)
INSERT [dbo].[Message] ([Msg_id], [msg_from_user_id], [Msg_To_User_Id], [Message], [Is_Read], [Msg_Date], [Msg_Status], [Deleted_By], [IsPublic]) VALUES (N'828393713', N'U286157411', N'U831603621', N'hhh', 1, CAST(N'2018-02-07T10:12:09.917' AS DateTime), N'Send', N'NA', 0)
INSERT [dbo].[Message] ([Msg_id], [msg_from_user_id], [Msg_To_User_Id], [Message], [Is_Read], [Msg_Date], [Msg_Status], [Deleted_By], [IsPublic]) VALUES (N'829068776', N'U100955369', N'U831603621', N'hello', 1, CAST(N'2018-12-29T06:26:18.397' AS DateTime), N'Send', N'NA', 0)
INSERT [dbo].[Message] ([Msg_id], [msg_from_user_id], [Msg_To_User_Id], [Message], [Is_Read], [Msg_Date], [Msg_Status], [Deleted_By], [IsPublic]) VALUES (N'835635078', N'U831603621', N'U100955369', N'6', 1, CAST(N'2019-02-04T07:46:52.487' AS DateTime), N'Send', N'NA', 0)
INSERT [dbo].[Message] ([Msg_id], [msg_from_user_id], [Msg_To_User_Id], [Message], [Is_Read], [Msg_Date], [Msg_Status], [Deleted_By], [IsPublic]) VALUES (N'835787192', N'U897523176', N'U673389939', N'fdsfds', 1, CAST(N'2019-03-26T09:50:45.630' AS DateTime), N'Send', N'NA', 0)
INSERT [dbo].[Message] ([Msg_id], [msg_from_user_id], [Msg_To_User_Id], [Message], [Is_Read], [Msg_Date], [Msg_Status], [Deleted_By], [IsPublic]) VALUES (N'836973360', N'U286157411', N'U831603621', N'8855', 1, CAST(N'2018-02-07T10:13:06.627' AS DateTime), N'Send', N'NA', 0)
INSERT [dbo].[Message] ([Msg_id], [msg_from_user_id], [Msg_To_User_Id], [Message], [Is_Read], [Msg_Date], [Msg_Status], [Deleted_By], [IsPublic]) VALUES (N'837225505', N'U673389939', N'U897523176', N'hi', 1, CAST(N'2019-03-19T06:25:35.610' AS DateTime), N'Send', N'U897523176', 0)
INSERT [dbo].[Message] ([Msg_id], [msg_from_user_id], [Msg_To_User_Id], [Message], [Is_Read], [Msg_Date], [Msg_Status], [Deleted_By], [IsPublic]) VALUES (N'840485612', N'U831603621', N'U286157411', N'hey', 0, CAST(N'2019-01-28T06:11:39.747' AS DateTime), N'Send', N'NA', 0)
INSERT [dbo].[Message] ([Msg_id], [msg_from_user_id], [Msg_To_User_Id], [Message], [Is_Read], [Msg_Date], [Msg_Status], [Deleted_By], [IsPublic]) VALUES (N'842465294', N'U831603621', N'U286157411', N'hi', 1, CAST(N'2018-02-06T12:58:57.947' AS DateTime), N'Send', N'NA', 0)
INSERT [dbo].[Message] ([Msg_id], [msg_from_user_id], [Msg_To_User_Id], [Message], [Is_Read], [Msg_Date], [Msg_Status], [Deleted_By], [IsPublic]) VALUES (N'845383711', N'U100955369', N'U831603621', N'hello', 1, CAST(N'2019-01-03T01:11:31.380' AS DateTime), N'Send', N'NA', 0)
INSERT [dbo].[Message] ([Msg_id], [msg_from_user_id], [Msg_To_User_Id], [Message], [Is_Read], [Msg_Date], [Msg_Status], [Deleted_By], [IsPublic]) VALUES (N'852548080', N'U831603621', N'U773408446', N'test', 0, CAST(N'2019-02-18T11:49:36.993' AS DateTime), N'Send', N'U831603621', 0)
INSERT [dbo].[Message] ([Msg_id], [msg_from_user_id], [Msg_To_User_Id], [Message], [Is_Read], [Msg_Date], [Msg_Status], [Deleted_By], [IsPublic]) VALUES (N'854907310', N'U831603621', N'U100955369', N'b', 1, CAST(N'2019-01-24T18:03:21.320' AS DateTime), N'Send', N'NA', 0)
INSERT [dbo].[Message] ([Msg_id], [msg_from_user_id], [Msg_To_User_Id], [Message], [Is_Read], [Msg_Date], [Msg_Status], [Deleted_By], [IsPublic]) VALUES (N'861447043', N'U100955369', N'U831603621', N'HELLO', 1, CAST(N'2019-01-24T18:02:49.673' AS DateTime), N'Send', N'NA', 0)
INSERT [dbo].[Message] ([Msg_id], [msg_from_user_id], [Msg_To_User_Id], [Message], [Is_Read], [Msg_Date], [Msg_Status], [Deleted_By], [IsPublic]) VALUES (N'862290812', N'U286157411', N'U831603621', N'Hello', 1, CAST(N'2018-02-07T10:20:20.037' AS DateTime), N'Send', N'NA', 0)
INSERT [dbo].[Message] ([Msg_id], [msg_from_user_id], [Msg_To_User_Id], [Message], [Is_Read], [Msg_Date], [Msg_Status], [Deleted_By], [IsPublic]) VALUES (N'864474324', N'U831603621', N'U773408446', N'<img src="https://www.khupho.com/Content/themes/Sites/images/logo-header-sm.png" alt="Logo">', 0, CAST(N'2019-03-05T07:33:40.430' AS DateTime), N'Send', N'NA', 0)
INSERT [dbo].[Message] ([Msg_id], [msg_from_user_id], [Msg_To_User_Id], [Message], [Is_Read], [Msg_Date], [Msg_Status], [Deleted_By], [IsPublic]) VALUES (N'865040472', N'U831603621', N'U100955369', N'Hello guys...', 1, CAST(N'2018-08-14T07:53:25.953' AS DateTime), N'Send', N'NA', 0)
INSERT [dbo].[Message] ([Msg_id], [msg_from_user_id], [Msg_To_User_Id], [Message], [Is_Read], [Msg_Date], [Msg_Status], [Deleted_By], [IsPublic]) VALUES (N'867183225', N'U100955369', N'U831603621', N'a', 1, CAST(N'2018-10-15T04:58:50.240' AS DateTime), N'Send', N'NA', 0)
INSERT [dbo].[Message] ([Msg_id], [msg_from_user_id], [Msg_To_User_Id], [Message], [Is_Read], [Msg_Date], [Msg_Status], [Deleted_By], [IsPublic]) VALUES (N'869427771', N'U706998036', N'U169791120', N'hello ', 0, CAST(N'2019-01-30T07:50:26.873' AS DateTime), N'Send', N'NA', 0)
INSERT [dbo].[Message] ([Msg_id], [msg_from_user_id], [Msg_To_User_Id], [Message], [Is_Read], [Msg_Date], [Msg_Status], [Deleted_By], [IsPublic]) VALUES (N'874271345', N'U831603621', N'U056212896', N'hi', 0, CAST(N'2018-12-24T11:02:25.110' AS DateTime), N'Send', N'NA', 0)
INSERT [dbo].[Message] ([Msg_id], [msg_from_user_id], [Msg_To_User_Id], [Message], [Is_Read], [Msg_Date], [Msg_Status], [Deleted_By], [IsPublic]) VALUES (N'878645486', N'U831603621', N'U286157411', N'Hi', 1, CAST(N'2018-02-06T13:09:03.980' AS DateTime), N'Send', N'NA', 0)
INSERT [dbo].[Message] ([Msg_id], [msg_from_user_id], [Msg_To_User_Id], [Message], [Is_Read], [Msg_Date], [Msg_Status], [Deleted_By], [IsPublic]) VALUES (N'879423401', N'U831603621', N'U286157411', N'gdfgdfgf', 1, CAST(N'2018-02-07T07:24:53.070' AS DateTime), N'Send', N'NA', 0)
INSERT [dbo].[Message] ([Msg_id], [msg_from_user_id], [Msg_To_User_Id], [Message], [Is_Read], [Msg_Date], [Msg_Status], [Deleted_By], [IsPublic]) VALUES (N'882540276', N'U831603621', N'U286157411', N'Hello guys ..', 1, CAST(N'2018-08-14T07:53:45.227' AS DateTime), N'Send', N'U831603621', 0)
INSERT [dbo].[Message] ([Msg_id], [msg_from_user_id], [Msg_To_User_Id], [Message], [Is_Read], [Msg_Date], [Msg_Status], [Deleted_By], [IsPublic]) VALUES (N'885593086', N'U673389939', N'U897523176', N'uuu', 1, CAST(N'2019-03-26T10:28:52.817' AS DateTime), N'Send', N'NA', 0)
INSERT [dbo].[Message] ([Msg_id], [msg_from_user_id], [Msg_To_User_Id], [Message], [Is_Read], [Msg_Date], [Msg_Status], [Deleted_By], [IsPublic]) VALUES (N'889845828', N'U831603621', N'U286157411', N'12', 1, CAST(N'2018-02-07T10:11:44.653' AS DateTime), N'Send', N'NA', 0)
INSERT [dbo].[Message] ([Msg_id], [msg_from_user_id], [Msg_To_User_Id], [Message], [Is_Read], [Msg_Date], [Msg_Status], [Deleted_By], [IsPublic]) VALUES (N'896779822', N'U706998036', N'U673389939', N'wow', 1, CAST(N'2019-04-11T06:45:57.827' AS DateTime), N'Send', N'NA', 0)
INSERT [dbo].[Message] ([Msg_id], [msg_from_user_id], [Msg_To_User_Id], [Message], [Is_Read], [Msg_Date], [Msg_Status], [Deleted_By], [IsPublic]) VALUES (N'898884266', N'U773408446', N'U831603621', N'Hello', 1, CAST(N'2017-12-21T13:25:16.683' AS DateTime), N'Send', N'NA', 0)
INSERT [dbo].[Message] ([Msg_id], [msg_from_user_id], [Msg_To_User_Id], [Message], [Is_Read], [Msg_Date], [Msg_Status], [Deleted_By], [IsPublic]) VALUES (N'899262314', N'U831603621', N'U100955369', N'r', 1, CAST(N'2019-03-06T03:38:24.987' AS DateTime), N'Send', N'NA', 0)
INSERT [dbo].[Message] ([Msg_id], [msg_from_user_id], [Msg_To_User_Id], [Message], [Is_Read], [Msg_Date], [Msg_Status], [Deleted_By], [IsPublic]) VALUES (N'901043889', N'U831603621', N'U100955369', N'WA', 1, CAST(N'2018-12-28T09:22:32.143' AS DateTime), N'Send', N'NA', 0)
INSERT [dbo].[Message] ([Msg_id], [msg_from_user_id], [Msg_To_User_Id], [Message], [Is_Read], [Msg_Date], [Msg_Status], [Deleted_By], [IsPublic]) VALUES (N'901361763', N'U831603621', N'U693742650', N'<span style="background-color: rgb(201, 215, 241);"><font style="vertical-align: inherit;"><font style="vertical-align: inherit;">xin chao</font></font></span>', 0, CAST(N'2018-01-16T21:22:15.003' AS DateTime), N'Send', N'NA', 0)
INSERT [dbo].[Message] ([Msg_id], [msg_from_user_id], [Msg_To_User_Id], [Message], [Is_Read], [Msg_Date], [Msg_Status], [Deleted_By], [IsPublic]) VALUES (N'907865667', N'U831603621', N'U100955369', N'2', 1, CAST(N'2019-03-06T03:37:40.237' AS DateTime), N'Send', N'NA', 0)
INSERT [dbo].[Message] ([Msg_id], [msg_from_user_id], [Msg_To_User_Id], [Message], [Is_Read], [Msg_Date], [Msg_Status], [Deleted_By], [IsPublic]) VALUES (N'908252550', N'U100955369', N'U831603621', N'8', 1, CAST(N'2019-02-08T09:54:21.353' AS DateTime), N'Send', N'NA', 0)
INSERT [dbo].[Message] ([Msg_id], [msg_from_user_id], [Msg_To_User_Id], [Message], [Is_Read], [Msg_Date], [Msg_Status], [Deleted_By], [IsPublic]) VALUES (N'914227275', N'U831603621', N'U100955369', N'hello', 1, CAST(N'2018-10-14T04:47:36.367' AS DateTime), N'Send', N'NA', 0)
INSERT [dbo].[Message] ([Msg_id], [msg_from_user_id], [Msg_To_User_Id], [Message], [Is_Read], [Msg_Date], [Msg_Status], [Deleted_By], [IsPublic]) VALUES (N'916588337', N'U831603621', N'U773408446', N'test122818', 0, CAST(N'2018-12-28T14:08:36.010' AS DateTime), N'Send', N'NA', 0)
INSERT [dbo].[Message] ([Msg_id], [msg_from_user_id], [Msg_To_User_Id], [Message], [Is_Read], [Msg_Date], [Msg_Status], [Deleted_By], [IsPublic]) VALUES (N'917239172', N'U831603621', N'U100955369', N'hello', 1, CAST(N'2018-12-28T09:20:14.790' AS DateTime), N'Send', N'NA', 0)
INSERT [dbo].[Message] ([Msg_id], [msg_from_user_id], [Msg_To_User_Id], [Message], [Is_Read], [Msg_Date], [Msg_Status], [Deleted_By], [IsPublic]) VALUES (N'918871037', N'U831603621', N'U056212896', N'<img alt="🤗" class="emojioneemoji" src="https://cdnjs.cloudflare.com/ajax/libs/emojione/2.2.7/assets/png/1f917.png">', 0, CAST(N'2018-09-13T15:15:34.177' AS DateTime), N'Send', N'NA', 0)
INSERT [dbo].[Message] ([Msg_id], [msg_from_user_id], [Msg_To_User_Id], [Message], [Is_Read], [Msg_Date], [Msg_Status], [Deleted_By], [IsPublic]) VALUES (N'919978733', N'U831603621', N'U286157411', N'hi', 1, CAST(N'2018-02-07T09:51:11.173' AS DateTime), N'Send', N'NA', 0)
INSERT [dbo].[Message] ([Msg_id], [msg_from_user_id], [Msg_To_User_Id], [Message], [Is_Read], [Msg_Date], [Msg_Status], [Deleted_By], [IsPublic]) VALUES (N'921003154', N'U831603621', N'U100955369', N'r', 1, CAST(N'2019-03-06T03:38:24.050' AS DateTime), N'Send', N'NA', 0)
INSERT [dbo].[Message] ([Msg_id], [msg_from_user_id], [Msg_To_User_Id], [Message], [Is_Read], [Msg_Date], [Msg_Status], [Deleted_By], [IsPublic]) VALUES (N'922810026', N'U286157411', N'U693742650', N'hello', 1, CAST(N'2018-01-06T06:12:29.470' AS DateTime), N'Send', N'NA', 0)
INSERT [dbo].[Message] ([Msg_id], [msg_from_user_id], [Msg_To_User_Id], [Message], [Is_Read], [Msg_Date], [Msg_Status], [Deleted_By], [IsPublic]) VALUES (N'922822697', N'U897523176', N'U673389939', N'uyhgfh', 1, CAST(N'2019-03-26T09:44:27.160' AS DateTime), N'Send', N'NA', 0)
INSERT [dbo].[Message] ([Msg_id], [msg_from_user_id], [Msg_To_User_Id], [Message], [Is_Read], [Msg_Date], [Msg_Status], [Deleted_By], [IsPublic]) VALUES (N'923303095', N'U831603621', N'U773408446', N'TESTING&nbsp;', 0, CAST(N'2017-12-26T07:35:20.500' AS DateTime), N'Send', N'NA', 0)
INSERT [dbo].[Message] ([Msg_id], [msg_from_user_id], [Msg_To_User_Id], [Message], [Is_Read], [Msg_Date], [Msg_Status], [Deleted_By], [IsPublic]) VALUES (N'923484458', N'U706998036', N'U056212896', N'hello', 0, CAST(N'2018-08-25T16:23:14.907' AS DateTime), N'Send', N'NA', 0)
INSERT [dbo].[Message] ([Msg_id], [msg_from_user_id], [Msg_To_User_Id], [Message], [Is_Read], [Msg_Date], [Msg_Status], [Deleted_By], [IsPublic]) VALUES (N'926346038', N'U100955369', N'U831603621', N'HELLO&nbsp;', 1, CAST(N'2019-01-08T21:51:04.150' AS DateTime), N'Send', N'NA', 0)
INSERT [dbo].[Message] ([Msg_id], [msg_from_user_id], [Msg_To_User_Id], [Message], [Is_Read], [Msg_Date], [Msg_Status], [Deleted_By], [IsPublic]) VALUES (N'929383140', N'U831603621', N'U100955369', N'tdgshshs', 1, CAST(N'2019-04-11T07:44:22.227' AS DateTime), N'Send', N'NA', 0)
INSERT [dbo].[Message] ([Msg_id], [msg_from_user_id], [Msg_To_User_Id], [Message], [Is_Read], [Msg_Date], [Msg_Status], [Deleted_By], [IsPublic]) VALUES (N'932938496', N'U286157411', N'U831603621', N'Hello', 1, CAST(N'2018-02-07T07:29:04.647' AS DateTime), N'Send', N'NA', 0)
INSERT [dbo].[Message] ([Msg_id], [msg_from_user_id], [Msg_To_User_Id], [Message], [Is_Read], [Msg_Date], [Msg_Status], [Deleted_By], [IsPublic]) VALUES (N'935314804', N'U286157411', N'U831603621', N'4', 1, CAST(N'2018-02-07T05:13:50.457' AS DateTime), N'Send', N'NA', 0)
INSERT [dbo].[Message] ([Msg_id], [msg_from_user_id], [Msg_To_User_Id], [Message], [Is_Read], [Msg_Date], [Msg_Status], [Deleted_By], [IsPublic]) VALUES (N'935880264', N'U831603621', N'U100955369', N'r', 1, CAST(N'2019-03-06T03:38:24.330' AS DateTime), N'Send', N'NA', 0)
INSERT [dbo].[Message] ([Msg_id], [msg_from_user_id], [Msg_To_User_Id], [Message], [Is_Read], [Msg_Date], [Msg_Status], [Deleted_By], [IsPublic]) VALUES (N'939296843', N'U286157411', N'U831603621', N'Nice', 1, CAST(N'2018-02-06T13:10:44.410' AS DateTime), N'Send', N'NA', 0)
INSERT [dbo].[Message] ([Msg_id], [msg_from_user_id], [Msg_To_User_Id], [Message], [Is_Read], [Msg_Date], [Msg_Status], [Deleted_By], [IsPublic]) VALUES (N'939354676', N'U100955369', N'U831603621', N'1', 1, CAST(N'2019-03-06T03:36:45.593' AS DateTime), N'Send', N'NA', 0)
INSERT [dbo].[Message] ([Msg_id], [msg_from_user_id], [Msg_To_User_Id], [Message], [Is_Read], [Msg_Date], [Msg_Status], [Deleted_By], [IsPublic]) VALUES (N'939502534', N'U831603621', N'U100955369', N' 8', 1, CAST(N'2019-03-06T06:06:26.683' AS DateTime), N'Send', N'NA', 0)
GO
INSERT [dbo].[Message] ([Msg_id], [msg_from_user_id], [Msg_To_User_Id], [Message], [Is_Read], [Msg_Date], [Msg_Status], [Deleted_By], [IsPublic]) VALUES (N'942471955', N'U831603621', N'U100955369', N'r', 1, CAST(N'2019-03-06T03:38:25.033' AS DateTime), N'Send', N'NA', 0)
INSERT [dbo].[Message] ([Msg_id], [msg_from_user_id], [Msg_To_User_Id], [Message], [Is_Read], [Msg_Date], [Msg_Status], [Deleted_By], [IsPublic]) VALUES (N'945336798', N'U100955369', N'U831603621', N'tell me more about this', 1, CAST(N'2018-05-21T09:10:33.960' AS DateTime), N'Send', N'NA', 0)
INSERT [dbo].[Message] ([Msg_id], [msg_from_user_id], [Msg_To_User_Id], [Message], [Is_Read], [Msg_Date], [Msg_Status], [Deleted_By], [IsPublic]) VALUES (N'945563130', N'U706998036', N'U831603621', N'hi', 1, CAST(N'2019-04-11T07:54:08.383' AS DateTime), N'Send', N'NA', 0)
INSERT [dbo].[Message] ([Msg_id], [msg_from_user_id], [Msg_To_User_Id], [Message], [Is_Read], [Msg_Date], [Msg_Status], [Deleted_By], [IsPublic]) VALUES (N'947040356', N'U831603621', N'U100955369', N'testing', 1, CAST(N'2018-08-31T05:03:51.140' AS DateTime), N'Send', N'NA', 0)
INSERT [dbo].[Message] ([Msg_id], [msg_from_user_id], [Msg_To_User_Id], [Message], [Is_Read], [Msg_Date], [Msg_Status], [Deleted_By], [IsPublic]) VALUES (N'950763139', N'U773408446', N'U831603621', N'fine', 1, CAST(N'2017-12-21T13:25:34.923' AS DateTime), N'Send', N'NA', 0)
INSERT [dbo].[Message] ([Msg_id], [msg_from_user_id], [Msg_To_User_Id], [Message], [Is_Read], [Msg_Date], [Msg_Status], [Deleted_By], [IsPublic]) VALUES (N'956039966', N'U706998036', N'U673389939', N'Hello', 0, CAST(N'2019-04-11T07:52:08.890' AS DateTime), N'Send', N'NA', 0)
INSERT [dbo].[Message] ([Msg_id], [msg_from_user_id], [Msg_To_User_Id], [Message], [Is_Read], [Msg_Date], [Msg_Status], [Deleted_By], [IsPublic]) VALUES (N'958884163', N'U831603621', N'U100955369', N'1', 1, CAST(N'2019-01-30T07:55:52.257' AS DateTime), N'Send', N'NA', 0)
INSERT [dbo].[Message] ([Msg_id], [msg_from_user_id], [Msg_To_User_Id], [Message], [Is_Read], [Msg_Date], [Msg_Status], [Deleted_By], [IsPublic]) VALUES (N'961956325', N'U286157411', N'U831603621', N'665546464', 1, CAST(N'2018-02-07T09:22:34.780' AS DateTime), N'Send', N'NA', 0)
INSERT [dbo].[Message] ([Msg_id], [msg_from_user_id], [Msg_To_User_Id], [Message], [Is_Read], [Msg_Date], [Msg_Status], [Deleted_By], [IsPublic]) VALUES (N'962271172', N'U831603621', N'U056212896', N'dd', 0, CAST(N'2019-01-01T08:52:40.937' AS DateTime), N'Send', N'NA', 0)
INSERT [dbo].[Message] ([Msg_id], [msg_from_user_id], [Msg_To_User_Id], [Message], [Is_Read], [Msg_Date], [Msg_Status], [Deleted_By], [IsPublic]) VALUES (N'973408118', N'U831603621', N'U846618448', N'hello', 0, CAST(N'2019-03-12T07:08:28.833' AS DateTime), N'Send', N'NA', 0)
INSERT [dbo].[Message] ([Msg_id], [msg_from_user_id], [Msg_To_User_Id], [Message], [Is_Read], [Msg_Date], [Msg_Status], [Deleted_By], [IsPublic]) VALUES (N'974350718', N'U100955369', N'U831603621', N'AS;DLJKFASD', 1, CAST(N'2019-01-08T21:54:32.023' AS DateTime), N'Send', N'NA', 0)
INSERT [dbo].[Message] ([Msg_id], [msg_from_user_id], [Msg_To_User_Id], [Message], [Is_Read], [Msg_Date], [Msg_Status], [Deleted_By], [IsPublic]) VALUES (N'976743146', N'U831603621', N'U846618448', N'hhello', 0, CAST(N'2019-01-28T06:48:54.640' AS DateTime), N'Send', N'NA', 0)
INSERT [dbo].[Message] ([Msg_id], [msg_from_user_id], [Msg_To_User_Id], [Message], [Is_Read], [Msg_Date], [Msg_Status], [Deleted_By], [IsPublic]) VALUES (N'977569118', N'U831603621', N'U693742650', N'<font style="vertical-align: inherit;"><font style="vertical-align: inherit;">hello&nbsp;</font></font>', 0, CAST(N'2018-01-16T21:21:58.483' AS DateTime), N'Send', N'NA', 0)
INSERT [dbo].[Message] ([Msg_id], [msg_from_user_id], [Msg_To_User_Id], [Message], [Is_Read], [Msg_Date], [Msg_Status], [Deleted_By], [IsPublic]) VALUES (N'978586470', N'U831603621', N'U286157411', N'<img alt="😟" class="emojioneemoji" src="https://cdnjs.cloudflare.com/ajax/libs/emojione/2.2.7/assets/png/1f61f.png">', 1, CAST(N'2018-08-23T09:37:43.457' AS DateTime), N'Send', N'U831603621', 0)
INSERT [dbo].[Message] ([Msg_id], [msg_from_user_id], [Msg_To_User_Id], [Message], [Is_Read], [Msg_Date], [Msg_Status], [Deleted_By], [IsPublic]) VALUES (N'981598487', N'U831603621', N'U773408446', N'hellow', 0, CAST(N'2018-01-23T23:47:53.757' AS DateTime), N'Send', N'U831603621', 0)
INSERT [dbo].[Message] ([Msg_id], [msg_from_user_id], [Msg_To_User_Id], [Message], [Is_Read], [Msg_Date], [Msg_Status], [Deleted_By], [IsPublic]) VALUES (N'983244299', N'U286157411', N'U831603621', N'--------*****', 1, CAST(N'2018-02-07T10:15:00.100' AS DateTime), N'Send', N'U831603621', 0)
INSERT [dbo].[Message] ([Msg_id], [msg_from_user_id], [Msg_To_User_Id], [Message], [Is_Read], [Msg_Date], [Msg_Status], [Deleted_By], [IsPublic]) VALUES (N'989574578', N'U831603621', N'U286157411', N'999', 1, CAST(N'2018-02-07T10:13:01.220' AS DateTime), N'Send', N'NA', 0)
INSERT [dbo].[Message] ([Msg_id], [msg_from_user_id], [Msg_To_User_Id], [Message], [Is_Read], [Msg_Date], [Msg_Status], [Deleted_By], [IsPublic]) VALUES (N'990849738', N'U100955369', N'U831603621', N'<img alt="🤓" class="emojioneemoji" src="https://cdnjs.cloudflare.com/ajax/libs/emojione/2.2.7/assets/png/1f913.png">', 1, CAST(N'2019-01-24T18:03:44.217' AS DateTime), N'Send', N'NA', 0)
INSERT [dbo].[Message] ([Msg_id], [msg_from_user_id], [Msg_To_User_Id], [Message], [Is_Read], [Msg_Date], [Msg_Status], [Deleted_By], [IsPublic]) VALUES (N'992713497', N'U831603621', N'U773408446', N'46546', 0, CAST(N'2018-01-03T02:28:18.527' AS DateTime), N'Send', N'NA', 0)
INSERT [dbo].[Message] ([Msg_id], [msg_from_user_id], [Msg_To_User_Id], [Message], [Is_Read], [Msg_Date], [Msg_Status], [Deleted_By], [IsPublic]) VALUES (N'996018422', N'U831603621', N'U773408446', N'hello my name is slim', 0, CAST(N'2019-03-05T06:31:47.197' AS DateTime), N'Send', N'NA', 0)
SET IDENTITY_INSERT [dbo].[MyNote_tbl] ON 

INSERT [dbo].[MyNote_tbl] ([N_Id], [Note_Id], [Note_Text], [Note_EntryBy_Id], [Note_EntryDate], [Note_AStatus], [Note_Status]) VALUES (39, N'MN035940660', N'for testing', N'U476971405', CAST(N'2019-02-21T12:07:16.943' AS DateTime), N'Active', 1)
INSERT [dbo].[MyNote_tbl] ([N_Id], [Note_Id], [Note_Text], [Note_EntryBy_Id], [Note_EntryDate], [Note_AStatus], [Note_Status]) VALUES (10, N'MN096899753', N'test2', N'U100955369', CAST(N'2018-10-31T14:41:03.917' AS DateTime), N'Active', 1)
INSERT [dbo].[MyNote_tbl] ([N_Id], [Note_Id], [Note_Text], [Note_EntryBy_Id], [Note_EntryDate], [Note_AStatus], [Note_Status]) VALUES (20, N'MN207426785', N'demo note test', N'U867869980', CAST(N'2018-11-15T04:27:44.647' AS DateTime), N'Active', 1)
INSERT [dbo].[MyNote_tbl] ([N_Id], [Note_Id], [Note_Text], [Note_EntryBy_Id], [Note_EntryDate], [Note_AStatus], [Note_Status]) VALUES (36, N'MN209144521', N'Web 2819', N'U831603621', CAST(N'2019-02-08T10:36:41.257' AS DateTime), N'Active', 1)
INSERT [dbo].[MyNote_tbl] ([N_Id], [Note_Id], [Note_Text], [Note_EntryBy_Id], [Note_EntryDate], [Note_AStatus], [Note_Status]) VALUES (12, N'MN733963700', N'1
', N'U773408446', CAST(N'2018-11-05T00:58:34.717' AS DateTime), N'Active', 1)
INSERT [dbo].[MyNote_tbl] ([N_Id], [Note_Id], [Note_Text], [Note_EntryBy_Id], [Note_EntryDate], [Note_AStatus], [Note_Status]) VALUES (38, N'MN795835030', N'sshsksm', N'U037283187', CAST(N'2019-02-18T12:31:05.077' AS DateTime), N'Active', 1)
INSERT [dbo].[MyNote_tbl] ([N_Id], [Note_Id], [Note_Text], [Note_EntryBy_Id], [Note_EntryDate], [Note_AStatus], [Note_Status]) VALUES (35, N'MN849896606', N'android 2819', N'U831603621', CAST(N'2019-02-08T10:33:55.187' AS DateTime), N'Active', 1)
INSERT [dbo].[MyNote_tbl] ([N_Id], [Note_Id], [Note_Text], [Note_EntryBy_Id], [Note_EntryDate], [Note_AStatus], [Note_Status]) VALUES (9, N'MN960034713', N'test', N'U100955369', CAST(N'2018-10-31T14:40:53.730' AS DateTime), N'Active', 1)
INSERT [dbo].[MyNote_tbl] ([N_Id], [Note_Id], [Note_Text], [Note_EntryBy_Id], [Note_EntryDate], [Note_AStatus], [Note_Status]) VALUES (22, N'MN997594018', N'demo', N'U867869980', CAST(N'2018-11-15T13:18:17.697' AS DateTime), N'Active', 1)
SET IDENTITY_INSERT [dbo].[MyNote_tbl] OFF
INSERT [dbo].[Notes_tbl] ([Id], [NoteText], [IsPublic], [CreatedDate], [CreatedBy], [PropertyId], [Position], [posX], [PosY]) VALUES (N'01dc4ad9-bc44-2aae-a6b4-18339fb4a861', N'MATT HENRY PROFILE NOTES', 1, CAST(N'2017-08-07T07:39:57.663' AS DateTime), N'U679844771', NULL, N'absolute', N'509px', N'312px')
INSERT [dbo].[Notes_tbl] ([Id], [NoteText], [IsPublic], [CreatedDate], [CreatedBy], [PropertyId], [Position], [posX], [PosY]) VALUES (N'10c1e071-b8e3-5fa7-66c6-215d978a4235', N'JOE CAMPBELL&nbsp;<div><br></div><div>NOTES</div>', 1, CAST(N'2017-08-06T11:27:01.743' AS DateTime), N'U616637881', NULL, N'absolute', N'1120px', N'436px')
INSERT [dbo].[Notes_tbl] ([Id], [NoteText], [IsPublic], [CreatedDate], [CreatedBy], [PropertyId], [Position], [posX], [PosY]) VALUES (N'19b2d142-7522-6657-f01c-f57290ff64bd', N'HAMILTON # 1 PRIVATE', 0, CAST(N'2017-09-08T09:18:22.917' AS DateTime), N'U572543338', N'P524693414', N'absolute', N'10px', N'239px')
INSERT [dbo].[Notes_tbl] ([Id], [NoteText], [IsPublic], [CreatedDate], [CreatedBy], [PropertyId], [Position], [posX], [PosY]) VALUES (N'1d8fae97-3ea8-9d88-8cb3-3f8c01175753', N'VIETNAM FINEST', 1, CAST(N'2017-08-18T11:36:00.247' AS DateTime), N'U100955369', N'P135983100', N'absolute', N'10px', N'10px')
INSERT [dbo].[Notes_tbl] ([Id], [NoteText], [IsPublic], [CreatedDate], [CreatedBy], [PropertyId], [Position], [posX], [PosY]) VALUES (N'2124adf3-7412-0a21-02ae-cd4a313129bf', N'JOHNNY CASH MATT HENRY LISTING PUBLIC&nbsp;<div><br></div><div>NOT SUPPOSE TO DISPLAY</div>', 1, CAST(N'2017-08-25T09:26:40.793' AS DateTime), N'U974389827', N'P530536721', N'absolute', N'445px', N'572px')
INSERT [dbo].[Notes_tbl] ([Id], [NoteText], [IsPublic], [CreatedDate], [CreatedBy], [PropertyId], [Position], [posX], [PosY]) VALUES (N'2aedbf6f-745c-8a77-a10c-035a6ea9468f', N'JOE CAMPBEL PROPERTY&nbsp;<div><br></div><div>NOTES</div>', 1, CAST(N'2017-08-06T11:31:01.343' AS DateTime), N'U616637881', N'P103902545', N'absolute', N'894px', N'750px')
INSERT [dbo].[Notes_tbl] ([Id], [NoteText], [IsPublic], [CreatedDate], [CreatedBy], [PropertyId], [Position], [posX], [PosY]) VALUES (N'39e1ad78-b261-e0d5-8fea-5623b73f1339', N'HAMILTON PRIVATE NOTE', 0, CAST(N'2017-09-08T09:22:37.207' AS DateTime), N'U572543338', NULL, N'absolute', N'10px', N'10px')
INSERT [dbo].[Notes_tbl] ([Id], [NoteText], [IsPublic], [CreatedDate], [CreatedBy], [PropertyId], [Position], [posX], [PosY]) VALUES (N'46626f93-d27d-3627-ffe0-b195d2b48b13', N'<span style="color: rgb(1, 82, 73); font-family: Raleway, Helvetica; font-size: 25px; background-color: rgb(255, 255, 255);">31235 Mission Boulevard, Hayward, CA, United States</span>', 1, CAST(N'2017-11-06T13:40:24.040' AS DateTime), N'U773408446', N'P033573244', N'absolute', N'411px', N'616px')
INSERT [dbo].[Notes_tbl] ([Id], [NoteText], [IsPublic], [CreatedDate], [CreatedBy], [PropertyId], [Position], [posX], [PosY]) VALUES (N'49ebef78-8c63-887c-257a-f2803acb2372', N'LOG IN AS MATT HENRY BUT PUTTING NOTES ON JOE CAMPBELL PULIC?', 1, CAST(N'2017-08-07T07:48:15.803' AS DateTime), N'U679844771', N'P103902545', N'absolute', N'461px', N'580px')
INSERT [dbo].[Notes_tbl] ([Id], [NoteText], [IsPublic], [CreatedDate], [CreatedBy], [PropertyId], [Position], [posX], [PosY]) VALUES (N'4ca372e4-b37e-69e4-8033-611fd58f655d', N'This test public note<div><br></div>', 1, CAST(N'2017-08-16T00:03:41.407' AS DateTime), N'U889546954', NULL, N'fixed', N'1093px', N'192')
INSERT [dbo].[Notes_tbl] ([Id], [NoteText], [IsPublic], [CreatedDate], [CreatedBy], [PropertyId], [Position], [posX], [PosY]) VALUES (N'69d817d2-b151-f9dc-ffa1-8ac10209c3ad', N'1306 BAY ST PUBLIC NOTE', 1, CAST(N'2017-08-25T12:21:10.070' AS DateTime), N'U100955369', N'P493110717', N'absolute', N'10px', N'310px')
INSERT [dbo].[Notes_tbl] ([Id], [NoteText], [IsPublic], [CreatedDate], [CreatedBy], [PropertyId], [Position], [posX], [PosY]) VALUES (N'7266c6b5-191c-bc20-c8aa-2030c34c389b', N'1515 sw 5th avenue', 1, CAST(N'2017-08-21T22:20:35.350' AS DateTime), N'U831603621', N'P130282523', N'absolute', N'747px', N'649px')
INSERT [dbo].[Notes_tbl] ([Id], [NoteText], [IsPublic], [CreatedDate], [CreatedBy], [PropertyId], [Position], [posX], [PosY]) VALUES (N'753dc4ad-1578-c703-3d52-61c213a8d5ef', N'JOE CAMPBELL PRIVATE NOTE', 0, CAST(N'2017-08-06T11:38:17.840' AS DateTime), N'U616637881', N'P103902545', N'absolute', N'915px', N'343px')
INSERT [dbo].[Notes_tbl] ([Id], [NoteText], [IsPublic], [CreatedDate], [CreatedBy], [PropertyId], [Position], [posX], [PosY]) VALUES (N'7a294156-9b97-62f0-3e60-2fb1ae650d90', N'LAND FOR SALE&nbsp;<div><br></div><div>WILLIAM NGUYEN</div>', 1, CAST(N'2017-08-18T21:47:52.640' AS DateTime), N'U100955369', N'P286353460', N'absolute', N'431px', N'665px')
INSERT [dbo].[Notes_tbl] ([Id], [NoteText], [IsPublic], [CreatedDate], [CreatedBy], [PropertyId], [Position], [posX], [PosY]) VALUES (N'7b303b03-edb4-9c64-f9a7-ef9f4d3093aa', N'HAMILTON LISTING #1', 1, CAST(N'2017-09-08T09:18:02.837' AS DateTime), N'U572543338', N'P524693414', N'absolute', N'790px', N'548px')
INSERT [dbo].[Notes_tbl] ([Id], [NoteText], [IsPublic], [CreatedDate], [CreatedBy], [PropertyId], [Position], [posX], [PosY]) VALUES (N'8d24afd8-7cdf-a2ff-f0b8-959082909f79', N'OPEN HOUSE THIS WEEKEND 09/09-09/10', 1, CAST(N'2017-09-08T08:54:02.377' AS DateTime), N'U068476417', N'P192016571', N'absolute', N'10px', N'59px')
INSERT [dbo].[Notes_tbl] ([Id], [NoteText], [IsPublic], [CreatedDate], [CreatedBy], [PropertyId], [Position], [posX], [PosY]) VALUES (N'8e33ee26-834d-ae40-530d-519ab8e6b14a', N'31235 Mission Boulevard, Hayward, ', 0, CAST(N'2017-10-18T15:13:40.360' AS DateTime), N'U831603621', N'P033573244', N'absolute', N'308px', N'592px')
INSERT [dbo].[Notes_tbl] ([Id], [NoteText], [IsPublic], [CreatedDate], [CreatedBy], [PropertyId], [Position], [posX], [PosY]) VALUES (N'8f173551-77ba-078a-1a72-db6710d03e03', N'MATT HENRY LISTING PUBLIC NOTES', 1, CAST(N'2017-08-07T07:37:46.820' AS DateTime), N'U679844771', N'P530536721', N'absolute', N'750px', N'518px')
INSERT [dbo].[Notes_tbl] ([Id], [NoteText], [IsPublic], [CreatedDate], [CreatedBy], [PropertyId], [Position], [posX], [PosY]) VALUES (N'a198db5f-5519-c31b-31fe-3460c664b73d', N'<span style="color: rgb(1, 82, 73); font-family: Raleway, Helvetica; font-size: 25px; background-color: rgb(255, 255, 255);">399 Atherton Ave, Atherton, CA 94027</span><div><span style="color: rgb(1, 82, 73); font-family: Raleway, Helvetica; font-size: 25px; background-color: rgb(255, 255, 255);"><br></span></div><div><span style="color: rgb(1, 82, 73); font-family: Raleway, Helvetica; font-size: 25px; background-color: rgb(255, 255, 255);">apx510</span></div>', 1, CAST(N'2017-11-07T12:40:09.830' AS DateTime), N'U831603621', N'P687936129', N'absolute', N'1138px', N'497px')
INSERT [dbo].[Notes_tbl] ([Id], [NoteText], [IsPublic], [CreatedDate], [CreatedBy], [PropertyId], [Position], [posX], [PosY]) VALUES (N'ae83ef5c-aff9-8a35-a6a4-97bb7b7d2f16', N'JOE CAMPBELL PRIVATE NOTE<div>IN CALENDAR</div>', 0, CAST(N'2017-08-06T11:40:19.780' AS DateTime), N'U616637881', NULL, N'absolute', N'1127px', N'655px')
INSERT [dbo].[Notes_tbl] ([Id], [NoteText], [IsPublic], [CreatedDate], [CreatedBy], [PropertyId], [Position], [posX], [PosY]) VALUES (N'b6ce5e6b-6996-2d72-e6b8-66fb09831c1e', N'DREAM HOME&nbsp;&nbsp;<div>NOW AVAILABLE<div>WAKE UP!!&nbsp;</div></div><div><br></div><div>apx510 12/2/17</div><div><br></div><div>johndoe 12/2/17</div>', 1, CAST(N'2017-11-15T17:21:48.163' AS DateTime), N'U831603621', N'P969574723', N'absolute', N'976px', N'612px')
INSERT [dbo].[Notes_tbl] ([Id], [NoteText], [IsPublic], [CreatedDate], [CreatedBy], [PropertyId], [Position], [posX], [PosY]) VALUES (N'b8b522bf-8398-a335-015e-5344d4519523', N'call commercial', 0, CAST(N'2017-07-21T08:46:16.960' AS DateTime), N'U831603621', N'P734344605', N'absolute', N'1109px', N'554px')
INSERT [dbo].[Notes_tbl] ([Id], [NoteText], [IsPublic], [CreatedDate], [CreatedBy], [PropertyId], [Position], [posX], [PosY]) VALUES (N'bcc6f415-d151-99a2-c342-1ea482bc5f5a', N'commercial', 1, CAST(N'2017-07-20T21:38:48.460' AS DateTime), N'U831603621', N'P734344605', N'absolute', N'914px', N'554px')
INSERT [dbo].[Notes_tbl] ([Id], [NoteText], [IsPublic], [CreatedDate], [CreatedBy], [PropertyId], [Position], [posX], [PosY]) VALUES (N'c94ff50b-a4cf-cdd1-e15e-e0df6eb64579', N'MATT HENRY PRIVATE NOTES', 0, CAST(N'2017-08-07T07:40:18.520' AS DateTime), N'U679844771', NULL, N'absolute', N'713px', N'317px')
INSERT [dbo].[Notes_tbl] ([Id], [NoteText], [IsPublic], [CreatedDate], [CreatedBy], [PropertyId], [Position], [posX], [PosY]) VALUES (N'c9f3aa49-aabf-a53c-41ee-207a7b7541ab', N'GEORGE 1ST PROPERTY PRIVATE NOTE', 0, CAST(N'2017-08-11T08:38:43.490' AS DateTime), N'U889546954', N'P660086996', N'absolute', N'10px', N'10px')
INSERT [dbo].[Notes_tbl] ([Id], [NoteText], [IsPublic], [CreatedDate], [CreatedBy], [PropertyId], [Position], [posX], [PosY]) VALUES (N'cd18e648-1226-b520-9809-2f5f45ec051c', N'HAMILTON PUBLIC NOTE', 1, CAST(N'2017-09-08T09:22:20.500' AS DateTime), N'U572543338', NULL, N'absolute', N'190px', N'50px')
INSERT [dbo].[Notes_tbl] ([Id], [NoteText], [IsPublic], [CreatedDate], [CreatedBy], [PropertyId], [Position], [posX], [PosY]) VALUES (N'ceb1f527-487d-63fe-dde6-d492e5684d02', N'WILL I AM<div>THE GURU OF REAL ESTATES</div>', 1, CAST(N'2017-09-08T08:56:50.577' AS DateTime), N'U068476417', NULL, N'absolute', N'10px', N'10px')
INSERT [dbo].[Notes_tbl] ([Id], [NoteText], [IsPublic], [CreatedDate], [CreatedBy], [PropertyId], [Position], [posX], [PosY]) VALUES (N'd10bc19c-3db7-92ee-1b57-f2fe12d3b706', N'WILLIAM WAREHOUSE<div><br></div>', 1, CAST(N'2017-08-19T00:32:26.013' AS DateTime), N'U100955369', N'P461594023', N'absolute', N'10px', N'10px')
INSERT [dbo].[Notes_tbl] ([Id], [NoteText], [IsPublic], [CreatedDate], [CreatedBy], [PropertyId], [Position], [posX], [PosY]) VALUES (N'de750f66-764b-ac42-9cfc-531e9c4ed70b', N'1 airport drive', 1, CAST(N'2017-10-05T09:18:52.550' AS DateTime), N'U239950756', N'P729570017', N'absolute', N'629px', N'329px')
INSERT [dbo].[Notes_tbl] ([Id], [NoteText], [IsPublic], [CreatedDate], [CreatedBy], [PropertyId], [Position], [posX], [PosY]) VALUES (N'e32612a4-8c3f-fa72-5014-f0007c76bb09', N'2411 glenview', 1, CAST(N'2017-08-17T12:37:35.653' AS DateTime), N'U100955369', N'P606913025', N'absolute', N'1037px', N'535px')
INSERT [dbo].[Notes_tbl] ([Id], [NoteText], [IsPublic], [CreatedDate], [CreatedBy], [PropertyId], [Position], [posX], [PosY]) VALUES (N'e4459594-ba39-883d-820c-408e787ff808', N'GEORGE 1ST PROPERTY PUBLIC NOTE', 1, CAST(N'2017-08-11T08:38:27.967' AS DateTime), N'U889546954', N'P660086996', N'absolute', N'931px', N'894px')
INSERT [dbo].[Notes_tbl] ([Id], [NoteText], [IsPublic], [CreatedDate], [CreatedBy], [PropertyId], [Position], [posX], [PosY]) VALUES (N'ee77d4c9-cb34-3b96-83c3-c21ae8bf2fe4', N'JOHN STARK HOMES NOTE', 1, CAST(N'2017-09-20T04:51:23.600' AS DateTime), N'U831603621', N'P667672818', N'absolute', N'1147px', N'331px')
INSERT [dbo].[Notes_tbl] ([Id], [NoteText], [IsPublic], [CreatedDate], [CreatedBy], [PropertyId], [Position], [posX], [PosY]) VALUES (N'f2e073f2-13ad-f634-6f7a-7e3198f4ee99', N'CALL CHAU FOR OPEN HOUSE&nbsp;', 0, CAST(N'2017-07-25T15:01:54.007' AS DateTime), N'U831603621', N'P129699116', N'absolute', N'454px', N'579px')
INSERT [dbo].[Notes_tbl] ([Id], [NoteText], [IsPublic], [CreatedDate], [CreatedBy], [PropertyId], [Position], [posX], [PosY]) VALUES (N'f4318fc8-af73-effc-2154-3dc59a86e486', N'<span style="color: rgb(1, 82, 73); font-family: Raleway, Helvetica; font-size: 25px; background-color: rgb(255, 255, 255);">12950 Robleda Rd, Los Altos Hills, CA</span>', 1, CAST(N'2017-09-22T21:57:59.273' AS DateTime), N'U831603621', N'P062160271', N'absolute', N'1101px', N'721px')
INSERT [dbo].[Notes_tbl] ([Id], [NoteText], [IsPublic], [CreatedDate], [CreatedBy], [PropertyId], [Position], [posX], [PosY]) VALUES (N'f879da23-643a-5977-87dd-d2c11dddb3b9', N'CHECK OUT OPEN HOUSE TODAY', 1, CAST(N'2017-07-25T15:02:09.017' AS DateTime), N'U831603621', N'P129699116', N'absolute', N'655px', N'579px')
INSERT [dbo].[Notes_tbl] ([Id], [NoteText], [IsPublic], [CreatedDate], [CreatedBy], [PropertyId], [Position], [posX], [PosY]) VALUES (N'fa73d1f2-7fc1-8da5-9889-1df6776770e9', N'test new prop note', 1, CAST(N'2017-09-19T02:57:21.343' AS DateTime), N'U831603621', N'P486648303', N'absolute', N'10px', N'10px')
INSERT [dbo].[Notes_tbl] ([Id], [NoteText], [IsPublic], [CreatedDate], [CreatedBy], [PropertyId], [Position], [posX], [PosY]) VALUES (N'fbc52e32-997f-f973-de05-c180fab1f07e', N'india finest property now available', 1, CAST(N'2017-08-17T07:12:45.190' AS DateTime), N'U889546954', N'P595991847', N'absolute', N'485px', N'737px')
INSERT [dbo].[Notes_tbl] ([Id], [NoteText], [IsPublic], [CreatedDate], [CreatedBy], [PropertyId], [Position], [posX], [PosY]) VALUES (N'fcc2a6ca-d758-6a44-45de-a6975baf1f8a', N'<span style="color: rgb(109, 109, 109); font-family: sans-serif; font-size: 15px; background-color: rgb(255, 255, 255);">1 Georgia Way, San Leandro, CA</span>', 1, CAST(N'2017-11-27T11:32:01.213' AS DateTime), N'U773408446', N'P667672818', N'absolute', N'845px', N'572px')
SET IDENTITY_INSERT [dbo].[Order_Itemdetail_tbl] ON 

INSERT [dbo].[Order_Itemdetail_tbl] ([Id], [Order_Id], [Product_Id], [Price], [Title], [Qty], [Total], [Order_Status], [Tracking_Number], [Company_Name], [Package_Image]) VALUES (1, N'O059975702', N'P084071589', 990, N'Coffee Table', 3, 2970, N'Completed', NULL, NULL, N'20092018064751761_3.png')
INSERT [dbo].[Order_Itemdetail_tbl] ([Id], [Order_Id], [Product_Id], [Price], [Title], [Qty], [Total], [Order_Status], [Tracking_Number], [Company_Name], [Package_Image]) VALUES (2, N'O325691811', N'P606040449', 45000, N' Swing Jhulla', 1, 45000, N'Approved', N'TRACK123456', NULL, NULL)
INSERT [dbo].[Order_Itemdetail_tbl] ([Id], [Order_Id], [Product_Id], [Price], [Title], [Qty], [Total], [Order_Status], [Tracking_Number], [Company_Name], [Package_Image]) VALUES (3, N'O325691811', N'P991682212', 50, N'Office table', 1, 50, N'Pending', NULL, NULL, NULL)
INSERT [dbo].[Order_Itemdetail_tbl] ([Id], [Order_Id], [Product_Id], [Price], [Title], [Qty], [Total], [Order_Status], [Tracking_Number], [Company_Name], [Package_Image]) VALUES (4, N'O208664459', N'P716539332', 8, N'BOOK', 1, 8, N'Pending', NULL, NULL, NULL)
INSERT [dbo].[Order_Itemdetail_tbl] ([Id], [Order_Id], [Product_Id], [Price], [Title], [Qty], [Total], [Order_Status], [Tracking_Number], [Company_Name], [Package_Image]) VALUES (5, N'O235167173', N'P084071589', 990, N'Coffee Table', 1, 990, N'Pending', NULL, NULL, NULL)
INSERT [dbo].[Order_Itemdetail_tbl] ([Id], [Order_Id], [Product_Id], [Price], [Title], [Qty], [Total], [Order_Status], [Tracking_Number], [Company_Name], [Package_Image]) VALUES (6, N'O925899553', N'P827710397', 1199, N'iphone', 1, 1199, N'Approved', NULL, NULL, NULL)
INSERT [dbo].[Order_Itemdetail_tbl] ([Id], [Order_Id], [Product_Id], [Price], [Title], [Qty], [Total], [Order_Status], [Tracking_Number], [Company_Name], [Package_Image]) VALUES (7, N'O675894915', N'P392027511', 7500, N'L shape sofa', 1, 7500, N'Approved', N'565465465465465465', NULL, NULL)
INSERT [dbo].[Order_Itemdetail_tbl] ([Id], [Order_Id], [Product_Id], [Price], [Title], [Qty], [Total], [Order_Status], [Tracking_Number], [Company_Name], [Package_Image]) VALUES (8, N'O675894915', N'P456685118', 4600, N'Chenille Carpet', 1, 4600, N'Pending', N'', NULL, NULL)
INSERT [dbo].[Order_Itemdetail_tbl] ([Id], [Order_Id], [Product_Id], [Price], [Title], [Qty], [Total], [Order_Status], [Tracking_Number], [Company_Name], [Package_Image]) VALUES (9, N'O675894915', N'P611852409', 150, N'Iphone ', 1, 150, N'Pending', N'', NULL, NULL)
INSERT [dbo].[Order_Itemdetail_tbl] ([Id], [Order_Id], [Product_Id], [Price], [Title], [Qty], [Total], [Order_Status], [Tracking_Number], [Company_Name], [Package_Image]) VALUES (10, N'O675894915', N'P407006831', 50, N'AirPod', 1, 50, N'Pending', N'', NULL, NULL)
INSERT [dbo].[Order_Itemdetail_tbl] ([Id], [Order_Id], [Product_Id], [Price], [Title], [Qty], [Total], [Order_Status], [Tracking_Number], [Company_Name], [Package_Image]) VALUES (11, N'O528626759', N'P407006831', 50, N'AirPod', 1, 50, N'Pending', N'', NULL, NULL)
INSERT [dbo].[Order_Itemdetail_tbl] ([Id], [Order_Id], [Product_Id], [Price], [Title], [Qty], [Total], [Order_Status], [Tracking_Number], [Company_Name], [Package_Image]) VALUES (12, N'O651344968', N'P439065606', 40, N'Sofa', 1, 40, N'Approved', N'', NULL, N'20092018115918080_4.jpg')
INSERT [dbo].[Order_Itemdetail_tbl] ([Id], [Order_Id], [Product_Id], [Price], [Title], [Qty], [Total], [Order_Status], [Tracking_Number], [Company_Name], [Package_Image]) VALUES (13, N'O651344968', N'P456685118', 4600, N'Chenille Carpet', 1, 4600, N'Pending', N'', NULL, NULL)
INSERT [dbo].[Order_Itemdetail_tbl] ([Id], [Order_Id], [Product_Id], [Price], [Title], [Qty], [Total], [Order_Status], [Tracking_Number], [Company_Name], [Package_Image]) VALUES (14, N'O625805592', N'P739519062', 80, N'BIKE', 1, 80, N'Pending', N'', NULL, NULL)
INSERT [dbo].[Order_Itemdetail_tbl] ([Id], [Order_Id], [Product_Id], [Price], [Title], [Qty], [Total], [Order_Status], [Tracking_Number], [Company_Name], [Package_Image]) VALUES (15, N'O625805592', N'P407006831', 50, N'AirPod', 1, 50, N'Approved', N'23412341234123412341234', N'fedex', N'19092018022735840_1.jpg')
INSERT [dbo].[Order_Itemdetail_tbl] ([Id], [Order_Id], [Product_Id], [Price], [Title], [Qty], [Total], [Order_Status], [Tracking_Number], [Company_Name], [Package_Image]) VALUES (16, N'O682291120', N'P084071589', 990, N'Coffee Table', 1, 990, N'Pending', N'', N'', N'')
INSERT [dbo].[Order_Itemdetail_tbl] ([Id], [Order_Id], [Product_Id], [Price], [Title], [Qty], [Total], [Order_Status], [Tracking_Number], [Company_Name], [Package_Image]) VALUES (17, N'O186497203', N'P611852409', 150, N'Iphone ', 1, 150, N'Pending', N'', N'', N'')
INSERT [dbo].[Order_Itemdetail_tbl] ([Id], [Order_Id], [Product_Id], [Price], [Title], [Qty], [Total], [Order_Status], [Tracking_Number], [Company_Name], [Package_Image]) VALUES (18, N'O915050912', N'P611852409', 150, N'Iphone ', 1, 150, N'Pending', N'', N'', N'')
INSERT [dbo].[Order_Itemdetail_tbl] ([Id], [Order_Id], [Product_Id], [Price], [Title], [Qty], [Total], [Order_Status], [Tracking_Number], [Company_Name], [Package_Image]) VALUES (19, N'O894335914', N'P266140866', 80, N'DRESS ', 1, 80, N'Pending', N'', N'', N'')
SET IDENTITY_INSERT [dbo].[Order_Itemdetail_tbl] OFF
SET IDENTITY_INSERT [dbo].[Orderdetail_tbl] ON 

INSERT [dbo].[Orderdetail_tbl] ([Id], [Order_Id], [UserId], [First_Name], [Last_Name], [Mobile_No], [Address], [Email], [City], [State], [Zip_Code], [Order_Date], [Sub_Total], [Payment_Method], [Country], [SFirst_Name], [SLast_Name], [SMobile_No], [SEmail], [SAddress], [SCity], [SState], [SCountry], [SZip_Code], [TotQty], [Payement_Status], [Payment_TokenKey], [Coupon_Code], [TotalBeforeSubTot], [DiscountedAmt], [Coupon_CodeId], [Point]) VALUES (1, N'O059975702', N'U831603621', N'John1', N'Doe', N'888-888-8888', N'500 INDEPENDENT RD. OAKLAND, CA. 94621', N'john@gmail.com', N'OAKLAND', N'ALAMEDA', N'94621', CAST(N'2018-07-23T02:57:03.973' AS DateTime), 2970, N'Cash On Delivery', N'USA', N'John1', N'Doe', N'888-888-8888', N'john@gmail.com', N'500 INDEPENDENT RD. OAKLAND, CA. 94621', N'OAKLAND', N'ALAMEDA', N'USA', N'94621', 3, 0, N'', NULL, 2970, 0, NULL, NULL)
INSERT [dbo].[Orderdetail_tbl] ([Id], [Order_Id], [UserId], [First_Name], [Last_Name], [Mobile_No], [Address], [Email], [City], [State], [Zip_Code], [Order_Date], [Sub_Total], [Payment_Method], [Country], [SFirst_Name], [SLast_Name], [SMobile_No], [SEmail], [SAddress], [SCity], [SState], [SCountry], [SZip_Code], [TotQty], [Payement_Status], [Payment_TokenKey], [Coupon_Code], [TotalBeforeSubTot], [DiscountedAmt], [Coupon_CodeId], [Point]) VALUES (2, N'O325691811', N'U831603621', N'John1', N'Doe', N'888-888-8888', N'500 INDEPENDENT RD. OAKLAND, CA. 94621', N'john@gmail.com', N'OAKLAND', N'ALAMEDA', N'94621', CAST(N'2018-07-23T22:44:31.383' AS DateTime), 45050, N'Cash On Delivery', N'USA', N'John1', N'Doe', N'888-888-8888', N'john@gmail.com', N'500 INDEPENDENT RD. OAKLAND, CA. 94621', N'OAKLAND', N'ALAMEDA', N'USA', N'94621', 2, 0, N'', NULL, 45050, 0, NULL, NULL)
INSERT [dbo].[Orderdetail_tbl] ([Id], [Order_Id], [UserId], [First_Name], [Last_Name], [Mobile_No], [Address], [Email], [City], [State], [Zip_Code], [Order_Date], [Sub_Total], [Payment_Method], [Country], [SFirst_Name], [SLast_Name], [SMobile_No], [SEmail], [SAddress], [SCity], [SState], [SCountry], [SZip_Code], [TotQty], [Payement_Status], [Payment_TokenKey], [Coupon_Code], [TotalBeforeSubTot], [DiscountedAmt], [Coupon_CodeId], [Point]) VALUES (3, N'O208664459', N'U037283187', N'Amit', N'Agent', N'7838223285', N'Durgapur, West Bengal, India', N'goigitest1@gmail.com', N'Durgapur', N'WB', N'713213', CAST(N'2018-08-06T01:33:36.407' AS DateTime), 8, N'Cash On Delivery', N'India', N'Amit', N'Agent', N'7838223285', N'goigitest1@gmail.com', N'Durgapur, West Bengal, India', N'Durgapur', N'WB', N'India', N'713213', 1, 0, N'', NULL, 8, 0, NULL, NULL)
INSERT [dbo].[Orderdetail_tbl] ([Id], [Order_Id], [UserId], [First_Name], [Last_Name], [Mobile_No], [Address], [Email], [City], [State], [Zip_Code], [Order_Date], [Sub_Total], [Payment_Method], [Country], [SFirst_Name], [SLast_Name], [SMobile_No], [SEmail], [SAddress], [SCity], [SState], [SCountry], [SZip_Code], [TotQty], [Payement_Status], [Payment_TokenKey], [Coupon_Code], [TotalBeforeSubTot], [DiscountedAmt], [Coupon_CodeId], [Point]) VALUES (4, N'O235167173', N'U037283187', N'Amit', N'Agent', N'7838223285', N'Durgapur, West Bengal, India', N'goigitest1@gmail.com', N'Durgapur', N'WB', N'713213', CAST(N'2018-08-09T01:43:02.437' AS DateTime), 990, N'Cash On Delivery', N'India', N'Amit', N'Agent', N'7838223285', N'goigitest1@gmail.com', N'Durgapur, West Bengal, India', N'Durgapur', N'WB', N'India', N'713213', 1, 0, N'', NULL, 990, 0, NULL, NULL)
INSERT [dbo].[Orderdetail_tbl] ([Id], [Order_Id], [UserId], [First_Name], [Last_Name], [Mobile_No], [Address], [Email], [City], [State], [Zip_Code], [Order_Date], [Sub_Total], [Payment_Method], [Country], [SFirst_Name], [SLast_Name], [SMobile_No], [SEmail], [SAddress], [SCity], [SState], [SCountry], [SZip_Code], [TotQty], [Payement_Status], [Payment_TokenKey], [Coupon_Code], [TotalBeforeSubTot], [DiscountedAmt], [Coupon_CodeId], [Point]) VALUES (6, N'O925899553', N'U836813822', N'Amit ', N'Buyer', N'7838223285', N'Durgapur, West Bengal, India', N'qa3@goigi.co', N'Durgapur', N'WB', N'713213', CAST(N'2018-08-09T02:08:42.097' AS DateTime), 1199, N'Cash On Delivery', N'India', N'Amit ', N'Buyer', N'7838223285', N'qa3@goigi.co', N'Durgapur, West Bengal, India', N'Durgapur', N'WB', N'India', N'713213', 1, 0, N'', NULL, 1199, 0, NULL, NULL)
INSERT [dbo].[Orderdetail_tbl] ([Id], [Order_Id], [UserId], [First_Name], [Last_Name], [Mobile_No], [Address], [Email], [City], [State], [Zip_Code], [Order_Date], [Sub_Total], [Payment_Method], [Country], [SFirst_Name], [SLast_Name], [SMobile_No], [SEmail], [SAddress], [SCity], [SState], [SCountry], [SZip_Code], [TotQty], [Payement_Status], [Payment_TokenKey], [Coupon_Code], [TotalBeforeSubTot], [DiscountedAmt], [Coupon_CodeId], [Point]) VALUES (7, N'O675894915', N'U831603621', N'John1', N'Doe', N'888-888-8888', N'500 Independent Rd, Oakland, CA 94621, USA', N'john@gmail.com', N'Oakland', N'CA', N'94621', CAST(N'2018-09-11T07:12:37.590' AS DateTime), 12300, N'Online', N'United States', N'John1', N'Doe', N'888-888-8888', N'john@gmail.com', N'500 Independent Rd, Oakland, CA 94621, USA', N'Oakland', N'CA', N'United States', N'94621', 4, 0, N'', NULL, 12300, 0, NULL, NULL)
INSERT [dbo].[Orderdetail_tbl] ([Id], [Order_Id], [UserId], [First_Name], [Last_Name], [Mobile_No], [Address], [Email], [City], [State], [Zip_Code], [Order_Date], [Sub_Total], [Payment_Method], [Country], [SFirst_Name], [SLast_Name], [SMobile_No], [SEmail], [SAddress], [SCity], [SState], [SCountry], [SZip_Code], [TotQty], [Payement_Status], [Payment_TokenKey], [Coupon_Code], [TotalBeforeSubTot], [DiscountedAmt], [Coupon_CodeId], [Point]) VALUES (8, N'O528626759', N'U831603621', N'John1', N'Doe', N'888-888-8888', N'500 Independent Rd, Oakland, CA 94621, USA', N'john@gmail.com', N'Oakland', N'CA', N'94621', CAST(N'2018-09-11T08:38:18.627' AS DateTime), 50, N'Online', N'United States', N'John1', N'Doe', N'888-888-8888', N'john@gmail.com', N'500 Independent Rd, Oakland, CA 94621, USA', N'Oakland', N'CA', N'United States', N'94621', 1, 0, N'', NULL, 50, 0, NULL, NULL)
INSERT [dbo].[Orderdetail_tbl] ([Id], [Order_Id], [UserId], [First_Name], [Last_Name], [Mobile_No], [Address], [Email], [City], [State], [Zip_Code], [Order_Date], [Sub_Total], [Payment_Method], [Country], [SFirst_Name], [SLast_Name], [SMobile_No], [SEmail], [SAddress], [SCity], [SState], [SCountry], [SZip_Code], [TotQty], [Payement_Status], [Payment_TokenKey], [Coupon_Code], [TotalBeforeSubTot], [DiscountedAmt], [Coupon_CodeId], [Point]) VALUES (9, N'O651344968', N'U831603621', N'John1', N'Doe', N'888-888-8888', N'500 Independent Rd, Oakland, CA 94621, USA', N'john@gmail.com', N'Oakland', N'CA', N'94621', CAST(N'2018-09-12T17:04:00.850' AS DateTime), 4640, N'Online', N'United States', N'John1', N'Doe', N'888-888-8888', N'john@gmail.com', N'500 Independent Rd, Oakland, CA 94621, USA', N'Oakland', N'CA', N'United States', N'94621', 2, 0, N'', N'1234567', 4640, 0, N'CU068258619', NULL)
INSERT [dbo].[Orderdetail_tbl] ([Id], [Order_Id], [UserId], [First_Name], [Last_Name], [Mobile_No], [Address], [Email], [City], [State], [Zip_Code], [Order_Date], [Sub_Total], [Payment_Method], [Country], [SFirst_Name], [SLast_Name], [SMobile_No], [SEmail], [SAddress], [SCity], [SState], [SCountry], [SZip_Code], [TotQty], [Payement_Status], [Payment_TokenKey], [Coupon_Code], [TotalBeforeSubTot], [DiscountedAmt], [Coupon_CodeId], [Point]) VALUES (10, N'O625805592', N'U831603621', N'John1', N'Doe', N'888-888-8888', N'500 Independent Rd, Oakland, CA 94621, USA', N'john@gmail.com', N'Oakland', N'CA', N'94621', CAST(N'2018-09-12T17:05:37.167' AS DateTime), 130, N'Online', N'United States', N'John1', N'Doe', N'888-888-8888', N'john@gmail.com', N'500 Independent Rd, Oakland, CA 94621, USA', N'Oakland', N'CA', N'United States', N'94621', 2, 0, N'', N'123456', 130, 0, N'CU086491316', NULL)
INSERT [dbo].[Orderdetail_tbl] ([Id], [Order_Id], [UserId], [First_Name], [Last_Name], [Mobile_No], [Address], [Email], [City], [State], [Zip_Code], [Order_Date], [Sub_Total], [Payment_Method], [Country], [SFirst_Name], [SLast_Name], [SMobile_No], [SEmail], [SAddress], [SCity], [SState], [SCountry], [SZip_Code], [TotQty], [Payement_Status], [Payment_TokenKey], [Coupon_Code], [TotalBeforeSubTot], [DiscountedAmt], [Coupon_CodeId], [Point]) VALUES (11, N'O682291120', N'U831603621', N'John1', N'Doe', N'888-888-8888', N'500 Independent Rd, Oakland, CA 94621, USA', N'john@gmail.com', N'Oakland', N'CA', N'94621', CAST(N'2018-09-28T06:02:18.047' AS DateTime), 990, N'Online', N'United States', N'John1', N'Doe', N'888-888-8888', N'john@gmail.com', N'500 Independent Rd, Oakland, CA 94621, USA', N'Oakland', N'CA', N'United States', N'94621', 1, 0, N'', NULL, 990, 0, N'', 10)
INSERT [dbo].[Orderdetail_tbl] ([Id], [Order_Id], [UserId], [First_Name], [Last_Name], [Mobile_No], [Address], [Email], [City], [State], [Zip_Code], [Order_Date], [Sub_Total], [Payment_Method], [Country], [SFirst_Name], [SLast_Name], [SMobile_No], [SEmail], [SAddress], [SCity], [SState], [SCountry], [SZip_Code], [TotQty], [Payement_Status], [Payment_TokenKey], [Coupon_Code], [TotalBeforeSubTot], [DiscountedAmt], [Coupon_CodeId], [Point]) VALUES (12, N'O186497203', N'U831603621', N'John1', N'Doe', N'888-888-8888', N'500 Independent Rd, Oakland, CA 94621, USA', N'john@gmail.com', N'Oakland', N'CA', N'94621', CAST(N'2018-09-29T06:28:43.453' AS DateTime), 150, N'Online', N'United States', N'John1', N'Doe', N'888-888-8888', N'john@gmail.com', N'500 Independent Rd, Oakland, CA 94621, USA', N'Oakland', N'CA', N'United States', N'94621', 1, 0, N'', N'1234567', 150, 0, N'CU068258619', 0)
INSERT [dbo].[Orderdetail_tbl] ([Id], [Order_Id], [UserId], [First_Name], [Last_Name], [Mobile_No], [Address], [Email], [City], [State], [Zip_Code], [Order_Date], [Sub_Total], [Payment_Method], [Country], [SFirst_Name], [SLast_Name], [SMobile_No], [SEmail], [SAddress], [SCity], [SState], [SCountry], [SZip_Code], [TotQty], [Payement_Status], [Payment_TokenKey], [Coupon_Code], [TotalBeforeSubTot], [DiscountedAmt], [Coupon_CodeId], [Point]) VALUES (13, N'O915050912', N'U831603621', N'John1', N'Doe', N'888-888-8888', N'500 Independent Rd, Oakland, CA 94621, USA', N'john@gmail.com', N'Oakland', N'CA', N'94621', CAST(N'2018-10-01T03:54:44.467' AS DateTime), 150, N'Online', N'United States', N'John1', N'Doe', N'888-888-8888', N'john@gmail.com', N'500 Independent Rd, Oakland, CA 94621, USA', N'Oakland', N'CA', N'United States', N'94621', 1, 0, N'', NULL, 150, 0, N'', 0)
INSERT [dbo].[Orderdetail_tbl] ([Id], [Order_Id], [UserId], [First_Name], [Last_Name], [Mobile_No], [Address], [Email], [City], [State], [Zip_Code], [Order_Date], [Sub_Total], [Payment_Method], [Country], [SFirst_Name], [SLast_Name], [SMobile_No], [SEmail], [SAddress], [SCity], [SState], [SCountry], [SZip_Code], [TotQty], [Payement_Status], [Payment_TokenKey], [Coupon_Code], [TotalBeforeSubTot], [DiscountedAmt], [Coupon_CodeId], [Point]) VALUES (14, N'O894335914', N'U831603621', N'JOHN', N'Doe', N'8888888888', N'500 Independent Rd, Oakland, CA 94621, USA', N'john@gmail.com', N'500 Independent Rd, Oakland, CA 94621, USA', N'CA', N'94621', CAST(N'2018-10-26T20:34:20.567' AS DateTime), 80, N'Online', N'United States', N'JOHN', N'Doe', N'8888888888', N'john@gmail.com', N'500 Independent Rd, Oakland, CA 94621, USA', N'500 Independent Rd, Oakland, CA 94621, USA', N'CA', N'United States', N'94621', 1, 0, N'', NULL, 80, 0, N'', 0)
SET IDENTITY_INSERT [dbo].[Orderdetail_tbl] OFF
SET IDENTITY_INSERT [dbo].[Page] ON 

INSERT [dbo].[Page] ([id], [Page_Name], [Page_Title], [Page_Heading], [Page_Content], [Page_Content2]) VALUES (1, N'About', N'About Us', N'About Us', N'<div class="col-md-12" style="height: 50px;"><span style="font-size: 18pt;"><strong>&nbsp;</strong></span></div>
<div class="col-md-12">
<div class="col-md-12">
<p><span style="color: #bba56d; font-size: 14pt;"><strong>About Us</strong></span></p>
<p>Gryphons were&nbsp;known for guarding treasure and priceless possessions just like the mythical character we also aim to protect our clients assets and safeguard&nbsp;their prised possessions.</p>
<p>We have over 20 years of market experienece which&nbsp;enables us to offer our clients a more bespoke service. Our company works hard to build trust and business relations.</p>
<p>Gryphon Estates are committed to providing an unrivalled customer experience. This is achieved through our professional service in which we strive to achieve the best possible results for our clients.</p>
<br /><br /></div>
</div>', NULL)
INSERT [dbo].[Page] ([id], [Page_Name], [Page_Title], [Page_Heading], [Page_Content], [Page_Content2]) VALUES (2, N'Stamp', N'Stamp Duty', N'Stamp Duty', N'<div class="wpb_wrapper">
<h3 class="vc_custom_heading" style="text-align: left; font-family: Roboto; font-style: normal;">What is Stamp Duty land tax (SDLT)?</h3>
<br />
<div class="wpb_text_column wpb_content_element ">
<p>Stamp Duty Land Tax is the tax that the government charges when you purchase a home over &pound;125,000. You pay different rates depending on the value of your home. You can find how much your Stamp Duty tax is by using our stamp duty calculator.</p>
<div class="vc_empty_space" style="height: 0px;">&nbsp;</div>
</div>
</div>
<div class="vc_row wpb_row vc_row-fluid">
<div class="wpb_column vc_column_container vc_col-sm-12">
<div class="wpb_wrapper">
<h3 class="vc_custom_heading" style="text-align: left; font-family: Roboto; font-style: normal;">New changes to Stamp Duty from 1st April 2016,when buying a UK second home or buy to let property the UK?</h3>
<div class="wpb_text_column wpb_content_element  howtopay">
<div class="wpb_wrapper">
<p>From the 1st April 2016 anyone purchasing a property in addition to their main home has to pay an additional 3% SDLT for the first &pound;125,000 and 5% instead of 2% on the portion between &pound;125,001 and &pound;250,000 and 8% on the amount above &pound;250,001.</p>
</div>
</div>
</div>
</div>
</div>
<h3>Buy to Let or second home SDLT bands</h3>', N'<div class="vc_row wpb_row vc_row-fluid">
<div class="wpb_column vc_column_container vc_col-sm-12">
<div class="wpb_wrapper">
<h3 class="vc_custom_heading" style="text-align: left; font-family: Roboto; font-style: normal;">Paying the higher SDLT</h3>
<div class="wpb_text_column wpb_content_element  howtopay">
<div class="wpb_wrapper">
<p>Under the new proposals, all property owners purchasing an additional property to their main residence in England, Wales and Northern Ireland are likely to be subject to the rise in SDLT. If you already own properties but plan to buy a permanent home to replace another, you are exempt from the paying the higher rate.</p>
<p>If you own two properties on the day of completion of the purchase of your second property but still legally own your first property and plan to sell, you are still obliged to pay the higher rate of SDLT. A refund is available if you sell your former residence property within 36 months.</p>
<p>When applying the higher rates, a small share (50% or less) in a property which has been inherited within the 36 months prior to a transactionit will not be considered as an additional property.</p>
</div>
</div>
<div class="vc_empty_space">&nbsp;</div>
<div class="vc_empty_space">&nbsp;</div>
</div>
</div>
</div>
<div class="vc_row wpb_row vc_row-fluid">
<div class="wpb_column vc_column_container vc_col-sm-12">
<div class="wpb_wrapper">
<h3 class="vc_custom_heading" style="text-align: left; font-family: Roboto; font-style: normal;">How to pay Stamp Duty?</h3>
<div class="wpb_text_column wpb_content_element  howtopay">
<div class="wpb_wrapper">
<p>You will need to submit a Stamp Duty Land Tax return to HMRC and pay within 30 days of completion. You are responsible to ensure that the return is completed on time, although most people have a solicitor or a conveyancer to do this for them.</p>
</div>
</div>
<div class="vc_empty_space" style="height: 30px;">&nbsp;</div>
<div class="vc_empty_space" style="height: 30px;">&nbsp;</div>
</div>
</div>
</div>')
INSERT [dbo].[Page] ([id], [Page_Name], [Page_Title], [Page_Heading], [Page_Content], [Page_Content2]) VALUES (3, N'Shortlets', N'Short lets', N'Short lets', N'<h2 style="color: #bba56d;">Short Lets</h2>
<p><strong style="color: #bba56d;">Gryphon Estates</strong> provides a professional short let service, which offers flexibility to landlords and convenience to tenants.</p>
<p>We work with corporate organizations and businesses that regularly use our services to accommodate their employees.</p>
<h3>What is short letting?</h3>
<p>A short let is a property that can be let for a short term from 4 weeks and above. The rent includes all bills such as electricity, water, heating and council tax from 4 weeks and above without having to pay a deposit on the flat.</p>
<h3>Why choose a short let?</h3>
<p>A short let is a cheaper alternative to hotel accommodation or serviced apartments. It does not require long term planning and commitment.</p>
<h3>Some Benefits to Landlords</h3>
<ul>
<li>Increase flexibility of letting your property for shorter periods of time.</li>
<li>Maximise your income from a second or empty property.</li>
<li>High rents achieved.</li>
<li>No need to change utility contracts.</li>
<li>Guaranteed trusted corporate tenants</li>
</ul>
<h3>Some Benefits to Tenants</h3>
<ul>
<li>Ready to move into.</li>
<li>No utility or service contracts to set up or bills to pay.</li>
<li>Sometimes can be cheaper than hotels.</li>
<li>Can benefit those tenants that are in-between properties.</li>
<li>A professionally managed property with immediate response team at hand.</li>
</ul>
<p><strong>Call us on 020 8983 1122 or email us on contact@gryphonestates.com.</strong></p>
<p><br /> </p>', NULL)
INSERT [dbo].[Page] ([id], [Page_Name], [Page_Title], [Page_Heading], [Page_Content], [Page_Content2]) VALUES (4, N'Tenant', N'Tenants', N'Tenants', N'<div class="col-md-8">
<div class="wpb_column vc_column_container">
<div class="wpb_wrapper">
<h3 style="color: #bba56d;">Services for tenants</h3>
<p>Gryphons Estates are here to help and guide the tenants and make the renting procedure as smooth as possible.</p>
<p>Wheather you are moving from abroad or need a temporary accomodation we will try and help you and find the best home for your situation.</p>
<p>All our rates are outlined from the beginning and we work to strict standards to insure that everything is done promptly and fairly.</p>
<p>Please see here our <a href="http://gryphonestate.goigi.com/images/TENANTS%20FEE%E2%80%99s.pdf">Tenant fees.</a></p>
<p>If you have any questions please do not hesitate to contact us on 0208 983 1122 or email <a href="#">contact@gryphonestates.com</a></p>
</div>
</div>
</div>
<div class="col-md-4">
<div class="wpb_wrapper">
<div class="wpb_text_column wpb_content_element vc_custom_1452594518178">
<div class="wpb_wrapper">
<p><img class="img-responsive" style="margin-left: 30%;" src="../../Content/img/tenants/3.jpg" alt="House" width="75%" height="200" /></p>
</div>
</div>
</div>
</div>', NULL)
INSERT [dbo].[Page] ([id], [Page_Name], [Page_Title], [Page_Heading], [Page_Content], [Page_Content2]) VALUES (5, N'PropertyManagement', N'Property Management', N'Property Management', N'<div class="col-md-12">
<div class="col-md-6">
<h1>Property Management</h1>
<p>Gryphon Estates act as the landlord removing the strain of letting your property. We offer a meticulous lettings management service. At Gryphons we understand that as a landlord, its simply not enough to achieve the best possible rent for your property but also have the assurance your asset is well protected. This is why many landlords looking for an outstanding service, reliability and a professional approach to property management trust Gryphon estates.</p>
<p>Gryphon estatesmanage a range of property, from individual homes to investment portfolios.</p>
<p>Our service is designed to suit you, we recognise that each client has their own unique requirements: an institutional landlord will require a very different service to an individual investor, family trust or overseas landlord.</p>
<p>So at Gryphons Estate there&rsquo;s no such thing as a standard service - instead we offer a bespoke service that&rsquo;s tailored to each client&rsquo;s individual needs. We place great emphasis on landlord care and value the long term relationships that we have built.</p>
</div>
<div class="col-md-6">
<div class="row">
<div id="myCarousel" class="carousel slide" data-ride="carousel"><!-- Indicators --> <!-- Wrapper for slides -->
<div class="carousel-inner">
<div class="item active"><img class="img-responsive" src="../../Images/gallery/I893868161.jpg" alt="House" width="NaN" height="350" /></div>
<div class="item"><img class="img-responsive" src="../../Images/gallery/I401984130.jpg" alt="Apartment1" width="NaN" height="350" /></div>
<div class="item"><img class="img-responsive" src="../../Images/gallery/I430585441.jpg" alt="Apartment2" width="NaN" height="350" /></div>
<div class="item"><img class="img-responsive" src="../../Images/gallery/I430585441.jpg" alt="Apartment3" width="NaN" height="350" /></div>
</div>
<!-- Left and right controls --> <a class="left carousel-control" href="#myCarousel" data-slide="prev"> <span class="sr-only">Previous</span> </a> <a class="right carousel-control" href="#myCarousel" data-slide="next"> <span class="sr-only">Next</span> </a></div>
<div class="col-md-12">&nbsp;</div>
</div>
</div>
</div>
<div class="col-md-12" style="height: 50px;">&nbsp;</div>
<div class="col-md-12">
<div class="col-md-6">@*
<div><iframe style="height: 400px; width: 500px;" src="https://www.youtube.com/embed/MgsdblVq8wo?feature=oembed" width="300" height="150" frameborder="0" allowfullscreen="allowfullscreen"></iframe></div>
*@
<div class="row">
<div class="col-md-4"><img style="height: 120px; width: 170px; border: solid 2px white;" src="../../Content/img/Shortlet/1.jpg" alt="" /></div>
<div class="col-md-4"><img style="height: 120px; width: 170px; border: solid 2px white;" src="../../Images/gallery/I775252986.jpg" alt="" /></div>
<div class="col-md-4"><img style="height: 120px; width: 170px; border: solid 2px white;" src="../../Images/gallery/I893868161.jpg" alt="" /></div>
</div>
<div class="row" style="margin-bottom: 15px;">
<div class="col-md-4"><img style="height: 120px; width: 170px; border: solid 2px white;" src="../../Images/gallery/I401984130.jpg" alt="" /></div>
<div class="col-md-4"><img style="height: 120px; width: 170px; border: solid 2px white;" src="../../Images/gallery/I385803056.jpg" alt="" /></div>
<div class="col-md-4"><img style="height: 120px; width: 170px; border: solid 2px white;" src="../../Images/gallery/I865797233.jpg" alt="" /></div>
</div>
</div>
<div class="col-md-6">
<h3>We provide</h3>
<ul>
<li>Comprehensive support and advice,</li>
<li>Organise tenancies</li>
<li>Property refurbishment</li>
<li>Property maintenance</li>
<li>Rent collection and service charges and dealing with terminations.</li>
<li>Timely transfer of rent - rigorous financial controls enable us to take swift action on any late payments</li>
<li>Cost-effective, responsive and friendly service that makes your landlord experience hassle-free</li>
<li>GryphonAnnual safety checks</li>
<li>Managing terminations and tenancy renewals</li>
<li>Obtaining references</li>
<li>Rent collection and deposit protection</li>
<li>Utility transfers</li>
<li>Pre and post tenancy repairs and maintenance</li>
<li>Annual property inspections</li>
<li>Management whilst property is vacant between tenancies</li>
</ul>
<p>Our Property Management Department can be contacted on 0208 983 1122 or emailed on contact@gryphonestates.com</p>
</div>
</div>
<div class="col-md-12" style="height: 50px;">&nbsp;</div>', NULL)
INSERT [dbo].[Page] ([id], [Page_Name], [Page_Title], [Page_Heading], [Page_Content], [Page_Content2]) VALUES (6, N'Investing', N'Investing', N'Investing', N'<h2 style="color: #bba56d;">Investments</h2>
<p>At <strong style="color: #bba56d;">Gryphon Estates</strong> we offer a property sourcing service which is a bespoke facility for clients looking for a more efficient way to purchase property whilst avoiding any conflicts of interest. Whether you are looking to expand your investment portfolio or find a new family home, our sourcing teamwork on your behalf to guide you towards your perfect purchase.</p>
<ul>
<li>Our specialist property sourcing team uses its wealth of industry experience to offer clients an insight to the different types of property, areas and rental markets.</li>
<li>We can offer a &lsquo;one-stop shop&rsquo; for rental investors, handling the purchase, refurbishment, marketing, renting, maintenance and eventual sale of a property.</li>
<li>Our agents focus on the client&rsquo;s needs and appreciate their limited availability and time frames, especially if outside the UK.</li>
<li>Free advice on the different local areas via our London offices.</li>
<li>Access to important industry contacts.</li>
<li>No conflict of interest.</li>
<li>Access to off-market properties, repossessions and pro-bate properties.</li>
<li>Competitive fees of 1% + VAT</li>
</ul>', NULL)
INSERT [dbo].[Page] ([id], [Page_Name], [Page_Title], [Page_Heading], [Page_Content], [Page_Content2]) VALUES (7, N'Commercial', N'Commercial', N'Commercial', N'<div class="col-md-12">
<div class="col-md-12">
<h1 style="color: #baa56c;">Gryphon Commercial</h1>
<p>GryphonCommercial is an expanding team with an excellent reputation for its bespoke approach and commitment to its clients.</p>
<p>With a wealth of experience in retail, offices, industrial, care and leisure sectors we provide independent advice to our commercial property clients our services include:</p>
<ul>
<li>All aspects of landlord and tenant work, specifically commercial agency for clients seeking to let or sell a commercial.</li>
<li>Business transfer services for clients seeking a confidential or open market sale of their</li>
<li>Commercial land acquisition</li>
<li>Good network of developers and International investors</li>
<li>Commercial development appraisal</li>
<li>Bespoke consultancy</li>
<li>Property management</li>
</ul>
<p>Gryphons Commercial department operate by strict rules of conduct to ensure we offer you the highest level of integrity and service.</p>
<p>If you are seeking advice for your business or property and would like an experienced professional dedicated to meeting your objectives, please contact us contact@gryphonestates.com or on 0208 983 1122.</p>
<p>If you are seeking advice for your business or property and would like an experienced professional dedicated to meeting your objectives, please call us.</p>
</div>
</div>', NULL)
INSERT [dbo].[Page] ([id], [Page_Name], [Page_Title], [Page_Heading], [Page_Content], [Page_Content2]) VALUES (8, N'CommercialClasses', N'Commercial Classes', N'Commercial Classes', N'<div class="row">
<div class="col-sm-10 col-sm-push-1">
<div class="col-sm-12"><button class="btn btn-3 btn-3a headb">A1 Shops - Class I</button></div>
</div>
</div>
<div class="row">
<div class="col-sm-10 col-sm-push-1">
<div class="owl-carousel owl-theme" style="opacity: 1; display: block;">
<div class="owl-wrapper-outer margintopbottom">
<div class="col-sm-12">
<p>Shops, retail warehouses, hairdressers, undertakers, travel and ticket agencies, post offices, dry cleaners, etc Pet shops, cats-meat shops, tripe shops, sandwich bars Showrooms, domestic hire shops, funeral directors Order 1998 - No permitted change</p>
</div>
</div>
</div>
</div>
</div>
<div class="row">
<div class="col-sm-10 col-sm-push-1">
<div class="col-sm-12"><button class="btn btn-3 btn-3a headb">A2 Financial and Professional Services - Class II </button></div>
</div>
</div>
<div class="row">
<div class="col-sm-10 col-sm-push-1">
<div class="owl-carousel owl-theme" style="opacity: 1; display: block;">
<div class="owl-wrapper-outer margintopbottom">
<div class="col-sm-12">
<p>Banks, building societies, estate and employment agencies Professional and financial services, betting offices</p>
<p>Order 1998 - Permitted change to A1 where a ground floor display window exists</p>
</div>
</div>
</div>
</div>
</div>
<div class="row">
<div class="col-sm-10 col-sm-push-1">
<div class="col-sm-12"><button class="btn btn-3 btn-3a headb">A3 Food and Drink</button></div>
</div>
</div>
<div class="row">
<div class="col-sm-10 col-sm-push-1">
<div class="owl-carousel owl-theme" style="opacity: 1; display: block;">
<div class="owl-wrapper-outer margintopbottom">
<div class="col-sm-12">
<p>Restaurants, pubs, snack bars, caf&eacute;s, wine bars, shops for sale of hot food</p>
<p>Order 1998 - Permitted change to A1 or A2</p>
</div>
</div>
</div>
</div>
</div>
<div class="row">
<div class="col-sm-10 col-sm-push-1">
<div class="col-sm-12"><button class="btn btn-3 btn-3a headb">Sui Generis </button></div>
</div>
</div>
<div class="row">
<div class="col-sm-10 col-sm-push-1">
<div class="owl-carousel owl-theme" style="opacity: 1; display: block;">
<div class="owl-wrapper-outer margintopbottom">
<div class="col-sm-12">
<p>Shops selling and/or displaying motor vehicles</p>
<p>Order 1998 - Permitted change to A1</p>
<p>Launderettes, taxi or vehicle hire businesses, amusement centres, petrol filling stations</p>
<p>Order 1998 - No permitted change</p>
</div>
</div>
</div>
</div>
</div>
<div class="row">
<div class="col-sm-10 col-sm-push-1">
<div class="col-sm-12"><button class="btn btn-3 btn-3a headb">B1 Business - Class II &amp; Class III </button></div>
</div>
</div>
<div class="row">
<div class="col-sm-10 col-sm-push-1">
<div class="owl-carousel owl-theme" style="opacity: 1; display: block;">
<div class="owl-wrapper-outer margintopbottom">
<div class="col-sm-12">
<p>Offices, not within A2, Research and development studios, laboratories, high tech Light industry</p>
<p>Permitted change to B8 where no more than 235sqm</p>
</div>
</div>
</div>
</div>
</div>
<div class="row">
<div class="col-sm-10 col-sm-push-1">
<div class="col-sm-12"><button class="btn btn-3 btn-3a headb">B2 General Industrial - Class IV-IX </button></div>
</div>
</div>
<div class="row">
<div class="col-sm-10 col-sm-push-1">
<div class="owl-carousel owl-theme" style="opacity: 1; display: block;">
<div class="owl-wrapper-outer margintopbottom">
<div class="col-sm-12">
<p>General industrial</p>
<p>Order 1998 - Permitted change to B1 or B8 limited to no more than 235 sqm</p>
</div>
</div>
</div>
</div>
</div>
<div class="row">
<div class="col-sm-10 col-sm-push-1">
<div class="col-sm-12"><button class="btn btn-3 btn-3a headb">B8 Storage and distribution - Class X </button></div>
</div>
</div>
<div class="row">
<div class="col-sm-10 col-sm-push-1">
<div class="owl-carousel owl-theme" style="opacity: 1; display: block;">
<div class="owl-wrapper-outer margintopbottom">
<div class="col-sm-12">
<p>Wholesale warehouse, distribution centres, repositories</p>
<p>Order 1998 - Permitted change to B1 where no more than 235 sqm</p>
</div>
</div>
</div>
</div>
</div>
<div class="row">
<div class="col-sm-10 col-sm-push-1">
<div class="col-sm-12"><button class="btn btn-3 btn-3a headb">Sui Generis </button></div>
</div>
</div>
<div class="row">
<div class="col-sm-10 col-sm-push-1">
<div class="owl-carousel owl-theme" style="opacity: 1; display: block;">
<div class="owl-wrapper-outer margintopbottom">
<div class="col-sm-12">
<p>Any work register able under the Alkali, etc. Works Regulation Act, 1906</p>
<p>Order 1998 - No permitted change</p>
</div>
</div>
</div>
</div>
</div>
<div class="row">
<div class="col-sm-10 col-sm-push-1">
<div class="col-sm-12"><button class="btn btn-3 btn-3a headb">C1 Hotels - Class XI </button></div>
</div>
</div>
<div class="row">
<div class="col-sm-10 col-sm-push-1">
<div class="owl-carousel owl-theme" style="opacity: 1; display: block;">
<div class="owl-wrapper-outer margintopbottom">
<div class="col-sm-12">
<p>Hotels, boarding and guest houses</p>
<p>Order 1998 - No permitted change</p>
</div>
</div>
</div>
</div>
</div>
<div class="row">
<div class="col-sm-10 col-sm-push-1">
<div class="col-sm-12"><button class="btn btn-3 btn-3a headb">C2 Residential Institutions - Class XII &amp; Class XIV </button></div>
</div>
</div>
<div class="row">
<div class="col-sm-10 col-sm-push-1">
<div class="owl-carousel owl-theme" style="opacity: 1; display: block;">
<div class="owl-wrapper-outer margintopbottom">
<div class="col-sm-12">
<p>Residential schools and colleges Hospitals and convalescent/nursing homes</p>
<p>Order 1998 - No permitted change</p>
</div>
</div>
</div>
</div>
</div>
<div class="row">
<div class="col-sm-10 col-sm-push-1">
<div class="col-sm-12"><button class="btn btn-3 btn-3a headb">C3 Dwelling Houses</button></div>
</div>
</div>
<div class="row">
<div class="col-sm-10 col-sm-push-1">
<div class="owl-carousel owl-theme" style="opacity: 1; display: block;">
<div class="owl-wrapper-outer margintopbottom">
<div class="col-sm-12">
<p>Dwellings, small businesses at home, communal housing of elderly and handicapped (Six or less residents unless living together as a family.)</p>
<p>Order 1998 - No permitted change</p>
</div>
</div>
</div>
</div>
</div>
<div class="row">
<div class="col-sm-10 col-sm-push-1">
<div class="col-sm-12"><button class="btn btn-3 btn-3a headb">Sui Generis </button></div>
</div>
</div>
<div class="row">
<div class="col-sm-10 col-sm-push-1">
<div class="owl-carousel owl-theme" style="opacity: 1; display: block;">
<div class="owl-wrapper-outer margintopbottom">
<div class="col-sm-12">
<p>Hostel</p>
<p>Order 1998 - No permitted change</p>
</div>
</div>
</div>
</div>
</div>
<div class="row">
<div class="col-sm-10 col-sm-push-1">
<div class="col-sm-12"><button class="btn btn-3 btn-3a headb">D1 Non-residential Institutions - Class XIII, Class XV &amp; Class XVI </button></div>
</div>
</div>
<div class="row">
<div class="col-sm-10 col-sm-push-1">
<div class="owl-carousel owl-theme" style="opacity: 1; display: block;">
<div class="owl-wrapper-outer margintopbottom">
<div class="col-sm-12">
<p>Places of worship, church halls Clinics, health centres, cr&egrave;ches, day nurseries, consulting rooms Museums, public halls, libraries, art galleries, exhibition halls Non-residential education and training centres</p>
<p>Order 1998 - No permitted change</p>
</div>
</div>
</div>
</div>
</div>
<div class="row">
<div class="col-sm-10 col-sm-push-1">
<div class="col-sm-12"><button class="btn btn-3 btn-3a headb">D2 Assembly and Leisure - Class XVII &amp; Class XVIII </button></div>
</div>
</div>
<div class="row">
<div class="col-sm-10 col-sm-push-1">
<div class="owl-carousel owl-theme" style="opacity: 1; display: block;">
<div class="owl-wrapper-outer margintopbottom">
<div class="col-sm-12">
<p>Cinemas, music and concert halls Dance, sports halls, swimming baths, skating rinks, gymnasiums Other indoor and outdoor sports and leisure uses, bingo halls, casinos</p>
<p>Order 1998 - No permitted change</p>
</div>
</div>
</div>
</div>
</div>
<div class="row">
<div class="col-sm-10 col-sm-push-1">
<div class="col-sm-12"><button class="btn btn-3 btn-3a headb">Sui Generis - Class XVII </button></div>
</div>
</div>
<div class="row">
<div class="col-sm-10 col-sm-push-1">
<div class="owl-carousel owl-theme" style="opacity: 1; display: block;">
<div class="owl-wrapper-outer margintopbottom">
<div class="col-sm-12">
<p>Theatres</p>
<p>Order 1998 - No permitted change</p>
</div>
</div>
</div>
</div>
</div>', NULL)
INSERT [dbo].[Page] ([id], [Page_Name], [Page_Title], [Page_Heading], [Page_Content], [Page_Content2]) VALUES (9, N'OverseaProperty', N'Oversea Property', N'Oversea Property', N'<p><strong style="color: #bba56d;">Gryphon Estates</strong> work closely with agents and property developers across the globe to offer properties for sale in various locations around the world.</p>
<p>This means we are able to offer significant and sustainable rental returns as well as capital growth opportunities for our customers.</p>
<p>So, whether you&rsquo;re new to property investment or looking to expand your existing portfolio contact us today to discuss your requirements.</p>
<p><br /><br /></p>', NULL)
INSERT [dbo].[Page] ([id], [Page_Name], [Page_Title], [Page_Heading], [Page_Content], [Page_Content2]) VALUES (10, N'Sales Guide', N'Sales Guide', N'Sales Guide', N'<div class="col-md-12">
<h2 style="color: #bba56d;">Sales Guide</h2>
<h3>Step-by-step guide to buying property</h3>
<p>Buying a property can be a complicated process. This step-by-step guide has been designed to walk you through the process of buying property.</p>
<div class="col-md-12">
<div class="col-md-2">&nbsp;</div>
<div class="col-md-8"><img class="img-responsive" src="Images/bbb.png" alt="" /></div>
<div class="col-md-2">&nbsp;</div>
</div>
<h3>Step 1 Arranging your mortgage</h3>
<p>Before you begin your property search, it is advisable to arrange your finances and, if required, have a mortgage agreed in principle. This will confirm how much money you will have to fund the purchase, which will ultimately influence your property search.</p>
<p>Our recommended mortgage broker, Kevin Hogan, has access to the entire market, as well as exclusive deals and rates to help find you the best mortgage available.</p>
<h3>Step 2 Register your interest</h3>
<p>The first step to finding the right property is to contact us by either calling, emailing or visit one of our offices.</p>
<h3>Step 3 Finding the right property</h3>
<p>Once we have a clear understanding of your requirements you will receive a selection of properties that match your criteria. We can also keep you constantly up-to-date via email and SMS alerts when the latest properties become available.</p>
<p><strong>Search for a new property to buy</strong></p>
<h3>Step 4 The key to successful viewings</h3>
<p>We''re open at times to suit you, convenient for viewing after work, at weekends and bank holidays.</p>
<p>In order to secure a property we recommend an early viewing. We will chauffeur you to your viewings ensuring you arrive in a relaxed frame of mind and accompany you throughout so that we are on hand to answer any questions immediately and advise where necessary.</p>
<h3>Step 5 Instructing a solicitor</h3>
<p>The successful purchase of a property can be reliant on the instruction of an efficient and experienced solicitor. It is a good idea to use a solicitor who knows the area that you''re moving to and specialises in conveyancing.</p>
<p>We have a selection of tried and tested solicitors that are experts in property who we would be happy to recommend.</p>
<h3>Step 6 Making an offer</h3>
<p>Once you have identified a suitable property we will put your offer forward to the seller both verbally and in writing stating any special conditions of the offer. You may need to demonstrate, if requested, that you are able to proceed (e.g. provide evidence of your mortgage agreed in principle).</p>
<p>There are no legal obligations on either side until contracts are signed.</p>
<h3>Step 7 Offer agreed</h3>
<p>Once your offer is accepted we will do the following:</p>
<ul>
<li>Prepare a memorandum of sale</li>
<li>Write to all parties to confirm the agreed price</li>
<li>Ask you to confirm your solicitor''s and mortgage broker''s details</li>
</ul>
<p>You will now need to instruct your solicitor to proceed with the conveyancing process and your <span style="text-decoration: underline;">mortgage broker</span> to proceed with your application.</p>
<h3>Step 8 Conveyancing</h3>
<p>As part of the conveyancing process your solicitor will do the following:</p>
<ul>
<li>Raise any additional enquiries on receipt of the draft contract from the seller''s solicitor</li>
<li>Request their own local searches</li>
<li>Agree on a date for exchange of contracts</li>
</ul>
<p>We will assist your solicitor and negotiate throughout the process, keeping you informed every step of the way.</p>
<h3>Step 9 Survey and mortgage offer</h3>
<p>A survey of the property will be booked by a surveyor on behalf of the mortgage lender to identify any structural problems and advise on the property''s value.</p>
<p>After the mortgage valuation report is received, a formal mortgage offer will be sent to you and your solicitor which you will need to sign before it is returned.</p>
<p>There are no legal obligations until contracts are signed.</p>
<h3>Step 10 Exchange of contracts</h3>
<p>Exchange of contracts occurs when all enquiries have been confirmed and agreed.</p>
<p>Once the contract has been signed by both parties the deposit (usually 10% of the purchase price) will be telegraphically transferred or paid in the form of a banker''s draft from your solicitor to the seller''s solicitor.</p>
<p>The completion date is then set by mutual agreement.</p>
<h3>Step 11 Completion</h3>
<p>Completion is when the residual monies (usually 90%) are transferred from your solicitor to the seller''s solicitor''s account.</p>
<p>We will release the keys once the money has cleared in the seller''s account.</p>
<p>Congratulations, you are now the legal owner of your new home!</p>
<br /><br /></div>', NULL)
INSERT [dbo].[Page] ([id], [Page_Name], [Page_Title], [Page_Heading], [Page_Content], [Page_Content2]) VALUES (11, N'Letting Guide', N'Letting Guide', N'Letting Guide', N'<div class="col-md-12">
<h2 style="color: #bba56d;">Letting Guide</h2>
<h3>A step-by-step guide to letting your property</h3>
<p>Backed by an extensive knowledge of the local market and commercially astute investment advice, our lettings team provides dedicated and proactive property management to landlords.</p>
<p>Our continually updated databases ensure our ability to match qualified tenants with suitable properties and quickly.</p>
<p>With services such as stringent inspections and strategic marketing plans as well as lease agreements, rent reviews and property maintenance, we deliver high occupancy rates with total peace of mind.</p>
<div class="col-md-12">
<div class="col-md-2">&nbsp;</div>
<div class="col-md-8"><img class="img-responsive" src="Images/aaa.png" alt="" /></div>
<div class="col-md-2">&nbsp;</div>
</div>
<h3>Step 1 Accurate valuation</h3>
<p>Your aim should be to let your property at the best possible price in the shortest possible time. Our expert valuers carry out thousands of valuations every month, giving us intimate and unparalleled knowledge of property values in your area. This is why we consistently achieve the asking price across all our clients'' properties.</p>
<p>Call us on 0208 983 1122 or complete the valuation request form.</p>
<a href="@Url.Action(">Request a valuation</a>
<h3>Step 2 Selecting an estate agent</h3>
<p>When choosing a letting agent consider their <strong>opening hours</strong>, when they will be available to <strong>conduct viewings</strong>, their <strong>high street presence</strong> and what kind of <strong>marketing your property</strong> will receive. These are critical to obtaining the maximum rental value for your property.</p>
<p>You should also check if your agent will organise your government-required Energy Performance Certificate (EPC) on your behalf or if you need to arrange this yourself. You are responsible for making this document available to prospective and future tenants. Gryphon estates can arrange this for you.</p>
<h3>Step 3 Benefits of Corporate Services</h3>
<p>Gryphon estates Corporate Services assists city companies who are looking to find properties for their employees.</p>
<p>Letting your property through this specialist department has the benefit of a wide variety of applicants from reputable companies, willing to pay a premium for high levels of service and peace of mind.</p>
<h3>Step 4 Consider property management</h3>
<p>Property management can be the key to reaping maximum rental returns on your property. Many tenants insist on renting managed properties and are often prepared to pay a premium for this.</p>
<p>Instructing Gryphon estates to manage your property gives you peace of mind that both your property and tenant will be cared for 24/7. Your dedicated Property Manager will look after the general day-to-day management and more complex issues such as emergency repairs, collection of rent, transfer of utilities and much more.</p>
<h3>Step 5 Presenting your property</h3>
<p>First impressions count, making the presentation of your property critical to a successful let. Consider addressing any DIY jobs you have been meaning to get done, add a fresh coat of paint where necessary and try to declutter to make rooms appear larger.</p>
<p>Gryphon estates'' team of dedicated professional ''Photographers'' will then take photographs, create 360&deg; tours, produce interactive floorplans and write comprehensive property descriptions, all in just one visit.</p>
<h3>Step 6 Preparing your property for tenancy</h3>
<p>Before you let your property for the first time you must obtain a professional and comprehensive inventory. This will set out the condition and contents of the property. Gryphon estates'' will carry out a professional inventory on your behalf.</p>
<p><strong>Long term tenancies (6 months or more)</strong><br /> You are responsible for checking that the tenants have set up accounts with utility companies, telephone supplier, council tax and TV licensing.</p>
<h3>Step 7 Marketing your property</h3>
<p>To find your perfect tenant you need to give your property maximum exposure across a wide range of media.</p>
<p>When you <span style="text-decoration: underline;">instruct Gryphon estates to let your property</span> you will automatically benefit from our unrivalled, comprehensive marketing package, including: exposure on our website, full colour property details, inclusion in our monthly area magazines and key property titles, email and SMS alerts and PR.</p>
<h3>Step 8 Accompanied viewings</h3>
<p>Our longer opening hours are essential to maximise viewing opportunities for your property - in fact over 40% of our viewings are carried out after work and at weekends. Accompanied viewings also mean we can use our expertise to help let your property.</p>
<p>Our offices are open 9am-8pm Monday to Friday and 9am-5pm Saturdays, Sundays and Bank Holidays. In addition, our phone lines are open 8am-8pm, 7 days a week.</p>
<h3>Step 9 Receiving an offer</h3>
<p>As Soon as an offer is received we will contact you to communicate full details of the offer along with any special conditions to help you decide whether or not to accept.</p>
<h3>Step 10 Offer agreed</h3>
<p>Once you accept an offer we will do the following, regardless of whether your property is managed:</p>
<ul>
<li>Collect references from the tenants</li>
<li>Arrange signing of the Tenancy Agreement</li>
<li>Collect moving-in payment (rent + deposit)</li>
</ul>
<p>We can also, subject to a fee, get your property ready for move-in and:</p>
<ul>
<li>Carry out check-in and inventory</li>
<li>Organise Gas Safety Inspection and Portable Appliance test</li>
<li>Arrange professional cleaning of your property</li>
</ul>
<p>For your added peace of mind, where applicable we will hold the deposit as a stakeholder and register this with a deposit protection scheme, resulting in a faster and more efficient deposit release process at the end of the tenancy.</p>
<h3>Step 11 Completion</h3>
<p>Upon completion, keys will be released to the inventory clerk or the tenant on moving-in day.</p>
<p>For managed properties, we will provide the tenant with contact details of their dedicated Property Manager.</p>
<p>Congratulations, your property is now let!</p>
<br /><br /></div>', NULL)
INSERT [dbo].[Page] ([id], [Page_Name], [Page_Title], [Page_Heading], [Page_Content], [Page_Content2]) VALUES (12, N'Landlord', N'Landlord', N'Landlord', N'<div class="col-md-12">
<h2 style="color: #bba56d;">Landlord</h2>
<p>Letting your property can be a complex and demanding process. Let us take the stress out of being a landlord, ensuring you a maximum rental income while walking you through financial and legal obligations.</p>
<p>We are continually updating our databases to ensure our ability to match qualified tenants with suitable properties.</p>
<p>With our extensive knowledge of the local markets and commercially astute investment advice, our lettings teams can provide dedicated and proactive property management to our landlords.</p>
<p>We deliver high occupancy rates with total peace of mind.</p>
<p>You can be confident your investment will stay safe and secure in our care.</p>
<p>Please see here our <a href="#">Landlords fee schedule.</a></p>
<p>If you have any questions please do not hesitate to contact us on 0208 983 1122 or email contact@gryphonestates.com</p>
<br /> </div>', NULL)
SET IDENTITY_INSERT [dbo].[Page] OFF
SET IDENTITY_INSERT [dbo].[PaymentMethod] ON 

INSERT [dbo].[PaymentMethod] ([P_Id], [PaymentMethod_Id], [UserId], [P_Title], [P_EmailId], [PaymentType], [P_EntryDate], [P_AStatus], [P_Status]) VALUES (2, N'PM422760027', N'U831603621', N'PAYPAL', N'APX510@GMAIL.COM', N'PayPal', CAST(N'2018-10-23T00:03:09.080' AS DateTime), N'Active', 1)
INSERT [dbo].[PaymentMethod] ([P_Id], [PaymentMethod_Id], [UserId], [P_Title], [P_EmailId], [PaymentType], [P_EntryDate], [P_AStatus], [P_Status]) VALUES (1, N'PM665898849', N'U056212896', N'Pay Pal Email', N'magento-buyer@goigi.com', N'PayPal', CAST(N'2018-10-22T11:35:58.420' AS DateTime), N'Active', 1)
SET IDENTITY_INSERT [dbo].[PaymentMethod] OFF
SET IDENTITY_INSERT [dbo].[Point_Amt] ON 

INSERT [dbo].[Point_Amt] ([PA_Id], [Point], [Point_Amt]) VALUES (1, N'50', CAST(1 AS Decimal(18, 0)))
SET IDENTITY_INSERT [dbo].[Point_Amt] OFF
SET IDENTITY_INSERT [dbo].[Point_tbl] ON 

INSERT [dbo].[Point_tbl] ([P_Id], [UserId], [TotalPoint]) VALUES (1, N'U831603621', 30)
INSERT [dbo].[Point_tbl] ([P_Id], [UserId], [TotalPoint]) VALUES (2, N'U706998036', 15)
SET IDENTITY_INSERT [dbo].[Point_tbl] OFF
SET IDENTITY_INSERT [dbo].[PointTransaction_tbl] ON 

INSERT [dbo].[PointTransaction_tbl] ([PT_Id], [UserId], [Point], [Type], [Note], [PointFrom], [To_Id], [PointTransaction_EntryDate], [PointTransaction_Status]) VALUES (1, N'U831603621', 5, N'c', N'Point is added in account, from KP Yellow Pages image upload in comment section', N'KP Yellow Pages', N'CI512889752', CAST(N'2018-09-25T07:44:17.163' AS DateTime), 1)
INSERT [dbo].[PointTransaction_tbl] ([PT_Id], [UserId], [Point], [Type], [Note], [PointFrom], [To_Id], [PointTransaction_EntryDate], [PointTransaction_Status]) VALUES (2, N'U831603621', 5, N'c', N'Point is added in account, from Agent comment section of image upload', N'Agent', N'U831603621', CAST(N'2018-09-25T07:45:43.467' AS DateTime), 1)
INSERT [dbo].[PointTransaction_tbl] ([PT_Id], [UserId], [Point], [Type], [Note], [PointFrom], [To_Id], [PointTransaction_EntryDate], [PointTransaction_Status]) VALUES (3, N'U831603621', 5, N'c', N'Point is added in account, from Seller comment section of image upload', N'Seller', N'U056212896', CAST(N'2018-09-25T07:46:04.080' AS DateTime), 1)
INSERT [dbo].[PointTransaction_tbl] ([PT_Id], [UserId], [Point], [Type], [Note], [PointFrom], [To_Id], [PointTransaction_EntryDate], [PointTransaction_Status]) VALUES (4, N'U831603621', 5, N'c', N'Point is added in account, from purchase of product from public market', N'Public Market', N'P084071589', CAST(N'2018-09-26T14:13:08.570' AS DateTime), 1)
INSERT [dbo].[PointTransaction_tbl] ([PT_Id], [UserId], [Point], [Type], [Note], [PointFrom], [To_Id], [PointTransaction_EntryDate], [PointTransaction_Status]) VALUES (5, N'U831603621', 10, N'd', N'Point is deduct from account, due to purchase of product', N'Product Purchase', N'O682291120', CAST(N'2018-09-28T13:02:18.047' AS DateTime), 1)
INSERT [dbo].[PointTransaction_tbl] ([PT_Id], [UserId], [Point], [Type], [Note], [PointFrom], [To_Id], [PointTransaction_EntryDate], [PointTransaction_Status]) VALUES (6, N'U831603621', 5, N'c', N'Point is added in account, from purchase of product from public market', N'Public Market', N'P611852409', CAST(N'2018-09-29T13:27:49.620' AS DateTime), 1)
INSERT [dbo].[PointTransaction_tbl] ([PT_Id], [UserId], [Point], [Type], [Note], [PointFrom], [To_Id], [PointTransaction_EntryDate], [PointTransaction_Status]) VALUES (7, N'U706998036', 5, N'c', N'Point is added in account, from purchase of product from public market', N'Public Market', N'P392027511', CAST(N'2018-09-30T00:07:52.420' AS DateTime), 1)
INSERT [dbo].[PointTransaction_tbl] ([PT_Id], [UserId], [Point], [Type], [Note], [PointFrom], [To_Id], [PointTransaction_EntryDate], [PointTransaction_Status]) VALUES (8, N'U831603621', 5, N'c', N'Point is added in account, from Agent comment section of image upload', N'Agent', N'U037283187', CAST(N'2019-01-02T06:21:04.357' AS DateTime), 1)
INSERT [dbo].[PointTransaction_tbl] ([PT_Id], [UserId], [Point], [Type], [Note], [PointFrom], [To_Id], [PointTransaction_EntryDate], [PointTransaction_Status]) VALUES (9, N'U831603621', 5, N'c', N'Point is added in account, from property comment section of image upload', N'Property', N'P367253258', CAST(N'2019-01-02T06:28:29.230' AS DateTime), 1)
INSERT [dbo].[PointTransaction_tbl] ([PT_Id], [UserId], [Point], [Type], [Note], [PointFrom], [To_Id], [PointTransaction_EntryDate], [PointTransaction_Status]) VALUES (10, N'U831603621', 5, N'c', N'Point is added in account, from KP Yellow Pages image upload in comment section', N'KP Yellow Pages', N'CI512889752', CAST(N'2019-01-02T08:21:17.527' AS DateTime), 1)
INSERT [dbo].[PointTransaction_tbl] ([PT_Id], [UserId], [Point], [Type], [Note], [PointFrom], [To_Id], [PointTransaction_EntryDate], [PointTransaction_Status]) VALUES (11, N'U706998036', 5, N'c', N'Point is added in account, from KP Yellow Pages image upload in comment section', N'KP Yellow Pages', N'CI176098537', CAST(N'2019-01-30T07:52:02.720' AS DateTime), 1)
INSERT [dbo].[PointTransaction_tbl] ([PT_Id], [UserId], [Point], [Type], [Note], [PointFrom], [To_Id], [PointTransaction_EntryDate], [PointTransaction_Status]) VALUES (12, N'U706998036', 5, N'c', N'Point is added in account, from KP Yellow Pages image upload in comment section', N'KP Yellow Pages', N'CI176098537', CAST(N'2019-01-30T07:52:08.113' AS DateTime), 1)
SET IDENTITY_INSERT [dbo].[PointTransaction_tbl] OFF
SET IDENTITY_INSERT [dbo].[Price_Advertisement] ON 

INSERT [dbo].[Price_Advertisement] ([AP_Id], [Price_Id], [Banner_Section], [Banner_Type], [Banner_Price], [Banner_EntryDate], [Banner_Price_Status]) VALUES (1, N'P101', N'Property', N'', CAST(40.00 AS Decimal(18, 2)), CAST(N'2018-10-23T09:38:17.360' AS DateTime), 1)
INSERT [dbo].[Price_Advertisement] ([AP_Id], [Price_Id], [Banner_Section], [Banner_Type], [Banner_Price], [Banner_EntryDate], [Banner_Price_Status]) VALUES (2, N'P102', N'Kp Yellow Pages', N'', CAST(40.00 AS Decimal(18, 2)), CAST(N'2018-10-23T09:42:26.960' AS DateTime), 1)
INSERT [dbo].[Price_Advertisement] ([AP_Id], [Price_Id], [Banner_Section], [Banner_Type], [Banner_Price], [Banner_EntryDate], [Banner_Price_Status]) VALUES (3, N'P103', N'Hexagon', N'', CAST(30.00 AS Decimal(18, 2)), CAST(N'2018-10-23T09:42:26.960' AS DateTime), 1)
INSERT [dbo].[Price_Advertisement] ([AP_Id], [Price_Id], [Banner_Section], [Banner_Type], [Banner_Price], [Banner_EntryDate], [Banner_Price_Status]) VALUES (4, N'P104', N'Public Market Place', N'Banner1', CAST(45.00 AS Decimal(18, 2)), CAST(N'2018-10-23T09:42:26.960' AS DateTime), 1)
INSERT [dbo].[Price_Advertisement] ([AP_Id], [Price_Id], [Banner_Section], [Banner_Type], [Banner_Price], [Banner_EntryDate], [Banner_Price_Status]) VALUES (5, N'P105', N'Public Market Place', N'Banner2', CAST(45.00 AS Decimal(18, 2)), CAST(N'2018-10-23T09:42:26.960' AS DateTime), 1)
INSERT [dbo].[Price_Advertisement] ([AP_Id], [Price_Id], [Banner_Section], [Banner_Type], [Banner_Price], [Banner_EntryDate], [Banner_Price_Status]) VALUES (6, N'P106', N'Public Market Place', N'Product Details', CAST(50.00 AS Decimal(18, 2)), CAST(N'2018-10-23T09:42:26.960' AS DateTime), 1)
SET IDENTITY_INSERT [dbo].[Price_Advertisement] OFF
INSERT [dbo].[PriceHistory_tbl] ([PriceId], [Date], [Event], [Price], [Price_Sqft], [Source], [PropertyId], [Entry_Date]) VALUES (N'P003382669', CAST(N'2015-07-08T00:00:00.000' AS DateTime), N'Local', CAST(750.000 AS Decimal(18, 3)), CAST(300.000 AS Decimal(18, 3)), N'Agent', N'P908594713', CAST(N'2017-06-09T06:14:25.307' AS DateTime))
INSERT [dbo].[PriceHistory_tbl] ([PriceId], [Date], [Event], [Price], [Price_Sqft], [Source], [PropertyId], [Entry_Date]) VALUES (N'P049909928', CAST(N'2017-06-10T00:00:00.000' AS DateTime), N'local', CAST(375.450 AS Decimal(18, 3)), CAST(200.000 AS Decimal(18, 3)), N'Agent', N'P098421340', CAST(N'2017-06-09T10:41:47.267' AS DateTime))
INSERT [dbo].[PriceHistory_tbl] ([PriceId], [Date], [Event], [Price], [Price_Sqft], [Source], [PropertyId], [Entry_Date]) VALUES (N'P074970230', CAST(N'2017-12-06T00:00:00.000' AS DateTime), N'Local', CAST(750.000 AS Decimal(18, 3)), CAST(30.000 AS Decimal(18, 3)), N'Agent', N'P258950078', CAST(N'2017-06-09T06:31:14.923' AS DateTime))
INSERT [dbo].[PriceHistory_tbl] ([PriceId], [Date], [Event], [Price], [Price_Sqft], [Source], [PropertyId], [Entry_Date]) VALUES (N'P181357480', CAST(N'2018-07-28T00:00:00.000' AS DateTime), N'demo', CAST(2541.000 AS Decimal(18, 3)), CAST(23.000 AS Decimal(18, 3)), N'demo', N'P902209199', CAST(N'2018-07-27T05:43:14.040' AS DateTime))
INSERT [dbo].[PriceHistory_tbl] ([PriceId], [Date], [Event], [Price], [Price_Sqft], [Source], [PropertyId], [Entry_Date]) VALUES (N'P198031045', CAST(N'2017-06-09T00:00:00.000' AS DateTime), N'local', CAST(754.650 AS Decimal(18, 3)), CAST(450.000 AS Decimal(18, 3)), N'Owner', N'P098421340', CAST(N'2017-06-09T10:43:26.877' AS DateTime))
INSERT [dbo].[PriceHistory_tbl] ([PriceId], [Date], [Event], [Price], [Price_Sqft], [Source], [PropertyId], [Entry_Date]) VALUES (N'P250407571', CAST(N'2016-07-08T00:00:00.000' AS DateTime), N'Local', CAST(451.000 AS Decimal(18, 3)), CAST(200.000 AS Decimal(18, 3)), N'Owner 6666', N'P734344605', CAST(N'2017-06-09T06:13:26.380' AS DateTime))
INSERT [dbo].[PriceHistory_tbl] ([PriceId], [Date], [Event], [Price], [Price_Sqft], [Source], [PropertyId], [Entry_Date]) VALUES (N'P534666389', CAST(N'2017-08-25T00:00:00.000' AS DateTime), N'234234', CAST(1000.000 AS Decimal(18, 3)), CAST(654.000 AS Decimal(18, 3)), N'APX', N'P493110717', CAST(N'2017-08-25T12:21:46.170' AS DateTime))
INSERT [dbo].[PriceHistory_tbl] ([PriceId], [Date], [Event], [Price], [Price_Sqft], [Source], [PropertyId], [Entry_Date]) VALUES (N'P754854276', CAST(N'2018-03-23T00:00:00.000' AS DateTime), N'Test event', CAST(4223.000 AS Decimal(18, 3)), CAST(12.000 AS Decimal(18, 3)), N'Test', N'P740890994', CAST(N'2018-03-15T01:23:03.287' AS DateTime))
INSERT [dbo].[PriceHistory_tbl] ([PriceId], [Date], [Event], [Price], [Price_Sqft], [Source], [PropertyId], [Entry_Date]) VALUES (N'P914870352', CAST(N'2015-06-07T00:00:00.000' AS DateTime), N'Social', CAST(900.000 AS Decimal(18, 3)), CAST(450.000 AS Decimal(18, 3)), N'Agent', N'P569146898', CAST(N'2017-06-09T06:15:07.600' AS DateTime))
SET IDENTITY_INSERT [dbo].[ProdcutAttribute] ON 

INSERT [dbo].[ProdcutAttribute] ([PA_Id], [Prodcut_Attribute_Id], [Product_Id], [Prodcut_Key], [Product_Value], [Attribute_Desc], [Attribute_EntryDate], [Attribute_ModifyDate], [Attribute_EntryById], [Attribute_ModifyById], [Attribute_Status]) VALUES (1, N'PA140334200', N'P412941868', N'Color', N'Red', N'sdadsad', CAST(N'2018-06-28T08:35:10.633' AS DateTime), NULL, NULL, NULL, 1)
INSERT [dbo].[ProdcutAttribute] ([PA_Id], [Prodcut_Attribute_Id], [Product_Id], [Prodcut_Key], [Product_Value], [Attribute_Desc], [Attribute_EntryDate], [Attribute_ModifyDate], [Attribute_EntryById], [Attribute_ModifyById], [Attribute_Status]) VALUES (7, N'PA265908771', N'P611852409', N'Size', N'20"', N'This is demo', CAST(N'2018-07-02T13:36:43.660' AS DateTime), NULL, NULL, NULL, 1)
INSERT [dbo].[ProdcutAttribute] ([PA_Id], [Prodcut_Attribute_Id], [Product_Id], [Prodcut_Key], [Product_Value], [Attribute_Desc], [Attribute_EntryDate], [Attribute_ModifyDate], [Attribute_EntryById], [Attribute_ModifyById], [Attribute_Status]) VALUES (6, N'PA446723342', N'P611852409', N'Color', N'Green', N'This is demo', CAST(N'2018-07-02T13:36:21.797' AS DateTime), NULL, NULL, NULL, 1)
INSERT [dbo].[ProdcutAttribute] ([PA_Id], [Prodcut_Attribute_Id], [Product_Id], [Prodcut_Key], [Product_Value], [Attribute_Desc], [Attribute_EntryDate], [Attribute_ModifyDate], [Attribute_EntryById], [Attribute_ModifyById], [Attribute_Status]) VALUES (3, N'PA456001917', N'P412941868', N'Color', N'Free', N'sdsadasd', CAST(N'2018-06-28T08:47:05.170' AS DateTime), NULL, NULL, NULL, 1)
INSERT [dbo].[ProdcutAttribute] ([PA_Id], [Prodcut_Attribute_Id], [Product_Id], [Prodcut_Key], [Product_Value], [Attribute_Desc], [Attribute_EntryDate], [Attribute_ModifyDate], [Attribute_EntryById], [Attribute_ModifyById], [Attribute_Status]) VALUES (2, N'PA562179632', N'P412941868', N'Size', N'25', N'sdadsad', CAST(N'2018-06-28T08:45:04.603' AS DateTime), NULL, NULL, NULL, 1)
INSERT [dbo].[ProdcutAttribute] ([PA_Id], [Prodcut_Attribute_Id], [Product_Id], [Prodcut_Key], [Product_Value], [Attribute_Desc], [Attribute_EntryDate], [Attribute_ModifyDate], [Attribute_EntryById], [Attribute_ModifyById], [Attribute_Status]) VALUES (8, N'PA711345098', N'P827710397', N'Apple007', N'1199', N'iPhone is a line of smartphones designed and marketed by Apple Inc. The iPhone line of products uses Apple''s iOS mobile operating system software.', CAST(N'2018-08-09T08:58:22.770' AS DateTime), NULL, NULL, NULL, 1)
INSERT [dbo].[ProdcutAttribute] ([PA_Id], [Prodcut_Attribute_Id], [Product_Id], [Prodcut_Key], [Product_Value], [Attribute_Desc], [Attribute_EntryDate], [Attribute_ModifyDate], [Attribute_EntryById], [Attribute_ModifyById], [Attribute_Status]) VALUES (4, N'PA775682680', N'P481871026', N'Size', N'125 px', N'This is test', CAST(N'2018-06-28T10:42:21.373' AS DateTime), NULL, NULL, NULL, 1)
INSERT [dbo].[ProdcutAttribute] ([PA_Id], [Prodcut_Attribute_Id], [Product_Id], [Prodcut_Key], [Product_Value], [Attribute_Desc], [Attribute_EntryDate], [Attribute_ModifyDate], [Attribute_EntryById], [Attribute_ModifyById], [Attribute_Status]) VALUES (9, N'PA859382240', N'P439065606', N'Color', N'Black', NULL, CAST(N'2018-08-14T09:51:34.900' AS DateTime), NULL, NULL, NULL, 1)
INSERT [dbo].[ProdcutAttribute] ([PA_Id], [Prodcut_Attribute_Id], [Product_Id], [Prodcut_Key], [Product_Value], [Attribute_Desc], [Attribute_EntryDate], [Attribute_ModifyDate], [Attribute_EntryById], [Attribute_ModifyById], [Attribute_Status]) VALUES (5, N'PA970275940', N'P481871026', N'Color', N'Blue', N'this is demo', CAST(N'2018-06-28T10:42:36.207' AS DateTime), NULL, NULL, NULL, 1)
SET IDENTITY_INSERT [dbo].[ProdcutAttribute] OFF
INSERT [dbo].[Product] ([Product_Id], [UploadBy_Id], [ModifyBy_Id], [Category_Id], [Sub_Category_Id], [Product_Code], [Product_Name], [Product_Font_Image], [Base_Price], [Display_Price], [Product_Stock_Count], [Product_Desc], [Product_EntryDate], [Product_ModifyDate], [Product_Status], [Vat], [Package], [QtyPerPackage], [QtyType], [Featured], [Used_Product], [NoOfVisited], [Point]) VALUES (N'P083382850', N'U706998036', N'U706998036', N'PC524915083', N'SC777775836', N'12345', N'Sofa', N'30062018114601343_33.jpg', CAST(200.00 AS Decimal(18, 2)), CAST(185.00 AS Decimal(18, 2)), CAST(1000.00 AS Decimal(18, 2)), N'It is a long established fact that a reader will be distracted by the readable content of a page when looking at its layout. It is a long established fact that a reader will be distracted by the readable content of a page when looking at its layout. It is a long established fact that a reader will be distracted by the readable content of a page when looking at its layout. It is a long established fact that a reader will be distracted by the readable content of a page when looking at its layout. It is a long established fact that a reader will be distracted by the readable content of a page when looking at its layout. It is a long established fact that a reader will be distracted by the readable content of a page when looking at its layout.', CAST(N'2018-06-30T18:46:01.320' AS DateTime), NULL, 1, NULL, 0, 0, NULL, 0, 0, 99, NULL)
INSERT [dbo].[Product] ([Product_Id], [UploadBy_Id], [ModifyBy_Id], [Category_Id], [Sub_Category_Id], [Product_Code], [Product_Name], [Product_Font_Image], [Base_Price], [Display_Price], [Product_Stock_Count], [Product_Desc], [Product_EntryDate], [Product_ModifyDate], [Product_Status], [Vat], [Package], [QtyPerPackage], [QtyType], [Featured], [Used_Product], [NoOfVisited], [Point]) VALUES (N'P084071589', N'Admin', NULL, N'PC524915083', N'SC519197358', N'F0006', N'Coffee Table', N'30062018053930955_30.jpg', CAST(1000.00 AS Decimal(18, 2)), CAST(990.00 AS Decimal(18, 2)), CAST(1000.00 AS Decimal(18, 2)), N'It is a long established fact that a reader will be distracted by the readable content of a page when looking at its layout. It is a long established fact that a reader will be distracted by the readable content of a page when looking at its layout. It is a long established fact that a reader will be distracted by the readable content of a page when looking at its layout. It is a long established fact that a reader will be distracted by the readable content of a page when looking at its layout. It is a long established fact that a reader will be distracted by the readable content of a page when looking at its layout. It is a long established fact that a reader will be distracted by the readable content of a page when looking at its layout.', CAST(N'2018-06-30T12:39:30.947' AS DateTime), NULL, 1, CAST(0.00 AS Decimal(18, 2)), 0, 0, NULL, 0, 0, 132, NULL)
INSERT [dbo].[Product] ([Product_Id], [UploadBy_Id], [ModifyBy_Id], [Category_Id], [Sub_Category_Id], [Product_Code], [Product_Name], [Product_Font_Image], [Base_Price], [Display_Price], [Product_Stock_Count], [Product_Desc], [Product_EntryDate], [Product_ModifyDate], [Product_Status], [Vat], [Package], [QtyPerPackage], [QtyType], [Featured], [Used_Product], [NoOfVisited], [Point]) VALUES (N'P266140866', N'Admin', N'Admin', N'PC007144633', N'SC333474276', N'684646546', N'DRESS ', N'09082018135615933_44.png', CAST(100.00 AS Decimal(18, 2)), CAST(80.00 AS Decimal(18, 2)), CAST(1000.00 AS Decimal(18, 2)), N'<p>test</p>
', CAST(N'2018-08-09T20:56:16.173' AS DateTime), NULL, 1, NULL, 0, 0, NULL, 1, 0, 65, NULL)
INSERT [dbo].[Product] ([Product_Id], [UploadBy_Id], [ModifyBy_Id], [Category_Id], [Sub_Category_Id], [Product_Code], [Product_Name], [Product_Font_Image], [Base_Price], [Display_Price], [Product_Stock_Count], [Product_Desc], [Product_EntryDate], [Product_ModifyDate], [Product_Status], [Vat], [Package], [QtyPerPackage], [QtyType], [Featured], [Used_Product], [NoOfVisited], [Point]) VALUES (N'P392027511', N'Admin', N'Admin', N'PC524915083', N'SC777775836', N'F0002', N'L shape sofa', N'30062018052428893_25.jpg', CAST(8000.00 AS Decimal(18, 2)), CAST(7500.00 AS Decimal(18, 2)), CAST(1000.00 AS Decimal(18, 2)), N'It is a long established fact that a reader will be distracted by the readable content of a page when looking at its layout. It is a long established fact that a reader will be distracted by the readable content of a page when looking at its layout. It is a long established fact that a reader will be distracted by the readable content of a page when looking at its layout. It is a long established fact that a reader will be distracted by the readable content of a page when looking at its layout. It is a long established fact that a reader will be distracted by the readable content of a page when looking at its layout. It is a long established fact that a reader will be distracted by the readable content of a page when looking at its layout.', CAST(N'2018-06-30T12:15:52.680' AS DateTime), NULL, 1, NULL, 0, 0, NULL, 0, 0, 148, NULL)
INSERT [dbo].[Product] ([Product_Id], [UploadBy_Id], [ModifyBy_Id], [Category_Id], [Sub_Category_Id], [Product_Code], [Product_Name], [Product_Font_Image], [Base_Price], [Display_Price], [Product_Stock_Count], [Product_Desc], [Product_EntryDate], [Product_ModifyDate], [Product_Status], [Vat], [Package], [QtyPerPackage], [QtyType], [Featured], [Used_Product], [NoOfVisited], [Point]) VALUES (N'P407006831', N'U831603621', NULL, N'PC524915083', N'SC030899049', N'PC101', N'AirPod', N'09082018072016029_43.jpg', CAST(60.00 AS Decimal(18, 2)), CAST(50.00 AS Decimal(18, 2)), CAST(1000.00 AS Decimal(18, 2)), N'<p>It is a long established fact that a reader will be distracted by the readable content of a page when looking at its layout. It is a long established fact that a reader will be distracted by the readable content of a page when looking at its layout. It is a long established fact that a reader will be distracted by the readable content of a page when looking at its layout. It is a long established fact that a reader will be distracted by the readable content of a page when looking at its layout. It is a long established fact that a reader will be distracted by the readable content of a page when looking at its layout. It is a long established fact that a reader will be distracted by the readable content of a page when looking at its layout.</p>', CAST(N'2018-08-09T14:20:16.110' AS DateTime), NULL, 1, CAST(0.00 AS Decimal(18, 2)), 0, 0, NULL, 0, 0, 127, NULL)
INSERT [dbo].[Product] ([Product_Id], [UploadBy_Id], [ModifyBy_Id], [Category_Id], [Sub_Category_Id], [Product_Code], [Product_Name], [Product_Font_Image], [Base_Price], [Display_Price], [Product_Stock_Count], [Product_Desc], [Product_EntryDate], [Product_ModifyDate], [Product_Status], [Vat], [Package], [QtyPerPackage], [QtyType], [Featured], [Used_Product], [NoOfVisited], [Point]) VALUES (N'P412941868', N'Admin', N'Admin', N'PC524915083', N'SC519197358', N'P87897', N'Movable Table | Center Table', N'30062018053614798_27.jpg', CAST(126.00 AS Decimal(18, 2)), CAST(115.00 AS Decimal(18, 2)), CAST(1000.00 AS Decimal(18, 2)), N'It is a long established fact that a reader will be distracted by the readable content of a page when looking at its layout. It is a long established fact that a reader will be distracted by the readable content of a page when looking at its layout. It is a long established fact that a reader will be distracted by the readable content of a page when looking at its layout. It is a long established fact that a reader will be distracted by the readable content of a page when looking at its layout. It is a long established fact that a reader will be distracted by the readable content of a page when looking at its layout. It is a long established fact that a reader will be distracted by the readable content of a page when looking at its layout.', CAST(N'2018-06-28T05:48:57.960' AS DateTime), NULL, 1, NULL, 0, 0, NULL, 1, 0, 86, NULL)
INSERT [dbo].[Product] ([Product_Id], [UploadBy_Id], [ModifyBy_Id], [Category_Id], [Sub_Category_Id], [Product_Code], [Product_Name], [Product_Font_Image], [Base_Price], [Display_Price], [Product_Stock_Count], [Product_Desc], [Product_EntryDate], [Product_ModifyDate], [Product_Status], [Vat], [Package], [QtyPerPackage], [QtyType], [Featured], [Used_Product], [NoOfVisited], [Point]) VALUES (N'P439065606', N'U056212896', NULL, N'PC524915083', N'SC519197358', N'PCS101', N'Sofa', N'14082018025059504_47.JPG', CAST(60.00 AS Decimal(18, 2)), CAST(40.00 AS Decimal(18, 2)), CAST(1000.00 AS Decimal(18, 2)), N'<p><span style="color: rgb(119, 119, 119); font-family: Roboto, sans-serif; font-size: 14px;">It is a long established fact that a reader will be distracted by the readable content of a page when looking at its layout. It is a long established fact that a reader will be distracted by the readable content of a page when looking at its layout. It is a long established fact that a reader will be distracted by the readable content of a page when looking at its layout. It is a long established fact that a reader will be distracted by the readable content of a page when looking at its layout. It is a long established fact that a reader will be distracted by the readable content of a page when looking at its layout. It is a long established fact that a reader will be distracted by the readable content of a page when looking at its layout.</span><br></p>', CAST(N'2018-08-14T09:50:59.727' AS DateTime), NULL, 1, CAST(0.00 AS Decimal(18, 2)), 0, 0, NULL, 0, 0, 1778, NULL)
INSERT [dbo].[Product] ([Product_Id], [UploadBy_Id], [ModifyBy_Id], [Category_Id], [Sub_Category_Id], [Product_Code], [Product_Name], [Product_Font_Image], [Base_Price], [Display_Price], [Product_Stock_Count], [Product_Desc], [Product_EntryDate], [Product_ModifyDate], [Product_Status], [Vat], [Package], [QtyPerPackage], [QtyType], [Featured], [Used_Product], [NoOfVisited], [Point]) VALUES (N'P456685118', N'Admin', NULL, N'PC524915083', N'SC519197358', N'F0008', N'Chenille Carpet', N'30062018054136132_31.jpg', CAST(5000.00 AS Decimal(18, 2)), CAST(4600.00 AS Decimal(18, 2)), CAST(1000.00 AS Decimal(18, 2)), N'It is a long established fact that a reader will be distracted by the readable content of a page when looking at its layout. It is a long established fact that a reader will be distracted by the readable content of a page when looking at its layout. It is a long established fact that a reader will be distracted by the readable content of a page when looking at its layout. It is a long established fact that a reader will be distracted by the readable content of a page when looking at its layout. It is a long established fact that a reader will be distracted by the readable content of a page when looking at its layout. It is a long established fact that a reader will be distracted by the readable content of a page when looking at its layout.', CAST(N'2018-06-30T12:41:36.127' AS DateTime), NULL, 1, CAST(0.00 AS Decimal(18, 2)), 0, 0, NULL, 0, 0, 132, NULL)
INSERT [dbo].[Product] ([Product_Id], [UploadBy_Id], [ModifyBy_Id], [Category_Id], [Sub_Category_Id], [Product_Code], [Product_Name], [Product_Font_Image], [Base_Price], [Display_Price], [Product_Stock_Count], [Product_Desc], [Product_EntryDate], [Product_ModifyDate], [Product_Status], [Vat], [Package], [QtyPerPackage], [QtyType], [Featured], [Used_Product], [NoOfVisited], [Point]) VALUES (N'P481871026', N'Admin', N'Admin', N'PC524915083', N'SC618179715', N'P98978', N'Teak Finish', N'30062018053717455_28.jpg', CAST(125.00 AS Decimal(18, 2)), CAST(120.00 AS Decimal(18, 2)), CAST(1000.00 AS Decimal(18, 2)), N'It is a long established fact that a reader will be distracted by the readable content of a page when looking at its layout. It is a long established fact that a reader will be distracted by the readable content of a page when looking at its layout. It is a long established fact that a reader will be distracted by the readable content of a page when looking at its layout. It is a long established fact that a reader will be distracted by the readable content of a page when looking at its layout. It is a long established fact that a reader will be distracted by the readable content of a page when looking at its layout. It is a long established fact that a reader will be distracted by the readable content of a page when looking at its layout.', CAST(N'2018-06-28T05:33:53.457' AS DateTime), NULL, 1, NULL, 0, 0, NULL, 1, 0, 81, NULL)
INSERT [dbo].[Product] ([Product_Id], [UploadBy_Id], [ModifyBy_Id], [Category_Id], [Sub_Category_Id], [Product_Code], [Product_Name], [Product_Font_Image], [Base_Price], [Display_Price], [Product_Stock_Count], [Product_Desc], [Product_EntryDate], [Product_ModifyDate], [Product_Status], [Vat], [Package], [QtyPerPackage], [QtyType], [Featured], [Used_Product], [NoOfVisited], [Point]) VALUES (N'P540622945', N'Admin', NULL, N'PC238120369', N'SC853616632', N'5464654654', N'FREE SHIRT ', N'03102018002122284_51.png', CAST(50.00 AS Decimal(18, 2)), CAST(50.00 AS Decimal(18, 2)), CAST(1000.00 AS Decimal(18, 2)), N'FREE SHIRT', CAST(N'2018-10-03T07:21:22.313' AS DateTime), NULL, 1, CAST(0.00 AS Decimal(18, 2)), 0, 0, NULL, 0, 0, 82, 100)
INSERT [dbo].[Product] ([Product_Id], [UploadBy_Id], [ModifyBy_Id], [Category_Id], [Sub_Category_Id], [Product_Code], [Product_Name], [Product_Font_Image], [Base_Price], [Display_Price], [Product_Stock_Count], [Product_Desc], [Product_EntryDate], [Product_ModifyDate], [Product_Status], [Vat], [Package], [QtyPerPackage], [QtyType], [Featured], [Used_Product], [NoOfVisited], [Point]) VALUES (N'P576594046', N'U831603621', N'Admin', N'PC524915083', N'SC519197358', N'PC101', N'L shape sofa', N'30062018052135767_23.jpg', CAST(600.00 AS Decimal(18, 2)), CAST(100.00 AS Decimal(18, 2)), CAST(1000.00 AS Decimal(18, 2)), N'It is a long established fact that a reader will be distracted by the readable content of a page when looking at its layout. It is a long established fact that a reader will be distracted by the readable content of a page when looking at its layout. It is a long established fact that a reader will be distracted by the readable content of a page when looking at its layout. It is a long established fact that a reader will be distracted by the readable content of a page when looking at its layout. It is a long established fact that a reader will be distracted by the readable content of a page when looking at its layout. It is a long established fact that a reader will be distracted by the readable content of a page when looking at its layout.', CAST(N'2018-06-29T12:55:41.380' AS DateTime), NULL, 1, NULL, 0, 0, NULL, 0, 1, 124, NULL)
INSERT [dbo].[Product] ([Product_Id], [UploadBy_Id], [ModifyBy_Id], [Category_Id], [Sub_Category_Id], [Product_Code], [Product_Name], [Product_Font_Image], [Base_Price], [Display_Price], [Product_Stock_Count], [Product_Desc], [Product_EntryDate], [Product_ModifyDate], [Product_Status], [Vat], [Package], [QtyPerPackage], [QtyType], [Featured], [Used_Product], [NoOfVisited], [Point]) VALUES (N'P606040449', N'Admin', NULL, N'PC524915083', N'SC777775836', N'F0001', N' Swing Jhulla', N'30062018044312506_19.jpg', CAST(5000.00 AS Decimal(18, 2)), CAST(45000.00 AS Decimal(18, 2)), CAST(1000.00 AS Decimal(18, 2)), N'It is a long established fact that a reader will be distracted by the readable content of a page when looking at its layout. It is a long established fact that a reader will be distracted by the readable content of a page when looking at its layout. It is a long established fact that a reader will be distracted by the readable content of a page when looking at its layout. It is a long established fact that a reader will be distracted by the readable content of a page when looking at its layout. It is a long established fact that a reader will be distracted by the readable content of a page when looking at its layout. It is a long established fact that a reader will be distracted by the readable content of a page when looking at its layout.', CAST(N'2018-06-30T11:43:12.510' AS DateTime), NULL, 1, CAST(0.00 AS Decimal(18, 2)), 0, 0, NULL, 0, 0, 130, NULL)
INSERT [dbo].[Product] ([Product_Id], [UploadBy_Id], [ModifyBy_Id], [Category_Id], [Sub_Category_Id], [Product_Code], [Product_Name], [Product_Font_Image], [Base_Price], [Display_Price], [Product_Stock_Count], [Product_Desc], [Product_EntryDate], [Product_ModifyDate], [Product_Status], [Vat], [Package], [QtyPerPackage], [QtyType], [Featured], [Used_Product], [NoOfVisited], [Point]) VALUES (N'P611852409', N'U831603621', N'Admin', N'PC937572420', N'SC727249132', N'Pc102', N'Iphone ', N'30062018053749065_29.jpg', CAST(700.00 AS Decimal(18, 2)), CAST(150.00 AS Decimal(18, 2)), CAST(1000.00 AS Decimal(18, 2)), N'It is a long established fact that a reader will be distracted by the readable content of a page when looking at its layout. It is a long established fact that a reader will be distracted by the readable content of a page when looking at its layout. It is a long established fact that a reader will be distracted by the readable content of a page when looking at its layout. It is a long established fact that a reader will be distracted by the readable content of a page when looking at its layout. It is a long established fact that a reader will be distracted by the readable content of a page when looking at its layout. It is a long established fact that a reader will be distracted by the readable content of a page when looking at its layout.', CAST(N'2018-06-29T12:56:42.853' AS DateTime), NULL, 1, NULL, 0, 0, NULL, 1, 0, 190, NULL)
INSERT [dbo].[Product] ([Product_Id], [UploadBy_Id], [ModifyBy_Id], [Category_Id], [Sub_Category_Id], [Product_Code], [Product_Name], [Product_Font_Image], [Base_Price], [Display_Price], [Product_Stock_Count], [Product_Desc], [Product_EntryDate], [Product_ModifyDate], [Product_Status], [Vat], [Package], [QtyPerPackage], [QtyType], [Featured], [Used_Product], [NoOfVisited], [Point]) VALUES (N'P634756992', N'Admin', NULL, N'PC524915083', N'SC519197358', N'F0009', N'Kitchen Stool/Office Stool/', N'30062018054353662_32.jpg', CAST(8000.00 AS Decimal(18, 2)), CAST(7000.00 AS Decimal(18, 2)), CAST(1000.00 AS Decimal(18, 2)), N'It is a long established fact that a reader will be distracted by the readable content of a page when looking at its layout. It is a long established fact that a reader will be distracted by the readable content of a page when looking at its layout. It is a long established fact that a reader will be distracted by the readable content of a page when looking at its layout. It is a long established fact that a reader will be distracted by the readable content of a page when looking at its layout. It is a long established fact that a reader will be distracted by the readable content of a page when looking at its layout. It is a long established fact that a reader will be distracted by the readable content of a page when looking at its layout.', CAST(N'2018-06-30T12:43:53.653' AS DateTime), NULL, 1, CAST(0.00 AS Decimal(18, 2)), 0, 0, NULL, 1, 0, 74, NULL)
INSERT [dbo].[Product] ([Product_Id], [UploadBy_Id], [ModifyBy_Id], [Category_Id], [Sub_Category_Id], [Product_Code], [Product_Name], [Product_Font_Image], [Base_Price], [Display_Price], [Product_Stock_Count], [Product_Desc], [Product_EntryDate], [Product_ModifyDate], [Product_Status], [Vat], [Package], [QtyPerPackage], [QtyType], [Featured], [Used_Product], [NoOfVisited], [Point]) VALUES (N'P716539332', N'Admin', N'Admin', N'PC625219746', N'SC041942786', N'32132132', N'BOOK', N'07082018152808454_40.gif', CAST(10.00 AS Decimal(18, 2)), CAST(8.00 AS Decimal(18, 2)), CAST(1000.00 AS Decimal(18, 2)), N'<p>ASDFASDF</p>
', CAST(N'2018-07-25T22:12:02.187' AS DateTime), NULL, 1, NULL, 0, 0, NULL, 1, 0, 148, NULL)
INSERT [dbo].[Product] ([Product_Id], [UploadBy_Id], [ModifyBy_Id], [Category_Id], [Sub_Category_Id], [Product_Code], [Product_Name], [Product_Font_Image], [Base_Price], [Display_Price], [Product_Stock_Count], [Product_Desc], [Product_EntryDate], [Product_ModifyDate], [Product_Status], [Vat], [Package], [QtyPerPackage], [QtyType], [Featured], [Used_Product], [NoOfVisited], [Point]) VALUES (N'P739519062', N'Admin', NULL, N'PC687954530', N'SC587360993', N'35464654', N'BIKE', N'09082018140838149_46.png', CAST(100.00 AS Decimal(18, 2)), CAST(80.00 AS Decimal(18, 2)), CAST(1000.00 AS Decimal(18, 2)), N'<p><strong>45456</strong></p>
', CAST(N'2018-08-09T21:08:38.410' AS DateTime), NULL, 1, CAST(0.00 AS Decimal(18, 2)), 0, 0, NULL, 1, 0, 74, NULL)
INSERT [dbo].[Product] ([Product_Id], [UploadBy_Id], [ModifyBy_Id], [Category_Id], [Sub_Category_Id], [Product_Code], [Product_Name], [Product_Font_Image], [Base_Price], [Display_Price], [Product_Stock_Count], [Product_Desc], [Product_EntryDate], [Product_ModifyDate], [Product_Status], [Vat], [Package], [QtyPerPackage], [QtyType], [Featured], [Used_Product], [NoOfVisited], [Point]) VALUES (N'P788348917', N'Admin', NULL, N'PC524915083', N'SC519197358', N'F0005', N'Leo Coffee Table', N'30062018053453892_26.jpg', CAST(9000.00 AS Decimal(18, 2)), CAST(5000.00 AS Decimal(18, 2)), CAST(1000.00 AS Decimal(18, 2)), N'It is a long established fact that a reader will be distracted by the readable content of a page when looking at its layout. It is a long established fact that a reader will be distracted by the readable content of a page when looking at its layout. It is a long established fact that a reader will be distracted by the readable content of a page when looking at its layout. It is a long established fact that a reader will be distracted by the readable content of a page when looking at its layout. It is a long established fact that a reader will be distracted by the readable content of a page when looking at its layout. It is a long established fact that a reader will be distracted by the readable content of a page when looking at its layout.', CAST(N'2018-06-30T12:34:53.870' AS DateTime), NULL, 1, CAST(0.00 AS Decimal(18, 2)), 0, 0, NULL, 1, 0, 95, NULL)
INSERT [dbo].[Product] ([Product_Id], [UploadBy_Id], [ModifyBy_Id], [Category_Id], [Sub_Category_Id], [Product_Code], [Product_Name], [Product_Font_Image], [Base_Price], [Display_Price], [Product_Stock_Count], [Product_Desc], [Product_EntryDate], [Product_ModifyDate], [Product_Status], [Vat], [Package], [QtyPerPackage], [QtyType], [Featured], [Used_Product], [NoOfVisited], [Point]) VALUES (N'P827710397', N'U037283187', N'U037283187', N'PC937572420', N'SC727249132', N'cake007', N'iphone', N'09082018015713688_42.jpg', CAST(1299.00 AS Decimal(18, 2)), CAST(1199.00 AS Decimal(18, 2)), CAST(1000.00 AS Decimal(18, 2)), N'<p><b style=""><i style=""><font face="Times New Roman" style="background-color: rgb(206, 231, 247);"><span style="color: rgb(106, 106, 106); font-size: 14px;">iPhone</span><span style="color: rgb(84, 84, 84); font-size: 14px;">&nbsp;is a line of smartphones designed and marketed by Apple Inc. The&nbsp;</span><span style="color: rgb(106, 106, 106); font-size: 14px;">iPhone</span><span style="color: rgb(84, 84, 84); font-size: 14px;">&nbsp;line of products uses Apple''s iOS mobile operating system software.</span></font></i></b><br></p>', CAST(N'2018-08-09T08:57:13.833' AS DateTime), NULL, 1, NULL, 0, 0, NULL, 0, 0, 96, NULL)
INSERT [dbo].[Product] ([Product_Id], [UploadBy_Id], [ModifyBy_Id], [Category_Id], [Sub_Category_Id], [Product_Code], [Product_Name], [Product_Font_Image], [Base_Price], [Display_Price], [Product_Stock_Count], [Product_Desc], [Product_EntryDate], [Product_ModifyDate], [Product_Status], [Vat], [Package], [QtyPerPackage], [QtyType], [Featured], [Used_Product], [NoOfVisited], [Point]) VALUES (N'P853153805', N'Admin', NULL, N'PC095749973', N'SC861716830', N'3412341234', N'COMPUTER', N'09082018140139199_45.png', CAST(100.00 AS Decimal(18, 2)), CAST(80.00 AS Decimal(18, 2)), CAST(1000.00 AS Decimal(18, 2)), N'<p><strong>DSFASDFASDF</strong></p>
', CAST(N'2018-08-09T21:01:39.453' AS DateTime), NULL, 1, CAST(0.00 AS Decimal(18, 2)), 0, 0, NULL, 1, 0, 77, NULL)
INSERT [dbo].[Product] ([Product_Id], [UploadBy_Id], [ModifyBy_Id], [Category_Id], [Sub_Category_Id], [Product_Code], [Product_Name], [Product_Font_Image], [Base_Price], [Display_Price], [Product_Stock_Count], [Product_Desc], [Product_EntryDate], [Product_ModifyDate], [Product_Status], [Vat], [Package], [QtyPerPackage], [QtyType], [Featured], [Used_Product], [NoOfVisited], [Point]) VALUES (N'P991682212', N'U706998036', N'Admin', N'PC524915083', N'SC519197358', N'PCT101', N'Office table', N'30062018052334893_24.jpg', CAST(500.00 AS Decimal(18, 2)), CAST(50.00 AS Decimal(18, 2)), CAST(1000.00 AS Decimal(18, 2)), N'It is a long established fact that a reader will be distracted by the readable content of a page when looking at its layout. It is a long established fact that a reader will be distracted by the readable content of a page when looking at its layout. It is a long established fact that a reader will be distracted by the readable content of a page when looking at its layout. It is a long established fact that a reader will be distracted by the readable content of a page when looking at its layout. It is a long established fact that a reader will be distracted by the readable content of a page when looking at its layout. It is a long established fact that a reader will be distracted by the readable content of a page when looking at its layout.', CAST(N'2018-06-29T13:05:33.687' AS DateTime), NULL, 1, NULL, 0, 0, NULL, 0, 1, 110, NULL)
SET IDENTITY_INSERT [dbo].[Product_Chat] ON 

INSERT [dbo].[Product_Chat] ([Msg_id], [Product_Id], [Msg_From_User_Id], [Msg_To_User_Id], [Message], [Image], [Is_Read], [Msg_Date], [Msg_Status]) VALUES (1, N'P606040449', N'U831603621', N'Admin', N'Hellooo', NULL, 0, CAST(N'2018-08-01T12:39:17.823' AS DateTime), N'Sent')
INSERT [dbo].[Product_Chat] ([Msg_id], [Product_Id], [Msg_From_User_Id], [Msg_To_User_Id], [Message], [Image], [Is_Read], [Msg_Date], [Msg_Status]) VALUES (2, N'P606040449', N'Admin', N'U831603621', N'Hi...', NULL, 0, CAST(N'2018-08-01T12:39:32.480' AS DateTime), N'Sent')
INSERT [dbo].[Product_Chat] ([Msg_id], [Product_Id], [Msg_From_User_Id], [Msg_To_User_Id], [Message], [Image], [Is_Read], [Msg_Date], [Msg_Status]) VALUES (3, N'P606040449', N'U831603621', N'Admin', N'It is a long established fact that a reader will be distracted by the readable content of a page when looking at its layout. The point of using Lorem Ipsum', NULL, 0, CAST(N'2018-08-01T12:41:16.447' AS DateTime), N'Sent')
INSERT [dbo].[Product_Chat] ([Msg_id], [Product_Id], [Msg_From_User_Id], [Msg_To_User_Id], [Message], [Image], [Is_Read], [Msg_Date], [Msg_Status]) VALUES (4, N'P083382850', N'U831603621', N'U706998036', N'Helloooo', NULL, 0, CAST(N'2018-08-01T12:48:34.637' AS DateTime), N'Sent')
INSERT [dbo].[Product_Chat] ([Msg_id], [Product_Id], [Msg_From_User_Id], [Msg_To_User_Id], [Message], [Image], [Is_Read], [Msg_Date], [Msg_Status]) VALUES (5, N'P083382850', N'U706998036', N'U831603621', N'Nice Product...', NULL, 0, CAST(N'2018-08-01T12:49:04.117' AS DateTime), N'Sent')
INSERT [dbo].[Product_Chat] ([Msg_id], [Product_Id], [Msg_From_User_Id], [Msg_To_User_Id], [Message], [Image], [Is_Read], [Msg_Date], [Msg_Status]) VALUES (6, N'P083382850', N'U831603621', N'U706998036', N'It is a long established fact that a reader will be distracted by the readable content of a page when looking at its layout. The point of using Lorem Ipsum', NULL, 0, CAST(N'2018-08-01T12:49:15.477' AS DateTime), N'Sent')
INSERT [dbo].[Product_Chat] ([Msg_id], [Product_Id], [Msg_From_User_Id], [Msg_To_User_Id], [Message], [Image], [Is_Read], [Msg_Date], [Msg_Status]) VALUES (7, N'P991682212', N'U831603621', N'U706998036', N'Nice Office table', NULL, 0, CAST(N'2018-08-01T12:50:59.983' AS DateTime), N'Sent')
INSERT [dbo].[Product_Chat] ([Msg_id], [Product_Id], [Msg_From_User_Id], [Msg_To_User_Id], [Message], [Image], [Is_Read], [Msg_Date], [Msg_Status]) VALUES (8, N'P991682212', N'U706998036', N'U831603621', N'Nice..', NULL, 0, CAST(N'2018-08-01T12:51:20.617' AS DateTime), N'Sent')
INSERT [dbo].[Product_Chat] ([Msg_id], [Product_Id], [Msg_From_User_Id], [Msg_To_User_Id], [Message], [Image], [Is_Read], [Msg_Date], [Msg_Status]) VALUES (9, N'P611852409', N'U706998036', N'U831603621', N'Best Iphone', NULL, 1, CAST(N'2018-08-01T12:53:01.527' AS DateTime), N'Sent')
INSERT [dbo].[Product_Chat] ([Msg_id], [Product_Id], [Msg_From_User_Id], [Msg_To_User_Id], [Message], [Image], [Is_Read], [Msg_Date], [Msg_Status]) VALUES (10, N'P611852409', N'U831603621', N'U706998036', N'Nice...', NULL, 1, CAST(N'2018-08-01T12:53:19.937' AS DateTime), N'Sent')
INSERT [dbo].[Product_Chat] ([Msg_id], [Product_Id], [Msg_From_User_Id], [Msg_To_User_Id], [Message], [Image], [Is_Read], [Msg_Date], [Msg_Status]) VALUES (11, N'P576594046', N'U706998036', N'U831603621', N'Hellooo', NULL, 1, CAST(N'2018-08-01T12:54:14.983' AS DateTime), N'Sent')
INSERT [dbo].[Product_Chat] ([Msg_id], [Product_Id], [Msg_From_User_Id], [Msg_To_User_Id], [Message], [Image], [Is_Read], [Msg_Date], [Msg_Status]) VALUES (12, N'P576594046', N'U831603621', N'U706998036', N'hi...', NULL, 1, CAST(N'2018-08-01T12:54:35.290' AS DateTime), N'Sent')
INSERT [dbo].[Product_Chat] ([Msg_id], [Product_Id], [Msg_From_User_Id], [Msg_To_User_Id], [Message], [Image], [Is_Read], [Msg_Date], [Msg_Status]) VALUES (13, N'P084071589', N'U831603621', N'Admin', N'Helloooo', NULL, 0, CAST(N'2018-08-01T12:55:08.360' AS DateTime), N'Sent')
INSERT [dbo].[Product_Chat] ([Msg_id], [Product_Id], [Msg_From_User_Id], [Msg_To_User_Id], [Message], [Image], [Is_Read], [Msg_Date], [Msg_Status]) VALUES (14, N'P392027511', N'U831603621', N'Admin', N'Nice L shape sofa...', NULL, 0, CAST(N'2018-08-01T12:55:28.910' AS DateTime), N'Sent')
INSERT [dbo].[Product_Chat] ([Msg_id], [Product_Id], [Msg_From_User_Id], [Msg_To_User_Id], [Message], [Image], [Is_Read], [Msg_Date], [Msg_Status]) VALUES (15, N'P412941868', N'U831603621', N'Admin', N'Nice Movable Table | Center Table', NULL, 0, CAST(N'2018-08-01T12:55:57.527' AS DateTime), N'Sent')
INSERT [dbo].[Product_Chat] ([Msg_id], [Product_Id], [Msg_From_User_Id], [Msg_To_User_Id], [Message], [Image], [Is_Read], [Msg_Date], [Msg_Status]) VALUES (16, N'P456685118', N'U831603621', N'Admin', N'Nice Chenille Carpet', NULL, 0, CAST(N'2018-08-01T12:56:27.007' AS DateTime), N'Sent')
INSERT [dbo].[Product_Chat] ([Msg_id], [Product_Id], [Msg_From_User_Id], [Msg_To_User_Id], [Message], [Image], [Is_Read], [Msg_Date], [Msg_Status]) VALUES (17, N'P481871026', N'U831603621', N'Admin', N'Nice Teak Finish...', NULL, 1, CAST(N'2018-08-01T12:56:52.843' AS DateTime), N'Sent')
INSERT [dbo].[Product_Chat] ([Msg_id], [Product_Id], [Msg_From_User_Id], [Msg_To_User_Id], [Message], [Image], [Is_Read], [Msg_Date], [Msg_Status]) VALUES (18, N'P634756992', N'U831603621', N'Admin', N'Best Kitchen Stool/Office Stool....', NULL, 0, CAST(N'2018-08-01T12:57:40.173' AS DateTime), N'Sent')
INSERT [dbo].[Product_Chat] ([Msg_id], [Product_Id], [Msg_From_User_Id], [Msg_To_User_Id], [Message], [Image], [Is_Read], [Msg_Date], [Msg_Status]) VALUES (19, N'P716539332', N'U831603621', N'Admin', N'Nice BOOK...', NULL, 1, CAST(N'2018-08-01T12:57:54.600' AS DateTime), N'Sent')
INSERT [dbo].[Product_Chat] ([Msg_id], [Product_Id], [Msg_From_User_Id], [Msg_To_User_Id], [Message], [Image], [Is_Read], [Msg_Date], [Msg_Status]) VALUES (20, N'P788348917', N'U831603621', N'Admin', N'It is a long established fact that a reader will be distracted by the readable content of a page when looking at its layout. The point of using Lorem Ipsum', NULL, 0, CAST(N'2018-08-01T12:58:17.807' AS DateTime), N'Sent')
INSERT [dbo].[Product_Chat] ([Msg_id], [Product_Id], [Msg_From_User_Id], [Msg_To_User_Id], [Message], [Image], [Is_Read], [Msg_Date], [Msg_Status]) VALUES (21, N'P788348917', N'U831603621', N'Admin', N'Nice Leo Coffee Table....', NULL, 0, CAST(N'2018-08-01T12:58:30.827' AS DateTime), N'Sent')
INSERT [dbo].[Product_Chat] ([Msg_id], [Product_Id], [Msg_From_User_Id], [Msg_To_User_Id], [Message], [Image], [Is_Read], [Msg_Date], [Msg_Status]) VALUES (22, N'P084071589', N'U831603621', N'Admin', N'Hello', NULL, 0, CAST(N'2018-08-01T15:09:42.160' AS DateTime), N'Sent')
INSERT [dbo].[Product_Chat] ([Msg_id], [Product_Id], [Msg_From_User_Id], [Msg_To_User_Id], [Message], [Image], [Is_Read], [Msg_Date], [Msg_Status]) VALUES (23, N'P084071589', N'U831603621', N'Admin', N'Hi', NULL, 0, CAST(N'2018-08-01T15:10:01.547' AS DateTime), N'Sent')
INSERT [dbo].[Product_Chat] ([Msg_id], [Product_Id], [Msg_From_User_Id], [Msg_To_User_Id], [Message], [Image], [Is_Read], [Msg_Date], [Msg_Status]) VALUES (24, N'P392027511', N'U831603621', N'Admin', N'Test', NULL, 0, CAST(N'2018-08-01T17:16:42.707' AS DateTime), N'Sent')
INSERT [dbo].[Product_Chat] ([Msg_id], [Product_Id], [Msg_From_User_Id], [Msg_To_User_Id], [Message], [Image], [Is_Read], [Msg_Date], [Msg_Status]) VALUES (25, N'P456685118', N'U831603621', N'Admin', N'NEGOTIABLE?
', NULL, 0, CAST(N'2018-08-01T17:47:18.123' AS DateTime), N'Sent')
INSERT [dbo].[Product_Chat] ([Msg_id], [Product_Id], [Msg_From_User_Id], [Msg_To_User_Id], [Message], [Image], [Is_Read], [Msg_Date], [Msg_Status]) VALUES (26, N'P716539332', N'U706998036', N'Admin', N'test', NULL, 1, CAST(N'2018-08-01T19:45:10.800' AS DateTime), N'Sent')
INSERT [dbo].[Product_Chat] ([Msg_id], [Product_Id], [Msg_From_User_Id], [Msg_To_User_Id], [Message], [Image], [Is_Read], [Msg_Date], [Msg_Status]) VALUES (27, N'P611852409', N'U706998036', N'U831603621', N'test', NULL, 1, CAST(N'2018-08-01T19:58:28.760' AS DateTime), N'Sent')
INSERT [dbo].[Product_Chat] ([Msg_id], [Product_Id], [Msg_From_User_Id], [Msg_To_User_Id], [Message], [Image], [Is_Read], [Msg_Date], [Msg_Status]) VALUES (28, N'P716539332', N'Admin', N'U831603621', N'would you like to buy
', NULL, 1, CAST(N'2018-08-01T20:26:26.210' AS DateTime), N'Sent')
INSERT [dbo].[Product_Chat] ([Msg_id], [Product_Id], [Msg_From_User_Id], [Msg_To_User_Id], [Message], [Image], [Is_Read], [Msg_Date], [Msg_Status]) VALUES (29, N'P716539332', N'Admin', N'U831603621', N'it is nice ', NULL, 1, CAST(N'2018-08-03T21:44:50.890' AS DateTime), N'Sent')
INSERT [dbo].[Product_Chat] ([Msg_id], [Product_Id], [Msg_From_User_Id], [Msg_To_User_Id], [Message], [Image], [Is_Read], [Msg_Date], [Msg_Status]) VALUES (30, N'P716539332', N'Admin', N'U831603621', N'test 1', NULL, 1, CAST(N'2018-08-03T21:44:57.697' AS DateTime), N'Sent')
INSERT [dbo].[Product_Chat] ([Msg_id], [Product_Id], [Msg_From_User_Id], [Msg_To_User_Id], [Message], [Image], [Is_Read], [Msg_Date], [Msg_Status]) VALUES (31, N'P716539332', N'U831603621', N'Admin', N'test2', NULL, 1, CAST(N'2018-08-03T22:01:07.907' AS DateTime), N'Sent')
INSERT [dbo].[Product_Chat] ([Msg_id], [Product_Id], [Msg_From_User_Id], [Msg_To_User_Id], [Message], [Image], [Is_Read], [Msg_Date], [Msg_Status]) VALUES (32, N'P716539332', N'Admin', N'U831603621', N'test3
', NULL, 1, CAST(N'2018-08-03T22:01:48.640' AS DateTime), N'Sent')
INSERT [dbo].[Product_Chat] ([Msg_id], [Product_Id], [Msg_From_User_Id], [Msg_To_User_Id], [Message], [Image], [Is_Read], [Msg_Date], [Msg_Status]) VALUES (33, N'P611852409', N'U831603621', N'U706998036', N'so have you decided yet?
', NULL, 1, CAST(N'2018-08-07T15:43:28.790' AS DateTime), N'Sent')
INSERT [dbo].[Product_Chat] ([Msg_id], [Product_Id], [Msg_From_User_Id], [Msg_To_User_Id], [Message], [Image], [Is_Read], [Msg_Date], [Msg_Status]) VALUES (34, N'P481871026', N'Admin', N'U831603621', N'thanks', NULL, 1, CAST(N'2018-08-08T13:15:12.617' AS DateTime), N'Sent')
INSERT [dbo].[Product_Chat] ([Msg_id], [Product_Id], [Msg_From_User_Id], [Msg_To_User_Id], [Message], [Image], [Is_Read], [Msg_Date], [Msg_Status]) VALUES (35, N'P716539332', N'U037283187', N'Admin', N'Hiiiiiiii', NULL, 1, CAST(N'2018-08-09T06:55:30.227' AS DateTime), N'Sent')
INSERT [dbo].[Product_Chat] ([Msg_id], [Product_Id], [Msg_From_User_Id], [Msg_To_User_Id], [Message], [Image], [Is_Read], [Msg_Date], [Msg_Status]) VALUES (36, N'P827710397', N'U836813822', N'U037283187', N'Hiiii', NULL, 1, CAST(N'2018-08-09T09:02:59.987' AS DateTime), N'Sent')
INSERT [dbo].[Product_Chat] ([Msg_id], [Product_Id], [Msg_From_User_Id], [Msg_To_User_Id], [Message], [Image], [Is_Read], [Msg_Date], [Msg_Status]) VALUES (37, N'P827710397', N'U037283187', N'U836813822', N'Yessssss', NULL, 1, CAST(N'2018-08-09T09:04:42.583' AS DateTime), N'Sent')
INSERT [dbo].[Product_Chat] ([Msg_id], [Product_Id], [Msg_From_User_Id], [Msg_To_User_Id], [Message], [Image], [Is_Read], [Msg_Date], [Msg_Status]) VALUES (38, N'P716539332', N'Admin', N'U037283187', N'hello
', NULL, 1, CAST(N'2018-08-09T14:34:22.260' AS DateTime), N'Sent')
SET IDENTITY_INSERT [dbo].[Product_Chat] OFF
INSERT [dbo].[Product_video] ([VideoId], [Product_Id], [Video_Title], [File_Type], [Video], [Video_Entrydate]) VALUES (N'PV418876587', N'P481871026', N'Test Video', N'System', N'08082018035755685_41.mp4', CAST(N'2018-08-08T03:57:55.770' AS DateTime))
INSERT [dbo].[Product_video] ([VideoId], [Product_Id], [Video_Title], [File_Type], [Video], [Video_Entrydate]) VALUES (N'PV712639819', N'P827710397', N'Demo Video', N'Youtube', N'mW6hFttt_KE', CAST(N'2018-08-09T02:01:06.193' AS DateTime))
INSERT [dbo].[Product_video] ([VideoId], [Product_Id], [Video_Title], [File_Type], [Video], [Video_Entrydate]) VALUES (N'PV785582686', N'P481871026', N'Test Youtube post', N'Youtube', N'm0ieF9Nnl20', CAST(N'2018-08-08T03:58:50.697' AS DateTime))
INSERT [dbo].[Product_video] ([VideoId], [Product_Id], [Video_Title], [File_Type], [Video], [Video_Entrydate]) VALUES (N'PV885028155', N'P407006831', N'Test Test  Video', N'System', N'26102018004321970_52.mp4', CAST(N'2018-10-26T00:43:21.937' AS DateTime))
INSERT [dbo].[Product_video] ([VideoId], [Product_Id], [Video_Title], [File_Type], [Video], [Video_Entrydate]) VALUES (N'PV982054118', N'P439065606', N'Sofa Test Video', N'System', N'14082018025249878_50.mp4', CAST(N'2018-08-14T02:52:50.090' AS DateTime))
SET IDENTITY_INSERT [dbo].[Product_WishList] ON 

INSERT [dbo].[Product_WishList] ([WID], [UserId], [Product_Id]) VALUES (4, N'U831603621', N'P392027511')
INSERT [dbo].[Product_WishList] ([WID], [UserId], [Product_Id]) VALUES (7, N'U706998036', N'P611852409')
INSERT [dbo].[Product_WishList] ([WID], [UserId], [Product_Id]) VALUES (9, N'U831603621', N'P084071589')
INSERT [dbo].[Product_WishList] ([WID], [UserId], [Product_Id]) VALUES (11, N'U831603621', N'P606040449')
INSERT [dbo].[Product_WishList] ([WID], [UserId], [Product_Id]) VALUES (12, N'U831603621', N'P083382850')
INSERT [dbo].[Product_WishList] ([WID], [UserId], [Product_Id]) VALUES (13, N'U831603621', N'P788348917')
INSERT [dbo].[Product_WishList] ([WID], [UserId], [Product_Id]) VALUES (14, N'U831603621', N'P576594046')
INSERT [dbo].[Product_WishList] ([WID], [UserId], [Product_Id]) VALUES (15, N'U831603621', N'P456685118')
INSERT [dbo].[Product_WishList] ([WID], [UserId], [Product_Id]) VALUES (16, N'U831603621', N'P481871026')
INSERT [dbo].[Product_WishList] ([WID], [UserId], [Product_Id]) VALUES (17, N'U831603621', N'P716539332')
INSERT [dbo].[Product_WishList] ([WID], [UserId], [Product_Id]) VALUES (21, N'U836813822', N'P788348917')
INSERT [dbo].[Product_WishList] ([WID], [UserId], [Product_Id]) VALUES (22, N'U836813822', N'P481871026')
INSERT [dbo].[Product_WishList] ([WID], [UserId], [Product_Id]) VALUES (25, N'U831603621', N'P611852409')
INSERT [dbo].[Product_WishList] ([WID], [UserId], [Product_Id]) VALUES (26, N'U831603621', N'P540622945')
INSERT [dbo].[Product_WishList] ([WID], [UserId], [Product_Id]) VALUES (27, N'U831603621', N'P407006831')
SET IDENTITY_INSERT [dbo].[Product_WishList] OFF
INSERT [dbo].[ProductCategory] ([Category_Id], [Category_Name], [Category_Image], [Category_EntryDate], [Category_ModifyDate], [Category_EntryById], [Category_ModifyById], [Category_Status]) VALUES (N'PC004340898', N'MADE IN VIETNAM', N'25092018151000652_66.jpg', CAST(N'2018-09-25T22:10:00.640' AS DateTime), NULL, N'1', NULL, 1)
INSERT [dbo].[ProductCategory] ([Category_Id], [Category_Name], [Category_Image], [Category_EntryDate], [Category_ModifyDate], [Category_EntryById], [Category_ModifyById], [Category_Status]) VALUES (N'PC007144633', N'Fashion', N'25092018145041641_58.jpeg', CAST(N'2018-06-30T10:52:20.013' AS DateTime), CAST(N'2018-09-25T21:50:41.657' AS DateTime), N'1', N'1', 1)
INSERT [dbo].[ProductCategory] ([Category_Id], [Category_Name], [Category_Image], [Category_EntryDate], [Category_ModifyDate], [Category_EntryById], [Category_ModifyById], [Category_Status]) VALUES (N'PC095749973', N'Electronics & Appliances', N'25092018145255756_63.jpeg', CAST(N'2018-06-27T12:04:26.933' AS DateTime), CAST(N'2018-09-25T21:52:55.760' AS DateTime), N'1', N'1', 1)
INSERT [dbo].[ProductCategory] ([Category_Id], [Category_Name], [Category_Image], [Category_EntryDate], [Category_ModifyDate], [Category_EntryById], [Category_ModifyById], [Category_Status]) VALUES (N'PC238120369', N'FREE WITH POINTS', N'03102018001850752_68.png', CAST(N'2018-10-03T07:18:50.787' AS DateTime), NULL, N'1', NULL, 1)
INSERT [dbo].[ProductCategory] ([Category_Id], [Category_Name], [Category_Image], [Category_EntryDate], [Category_ModifyDate], [Category_EntryById], [Category_ModifyById], [Category_Status]) VALUES (N'PC268305588', N' Properties', N'25092018145246349_62.jpeg', CAST(N'2018-06-30T10:47:01.157' AS DateTime), CAST(N'2018-09-25T21:52:46.353' AS DateTime), N'1', N'1', 1)
INSERT [dbo].[ProductCategory] ([Category_Id], [Category_Name], [Category_Image], [Category_EntryDate], [Category_ModifyDate], [Category_EntryById], [Category_ModifyById], [Category_Status]) VALUES (N'PC273824316', N'Computer Accessories', N'25092018145025718_56.jpeg', CAST(N'2018-06-30T10:56:27.110' AS DateTime), CAST(N'2018-09-25T21:50:25.733' AS DateTime), N'1', N'1', 1)
INSERT [dbo].[ProductCategory] ([Category_Id], [Category_Name], [Category_Image], [Category_EntryDate], [Category_ModifyDate], [Category_EntryById], [Category_ModifyById], [Category_Status]) VALUES (N'PC481084764', N'Cars', N'25092018145138237_61.jpg', CAST(N'2018-06-30T10:47:59.023' AS DateTime), CAST(N'2018-09-25T21:51:38.237' AS DateTime), N'1', N'1', 1)
INSERT [dbo].[ProductCategory] ([Category_Id], [Category_Name], [Category_Image], [Category_EntryDate], [Category_ModifyDate], [Category_EntryById], [Category_ModifyById], [Category_Status]) VALUES (N'PC524915083', N'Furniture', N'25092018145303413_64.jpeg', CAST(N'2018-06-27T12:02:44.303' AS DateTime), CAST(N'2018-09-25T21:53:03.463' AS DateTime), N'1', N'1', 1)
INSERT [dbo].[ProductCategory] ([Category_Id], [Category_Name], [Category_Image], [Category_EntryDate], [Category_ModifyDate], [Category_EntryById], [Category_ModifyById], [Category_Status]) VALUES (N'PC537702421', N'Services', N'25092018145034313_57.jpeg', CAST(N'2018-06-30T10:54:06.590' AS DateTime), CAST(N'2018-09-25T21:50:34.313' AS DateTime), N'1', N'1', 1)
INSERT [dbo].[ProductCategory] ([Category_Id], [Category_Name], [Category_Image], [Category_EntryDate], [Category_ModifyDate], [Category_EntryById], [Category_ModifyById], [Category_Status]) VALUES (N'PC625219746', N'Books', N'25092018145049298_59.jpeg', CAST(N'2018-06-30T10:50:47.203' AS DateTime), CAST(N'2018-09-25T21:50:49.313' AS DateTime), N'1', N'1', 1)
INSERT [dbo].[ProductCategory] ([Category_Id], [Category_Name], [Category_Image], [Category_EntryDate], [Category_ModifyDate], [Category_EntryById], [Category_ModifyById], [Category_Status]) VALUES (N'PC687954530', N'Bikes', N'25092018145058392_60.jpeg', CAST(N'2018-06-30T10:49:19.670' AS DateTime), CAST(N'2018-09-25T21:50:58.400' AS DateTime), N'1', N'1', 1)
INSERT [dbo].[ProductCategory] ([Category_Id], [Category_Name], [Category_Image], [Category_EntryDate], [Category_ModifyDate], [Category_EntryById], [Category_ModifyById], [Category_Status]) VALUES (N'PC937572420', N'Mobiles', N'25092018145314710_65.jpeg', CAST(N'2018-06-27T12:00:24.003' AS DateTime), CAST(N'2018-09-25T21:53:14.717' AS DateTime), N'1', N'1', 1)
INSERT [dbo].[ProductComments] ([Commentid], [UserId], [Product_Id], [Comments], [EntryDate], [Image]) VALUES (N'C053896718', N'U831603621', N'P412941868', N'<img alt="😎" class="emojioneemoji" src="https://cdnjs.cloudflare.com/ajax/libs/emojione/2.2.7/assets/png/1f60e.png"/><img alt="🙂" class="emojioneemoji" src="https://cdnjs.cloudflare.com/ajax/libs/emojione/2.2.7/assets/png/1f642.png"/><img alt="🙂" class="emojioneemoji" src="https://cdnjs.cloudflare.com/ajax/libs/emojione/2.2.7/assets/png/1f642.png"/><img alt="😎" class="emojioneemoji" src="https://cdnjs.cloudflare.com/ajax/libs/emojione/2.2.7/assets/png/1f60e.png"/>', CAST(N'2018-07-10T23:56:00.553' AS DateTime), N'')
INSERT [dbo].[ProductComments] ([Commentid], [UserId], [Product_Id], [Comments], [EntryDate], [Image]) VALUES (N'C060354251', N'U831603621', N'P392027511', N'Good..', CAST(N'2018-07-10T23:52:48.490' AS DateTime), N'')
INSERT [dbo].[ProductComments] ([Commentid], [UserId], [Product_Id], [Comments], [EntryDate], [Image]) VALUES (N'C067546711', N'U831603621', N'P788348917', NULL, CAST(N'2018-07-10T23:53:58.613' AS DateTime), N'10072018235358598_34.jpg')
INSERT [dbo].[ProductComments] ([Commentid], [UserId], [Product_Id], [Comments], [EntryDate], [Image]) VALUES (N'C069082952', N'U831603621', N'P412941868', NULL, CAST(N'2018-07-10T23:55:45.243' AS DateTime), N'10072018235545224_40.jpg')
INSERT [dbo].[ProductComments] ([Commentid], [UserId], [Product_Id], [Comments], [EntryDate], [Image]) VALUES (N'C085706431', N'U831603621', N'P084071589', NULL, CAST(N'2018-07-10T23:51:04.083' AS DateTime), N'10072018235104050_28.jpg')
INSERT [dbo].[ProductComments] ([Commentid], [UserId], [Product_Id], [Comments], [EntryDate], [Image]) VALUES (N'C198246574', N'U831603621', N'P456685118', N'Good...', CAST(N'2018-07-10T23:50:06.127' AS DateTime), N'')
INSERT [dbo].[ProductComments] ([Commentid], [UserId], [Product_Id], [Comments], [EntryDate], [Image]) VALUES (N'C211325100', N'U831603621', N'P412941868', NULL, CAST(N'2018-07-10T23:56:13.653' AS DateTime), N'10072018235613600_41.jpg')
INSERT [dbo].[ProductComments] ([Commentid], [UserId], [Product_Id], [Comments], [EntryDate], [Image]) VALUES (N'C280150086', N'U831603621', N'P481871026', NULL, CAST(N'2018-07-10T23:54:43.560' AS DateTime), N'10072018235443536_37.jpg')
INSERT [dbo].[ProductComments] ([Commentid], [UserId], [Product_Id], [Comments], [EntryDate], [Image]) VALUES (N'C290887764', N'U831603621', N'P412941868', N'Nice...', CAST(N'2018-07-10T23:56:07.810' AS DateTime), N'')
INSERT [dbo].[ProductComments] ([Commentid], [UserId], [Product_Id], [Comments], [EntryDate], [Image]) VALUES (N'C307299299', N'U831603621', N'P611852409', N'Nice Product...', CAST(N'2018-07-10T23:55:27.877' AS DateTime), N'')
INSERT [dbo].[ProductComments] ([Commentid], [UserId], [Product_Id], [Comments], [EntryDate], [Image]) VALUES (N'C320553134', N'U831603621', N'P634756992', NULL, CAST(N'2018-07-10T23:53:16.363' AS DateTime), N'10072018235316332_32.jpg')
INSERT [dbo].[ProductComments] ([Commentid], [UserId], [Product_Id], [Comments], [EntryDate], [Image]) VALUES (N'C435190871', N'U831603621', N'P634756992', NULL, CAST(N'2018-07-10T23:53:10.127' AS DateTime), N'10072018235310113_31.jpg')
INSERT [dbo].[ProductComments] ([Commentid], [UserId], [Product_Id], [Comments], [EntryDate], [Image]) VALUES (N'C449943347', N'U831603621', N'P481871026', N'Nice..', CAST(N'2018-07-10T23:54:29.903' AS DateTime), N'')
INSERT [dbo].[ProductComments] ([Commentid], [UserId], [Product_Id], [Comments], [EntryDate], [Image]) VALUES (N'C472045684', N'U831603621', N'P788348917', NULL, CAST(N'2018-07-10T23:53:53.457' AS DateTime), N'10072018235353442_33.jpg')
INSERT [dbo].[ProductComments] ([Commentid], [UserId], [Product_Id], [Comments], [EntryDate], [Image]) VALUES (N'C531305832', N'U831603621', N'P456685118', NULL, CAST(N'2018-07-10T23:50:31.490' AS DateTime), N'10072018235031456_25.jpg')
INSERT [dbo].[ProductComments] ([Commentid], [UserId], [Product_Id], [Comments], [EntryDate], [Image]) VALUES (N'C532453161', N'U831603621', N'P083382850', N'Nice', CAST(N'2018-07-10T23:48:57.910' AS DateTime), N'')
INSERT [dbo].[ProductComments] ([Commentid], [UserId], [Product_Id], [Comments], [EntryDate], [Image]) VALUES (N'C538427270', N'U831603621', N'P084071589', NULL, CAST(N'2018-07-10T23:50:57.693' AS DateTime), N'10072018235057675_27.jpg')
INSERT [dbo].[ProductComments] ([Commentid], [UserId], [Product_Id], [Comments], [EntryDate], [Image]) VALUES (N'C567395548', N'U831603621', N'P392027511', NULL, CAST(N'2018-07-10T23:52:25.583' AS DateTime), N'10072018235225566_29.jpg')
INSERT [dbo].[ProductComments] ([Commentid], [UserId], [Product_Id], [Comments], [EntryDate], [Image]) VALUES (N'C619509695', N'U831603621', N'P084071589', N'<img alt="🙂" class="emojioneemoji" src="https://cdnjs.cloudflare.com/ajax/libs/emojione/2.2.7/assets/png/1f642.png"/><img alt="😎" class="emojioneemoji" src="https://cdnjs.cloudflare.com/ajax/libs/emojione/2.2.7/assets/png/1f60e.png"/> Nice...', CAST(N'2018-07-10T23:51:15.630' AS DateTime), N'')
INSERT [dbo].[ProductComments] ([Commentid], [UserId], [Product_Id], [Comments], [EntryDate], [Image]) VALUES (N'C663075133', N'U831603621', N'P634756992', NULL, CAST(N'2018-07-10T23:53:05.503' AS DateTime), N'10072018235305441_30.jpg')
INSERT [dbo].[ProductComments] ([Commentid], [UserId], [Product_Id], [Comments], [EntryDate], [Image]) VALUES (N'C698049053', N'U831603621', N'P788348917', NULL, CAST(N'2018-07-10T23:54:04.190' AS DateTime), N'10072018235404161_35.jpg')
INSERT [dbo].[ProductComments] ([Commentid], [UserId], [Product_Id], [Comments], [EntryDate], [Image]) VALUES (N'C715329662', N'U831603621', N'P481871026', N'<img alt="🙂" class="emojioneemoji" src="https://cdnjs.cloudflare.com/ajax/libs/emojione/2.2.7/assets/png/1f642.png"/><img alt="😎" class="emojioneemoji" src="https://cdnjs.cloudflare.com/ajax/libs/emojione/2.2.7/assets/png/1f60e.png"/><img alt="😎" class="emojioneemoji" src="https://cdnjs.cloudflare.com/ajax/libs/emojione/2.2.7/assets/png/1f60e.png"/>', CAST(N'2018-07-10T23:54:36.510' AS DateTime), N'')
INSERT [dbo].[ProductComments] ([Commentid], [UserId], [Product_Id], [Comments], [EntryDate], [Image]) VALUES (N'C741214372', N'U831603621', N'P392027511', N'Nice Product...', CAST(N'2018-07-10T23:52:18.210' AS DateTime), N'')
INSERT [dbo].[ProductComments] ([Commentid], [UserId], [Product_Id], [Comments], [EntryDate], [Image]) VALUES (N'C756812367', N'U831603621', N'P392027511', N'<img alt="🙂" class="emojioneemoji" src="https://cdnjs.cloudflare.com/ajax/libs/emojione/2.2.7/assets/png/1f642.png"/><img alt="😎" class="emojioneemoji" src="https://cdnjs.cloudflare.com/ajax/libs/emojione/2.2.7/assets/png/1f60e.png"/>', CAST(N'2018-07-10T23:52:34.490' AS DateTime), N'')
INSERT [dbo].[ProductComments] ([Commentid], [UserId], [Product_Id], [Comments], [EntryDate], [Image]) VALUES (N'C794276842', N'U831603621', N'P083382850', NULL, CAST(N'2018-07-10T23:49:36.323' AS DateTime), N'10072018234936300_24.jpg')
INSERT [dbo].[ProductComments] ([Commentid], [UserId], [Product_Id], [Comments], [EntryDate], [Image]) VALUES (N'C795345364', N'U831603621', N'P634756992', N'<img alt="🙂" class="emojioneemoji" src="https://cdnjs.cloudflare.com/ajax/libs/emojione/2.2.7/assets/png/1f642.png"/><img alt="😎" class="emojioneemoji" src="https://cdnjs.cloudflare.com/ajax/libs/emojione/2.2.7/assets/png/1f60e.png"/>', CAST(N'2018-07-10T23:53:22.143' AS DateTime), N'')
INSERT [dbo].[ProductComments] ([Commentid], [UserId], [Product_Id], [Comments], [EntryDate], [Image]) VALUES (N'C803184052', N'U831603621', N'P456685118', NULL, CAST(N'2018-07-10T23:50:41.817' AS DateTime), N'10072018235041784_26.jpg')
INSERT [dbo].[ProductComments] ([Commentid], [UserId], [Product_Id], [Comments], [EntryDate], [Image]) VALUES (N'C806890768', N'U831603621', N'P481871026', NULL, CAST(N'2018-07-10T23:54:24.293' AS DateTime), N'10072018235424271_36.jpg')
INSERT [dbo].[ProductComments] ([Commentid], [UserId], [Product_Id], [Comments], [EntryDate], [Image]) VALUES (N'C858759238', N'U831603621', N'P611852409', NULL, CAST(N'2018-07-10T23:54:53.980' AS DateTime), N'10072018235453943_38.jpg')
INSERT [dbo].[ProductComments] ([Commentid], [UserId], [Product_Id], [Comments], [EntryDate], [Image]) VALUES (N'C918595450', N'U831603621', N'P611852409', NULL, CAST(N'2018-07-10T23:55:12.890' AS DateTime), N'10072018235512880_39.jpg')
INSERT [dbo].[ProductComments] ([Commentid], [UserId], [Product_Id], [Comments], [EntryDate], [Image]) VALUES (N'C961838036', N'U286157411', N'P611852409', N'<img alt="😍" class="emojioneemoji" src="https://cdnjs.cloudflare.com/ajax/libs/emojione/2.2.7/assets/png/1f60d.png"/>', CAST(N'2018-08-24T10:40:55.117' AS DateTime), N'')
INSERT [dbo].[ProductComments] ([Commentid], [UserId], [Product_Id], [Comments], [EntryDate], [Image]) VALUES (N'C966656240', N'U831603621', N'P083382850', N'Good...', CAST(N'2018-07-10T23:49:28.540' AS DateTime), N'')
INSERT [dbo].[ProductComments] ([Commentid], [UserId], [Product_Id], [Comments], [EntryDate], [Image]) VALUES (N'C970442464', N'U831603621', N'P083382850', N'<img alt="🙂" class="emojioneemoji" src="https://cdnjs.cloudflare.com/ajax/libs/emojione/2.2.7/assets/png/1f642.png"/><img alt="😎" class="emojioneemoji" src="https://cdnjs.cloudflare.com/ajax/libs/emojione/2.2.7/assets/png/1f60e.png"/>', CAST(N'2018-07-10T23:49:16.277' AS DateTime), N'')
INSERT [dbo].[ProductComments] ([Commentid], [UserId], [Product_Id], [Comments], [EntryDate], [Image]) VALUES (N'C978528886', N'U831603621', N'P611852409', N'<img alt="🙂" class="emojioneemoji" src="https://cdnjs.cloudflare.com/ajax/libs/emojione/2.2.7/assets/png/1f642.png"/><img alt="🙂" class="emojioneemoji" src="https://cdnjs.cloudflare.com/ajax/libs/emojione/2.2.7/assets/png/1f642.png"/><img alt="😎" class="emojioneemoji" src="https://cdnjs.cloudflare.com/ajax/libs/emojione/2.2.7/assets/png/1f60e.png"/>', CAST(N'2018-07-10T23:55:20.813' AS DateTime), N'')
SET IDENTITY_INSERT [dbo].[ProductMultipleImage] ON 

INSERT [dbo].[ProductMultipleImage] ([PIM_Id], [Product_Id], [Product_Image]) VALUES (9, N'P412941868', N'28062018033110751_9.jpg')
INSERT [dbo].[ProductMultipleImage] ([PIM_Id], [Product_Id], [Product_Image]) VALUES (10, N'P412941868', N'28062018033110767_10.jpg')
INSERT [dbo].[ProductMultipleImage] ([PIM_Id], [Product_Id], [Product_Image]) VALUES (11, N'P412941868', N'28062018033110767_11.jpg')
INSERT [dbo].[ProductMultipleImage] ([PIM_Id], [Product_Id], [Product_Image]) VALUES (12, N'P481871026', N'28062018034305441_12.jpg')
INSERT [dbo].[ProductMultipleImage] ([PIM_Id], [Product_Id], [Product_Image]) VALUES (13, N'P481871026', N'28062018034305441_13.jpg')
INSERT [dbo].[ProductMultipleImage] ([PIM_Id], [Product_Id], [Product_Image]) VALUES (14, N'P481871026', N'28062018034305456_14.jpg')
INSERT [dbo].[ProductMultipleImage] ([PIM_Id], [Product_Id], [Product_Image]) VALUES (15, N'P611852409', N'02072018063718594_34.jpg')
INSERT [dbo].[ProductMultipleImage] ([PIM_Id], [Product_Id], [Product_Image]) VALUES (17, N'P611852409', N'02072018063718610_36.jpg')
INSERT [dbo].[ProductMultipleImage] ([PIM_Id], [Product_Id], [Product_Image]) VALUES (18, N'P083382850', N'02072018094608641_37.jpg')
INSERT [dbo].[ProductMultipleImage] ([PIM_Id], [Product_Id], [Product_Image]) VALUES (19, N'P083382850', N'02072018094608656_38.jpg')
INSERT [dbo].[ProductMultipleImage] ([PIM_Id], [Product_Id], [Product_Image]) VALUES (20, N'P439065606', N'14082018025208504_48.jpg')
INSERT [dbo].[ProductMultipleImage] ([PIM_Id], [Product_Id], [Product_Image]) VALUES (21, N'P439065606', N'14082018025208520_49.jpg')
SET IDENTITY_INSERT [dbo].[ProductMultipleImage] OFF
INSERT [dbo].[ProductSubCategory] ([Sub_Category_Id], [Category_Id], [Sub_Category_Name], [Sub_Category_image], [Sub_Category_EntryDate], [Sub_Category_ModifyDate], [Sub_Category_EntryById], [Sub_Category_ModifyById], [Sub_Categry_Status]) VALUES (N'SC030899049', N'PC524915083', N'Home Decor & Gardens', N'30062018041611613_22.jpg', CAST(N'2018-06-30T11:16:11.593' AS DateTime), NULL, N'1', NULL, 1)
INSERT [dbo].[ProductSubCategory] ([Sub_Category_Id], [Category_Id], [Sub_Category_Name], [Sub_Category_image], [Sub_Category_EntryDate], [Sub_Category_ModifyDate], [Sub_Category_EntryById], [Sub_Category_ModifyById], [Sub_Categry_Status]) VALUES (N'SC041942786', N'PC625219746', N'HARD COVER', N'25072018151119508_26.jpg', CAST(N'2018-07-25T22:11:19.630' AS DateTime), NULL, N'1', NULL, 1)
INSERT [dbo].[ProductSubCategory] ([Sub_Category_Id], [Category_Id], [Sub_Category_Name], [Sub_Category_image], [Sub_Category_EntryDate], [Sub_Category_ModifyDate], [Sub_Category_EntryById], [Sub_Category_ModifyById], [Sub_Categry_Status]) VALUES (N'SC333474276', N'PC007144633', N'DRESS', N'09082018135224544_53.jpg', CAST(N'2018-08-09T20:52:24.780' AS DateTime), NULL, N'1', NULL, 1)
INSERT [dbo].[ProductSubCategory] ([Sub_Category_Id], [Category_Id], [Sub_Category_Name], [Sub_Category_image], [Sub_Category_EntryDate], [Sub_Category_ModifyDate], [Sub_Category_EntryById], [Sub_Category_ModifyById], [Sub_Categry_Status]) VALUES (N'SC382178850', N'PC524915083', N'Beds', N'30062018040825874_19.jpg', CAST(N'2018-06-30T11:08:25.870' AS DateTime), NULL, N'1', NULL, 1)
INSERT [dbo].[ProductSubCategory] ([Sub_Category_Id], [Category_Id], [Sub_Category_Name], [Sub_Category_image], [Sub_Category_EntryDate], [Sub_Category_ModifyDate], [Sub_Category_EntryById], [Sub_Category_ModifyById], [Sub_Categry_Status]) VALUES (N'SC453406742', N'PC004340898', N'SHOE', N'25092018151250638_67.jpg', CAST(N'2018-09-25T22:12:50.633' AS DateTime), NULL, N'1', NULL, 1)
INSERT [dbo].[ProductSubCategory] ([Sub_Category_Id], [Category_Id], [Sub_Category_Name], [Sub_Category_image], [Sub_Category_EntryDate], [Sub_Category_ModifyDate], [Sub_Category_EntryById], [Sub_Category_ModifyById], [Sub_Categry_Status]) VALUES (N'SC519197358', N'PC524915083', N'Sofa Set', N'30062018052638114_23.jpg', CAST(N'2018-06-27T13:32:59.230' AS DateTime), CAST(N'2018-06-30T12:26:38.103' AS DateTime), N'1', N'1', 1)
INSERT [dbo].[ProductSubCategory] ([Sub_Category_Id], [Category_Id], [Sub_Category_Name], [Sub_Category_image], [Sub_Category_EntryDate], [Sub_Category_ModifyDate], [Sub_Category_EntryById], [Sub_Category_ModifyById], [Sub_Categry_Status]) VALUES (N'SC587360993', N'PC687954530', N'BIKE', N'09082018140741900_55.png', CAST(N'2018-08-09T21:07:42.160' AS DateTime), NULL, N'1', NULL, 1)
INSERT [dbo].[ProductSubCategory] ([Sub_Category_Id], [Category_Id], [Sub_Category_Name], [Sub_Category_image], [Sub_Category_EntryDate], [Sub_Category_ModifyDate], [Sub_Category_EntryById], [Sub_Category_ModifyById], [Sub_Categry_Status]) VALUES (N'SC611585065', N'PC524915083', N'Home Decors', N'30062018041335673_21.jpg', CAST(N'2018-06-30T11:13:35.663' AS DateTime), NULL, N'1', NULL, 1)
INSERT [dbo].[ProductSubCategory] ([Sub_Category_Id], [Category_Id], [Sub_Category_Name], [Sub_Category_image], [Sub_Category_EntryDate], [Sub_Category_ModifyDate], [Sub_Category_EntryById], [Sub_Category_ModifyById], [Sub_Categry_Status]) VALUES (N'SC618179715', N'PC524915083', N'Other Household Items', N'30062018052851608_24.jpg', CAST(N'2018-06-27T13:01:12.057' AS DateTime), CAST(N'2018-06-30T12:28:51.607' AS DateTime), N'1', N'1', 1)
INSERT [dbo].[ProductSubCategory] ([Sub_Category_Id], [Category_Id], [Sub_Category_Name], [Sub_Category_image], [Sub_Category_EntryDate], [Sub_Category_ModifyDate], [Sub_Category_EntryById], [Sub_Category_ModifyById], [Sub_Categry_Status]) VALUES (N'SC682186878', N'PC524915083', N'Wordrobes', N'30062018041215110_20.jpg', CAST(N'2018-06-30T11:12:15.100' AS DateTime), NULL, N'1', NULL, 1)
INSERT [dbo].[ProductSubCategory] ([Sub_Category_Id], [Category_Id], [Sub_Category_Name], [Sub_Category_image], [Sub_Category_EntryDate], [Sub_Category_ModifyDate], [Sub_Category_EntryById], [Sub_Category_ModifyById], [Sub_Categry_Status]) VALUES (N'SC727249132', N'PC937572420', N'Apple', N'30062018053110084_25.jpg', CAST(N'2018-06-27T12:52:48.930' AS DateTime), CAST(N'2018-06-30T12:31:10.077' AS DateTime), N'1', N'1', 1)
INSERT [dbo].[ProductSubCategory] ([Sub_Category_Id], [Category_Id], [Sub_Category_Name], [Sub_Category_image], [Sub_Category_EntryDate], [Sub_Category_ModifyDate], [Sub_Category_EntryById], [Sub_Category_ModifyById], [Sub_Categry_Status]) VALUES (N'SC777775836', N'PC524915083', N'Sofa', N'30062018040359092_17.jpeg', CAST(N'2018-06-30T11:03:59.090' AS DateTime), NULL, N'1', NULL, 1)
INSERT [dbo].[ProductSubCategory] ([Sub_Category_Id], [Category_Id], [Sub_Category_Name], [Sub_Category_image], [Sub_Category_EntryDate], [Sub_Category_ModifyDate], [Sub_Category_EntryById], [Sub_Category_ModifyById], [Sub_Categry_Status]) VALUES (N'SC815273626', N'PC524915083', N'Dining', N'30062018040458858_18.jpg', CAST(N'2018-06-30T11:04:58.850' AS DateTime), NULL, N'1', NULL, 1)
INSERT [dbo].[ProductSubCategory] ([Sub_Category_Id], [Category_Id], [Sub_Category_Name], [Sub_Category_image], [Sub_Category_EntryDate], [Sub_Category_ModifyDate], [Sub_Category_EntryById], [Sub_Category_ModifyById], [Sub_Categry_Status]) VALUES (N'SC853616632', N'PC238120369', N'SHIRT', N'03102018001948752_69.png', CAST(N'2018-10-03T07:19:48.790' AS DateTime), NULL, N'1', NULL, 1)
INSERT [dbo].[ProductSubCategory] ([Sub_Category_Id], [Category_Id], [Sub_Category_Name], [Sub_Category_image], [Sub_Category_EntryDate], [Sub_Category_ModifyDate], [Sub_Category_EntryById], [Sub_Category_ModifyById], [Sub_Categry_Status]) VALUES (N'SC861716830', N'PC095749973', N'Computer', N'09082018135956964_54.png', CAST(N'2018-08-09T20:59:57.193' AS DateTime), NULL, N'1', NULL, 1)
SET IDENTITY_INSERT [dbo].[Profile_Info] ON 

INSERT [dbo].[Profile_Info] ([ProfileSrl], [Profile_Id], [LoginId], [ContactNo], [Address], [City], [State], [Country], [Zip], [Photo], [Gender], [Entry_Date], [Last_Modified_Date], [CreatedBy], [DOB], [AboutMe], [CCode], [Latitude], [Longitude], [ScreenName]) VALUES (1, N'U831603621', NULL, N'8888888888', N'500 Independent Rd, Oakland, CA 94621, USA', N'500 Independent Rd, Oakland, CA 94621, USA', N'Alameda County', N'United States', N'94621', N'06102018033846069_24.jpg', N'Male', NULL, CAST(N'2018-11-02' AS Date), NULL, NULL, N'THE BEST AGENT OF AREA', NULL, 37.7553851, -122.2080373, N'JOHNREALESTATE')
INSERT [dbo].[Profile_Info] ([ProfileSrl], [Profile_Id], [LoginId], [ContactNo], [Address], [City], [State], [Country], [Zip], [Photo], [Gender], [Entry_Date], [Last_Modified_Date], [CreatedBy], [DOB], [AboutMe], [CCode], [Latitude], [Longitude], [ScreenName]) VALUES (5, N'U097531010', NULL, NULL, NULL, NULL, NULL, NULL, NULL, NULL, NULL, NULL, NULL, NULL, NULL, NULL, NULL, NULL, NULL, NULL)
INSERT [dbo].[Profile_Info] ([ProfileSrl], [Profile_Id], [LoginId], [ContactNo], [Address], [City], [State], [Country], [Zip], [Photo], [Gender], [Entry_Date], [Last_Modified_Date], [CreatedBy], [DOB], [AboutMe], [CCode], [Latitude], [Longitude], [ScreenName]) VALUES (15, N'U100955369', NULL, N'888-888-8888', N'1 Airport Drive, Oakland, CA, United States', N'Oakland', N'CA', N'United States', N'94621', N'17082017124053197_11.jpg', N'MALE', NULL, CAST(N'2017-08-17' AS Date), NULL, NULL, N'WILLIAM PROFILE', NULL, 37.7172178, -122.2112161, N'SUPER AGENT')
INSERT [dbo].[Profile_Info] ([ProfileSrl], [Profile_Id], [LoginId], [ContactNo], [Address], [City], [State], [Country], [Zip], [Photo], [Gender], [Entry_Date], [Last_Modified_Date], [CreatedBy], [DOB], [AboutMe], [CCode], [Latitude], [Longitude], [ScreenName]) VALUES (22, N'U773408446', NULL, N'9258889189', N'Alameda, CA, United States', N'Alameda', N'CA', N'United States', NULL, N'23102017224045643_13.jpg', N'MALE', NULL, CAST(N'2017-10-23' AS Date), NULL, NULL, N'<p>HELP CLIENTS FIND THEIR DREAM HOME FROM JUST THINKING ABOUT IT TO CLOSING.</p><p>Ask us any question that you might have about real estate and our Team will be ready to assist you.</p><p>Our goal is to serve our clients needs.</p>', NULL, 37.7652065, -122.24163550000004, N'KEEPITREALESTATE')
INSERT [dbo].[Profile_Info] ([ProfileSrl], [Profile_Id], [LoginId], [ContactNo], [Address], [City], [State], [Country], [Zip], [Photo], [Gender], [Entry_Date], [Last_Modified_Date], [CreatedBy], [DOB], [AboutMe], [CCode], [Latitude], [Longitude], [ScreenName]) VALUES (24, N'U616316358', NULL, N'51012345678', N'1 Union Square, Union City, CA, USA', N'Union City', N'CA', N'United States', N'94587', N'20062018074452716_19.jpg', N'FEMALE', NULL, CAST(N'2018-06-20' AS Date), NULL, NULL, NULL, NULL, 37.588365999999994, -122.019566, N'CUSTOMERSUPPORT')
INSERT [dbo].[Profile_Info] ([ProfileSrl], [Profile_Id], [LoginId], [ContactNo], [Address], [City], [State], [Country], [Zip], [Photo], [Gender], [Entry_Date], [Last_Modified_Date], [CreatedBy], [DOB], [AboutMe], [CCode], [Latitude], [Longitude], [ScreenName]) VALUES (25, N'U775321957', NULL, NULL, NULL, NULL, NULL, NULL, NULL, NULL, NULL, NULL, NULL, NULL, NULL, NULL, NULL, NULL, NULL, NULL)
INSERT [dbo].[Profile_Info] ([ProfileSrl], [Profile_Id], [LoginId], [ContactNo], [Address], [City], [State], [Country], [Zip], [Photo], [Gender], [Entry_Date], [Last_Modified_Date], [CreatedBy], [DOB], [AboutMe], [CCode], [Latitude], [Longitude], [ScreenName]) VALUES (26, N'U286157411', NULL, N'9876543210', N'Madagascar, Yaounde, Centre, Cameroon', N'Yaounde', N'Centre', N'Cameroon', N'987654', N'09122017050411107_15.jpg', N'MALE', NULL, CAST(N'2017-12-09' AS Date), NULL, NULL, N'<p>Demo text</p>', NULL, NULL, NULL, N'Robert')
INSERT [dbo].[Profile_Info] ([ProfileSrl], [Profile_Id], [LoginId], [ContactNo], [Address], [City], [State], [Country], [Zip], [Photo], [Gender], [Entry_Date], [Last_Modified_Date], [CreatedBy], [DOB], [AboutMe], [CCode], [Latitude], [Longitude], [ScreenName]) VALUES (27, N'U693742650', NULL, N'510-123-4567', N'1 Union Square, Union City, CA, United States', N'Union City', N'CA', N'United States', N'94587', N'09122017071633161_16.png', N'OTHER', NULL, CAST(N'2017-12-10' AS Date), NULL, NULL, N'<p>Support</p>', NULL, 37.588365999999994, -122.019566, N'Admin Support')
INSERT [dbo].[Profile_Info] ([ProfileSrl], [Profile_Id], [LoginId], [ContactNo], [Address], [City], [State], [Country], [Zip], [Photo], [Gender], [Entry_Date], [Last_Modified_Date], [CreatedBy], [DOB], [AboutMe], [CCode], [Latitude], [Longitude], [ScreenName]) VALUES (28, N'U846618448', NULL, N'1234567890', N'123 B Street, Hayward, CA, United States', N'Hayward', N'CA', N'United States', N'94541', N'24012018234350936_17.png', N'MALE', NULL, CAST(N'2018-01-24' AS Date), NULL, NULL, N'<p>william</p>', NULL, 37.666736, -122.09830799999998, N'william')
INSERT [dbo].[Profile_Info] ([ProfileSrl], [Profile_Id], [LoginId], [ContactNo], [Address], [City], [State], [Country], [Zip], [Photo], [Gender], [Entry_Date], [Last_Modified_Date], [CreatedBy], [DOB], [AboutMe], [CCode], [Latitude], [Longitude], [ScreenName]) VALUES (29, N'U245126973', NULL, NULL, NULL, NULL, NULL, NULL, NULL, NULL, NULL, NULL, NULL, NULL, NULL, NULL, NULL, NULL, NULL, NULL)
INSERT [dbo].[Profile_Info] ([ProfileSrl], [Profile_Id], [LoginId], [ContactNo], [Address], [City], [State], [Country], [Zip], [Photo], [Gender], [Entry_Date], [Last_Modified_Date], [CreatedBy], [DOB], [AboutMe], [CCode], [Latitude], [Longitude], [ScreenName]) VALUES (30, N'U980239693', NULL, N'2123123123', N'CA, USA', NULL, N'CA', N'United States', NULL, N'', N'MALE', NULL, CAST(N'2018-03-30' AS Date), NULL, NULL, N'<p style="line-height: 1.6;"><b><font face="Arial"><span style="font-size: 11px;">hhfhthr</span><span style="font-size: 11px;">ehreyhreherhreher</span><span style="font-size: 11px;">hreh</span><span style="font-size: 11px;">erhehe</span><span style="font-size: 11px;">bbdbd</span><span style="font-size: 11px;">hedherhg</span><span style="font-size: 11px;">gergergertger</span><i style=""><span style="font-size: 11px;">gergergertger</span><span style="font-size: 11px;">redretgertgetretret</span></i></font></b></p>', NULL, NULL, NULL, N'fdfdf')
INSERT [dbo].[Profile_Info] ([ProfileSrl], [Profile_Id], [LoginId], [ContactNo], [Address], [City], [State], [Country], [Zip], [Photo], [Gender], [Entry_Date], [Last_Modified_Date], [CreatedBy], [DOB], [AboutMe], [CCode], [Latitude], [Longitude], [ScreenName]) VALUES (31, N'U785281653', NULL, NULL, NULL, NULL, NULL, NULL, NULL, NULL, NULL, NULL, NULL, NULL, NULL, NULL, NULL, NULL, NULL, NULL)
INSERT [dbo].[Profile_Info] ([ProfileSrl], [Profile_Id], [LoginId], [ContactNo], [Address], [City], [State], [Country], [Zip], [Photo], [Gender], [Entry_Date], [Last_Modified_Date], [CreatedBy], [DOB], [AboutMe], [CCode], [Latitude], [Longitude], [ScreenName]) VALUES (32, N'U310869831', NULL, N'1234567890', N'SS7, Petaling Jaya, Selangor, Malaysia', N'Petaling Jaya', N'Selangor', N'Malaysia', N'47301', N'', N'MALE', NULL, CAST(N'2018-03-16' AS Date), NULL, NULL, NULL, NULL, 3.097329999999999, 101.59722, N'sss')
INSERT [dbo].[Profile_Info] ([ProfileSrl], [Profile_Id], [LoginId], [ContactNo], [Address], [City], [State], [Country], [Zip], [Photo], [Gender], [Entry_Date], [Last_Modified_Date], [CreatedBy], [DOB], [AboutMe], [CCode], [Latitude], [Longitude], [ScreenName]) VALUES (33, N'U660642360', NULL, NULL, NULL, NULL, NULL, NULL, NULL, NULL, NULL, NULL, NULL, NULL, NULL, NULL, NULL, NULL, NULL, NULL)
INSERT [dbo].[Profile_Info] ([ProfileSrl], [Profile_Id], [LoginId], [ContactNo], [Address], [City], [State], [Country], [Zip], [Photo], [Gender], [Entry_Date], [Last_Modified_Date], [CreatedBy], [DOB], [AboutMe], [CCode], [Latitude], [Longitude], [ScreenName]) VALUES (35, N'U491991432', NULL, NULL, NULL, NULL, NULL, NULL, NULL, NULL, NULL, NULL, NULL, NULL, NULL, NULL, NULL, NULL, NULL, NULL)
INSERT [dbo].[Profile_Info] ([ProfileSrl], [Profile_Id], [LoginId], [ContactNo], [Address], [City], [State], [Country], [Zip], [Photo], [Gender], [Entry_Date], [Last_Modified_Date], [CreatedBy], [DOB], [AboutMe], [CCode], [Latitude], [Longitude], [ScreenName]) VALUES (38, N'U706998036', NULL, NULL, NULL, NULL, NULL, NULL, NULL, NULL, NULL, NULL, NULL, NULL, NULL, NULL, NULL, NULL, NULL, NULL)
INSERT [dbo].[Profile_Info] ([ProfileSrl], [Profile_Id], [LoginId], [ContactNo], [Address], [City], [State], [Country], [Zip], [Photo], [Gender], [Entry_Date], [Last_Modified_Date], [CreatedBy], [DOB], [AboutMe], [CCode], [Latitude], [Longitude], [ScreenName]) VALUES (39, N'U848224942', NULL, NULL, NULL, NULL, NULL, NULL, NULL, NULL, NULL, NULL, NULL, NULL, NULL, NULL, NULL, NULL, NULL, NULL)
INSERT [dbo].[Profile_Info] ([ProfileSrl], [Profile_Id], [LoginId], [ContactNo], [Address], [City], [State], [Country], [Zip], [Photo], [Gender], [Entry_Date], [Last_Modified_Date], [CreatedBy], [DOB], [AboutMe], [CCode], [Latitude], [Longitude], [ScreenName]) VALUES (40, N'U942379783', NULL, NULL, NULL, NULL, NULL, NULL, NULL, NULL, NULL, NULL, NULL, NULL, NULL, NULL, NULL, NULL, NULL, NULL)
INSERT [dbo].[Profile_Info] ([ProfileSrl], [Profile_Id], [LoginId], [ContactNo], [Address], [City], [State], [Country], [Zip], [Photo], [Gender], [Entry_Date], [Last_Modified_Date], [CreatedBy], [DOB], [AboutMe], [CCode], [Latitude], [Longitude], [ScreenName]) VALUES (42, N'U967947584', NULL, NULL, NULL, NULL, NULL, NULL, NULL, NULL, NULL, NULL, NULL, NULL, NULL, NULL, NULL, NULL, NULL, NULL)
INSERT [dbo].[Profile_Info] ([ProfileSrl], [Profile_Id], [LoginId], [ContactNo], [Address], [City], [State], [Country], [Zip], [Photo], [Gender], [Entry_Date], [Last_Modified_Date], [CreatedBy], [DOB], [AboutMe], [CCode], [Latitude], [Longitude], [ScreenName]) VALUES (43, N'U646271665', NULL, NULL, NULL, NULL, NULL, NULL, NULL, NULL, NULL, NULL, NULL, NULL, NULL, NULL, NULL, NULL, NULL, NULL)
INSERT [dbo].[Profile_Info] ([ProfileSrl], [Profile_Id], [LoginId], [ContactNo], [Address], [City], [State], [Country], [Zip], [Photo], [Gender], [Entry_Date], [Last_Modified_Date], [CreatedBy], [DOB], [AboutMe], [CCode], [Latitude], [Longitude], [ScreenName]) VALUES (44, N'U867869980', NULL, NULL, NULL, NULL, NULL, NULL, NULL, NULL, NULL, NULL, NULL, NULL, NULL, NULL, NULL, NULL, NULL, NULL)
INSERT [dbo].[Profile_Info] ([ProfileSrl], [Profile_Id], [LoginId], [ContactNo], [Address], [City], [State], [Country], [Zip], [Photo], [Gender], [Entry_Date], [Last_Modified_Date], [CreatedBy], [DOB], [AboutMe], [CCode], [Latitude], [Longitude], [ScreenName]) VALUES (45, N'U767366570', NULL, NULL, NULL, NULL, NULL, NULL, NULL, NULL, NULL, NULL, NULL, NULL, NULL, NULL, NULL, NULL, NULL, NULL)
INSERT [dbo].[Profile_Info] ([ProfileSrl], [Profile_Id], [LoginId], [ContactNo], [Address], [City], [State], [Country], [Zip], [Photo], [Gender], [Entry_Date], [Last_Modified_Date], [CreatedBy], [DOB], [AboutMe], [CCode], [Latitude], [Longitude], [ScreenName]) VALUES (46, N'U018540448', NULL, NULL, NULL, NULL, NULL, NULL, NULL, NULL, NULL, NULL, NULL, NULL, NULL, NULL, NULL, NULL, NULL, NULL)
INSERT [dbo].[Profile_Info] ([ProfileSrl], [Profile_Id], [LoginId], [ContactNo], [Address], [City], [State], [Country], [Zip], [Photo], [Gender], [Entry_Date], [Last_Modified_Date], [CreatedBy], [DOB], [AboutMe], [CCode], [Latitude], [Longitude], [ScreenName]) VALUES (47, N'U055151874', NULL, NULL, NULL, NULL, NULL, NULL, NULL, NULL, NULL, NULL, NULL, NULL, NULL, NULL, NULL, NULL, NULL, NULL)
INSERT [dbo].[Profile_Info] ([ProfileSrl], [Profile_Id], [LoginId], [ContactNo], [Address], [City], [State], [Country], [Zip], [Photo], [Gender], [Entry_Date], [Last_Modified_Date], [CreatedBy], [DOB], [AboutMe], [CCode], [Latitude], [Longitude], [ScreenName]) VALUES (48, N'U897523176', NULL, NULL, NULL, NULL, NULL, NULL, NULL, NULL, NULL, NULL, NULL, NULL, NULL, NULL, NULL, NULL, NULL, NULL)
INSERT [dbo].[Profile_Info] ([ProfileSrl], [Profile_Id], [LoginId], [ContactNo], [Address], [City], [State], [Country], [Zip], [Photo], [Gender], [Entry_Date], [Last_Modified_Date], [CreatedBy], [DOB], [AboutMe], [CCode], [Latitude], [Longitude], [ScreenName]) VALUES (49, N'U836813822', NULL, N'7838223285', N'Durgapur, West Bengal, India', N'Durgapur', N'WB', N'India', N'713213', N'06082018002912883_19.jpg', N'MALE', NULL, CAST(N'2018-08-06' AS Date), NULL, NULL, N'<p><b><font color="#295218"><i>Demo Testing....!!!!!!!!!</i></font></b></p>', NULL, NULL, NULL, N'Amitbuyer')
INSERT [dbo].[Profile_Info] ([ProfileSrl], [Profile_Id], [LoginId], [ContactNo], [Address], [City], [State], [Country], [Zip], [Photo], [Gender], [Entry_Date], [Last_Modified_Date], [CreatedBy], [DOB], [AboutMe], [CCode], [Latitude], [Longitude], [ScreenName]) VALUES (50, N'U037283187', NULL, N'7838223285', N'Durgapur, West Bengal, India', N'Durgapur, West Bengal, India', N'WB', N'India', N'713213', N'06082018004421423_20.jpeg', N'Male', NULL, CAST(N'2018-08-06' AS Date), NULL, NULL, N'Lorem Ipsum is simply dummy text of the printing and typesetting industry. Lorem Ipsum has been the industry''s standard dummy text ever since the 1500s, when an unknown printer took a galley of type and scrambled it to make a type specimen book. ', NULL, 23.5373056, 87.2877338, N'Amitagent')
INSERT [dbo].[Profile_Info] ([ProfileSrl], [Profile_Id], [LoginId], [ContactNo], [Address], [City], [State], [Country], [Zip], [Photo], [Gender], [Entry_Date], [Last_Modified_Date], [CreatedBy], [DOB], [AboutMe], [CCode], [Latitude], [Longitude], [ScreenName]) VALUES (51, N'U056212896', NULL, N'8523697410', N'City Center, Durgapur, West Bengal, India', N'Durgapur', N'WB', N'India', N'713216', N'14082018023908883_21.jpg', N'MALE', NULL, CAST(N'2018-08-14' AS Date), NULL, NULL, N'<p><span style="font-family: &quot;Open Sans&quot;, Arial, sans-serif; font-size: 14px; text-align: justify;">It is a long established fact that a reader will be distracted by the readable content of a page when looking at its layout. The point of using Lorem Ipsum is that it has a more-or-less normal distribution</span><br></p>', NULL, 23.5406812, 87.30409839999993, N'RobinMathewSCN')
INSERT [dbo].[Profile_Info] ([ProfileSrl], [Profile_Id], [LoginId], [ContactNo], [Address], [City], [State], [Country], [Zip], [Photo], [Gender], [Entry_Date], [Last_Modified_Date], [CreatedBy], [DOB], [AboutMe], [CCode], [Latitude], [Longitude], [ScreenName]) VALUES (52, N'U923029648', NULL, NULL, NULL, NULL, NULL, NULL, NULL, NULL, NULL, NULL, NULL, NULL, NULL, NULL, NULL, NULL, NULL, NULL)
INSERT [dbo].[Profile_Info] ([ProfileSrl], [Profile_Id], [LoginId], [ContactNo], [Address], [City], [State], [Country], [Zip], [Photo], [Gender], [Entry_Date], [Last_Modified_Date], [CreatedBy], [DOB], [AboutMe], [CCode], [Latitude], [Longitude], [ScreenName]) VALUES (53, N'U439459316', NULL, NULL, NULL, NULL, NULL, NULL, NULL, NULL, NULL, NULL, NULL, NULL, NULL, NULL, NULL, NULL, NULL, NULL)
INSERT [dbo].[Profile_Info] ([ProfileSrl], [Profile_Id], [LoginId], [ContactNo], [Address], [City], [State], [Country], [Zip], [Photo], [Gender], [Entry_Date], [Last_Modified_Date], [CreatedBy], [DOB], [AboutMe], [CCode], [Latitude], [Longitude], [ScreenName]) VALUES (54, N'U611427755', NULL, NULL, NULL, NULL, NULL, NULL, NULL, NULL, NULL, NULL, NULL, NULL, NULL, NULL, NULL, NULL, NULL, NULL)
INSERT [dbo].[Profile_Info] ([ProfileSrl], [Profile_Id], [LoginId], [ContactNo], [Address], [City], [State], [Country], [Zip], [Photo], [Gender], [Entry_Date], [Last_Modified_Date], [CreatedBy], [DOB], [AboutMe], [CCode], [Latitude], [Longitude], [ScreenName]) VALUES (55, N'U483505325', NULL, NULL, NULL, NULL, NULL, NULL, NULL, NULL, NULL, NULL, NULL, NULL, NULL, NULL, NULL, NULL, NULL, NULL)
INSERT [dbo].[Profile_Info] ([ProfileSrl], [Profile_Id], [LoginId], [ContactNo], [Address], [City], [State], [Country], [Zip], [Photo], [Gender], [Entry_Date], [Last_Modified_Date], [CreatedBy], [DOB], [AboutMe], [CCode], [Latitude], [Longitude], [ScreenName]) VALUES (56, N'U741116007', NULL, NULL, NULL, NULL, NULL, NULL, NULL, NULL, NULL, NULL, NULL, NULL, NULL, NULL, NULL, NULL, NULL, NULL)
INSERT [dbo].[Profile_Info] ([ProfileSrl], [Profile_Id], [LoginId], [ContactNo], [Address], [City], [State], [Country], [Zip], [Photo], [Gender], [Entry_Date], [Last_Modified_Date], [CreatedBy], [DOB], [AboutMe], [CCode], [Latitude], [Longitude], [ScreenName]) VALUES (57, N'U698798533', NULL, NULL, NULL, NULL, NULL, NULL, NULL, NULL, NULL, NULL, NULL, NULL, NULL, NULL, NULL, NULL, NULL, NULL)
INSERT [dbo].[Profile_Info] ([ProfileSrl], [Profile_Id], [LoginId], [ContactNo], [Address], [City], [State], [Country], [Zip], [Photo], [Gender], [Entry_Date], [Last_Modified_Date], [CreatedBy], [DOB], [AboutMe], [CCode], [Latitude], [Longitude], [ScreenName]) VALUES (58, N'U673389939', NULL, NULL, NULL, NULL, NULL, NULL, NULL, NULL, NULL, NULL, NULL, NULL, NULL, NULL, NULL, NULL, NULL, NULL)
INSERT [dbo].[Profile_Info] ([ProfileSrl], [Profile_Id], [LoginId], [ContactNo], [Address], [City], [State], [Country], [Zip], [Photo], [Gender], [Entry_Date], [Last_Modified_Date], [CreatedBy], [DOB], [AboutMe], [CCode], [Latitude], [Longitude], [ScreenName]) VALUES (59, N'U169791120', NULL, NULL, NULL, NULL, NULL, NULL, NULL, NULL, NULL, NULL, NULL, NULL, NULL, NULL, NULL, NULL, NULL, NULL)
INSERT [dbo].[Profile_Info] ([ProfileSrl], [Profile_Id], [LoginId], [ContactNo], [Address], [City], [State], [Country], [Zip], [Photo], [Gender], [Entry_Date], [Last_Modified_Date], [CreatedBy], [DOB], [AboutMe], [CCode], [Latitude], [Longitude], [ScreenName]) VALUES (60, N'U796263749', NULL, NULL, NULL, NULL, NULL, NULL, NULL, NULL, NULL, NULL, NULL, NULL, NULL, NULL, NULL, NULL, NULL, NULL)
INSERT [dbo].[Profile_Info] ([ProfileSrl], [Profile_Id], [LoginId], [ContactNo], [Address], [City], [State], [Country], [Zip], [Photo], [Gender], [Entry_Date], [Last_Modified_Date], [CreatedBy], [DOB], [AboutMe], [CCode], [Latitude], [Longitude], [ScreenName]) VALUES (61, N'U153036887', NULL, NULL, NULL, NULL, NULL, NULL, NULL, NULL, NULL, NULL, NULL, NULL, NULL, NULL, NULL, NULL, NULL, NULL)
INSERT [dbo].[Profile_Info] ([ProfileSrl], [Profile_Id], [LoginId], [ContactNo], [Address], [City], [State], [Country], [Zip], [Photo], [Gender], [Entry_Date], [Last_Modified_Date], [CreatedBy], [DOB], [AboutMe], [CCode], [Latitude], [Longitude], [ScreenName]) VALUES (62, N'U562897464', NULL, NULL, NULL, NULL, NULL, NULL, NULL, NULL, NULL, NULL, NULL, NULL, NULL, NULL, NULL, NULL, NULL, NULL)
INSERT [dbo].[Profile_Info] ([ProfileSrl], [Profile_Id], [LoginId], [ContactNo], [Address], [City], [State], [Country], [Zip], [Photo], [Gender], [Entry_Date], [Last_Modified_Date], [CreatedBy], [DOB], [AboutMe], [CCode], [Latitude], [Longitude], [ScreenName]) VALUES (63, N'U641855176', NULL, NULL, NULL, NULL, NULL, NULL, NULL, NULL, NULL, NULL, NULL, NULL, NULL, NULL, NULL, NULL, NULL, NULL)
INSERT [dbo].[Profile_Info] ([ProfileSrl], [Profile_Id], [LoginId], [ContactNo], [Address], [City], [State], [Country], [Zip], [Photo], [Gender], [Entry_Date], [Last_Modified_Date], [CreatedBy], [DOB], [AboutMe], [CCode], [Latitude], [Longitude], [ScreenName]) VALUES (64, N'U497971049', NULL, NULL, NULL, NULL, NULL, NULL, NULL, NULL, NULL, NULL, NULL, NULL, NULL, NULL, NULL, NULL, NULL, NULL)
INSERT [dbo].[Profile_Info] ([ProfileSrl], [Profile_Id], [LoginId], [ContactNo], [Address], [City], [State], [Country], [Zip], [Photo], [Gender], [Entry_Date], [Last_Modified_Date], [CreatedBy], [DOB], [AboutMe], [CCode], [Latitude], [Longitude], [ScreenName]) VALUES (65, N'U154414902', NULL, NULL, NULL, NULL, NULL, NULL, NULL, NULL, NULL, NULL, NULL, NULL, NULL, NULL, NULL, NULL, NULL, NULL)
INSERT [dbo].[Profile_Info] ([ProfileSrl], [Profile_Id], [LoginId], [ContactNo], [Address], [City], [State], [Country], [Zip], [Photo], [Gender], [Entry_Date], [Last_Modified_Date], [CreatedBy], [DOB], [AboutMe], [CCode], [Latitude], [Longitude], [ScreenName]) VALUES (66, N'U998478711', NULL, NULL, NULL, NULL, NULL, NULL, NULL, NULL, NULL, NULL, NULL, NULL, NULL, NULL, NULL, NULL, NULL, NULL)
INSERT [dbo].[Profile_Info] ([ProfileSrl], [Profile_Id], [LoginId], [ContactNo], [Address], [City], [State], [Country], [Zip], [Photo], [Gender], [Entry_Date], [Last_Modified_Date], [CreatedBy], [DOB], [AboutMe], [CCode], [Latitude], [Longitude], [ScreenName]) VALUES (67, N'U507230023', NULL, NULL, NULL, NULL, NULL, NULL, NULL, NULL, NULL, NULL, NULL, NULL, NULL, NULL, NULL, NULL, NULL, NULL)
INSERT [dbo].[Profile_Info] ([ProfileSrl], [Profile_Id], [LoginId], [ContactNo], [Address], [City], [State], [Country], [Zip], [Photo], [Gender], [Entry_Date], [Last_Modified_Date], [CreatedBy], [DOB], [AboutMe], [CCode], [Latitude], [Longitude], [ScreenName]) VALUES (68, N'U985562943', NULL, NULL, NULL, NULL, NULL, NULL, NULL, NULL, NULL, NULL, NULL, NULL, NULL, NULL, NULL, NULL, NULL, NULL)
INSERT [dbo].[Profile_Info] ([ProfileSrl], [Profile_Id], [LoginId], [ContactNo], [Address], [City], [State], [Country], [Zip], [Photo], [Gender], [Entry_Date], [Last_Modified_Date], [CreatedBy], [DOB], [AboutMe], [CCode], [Latitude], [Longitude], [ScreenName]) VALUES (69, N'U476971405', NULL, NULL, NULL, NULL, NULL, NULL, NULL, NULL, NULL, NULL, NULL, NULL, NULL, NULL, NULL, NULL, NULL, NULL)
INSERT [dbo].[Profile_Info] ([ProfileSrl], [Profile_Id], [LoginId], [ContactNo], [Address], [City], [State], [Country], [Zip], [Photo], [Gender], [Entry_Date], [Last_Modified_Date], [CreatedBy], [DOB], [AboutMe], [CCode], [Latitude], [Longitude], [ScreenName]) VALUES (70, N'U564715475', NULL, NULL, NULL, NULL, NULL, NULL, NULL, NULL, NULL, NULL, NULL, NULL, NULL, NULL, NULL, NULL, NULL, NULL)
INSERT [dbo].[Profile_Info] ([ProfileSrl], [Profile_Id], [LoginId], [ContactNo], [Address], [City], [State], [Country], [Zip], [Photo], [Gender], [Entry_Date], [Last_Modified_Date], [CreatedBy], [DOB], [AboutMe], [CCode], [Latitude], [Longitude], [ScreenName]) VALUES (71, N'U841493613', NULL, NULL, NULL, NULL, NULL, NULL, NULL, NULL, NULL, NULL, NULL, NULL, NULL, NULL, NULL, NULL, NULL, NULL)
INSERT [dbo].[Profile_Info] ([ProfileSrl], [Profile_Id], [LoginId], [ContactNo], [Address], [City], [State], [Country], [Zip], [Photo], [Gender], [Entry_Date], [Last_Modified_Date], [CreatedBy], [DOB], [AboutMe], [CCode], [Latitude], [Longitude], [ScreenName]) VALUES (72, N'U072215658', NULL, NULL, NULL, NULL, NULL, NULL, NULL, NULL, NULL, NULL, NULL, NULL, NULL, NULL, NULL, NULL, NULL, NULL)
SET IDENTITY_INSERT [dbo].[Profile_Info] OFF
SET IDENTITY_INSERT [dbo].[Property_Characteristic_Mapping] ON 

INSERT [dbo].[Property_Characteristic_Mapping] ([Id], [CharId], [PropertyId]) VALUES (1, 1, N'PID697772120')
INSERT [dbo].[Property_Characteristic_Mapping] ([Id], [CharId], [PropertyId]) VALUES (15, 1, N'PID273197018')
INSERT [dbo].[Property_Characteristic_Mapping] ([Id], [CharId], [PropertyId]) VALUES (16, 2, N'PID273197018')
INSERT [dbo].[Property_Characteristic_Mapping] ([Id], [CharId], [PropertyId]) VALUES (23, 1, N'PID673121833')
INSERT [dbo].[Property_Characteristic_Mapping] ([Id], [CharId], [PropertyId]) VALUES (24, 2, N'PID673121833')
INSERT [dbo].[Property_Characteristic_Mapping] ([Id], [CharId], [PropertyId]) VALUES (25, 4, N'PID673121833')
INSERT [dbo].[Property_Characteristic_Mapping] ([Id], [CharId], [PropertyId]) VALUES (26, 1, N'PID750233421')
INSERT [dbo].[Property_Characteristic_Mapping] ([Id], [CharId], [PropertyId]) VALUES (27, 2, N'PID750233421')
INSERT [dbo].[Property_Characteristic_Mapping] ([Id], [CharId], [PropertyId]) VALUES (28, 4, N'PID750233421')
INSERT [dbo].[Property_Characteristic_Mapping] ([Id], [CharId], [PropertyId]) VALUES (32, 1, N'PID394804404')
INSERT [dbo].[Property_Characteristic_Mapping] ([Id], [CharId], [PropertyId]) VALUES (33, 2, N'PID394804404')
INSERT [dbo].[Property_Characteristic_Mapping] ([Id], [CharId], [PropertyId]) VALUES (43, 1, N'PID748883003')
INSERT [dbo].[Property_Characteristic_Mapping] ([Id], [CharId], [PropertyId]) VALUES (44, 2, N'PID748883003')
INSERT [dbo].[Property_Characteristic_Mapping] ([Id], [CharId], [PropertyId]) VALUES (45, 4, N'PID748883003')
INSERT [dbo].[Property_Characteristic_Mapping] ([Id], [CharId], [PropertyId]) VALUES (46, 2, N'PID351286816')
INSERT [dbo].[Property_Characteristic_Mapping] ([Id], [CharId], [PropertyId]) VALUES (53, 4, N'PID318482922')
INSERT [dbo].[Property_Characteristic_Mapping] ([Id], [CharId], [PropertyId]) VALUES (75, 2, N'PID902174238')
INSERT [dbo].[Property_Characteristic_Mapping] ([Id], [CharId], [PropertyId]) VALUES (92, 2, N'PID025762092')
INSERT [dbo].[Property_Characteristic_Mapping] ([Id], [CharId], [PropertyId]) VALUES (95, 1, N'PID255575781')
INSERT [dbo].[Property_Characteristic_Mapping] ([Id], [CharId], [PropertyId]) VALUES (96, 2, N'PID120592268')
INSERT [dbo].[Property_Characteristic_Mapping] ([Id], [CharId], [PropertyId]) VALUES (106, 1, N'PID088090219')
INSERT [dbo].[Property_Characteristic_Mapping] ([Id], [CharId], [PropertyId]) VALUES (107, 2, N'PID088090219')
INSERT [dbo].[Property_Characteristic_Mapping] ([Id], [CharId], [PropertyId]) VALUES (110, 4, N'PID387473731')
INSERT [dbo].[Property_Characteristic_Mapping] ([Id], [CharId], [PropertyId]) VALUES (128, 1, N'PID506993370')
INSERT [dbo].[Property_Characteristic_Mapping] ([Id], [CharId], [PropertyId]) VALUES (129, 2, N'PID506993370')
INSERT [dbo].[Property_Characteristic_Mapping] ([Id], [CharId], [PropertyId]) VALUES (130, 4, N'PID506993370')
INSERT [dbo].[Property_Characteristic_Mapping] ([Id], [CharId], [PropertyId]) VALUES (140, 2, N'PID602612757')
INSERT [dbo].[Property_Characteristic_Mapping] ([Id], [CharId], [PropertyId]) VALUES (147, 1, N'PID899863423')
INSERT [dbo].[Property_Characteristic_Mapping] ([Id], [CharId], [PropertyId]) VALUES (151, 2, N'PID974603615')
INSERT [dbo].[Property_Characteristic_Mapping] ([Id], [CharId], [PropertyId]) VALUES (152, 1, N'PID238276778')
INSERT [dbo].[Property_Characteristic_Mapping] ([Id], [CharId], [PropertyId]) VALUES (153, 2, N'PID238276778')
INSERT [dbo].[Property_Characteristic_Mapping] ([Id], [CharId], [PropertyId]) VALUES (154, 4, N'PID238276778')
SET IDENTITY_INSERT [dbo].[Property_Characteristic_Mapping] OFF
SET IDENTITY_INSERT [dbo].[Property_Feature_Mapping] ON 

INSERT [dbo].[Property_Feature_Mapping] ([id], [FeatureId], [PropertyId], [FeatureValue]) VALUES (251, N'F055491247', N'P667672818', N'1')
INSERT [dbo].[Property_Feature_Mapping] ([id], [FeatureId], [PropertyId], [FeatureValue]) VALUES (252, N'F338342725', N'P667672818', N'1')
INSERT [dbo].[Property_Feature_Mapping] ([id], [FeatureId], [PropertyId], [FeatureValue]) VALUES (253, N'F349971975', N'P667672818', N'1')
INSERT [dbo].[Property_Feature_Mapping] ([id], [FeatureId], [PropertyId], [FeatureValue]) VALUES (254, N'F417412669', N'P667672818', N'1')
INSERT [dbo].[Property_Feature_Mapping] ([id], [FeatureId], [PropertyId], [FeatureValue]) VALUES (255, N'F677138400', N'P667672818', N'1')
INSERT [dbo].[Property_Feature_Mapping] ([id], [FeatureId], [PropertyId], [FeatureValue]) VALUES (269, N'F055491247', N'P729570017', N'65464565')
INSERT [dbo].[Property_Feature_Mapping] ([id], [FeatureId], [PropertyId], [FeatureValue]) VALUES (270, N'F338342725', N'P729570017', N'2')
INSERT [dbo].[Property_Feature_Mapping] ([id], [FeatureId], [PropertyId], [FeatureValue]) VALUES (271, N'F349971975', N'P729570017', N'50')
INSERT [dbo].[Property_Feature_Mapping] ([id], [FeatureId], [PropertyId], [FeatureValue]) VALUES (272, N'F417412669', N'P729570017', N'3')
INSERT [dbo].[Property_Feature_Mapping] ([id], [FeatureId], [PropertyId], [FeatureValue]) VALUES (273, N'F677138400', N'P729570017', N'5')
INSERT [dbo].[Property_Feature_Mapping] ([id], [FeatureId], [PropertyId], [FeatureValue]) VALUES (309, N'F055491247', N'P706857042', N'12312312')
INSERT [dbo].[Property_Feature_Mapping] ([id], [FeatureId], [PropertyId], [FeatureValue]) VALUES (310, N'F338342725', N'P706857042', N'2')
INSERT [dbo].[Property_Feature_Mapping] ([id], [FeatureId], [PropertyId], [FeatureValue]) VALUES (311, N'F349971975', N'P706857042', N'100')
INSERT [dbo].[Property_Feature_Mapping] ([id], [FeatureId], [PropertyId], [FeatureValue]) VALUES (312, N'F417412669', N'P706857042', N'5')
INSERT [dbo].[Property_Feature_Mapping] ([id], [FeatureId], [PropertyId], [FeatureValue]) VALUES (313, N'F677138400', N'P706857042', N'5')
INSERT [dbo].[Property_Feature_Mapping] ([id], [FeatureId], [PropertyId], [FeatureValue]) VALUES (362, N'F677138400', N'P509127942308', N'2')
INSERT [dbo].[Property_Feature_Mapping] ([id], [FeatureId], [PropertyId], [FeatureValue]) VALUES (363, N'F417412669', N'P509127942308', N'2')
INSERT [dbo].[Property_Feature_Mapping] ([id], [FeatureId], [PropertyId], [FeatureValue]) VALUES (364, N'F349971975', N'P509127942308', N'477/month')
INSERT [dbo].[Property_Feature_Mapping] ([id], [FeatureId], [PropertyId], [FeatureValue]) VALUES (365, N'F338342725', N'P509127942308', N'2')
INSERT [dbo].[Property_Feature_Mapping] ([id], [FeatureId], [PropertyId], [FeatureValue]) VALUES (372, N'F677138400', N'P141892557476', N'3')
INSERT [dbo].[Property_Feature_Mapping] ([id], [FeatureId], [PropertyId], [FeatureValue]) VALUES (373, N'F417412669', N'P141892557476', N'3')
INSERT [dbo].[Property_Feature_Mapping] ([id], [FeatureId], [PropertyId], [FeatureValue]) VALUES (393, N'F677138400', N'P303965749889', N'3')
INSERT [dbo].[Property_Feature_Mapping] ([id], [FeatureId], [PropertyId], [FeatureValue]) VALUES (394, N'F417412669', N'P303965749889', N'4')
INSERT [dbo].[Property_Feature_Mapping] ([id], [FeatureId], [PropertyId], [FeatureValue]) VALUES (406, N'F677138400', N'P512968344787', N'2')
INSERT [dbo].[Property_Feature_Mapping] ([id], [FeatureId], [PropertyId], [FeatureValue]) VALUES (407, N'F417412669', N'P512968344787', N'2')
INSERT [dbo].[Property_Feature_Mapping] ([id], [FeatureId], [PropertyId], [FeatureValue]) VALUES (408, N'F349971975', N'P512968344787', N'325/month')
INSERT [dbo].[Property_Feature_Mapping] ([id], [FeatureId], [PropertyId], [FeatureValue]) VALUES (409, N'F338342725', N'P512968344787', N'1')
INSERT [dbo].[Property_Feature_Mapping] ([id], [FeatureId], [PropertyId], [FeatureValue]) VALUES (431, N'F677138400', N'P973694146163', N'3')
INSERT [dbo].[Property_Feature_Mapping] ([id], [FeatureId], [PropertyId], [FeatureValue]) VALUES (432, N'F417412669', N'P973694146163', N'4')
INSERT [dbo].[Property_Feature_Mapping] ([id], [FeatureId], [PropertyId], [FeatureValue]) VALUES (433, N'F349971975', N'P973694146163', N'50/month')
INSERT [dbo].[Property_Feature_Mapping] ([id], [FeatureId], [PropertyId], [FeatureValue]) VALUES (434, N'F677138400', N'P251988684291', N'2')
INSERT [dbo].[Property_Feature_Mapping] ([id], [FeatureId], [PropertyId], [FeatureValue]) VALUES (435, N'F417412669', N'P251988684291', N'3')
INSERT [dbo].[Property_Feature_Mapping] ([id], [FeatureId], [PropertyId], [FeatureValue]) VALUES (436, N'F677138400', N'P135734128715', N'3')
INSERT [dbo].[Property_Feature_Mapping] ([id], [FeatureId], [PropertyId], [FeatureValue]) VALUES (437, N'F417412669', N'P135734128715', N'3')
INSERT [dbo].[Property_Feature_Mapping] ([id], [FeatureId], [PropertyId], [FeatureValue]) VALUES (438, N'F349971975', N'P135734128715', N'250/month')
INSERT [dbo].[Property_Feature_Mapping] ([id], [FeatureId], [PropertyId], [FeatureValue]) VALUES (439, N'F338342725', N'P135734128715', N'2')
INSERT [dbo].[Property_Feature_Mapping] ([id], [FeatureId], [PropertyId], [FeatureValue]) VALUES (443, N'F677138400', N'P319817962668', N'3')
INSERT [dbo].[Property_Feature_Mapping] ([id], [FeatureId], [PropertyId], [FeatureValue]) VALUES (444, N'F417412669', N'P319817962668', N'3')
INSERT [dbo].[Property_Feature_Mapping] ([id], [FeatureId], [PropertyId], [FeatureValue]) VALUES (445, N'F338342725', N'P319817962668', N'2')
INSERT [dbo].[Property_Feature_Mapping] ([id], [FeatureId], [PropertyId], [FeatureValue]) VALUES (447, N'F677138400', N'P679800961742', N'2')
INSERT [dbo].[Property_Feature_Mapping] ([id], [FeatureId], [PropertyId], [FeatureValue]) VALUES (448, N'F417412669', N'P679800961742', N'3')
INSERT [dbo].[Property_Feature_Mapping] ([id], [FeatureId], [PropertyId], [FeatureValue]) VALUES (449, N'F338342725', N'P679800961742', N'1')
INSERT [dbo].[Property_Feature_Mapping] ([id], [FeatureId], [PropertyId], [FeatureValue]) VALUES (454, N'F677138400', N'P484045696947', N'2')
INSERT [dbo].[Property_Feature_Mapping] ([id], [FeatureId], [PropertyId], [FeatureValue]) VALUES (455, N'F417412669', N'P484045696947', N'3')
INSERT [dbo].[Property_Feature_Mapping] ([id], [FeatureId], [PropertyId], [FeatureValue]) VALUES (456, N'F349971975', N'P484045696947', N'422/month')
INSERT [dbo].[Property_Feature_Mapping] ([id], [FeatureId], [PropertyId], [FeatureValue]) VALUES (457, N'F677138400', N'P166094789733', N'2')
INSERT [dbo].[Property_Feature_Mapping] ([id], [FeatureId], [PropertyId], [FeatureValue]) VALUES (458, N'F417412669', N'P166094789733', N'2')
INSERT [dbo].[Property_Feature_Mapping] ([id], [FeatureId], [PropertyId], [FeatureValue]) VALUES (459, N'F349971975', N'P166094789733', N'430/month')
INSERT [dbo].[Property_Feature_Mapping] ([id], [FeatureId], [PropertyId], [FeatureValue]) VALUES (460, N'F338342725', N'P166094789733', N'1')
INSERT [dbo].[Property_Feature_Mapping] ([id], [FeatureId], [PropertyId], [FeatureValue]) VALUES (466, N'F677138400', N'P579488883244', N'2')
INSERT [dbo].[Property_Feature_Mapping] ([id], [FeatureId], [PropertyId], [FeatureValue]) VALUES (467, N'F417412669', N'P579488883244', N'3')
INSERT [dbo].[Property_Feature_Mapping] ([id], [FeatureId], [PropertyId], [FeatureValue]) VALUES (468, N'F677138400', N'P456021395111', N'2')
INSERT [dbo].[Property_Feature_Mapping] ([id], [FeatureId], [PropertyId], [FeatureValue]) VALUES (469, N'F417412669', N'P456021395111', N'2')
INSERT [dbo].[Property_Feature_Mapping] ([id], [FeatureId], [PropertyId], [FeatureValue]) VALUES (470, N'F349971975', N'P456021395111', N'366/month')
INSERT [dbo].[Property_Feature_Mapping] ([id], [FeatureId], [PropertyId], [FeatureValue]) VALUES (473, N'F677138400', N'P951003648438', N'3')
INSERT [dbo].[Property_Feature_Mapping] ([id], [FeatureId], [PropertyId], [FeatureValue]) VALUES (474, N'F417412669', N'P951003648438', N'3')
INSERT [dbo].[Property_Feature_Mapping] ([id], [FeatureId], [PropertyId], [FeatureValue]) VALUES (475, N'F349971975', N'P951003648438', N'215/month')
INSERT [dbo].[Property_Feature_Mapping] ([id], [FeatureId], [PropertyId], [FeatureValue]) VALUES (476, N'F338342725', N'P951003648438', N'2')
INSERT [dbo].[Property_Feature_Mapping] ([id], [FeatureId], [PropertyId], [FeatureValue]) VALUES (477, N'F417412669', N'P725077900470', N'2')
INSERT [dbo].[Property_Feature_Mapping] ([id], [FeatureId], [PropertyId], [FeatureValue]) VALUES (480, N'F677138400', N'P515049147696', N'2')
INSERT [dbo].[Property_Feature_Mapping] ([id], [FeatureId], [PropertyId], [FeatureValue]) VALUES (481, N'F417412669', N'P515049147696', N'4')
INSERT [dbo].[Property_Feature_Mapping] ([id], [FeatureId], [PropertyId], [FeatureValue]) VALUES (492, N'F677138400', N'P889716416747', N'2')
INSERT [dbo].[Property_Feature_Mapping] ([id], [FeatureId], [PropertyId], [FeatureValue]) VALUES (493, N'F417412669', N'P889716416747', N'4')
INSERT [dbo].[Property_Feature_Mapping] ([id], [FeatureId], [PropertyId], [FeatureValue]) VALUES (494, N'F349971975', N'P889716416747', N'400/month')
INSERT [dbo].[Property_Feature_Mapping] ([id], [FeatureId], [PropertyId], [FeatureValue]) VALUES (495, N'F338342725', N'P889716416747', N'4')
INSERT [dbo].[Property_Feature_Mapping] ([id], [FeatureId], [PropertyId], [FeatureValue]) VALUES (496, N'F677138400', N'P800399652493', N'3')
INSERT [dbo].[Property_Feature_Mapping] ([id], [FeatureId], [PropertyId], [FeatureValue]) VALUES (497, N'F417412669', N'P800399652493', N'2')
INSERT [dbo].[Property_Feature_Mapping] ([id], [FeatureId], [PropertyId], [FeatureValue]) VALUES (498, N'F349971975', N'P800399652493', N'335/month')
INSERT [dbo].[Property_Feature_Mapping] ([id], [FeatureId], [PropertyId], [FeatureValue]) VALUES (503, N'F677138400', N'P941815643139', N'2')
INSERT [dbo].[Property_Feature_Mapping] ([id], [FeatureId], [PropertyId], [FeatureValue]) VALUES (504, N'F417412669', N'P941815643139', N'2')
INSERT [dbo].[Property_Feature_Mapping] ([id], [FeatureId], [PropertyId], [FeatureValue]) VALUES (505, N'F349971975', N'P941815643139', N'533/month')
INSERT [dbo].[Property_Feature_Mapping] ([id], [FeatureId], [PropertyId], [FeatureValue]) VALUES (506, N'F338342725', N'P941815643139', N'2')
INSERT [dbo].[Property_Feature_Mapping] ([id], [FeatureId], [PropertyId], [FeatureValue]) VALUES (511, N'F677138400', N'P828936829588', N'2')
INSERT [dbo].[Property_Feature_Mapping] ([id], [FeatureId], [PropertyId], [FeatureValue]) VALUES (512, N'F417412669', N'P828936829588', N'5')
INSERT [dbo].[Property_Feature_Mapping] ([id], [FeatureId], [PropertyId], [FeatureValue]) VALUES (515, N'F677138400', N'P848402809912', N'2')
INSERT [dbo].[Property_Feature_Mapping] ([id], [FeatureId], [PropertyId], [FeatureValue]) VALUES (516, N'F417412669', N'P848402809912', N'3')
INSERT [dbo].[Property_Feature_Mapping] ([id], [FeatureId], [PropertyId], [FeatureValue]) VALUES (517, N'F338342725', N'P848402809912', N'2')
INSERT [dbo].[Property_Feature_Mapping] ([id], [FeatureId], [PropertyId], [FeatureValue]) VALUES (521, N'F677138400', N'P448691334673', N'3')
INSERT [dbo].[Property_Feature_Mapping] ([id], [FeatureId], [PropertyId], [FeatureValue]) VALUES (522, N'F417412669', N'P448691334673', N'4')
INSERT [dbo].[Property_Feature_Mapping] ([id], [FeatureId], [PropertyId], [FeatureValue]) VALUES (523, N'F349971975', N'P448691334673', N'70/month')
INSERT [dbo].[Property_Feature_Mapping] ([id], [FeatureId], [PropertyId], [FeatureValue]) VALUES (524, N'F338342725', N'P448691334673', N'2')
INSERT [dbo].[Property_Feature_Mapping] ([id], [FeatureId], [PropertyId], [FeatureValue]) VALUES (557, N'F677138400', N'P423818663719', N'1')
INSERT [dbo].[Property_Feature_Mapping] ([id], [FeatureId], [PropertyId], [FeatureValue]) VALUES (558, N'F417412669', N'P423818663719', N'2')
INSERT [dbo].[Property_Feature_Mapping] ([id], [FeatureId], [PropertyId], [FeatureValue]) VALUES (559, N'F349971975', N'P423818663719', N'650/monthly')
INSERT [dbo].[Property_Feature_Mapping] ([id], [FeatureId], [PropertyId], [FeatureValue]) VALUES (560, N'F677138400', N'P617913774780', N'1')
INSERT [dbo].[Property_Feature_Mapping] ([id], [FeatureId], [PropertyId], [FeatureValue]) VALUES (561, N'F417412669', N'P617913774780', N'1')
INSERT [dbo].[Property_Feature_Mapping] ([id], [FeatureId], [PropertyId], [FeatureValue]) VALUES (562, N'F349971975', N'P617913774780', N'440/monthly')
INSERT [dbo].[Property_Feature_Mapping] ([id], [FeatureId], [PropertyId], [FeatureValue]) VALUES (567, N'F677138400', N'P265412674743', N'2')
INSERT [dbo].[Property_Feature_Mapping] ([id], [FeatureId], [PropertyId], [FeatureValue]) VALUES (568, N'F417412669', N'P265412674743', N'2')
INSERT [dbo].[Property_Feature_Mapping] ([id], [FeatureId], [PropertyId], [FeatureValue]) VALUES (569, N'F349971975', N'P265412674743', N'477/month')
INSERT [dbo].[Property_Feature_Mapping] ([id], [FeatureId], [PropertyId], [FeatureValue]) VALUES (570, N'F677138400', N'P782748569251', N'1')
INSERT [dbo].[Property_Feature_Mapping] ([id], [FeatureId], [PropertyId], [FeatureValue]) VALUES (571, N'F417412669', N'P782748569251', N'2')
INSERT [dbo].[Property_Feature_Mapping] ([id], [FeatureId], [PropertyId], [FeatureValue]) VALUES (572, N'F349971975', N'P782748569251', N'405/month')
INSERT [dbo].[Property_Feature_Mapping] ([id], [FeatureId], [PropertyId], [FeatureValue]) VALUES (573, N'F677138400', N'P224792220725', N'1')
INSERT [dbo].[Property_Feature_Mapping] ([id], [FeatureId], [PropertyId], [FeatureValue]) VALUES (574, N'F417412669', N'P224792220725', N'2')
INSERT [dbo].[Property_Feature_Mapping] ([id], [FeatureId], [PropertyId], [FeatureValue]) VALUES (578, N'F677138400', N'P154510800583', N'1')
INSERT [dbo].[Property_Feature_Mapping] ([id], [FeatureId], [PropertyId], [FeatureValue]) VALUES (579, N'F349971975', N'P154510800583', N'497/month')
INSERT [dbo].[Property_Feature_Mapping] ([id], [FeatureId], [PropertyId], [FeatureValue]) VALUES (594, N'F677138400', N'P638466221614', N'3')
INSERT [dbo].[Property_Feature_Mapping] ([id], [FeatureId], [PropertyId], [FeatureValue]) VALUES (595, N'F417412669', N'P638466221614', N'3')
GO
INSERT [dbo].[Property_Feature_Mapping] ([id], [FeatureId], [PropertyId], [FeatureValue]) VALUES (596, N'F338342725', N'P638466221614', N'3')
INSERT [dbo].[Property_Feature_Mapping] ([id], [FeatureId], [PropertyId], [FeatureValue]) VALUES (631, N'F677138400', N'P421358618657', N'1')
INSERT [dbo].[Property_Feature_Mapping] ([id], [FeatureId], [PropertyId], [FeatureValue]) VALUES (632, N'F417412669', N'P421358618657', N'1')
INSERT [dbo].[Property_Feature_Mapping] ([id], [FeatureId], [PropertyId], [FeatureValue]) VALUES (633, N'F349971975', N'P421358618657', N'623/month')
INSERT [dbo].[Property_Feature_Mapping] ([id], [FeatureId], [PropertyId], [FeatureValue]) VALUES (662, N'F677138400', N'P384505248513', N'1')
INSERT [dbo].[Property_Feature_Mapping] ([id], [FeatureId], [PropertyId], [FeatureValue]) VALUES (663, N'F417412669', N'P384505248513', N'1')
INSERT [dbo].[Property_Feature_Mapping] ([id], [FeatureId], [PropertyId], [FeatureValue]) VALUES (664, N'F349971975', N'P384505248513', N'650/month')
INSERT [dbo].[Property_Feature_Mapping] ([id], [FeatureId], [PropertyId], [FeatureValue]) VALUES (682, N'F338342725', N'P376748693361', N'2')
INSERT [dbo].[Property_Feature_Mapping] ([id], [FeatureId], [PropertyId], [FeatureValue]) VALUES (683, N'F349971975', N'P376748693361', N'250/month')
INSERT [dbo].[Property_Feature_Mapping] ([id], [FeatureId], [PropertyId], [FeatureValue]) VALUES (684, N'F417412669', N'P376748693361', N'3')
INSERT [dbo].[Property_Feature_Mapping] ([id], [FeatureId], [PropertyId], [FeatureValue]) VALUES (685, N'F677138400', N'P376748693361', N'3')
INSERT [dbo].[Property_Feature_Mapping] ([id], [FeatureId], [PropertyId], [FeatureValue]) VALUES (689, N'F417412669', N'P428049572371', N'3')
INSERT [dbo].[Property_Feature_Mapping] ([id], [FeatureId], [PropertyId], [FeatureValue]) VALUES (690, N'F677138400', N'P428049572371', N'2')
INSERT [dbo].[Property_Feature_Mapping] ([id], [FeatureId], [PropertyId], [FeatureValue]) VALUES (700, N'F417412669', N'P442444341464', N'5')
INSERT [dbo].[Property_Feature_Mapping] ([id], [FeatureId], [PropertyId], [FeatureValue]) VALUES (701, N'F677138400', N'P442444341464', N'3')
INSERT [dbo].[Property_Feature_Mapping] ([id], [FeatureId], [PropertyId], [FeatureValue]) VALUES (702, N'F338342725', N'P424316988831', N'2')
INSERT [dbo].[Property_Feature_Mapping] ([id], [FeatureId], [PropertyId], [FeatureValue]) VALUES (703, N'F417412669', N'P424316988831', N'2')
INSERT [dbo].[Property_Feature_Mapping] ([id], [FeatureId], [PropertyId], [FeatureValue]) VALUES (704, N'F677138400', N'P424316988831', N'2')
INSERT [dbo].[Property_Feature_Mapping] ([id], [FeatureId], [PropertyId], [FeatureValue]) VALUES (786, N'F349971975', N'P578761275356', N'651/month')
INSERT [dbo].[Property_Feature_Mapping] ([id], [FeatureId], [PropertyId], [FeatureValue]) VALUES (787, N'F417412669', N'P578761275356', N'1')
INSERT [dbo].[Property_Feature_Mapping] ([id], [FeatureId], [PropertyId], [FeatureValue]) VALUES (788, N'F677138400', N'P578761275356', N'1')
INSERT [dbo].[Property_Feature_Mapping] ([id], [FeatureId], [PropertyId], [FeatureValue]) VALUES (852, N'F349971975', N'P301678214876', N'777/month')
INSERT [dbo].[Property_Feature_Mapping] ([id], [FeatureId], [PropertyId], [FeatureValue]) VALUES (853, N'F417412669', N'P301678214876', N'1')
INSERT [dbo].[Property_Feature_Mapping] ([id], [FeatureId], [PropertyId], [FeatureValue]) VALUES (854, N'F677138400', N'P301678214876', N'1')
INSERT [dbo].[Property_Feature_Mapping] ([id], [FeatureId], [PropertyId], [FeatureValue]) VALUES (855, N'F677138400', N'P470095665782', N'1')
INSERT [dbo].[Property_Feature_Mapping] ([id], [FeatureId], [PropertyId], [FeatureValue]) VALUES (856, N'F417412669', N'P470095665782', N'1')
INSERT [dbo].[Property_Feature_Mapping] ([id], [FeatureId], [PropertyId], [FeatureValue]) VALUES (857, N'F349971975', N'P470095665782', N'360/month')
INSERT [dbo].[Property_Feature_Mapping] ([id], [FeatureId], [PropertyId], [FeatureValue]) VALUES (858, N'F338342725', N'P470095665782', N'2')
INSERT [dbo].[Property_Feature_Mapping] ([id], [FeatureId], [PropertyId], [FeatureValue]) VALUES (859, N'F677138400', N'P329822122702', N'1')
INSERT [dbo].[Property_Feature_Mapping] ([id], [FeatureId], [PropertyId], [FeatureValue]) VALUES (860, N'F417412669', N'P329822122702', N'2')
INSERT [dbo].[Property_Feature_Mapping] ([id], [FeatureId], [PropertyId], [FeatureValue]) VALUES (868, N'F677138400', N'P912200167700', N'2')
INSERT [dbo].[Property_Feature_Mapping] ([id], [FeatureId], [PropertyId], [FeatureValue]) VALUES (869, N'F417412669', N'P912200167700', N'2')
INSERT [dbo].[Property_Feature_Mapping] ([id], [FeatureId], [PropertyId], [FeatureValue]) VALUES (870, N'F677138400', N'P728275935246', N'2')
INSERT [dbo].[Property_Feature_Mapping] ([id], [FeatureId], [PropertyId], [FeatureValue]) VALUES (871, N'F417412669', N'P728275935246', N'2')
INSERT [dbo].[Property_Feature_Mapping] ([id], [FeatureId], [PropertyId], [FeatureValue]) VALUES (877, N'F677138400', N'P809150683604', N'1')
INSERT [dbo].[Property_Feature_Mapping] ([id], [FeatureId], [PropertyId], [FeatureValue]) VALUES (878, N'F417412669', N'P809150683604', N'2')
INSERT [dbo].[Property_Feature_Mapping] ([id], [FeatureId], [PropertyId], [FeatureValue]) VALUES (884, N'F677138400', N'P910771712826', N'2')
INSERT [dbo].[Property_Feature_Mapping] ([id], [FeatureId], [PropertyId], [FeatureValue]) VALUES (885, N'F417412669', N'P910771712826', N'2')
INSERT [dbo].[Property_Feature_Mapping] ([id], [FeatureId], [PropertyId], [FeatureValue]) VALUES (886, N'F338342725', N'P910771712826', N'1')
INSERT [dbo].[Property_Feature_Mapping] ([id], [FeatureId], [PropertyId], [FeatureValue]) VALUES (887, N'F677138400', N'P142902560910', N'2')
INSERT [dbo].[Property_Feature_Mapping] ([id], [FeatureId], [PropertyId], [FeatureValue]) VALUES (888, N'F417412669', N'P142902560910', N'2')
INSERT [dbo].[Property_Feature_Mapping] ([id], [FeatureId], [PropertyId], [FeatureValue]) VALUES (889, N'F677138400', N'P122896394152', N'1')
INSERT [dbo].[Property_Feature_Mapping] ([id], [FeatureId], [PropertyId], [FeatureValue]) VALUES (890, N'F417412669', N'P122896394152', N'2')
INSERT [dbo].[Property_Feature_Mapping] ([id], [FeatureId], [PropertyId], [FeatureValue]) VALUES (895, N'F677138400', N'P149879923006', N'1')
INSERT [dbo].[Property_Feature_Mapping] ([id], [FeatureId], [PropertyId], [FeatureValue]) VALUES (896, N'F417412669', N'P149879923006', N'1')
INSERT [dbo].[Property_Feature_Mapping] ([id], [FeatureId], [PropertyId], [FeatureValue]) VALUES (897, N'F677138400', N'P631395622577', N'2')
INSERT [dbo].[Property_Feature_Mapping] ([id], [FeatureId], [PropertyId], [FeatureValue]) VALUES (898, N'F417412669', N'P631395622577', N'2')
INSERT [dbo].[Property_Feature_Mapping] ([id], [FeatureId], [PropertyId], [FeatureValue]) VALUES (899, N'F338342725', N'P631395622577', N'1')
INSERT [dbo].[Property_Feature_Mapping] ([id], [FeatureId], [PropertyId], [FeatureValue]) VALUES (900, N'F677138400', N'P615034782908', N'2')
INSERT [dbo].[Property_Feature_Mapping] ([id], [FeatureId], [PropertyId], [FeatureValue]) VALUES (901, N'F417412669', N'P615034782908', N'2')
INSERT [dbo].[Property_Feature_Mapping] ([id], [FeatureId], [PropertyId], [FeatureValue]) VALUES (905, N'F677138400', N'P153510603137', N'1')
INSERT [dbo].[Property_Feature_Mapping] ([id], [FeatureId], [PropertyId], [FeatureValue]) VALUES (906, N'F417412669', N'P153510603137', N'1')
INSERT [dbo].[Property_Feature_Mapping] ([id], [FeatureId], [PropertyId], [FeatureValue]) VALUES (910, N'F677138400', N'P530712317121', N'2')
INSERT [dbo].[Property_Feature_Mapping] ([id], [FeatureId], [PropertyId], [FeatureValue]) VALUES (911, N'F417412669', N'P530712317121', N'3')
INSERT [dbo].[Property_Feature_Mapping] ([id], [FeatureId], [PropertyId], [FeatureValue]) VALUES (912, N'F338342725', N'P530712317121', N'1')
INSERT [dbo].[Property_Feature_Mapping] ([id], [FeatureId], [PropertyId], [FeatureValue]) VALUES (917, N'F677138400', N'P833128259056', N'2')
INSERT [dbo].[Property_Feature_Mapping] ([id], [FeatureId], [PropertyId], [FeatureValue]) VALUES (918, N'F417412669', N'P833128259056', N'3')
INSERT [dbo].[Property_Feature_Mapping] ([id], [FeatureId], [PropertyId], [FeatureValue]) VALUES (921, N'F677138400', N'P269363629498', N'2')
INSERT [dbo].[Property_Feature_Mapping] ([id], [FeatureId], [PropertyId], [FeatureValue]) VALUES (922, N'F417412669', N'P269363629498', N'4')
INSERT [dbo].[Property_Feature_Mapping] ([id], [FeatureId], [PropertyId], [FeatureValue]) VALUES (923, N'F677138400', N'P249738804560', N'2')
INSERT [dbo].[Property_Feature_Mapping] ([id], [FeatureId], [PropertyId], [FeatureValue]) VALUES (924, N'F417412669', N'P249738804560', N'3')
INSERT [dbo].[Property_Feature_Mapping] ([id], [FeatureId], [PropertyId], [FeatureValue]) VALUES (927, N'F677138400', N'P331957196340', N'2')
INSERT [dbo].[Property_Feature_Mapping] ([id], [FeatureId], [PropertyId], [FeatureValue]) VALUES (928, N'F417412669', N'P331957196340', N'1')
INSERT [dbo].[Property_Feature_Mapping] ([id], [FeatureId], [PropertyId], [FeatureValue]) VALUES (939, N'F677138400', N'P498539448356', N'2')
INSERT [dbo].[Property_Feature_Mapping] ([id], [FeatureId], [PropertyId], [FeatureValue]) VALUES (940, N'F417412669', N'P498539448356', N'4')
INSERT [dbo].[Property_Feature_Mapping] ([id], [FeatureId], [PropertyId], [FeatureValue]) VALUES (941, N'F677138400', N'P517020924254', N'2')
INSERT [dbo].[Property_Feature_Mapping] ([id], [FeatureId], [PropertyId], [FeatureValue]) VALUES (942, N'F417412669', N'P517020924254', N'3')
INSERT [dbo].[Property_Feature_Mapping] ([id], [FeatureId], [PropertyId], [FeatureValue]) VALUES (943, N'F677138400', N'P163079539124', N'1')
INSERT [dbo].[Property_Feature_Mapping] ([id], [FeatureId], [PropertyId], [FeatureValue]) VALUES (944, N'F417412669', N'P163079539124', N'1')
INSERT [dbo].[Property_Feature_Mapping] ([id], [FeatureId], [PropertyId], [FeatureValue]) VALUES (947, N'F677138400', N'P424840749667', N'2')
INSERT [dbo].[Property_Feature_Mapping] ([id], [FeatureId], [PropertyId], [FeatureValue]) VALUES (948, N'F417412669', N'P424840749667', N'3')
INSERT [dbo].[Property_Feature_Mapping] ([id], [FeatureId], [PropertyId], [FeatureValue]) VALUES (949, N'F677138400', N'P542570174487', N'3')
INSERT [dbo].[Property_Feature_Mapping] ([id], [FeatureId], [PropertyId], [FeatureValue]) VALUES (950, N'F417412669', N'P542570174487', N'3')
INSERT [dbo].[Property_Feature_Mapping] ([id], [FeatureId], [PropertyId], [FeatureValue]) VALUES (951, N'F677138400', N'P254025643978', N'1')
INSERT [dbo].[Property_Feature_Mapping] ([id], [FeatureId], [PropertyId], [FeatureValue]) VALUES (952, N'F417412669', N'P254025643978', N'1')
INSERT [dbo].[Property_Feature_Mapping] ([id], [FeatureId], [PropertyId], [FeatureValue]) VALUES (953, N'F677138400', N'P515738648099', N'2')
INSERT [dbo].[Property_Feature_Mapping] ([id], [FeatureId], [PropertyId], [FeatureValue]) VALUES (954, N'F417412669', N'P515738648099', N'3')
INSERT [dbo].[Property_Feature_Mapping] ([id], [FeatureId], [PropertyId], [FeatureValue]) VALUES (955, N'F677138400', N'P144145111872', N'3')
INSERT [dbo].[Property_Feature_Mapping] ([id], [FeatureId], [PropertyId], [FeatureValue]) VALUES (956, N'F417412669', N'P144145111872', N'4')
INSERT [dbo].[Property_Feature_Mapping] ([id], [FeatureId], [PropertyId], [FeatureValue]) VALUES (957, N'F417412669', N'P894806654062', N'1')
INSERT [dbo].[Property_Feature_Mapping] ([id], [FeatureId], [PropertyId], [FeatureValue]) VALUES (958, N'F677138400', N'P894806654062', N'1')
INSERT [dbo].[Property_Feature_Mapping] ([id], [FeatureId], [PropertyId], [FeatureValue]) VALUES (1015, N'F417412669', N'P975713268321', N'4')
INSERT [dbo].[Property_Feature_Mapping] ([id], [FeatureId], [PropertyId], [FeatureValue]) VALUES (1016, N'F677138400', N'P975713268321', N'3')
INSERT [dbo].[Property_Feature_Mapping] ([id], [FeatureId], [PropertyId], [FeatureValue]) VALUES (1047, N'F349971975', N'P975946305771', N'275/month')
INSERT [dbo].[Property_Feature_Mapping] ([id], [FeatureId], [PropertyId], [FeatureValue]) VALUES (1048, N'F417412669', N'P975946305771', N'3')
INSERT [dbo].[Property_Feature_Mapping] ([id], [FeatureId], [PropertyId], [FeatureValue]) VALUES (1049, N'F677138400', N'P975946305771', N'2')
INSERT [dbo].[Property_Feature_Mapping] ([id], [FeatureId], [PropertyId], [FeatureValue]) VALUES (1056, N'F349971975', N'P888631727201', N'240/month')
INSERT [dbo].[Property_Feature_Mapping] ([id], [FeatureId], [PropertyId], [FeatureValue]) VALUES (1057, N'F417412669', N'P888631727201', N'2')
INSERT [dbo].[Property_Feature_Mapping] ([id], [FeatureId], [PropertyId], [FeatureValue]) VALUES (1058, N'F677138400', N'P888631727201', N'1')
INSERT [dbo].[Property_Feature_Mapping] ([id], [FeatureId], [PropertyId], [FeatureValue]) VALUES (1067, N'F349971975', N'P856073693630', N'360/month')
INSERT [dbo].[Property_Feature_Mapping] ([id], [FeatureId], [PropertyId], [FeatureValue]) VALUES (1068, N'F417412669', N'P856073693630', N'2')
INSERT [dbo].[Property_Feature_Mapping] ([id], [FeatureId], [PropertyId], [FeatureValue]) VALUES (1069, N'F677138400', N'P856073693630', N'2')
INSERT [dbo].[Property_Feature_Mapping] ([id], [FeatureId], [PropertyId], [FeatureValue]) VALUES (1094, N'F417412669', N'P763020540870', N'1')
INSERT [dbo].[Property_Feature_Mapping] ([id], [FeatureId], [PropertyId], [FeatureValue]) VALUES (1095, N'F677138400', N'P763020540870', N'1')
INSERT [dbo].[Property_Feature_Mapping] ([id], [FeatureId], [PropertyId], [FeatureValue]) VALUES (1108, N'F349971975', N'P755187330278', N'485/month')
INSERT [dbo].[Property_Feature_Mapping] ([id], [FeatureId], [PropertyId], [FeatureValue]) VALUES (1109, N'F417412669', N'P755187330278', N'3')
INSERT [dbo].[Property_Feature_Mapping] ([id], [FeatureId], [PropertyId], [FeatureValue]) VALUES (1110, N'F677138400', N'P755187330278', N'2')
INSERT [dbo].[Property_Feature_Mapping] ([id], [FeatureId], [PropertyId], [FeatureValue]) VALUES (1125, N'F417412669', N'P757124792161', N'5')
INSERT [dbo].[Property_Feature_Mapping] ([id], [FeatureId], [PropertyId], [FeatureValue]) VALUES (1126, N'F677138400', N'P757124792161', N'2')
INSERT [dbo].[Property_Feature_Mapping] ([id], [FeatureId], [PropertyId], [FeatureValue]) VALUES (1145, N'F349971975', N'P129996277045', N'400/month')
GO
INSERT [dbo].[Property_Feature_Mapping] ([id], [FeatureId], [PropertyId], [FeatureValue]) VALUES (1146, N'F417412669', N'P129996277045', N'1')
INSERT [dbo].[Property_Feature_Mapping] ([id], [FeatureId], [PropertyId], [FeatureValue]) VALUES (1147, N'F677138400', N'P129996277045', N'1')
INSERT [dbo].[Property_Feature_Mapping] ([id], [FeatureId], [PropertyId], [FeatureValue]) VALUES (1154, N'F349971975', N'P501887183507', N'881/month')
INSERT [dbo].[Property_Feature_Mapping] ([id], [FeatureId], [PropertyId], [FeatureValue]) VALUES (1155, N'F677138400', N'P501887183507', N'1')
INSERT [dbo].[Property_Feature_Mapping] ([id], [FeatureId], [PropertyId], [FeatureValue]) VALUES (1156, N'F349971975', N'P188494468937', N'75/month')
INSERT [dbo].[Property_Feature_Mapping] ([id], [FeatureId], [PropertyId], [FeatureValue]) VALUES (1157, N'F417412669', N'P188494468937', N'2')
INSERT [dbo].[Property_Feature_Mapping] ([id], [FeatureId], [PropertyId], [FeatureValue]) VALUES (1158, N'F677138400', N'P188494468937', N'2')
INSERT [dbo].[Property_Feature_Mapping] ([id], [FeatureId], [PropertyId], [FeatureValue]) VALUES (1179, N'F349971975', N'P229495163811', N'546/month')
INSERT [dbo].[Property_Feature_Mapping] ([id], [FeatureId], [PropertyId], [FeatureValue]) VALUES (1180, N'F417412669', N'P229495163811', N'2')
INSERT [dbo].[Property_Feature_Mapping] ([id], [FeatureId], [PropertyId], [FeatureValue]) VALUES (1181, N'F677138400', N'P229495163811', N'2')
INSERT [dbo].[Property_Feature_Mapping] ([id], [FeatureId], [PropertyId], [FeatureValue]) VALUES (1278, N'F338342725', N'P538022253028', N'2')
INSERT [dbo].[Property_Feature_Mapping] ([id], [FeatureId], [PropertyId], [FeatureValue]) VALUES (1279, N'F349971975', N'P538022253028', N'236/month')
INSERT [dbo].[Property_Feature_Mapping] ([id], [FeatureId], [PropertyId], [FeatureValue]) VALUES (1280, N'F417412669', N'P538022253028', N'3')
INSERT [dbo].[Property_Feature_Mapping] ([id], [FeatureId], [PropertyId], [FeatureValue]) VALUES (1281, N'F677138400', N'P538022253028', N'3')
INSERT [dbo].[Property_Feature_Mapping] ([id], [FeatureId], [PropertyId], [FeatureValue]) VALUES (1282, N'F349971975', N'P197995651483', N'655/month')
INSERT [dbo].[Property_Feature_Mapping] ([id], [FeatureId], [PropertyId], [FeatureValue]) VALUES (1283, N'F417412669', N'P197995651483', N'2')
INSERT [dbo].[Property_Feature_Mapping] ([id], [FeatureId], [PropertyId], [FeatureValue]) VALUES (1284, N'F677138400', N'P197995651483', N'1')
INSERT [dbo].[Property_Feature_Mapping] ([id], [FeatureId], [PropertyId], [FeatureValue]) VALUES (1313, N'F417412669', N'P562243694512', N'4')
INSERT [dbo].[Property_Feature_Mapping] ([id], [FeatureId], [PropertyId], [FeatureValue]) VALUES (1314, N'F677138400', N'P562243694512', N'2')
INSERT [dbo].[Property_Feature_Mapping] ([id], [FeatureId], [PropertyId], [FeatureValue]) VALUES (1329, N'F349971975', N'P166874945450', N'365/month')
INSERT [dbo].[Property_Feature_Mapping] ([id], [FeatureId], [PropertyId], [FeatureValue]) VALUES (1330, N'F417412669', N'P166874945450', N'3')
INSERT [dbo].[Property_Feature_Mapping] ([id], [FeatureId], [PropertyId], [FeatureValue]) VALUES (1331, N'F677138400', N'P166874945450', N'2')
INSERT [dbo].[Property_Feature_Mapping] ([id], [FeatureId], [PropertyId], [FeatureValue]) VALUES (1364, N'F417412669', N'P565513058867', N'2')
INSERT [dbo].[Property_Feature_Mapping] ([id], [FeatureId], [PropertyId], [FeatureValue]) VALUES (1365, N'F677138400', N'P565513058867', N'1')
INSERT [dbo].[Property_Feature_Mapping] ([id], [FeatureId], [PropertyId], [FeatureValue]) VALUES (1386, N'F417412669', N'P754446964294', N'3')
INSERT [dbo].[Property_Feature_Mapping] ([id], [FeatureId], [PropertyId], [FeatureValue]) VALUES (1387, N'F677138400', N'P754446964294', N'1')
INSERT [dbo].[Property_Feature_Mapping] ([id], [FeatureId], [PropertyId], [FeatureValue]) VALUES (1414, N'F417412669', N'P504137005403', N'3')
INSERT [dbo].[Property_Feature_Mapping] ([id], [FeatureId], [PropertyId], [FeatureValue]) VALUES (1415, N'F677138400', N'P504137005403', N'2')
INSERT [dbo].[Property_Feature_Mapping] ([id], [FeatureId], [PropertyId], [FeatureValue]) VALUES (1416, N'F417412669', N'P308498591885', N'2')
INSERT [dbo].[Property_Feature_Mapping] ([id], [FeatureId], [PropertyId], [FeatureValue]) VALUES (1417, N'F677138400', N'P308498591885', N'1')
INSERT [dbo].[Property_Feature_Mapping] ([id], [FeatureId], [PropertyId], [FeatureValue]) VALUES (1420, N'F349971975', N'P767642470765', N'209/month')
INSERT [dbo].[Property_Feature_Mapping] ([id], [FeatureId], [PropertyId], [FeatureValue]) VALUES (1421, N'F417412669', N'P767642470765', N'3')
INSERT [dbo].[Property_Feature_Mapping] ([id], [FeatureId], [PropertyId], [FeatureValue]) VALUES (1422, N'F677138400', N'P767642470765', N'3')
INSERT [dbo].[Property_Feature_Mapping] ([id], [FeatureId], [PropertyId], [FeatureValue]) VALUES (1427, N'F417412669', N'P444088434214', N'3')
INSERT [dbo].[Property_Feature_Mapping] ([id], [FeatureId], [PropertyId], [FeatureValue]) VALUES (1428, N'F677138400', N'P444088434214', N'2')
INSERT [dbo].[Property_Feature_Mapping] ([id], [FeatureId], [PropertyId], [FeatureValue]) VALUES (1429, N'F349971975', N'P268816479380', N'202/month')
INSERT [dbo].[Property_Feature_Mapping] ([id], [FeatureId], [PropertyId], [FeatureValue]) VALUES (1430, N'F417412669', N'P268816479380', N'1')
INSERT [dbo].[Property_Feature_Mapping] ([id], [FeatureId], [PropertyId], [FeatureValue]) VALUES (1431, N'F677138400', N'P268816479380', N'1')
INSERT [dbo].[Property_Feature_Mapping] ([id], [FeatureId], [PropertyId], [FeatureValue]) VALUES (1440, N'F417412669', N'P985013621720', N'1')
INSERT [dbo].[Property_Feature_Mapping] ([id], [FeatureId], [PropertyId], [FeatureValue]) VALUES (1441, N'F677138400', N'P985013621720', N'1')
INSERT [dbo].[Property_Feature_Mapping] ([id], [FeatureId], [PropertyId], [FeatureValue]) VALUES (1442, N'F417412669', N'P999194091526', N'3')
INSERT [dbo].[Property_Feature_Mapping] ([id], [FeatureId], [PropertyId], [FeatureValue]) VALUES (1443, N'F677138400', N'P999194091526', N'2')
INSERT [dbo].[Property_Feature_Mapping] ([id], [FeatureId], [PropertyId], [FeatureValue]) VALUES (1444, N'F338342725', N'P830101083933', N'4')
INSERT [dbo].[Property_Feature_Mapping] ([id], [FeatureId], [PropertyId], [FeatureValue]) VALUES (1445, N'F417412669', N'P830101083933', N'3')
INSERT [dbo].[Property_Feature_Mapping] ([id], [FeatureId], [PropertyId], [FeatureValue]) VALUES (1446, N'F677138400', N'P830101083933', N'2')
INSERT [dbo].[Property_Feature_Mapping] ([id], [FeatureId], [PropertyId], [FeatureValue]) VALUES (1469, N'F417412669', N'P890765908586', N'3')
INSERT [dbo].[Property_Feature_Mapping] ([id], [FeatureId], [PropertyId], [FeatureValue]) VALUES (1470, N'F677138400', N'P890765908586', N'2')
INSERT [dbo].[Property_Feature_Mapping] ([id], [FeatureId], [PropertyId], [FeatureValue]) VALUES (1491, N'F417412669', N'P580914364219', N'3')
INSERT [dbo].[Property_Feature_Mapping] ([id], [FeatureId], [PropertyId], [FeatureValue]) VALUES (1492, N'F677138400', N'P580914364219', N'2')
INSERT [dbo].[Property_Feature_Mapping] ([id], [FeatureId], [PropertyId], [FeatureValue]) VALUES (1493, N'F417412669', N'P178537364908', N'4')
INSERT [dbo].[Property_Feature_Mapping] ([id], [FeatureId], [PropertyId], [FeatureValue]) VALUES (1494, N'F677138400', N'P178537364908', N'2')
INSERT [dbo].[Property_Feature_Mapping] ([id], [FeatureId], [PropertyId], [FeatureValue]) VALUES (1503, N'F417412669', N'P182213310251', N'3')
INSERT [dbo].[Property_Feature_Mapping] ([id], [FeatureId], [PropertyId], [FeatureValue]) VALUES (1504, N'F677138400', N'P182213310251', N'2')
INSERT [dbo].[Property_Feature_Mapping] ([id], [FeatureId], [PropertyId], [FeatureValue]) VALUES (1515, N'F417412669', N'P177380274995', N'3')
INSERT [dbo].[Property_Feature_Mapping] ([id], [FeatureId], [PropertyId], [FeatureValue]) VALUES (1516, N'F677138400', N'P177380274995', N'2')
INSERT [dbo].[Property_Feature_Mapping] ([id], [FeatureId], [PropertyId], [FeatureValue]) VALUES (1517, N'F417412669', N'P659032883737', N'3')
INSERT [dbo].[Property_Feature_Mapping] ([id], [FeatureId], [PropertyId], [FeatureValue]) VALUES (1518, N'F677138400', N'P659032883737', N'3')
INSERT [dbo].[Property_Feature_Mapping] ([id], [FeatureId], [PropertyId], [FeatureValue]) VALUES (1519, N'F338342725', N'P200833699015', N'2')
INSERT [dbo].[Property_Feature_Mapping] ([id], [FeatureId], [PropertyId], [FeatureValue]) VALUES (1520, N'F417412669', N'P200833699015', N'4')
INSERT [dbo].[Property_Feature_Mapping] ([id], [FeatureId], [PropertyId], [FeatureValue]) VALUES (1521, N'F677138400', N'P200833699015', N'2')
INSERT [dbo].[Property_Feature_Mapping] ([id], [FeatureId], [PropertyId], [FeatureValue]) VALUES (1522, N'F417412669', N'P862981053422', N'2')
INSERT [dbo].[Property_Feature_Mapping] ([id], [FeatureId], [PropertyId], [FeatureValue]) VALUES (1523, N'F677138400', N'P862981053422', N'2')
INSERT [dbo].[Property_Feature_Mapping] ([id], [FeatureId], [PropertyId], [FeatureValue]) VALUES (1606, N'F417412669', N'P839734143995', N'4')
INSERT [dbo].[Property_Feature_Mapping] ([id], [FeatureId], [PropertyId], [FeatureValue]) VALUES (1607, N'F677138400', N'P839734143995', N'2')
INSERT [dbo].[Property_Feature_Mapping] ([id], [FeatureId], [PropertyId], [FeatureValue]) VALUES (1644, N'F349971975', N'P838918972876', N'184/month')
INSERT [dbo].[Property_Feature_Mapping] ([id], [FeatureId], [PropertyId], [FeatureValue]) VALUES (1645, N'F417412669', N'P838918972876', N'3')
INSERT [dbo].[Property_Feature_Mapping] ([id], [FeatureId], [PropertyId], [FeatureValue]) VALUES (1646, N'F677138400', N'P838918972876', N'3')
INSERT [dbo].[Property_Feature_Mapping] ([id], [FeatureId], [PropertyId], [FeatureValue]) VALUES (1647, N'F417412669', N'P133376549070', N'3')
INSERT [dbo].[Property_Feature_Mapping] ([id], [FeatureId], [PropertyId], [FeatureValue]) VALUES (1648, N'F677138400', N'P133376549070', N'3')
INSERT [dbo].[Property_Feature_Mapping] ([id], [FeatureId], [PropertyId], [FeatureValue]) VALUES (1681, N'F417412669', N'P460225631289', N'2')
INSERT [dbo].[Property_Feature_Mapping] ([id], [FeatureId], [PropertyId], [FeatureValue]) VALUES (1682, N'F677138400', N'P460225631289', N'2')
INSERT [dbo].[Property_Feature_Mapping] ([id], [FeatureId], [PropertyId], [FeatureValue]) VALUES (1683, N'F349971975', N'P631554054381', N'784/month')
INSERT [dbo].[Property_Feature_Mapping] ([id], [FeatureId], [PropertyId], [FeatureValue]) VALUES (1684, N'F417412669', N'P631554054381', N'1')
INSERT [dbo].[Property_Feature_Mapping] ([id], [FeatureId], [PropertyId], [FeatureValue]) VALUES (1685, N'F677138400', N'P631554054381', N'1')
INSERT [dbo].[Property_Feature_Mapping] ([id], [FeatureId], [PropertyId], [FeatureValue]) VALUES (1688, N'F417412669', N'P461038578689', N'4')
INSERT [dbo].[Property_Feature_Mapping] ([id], [FeatureId], [PropertyId], [FeatureValue]) VALUES (1689, N'F677138400', N'P461038578689', N'2')
INSERT [dbo].[Property_Feature_Mapping] ([id], [FeatureId], [PropertyId], [FeatureValue]) VALUES (1730, N'F417412669', N'P452287724437', N'3')
INSERT [dbo].[Property_Feature_Mapping] ([id], [FeatureId], [PropertyId], [FeatureValue]) VALUES (1731, N'F677138400', N'P452287724437', N'2')
INSERT [dbo].[Property_Feature_Mapping] ([id], [FeatureId], [PropertyId], [FeatureValue]) VALUES (1732, N'F417412669', N'P630792696340', N'4')
INSERT [dbo].[Property_Feature_Mapping] ([id], [FeatureId], [PropertyId], [FeatureValue]) VALUES (1733, N'F677138400', N'P630792696340', N'2')
INSERT [dbo].[Property_Feature_Mapping] ([id], [FeatureId], [PropertyId], [FeatureValue]) VALUES (1737, N'F417412669', N'P750902523053', N'4')
INSERT [dbo].[Property_Feature_Mapping] ([id], [FeatureId], [PropertyId], [FeatureValue]) VALUES (1738, N'F677138400', N'P750902523053', N'3')
INSERT [dbo].[Property_Feature_Mapping] ([id], [FeatureId], [PropertyId], [FeatureValue]) VALUES (1754, N'F349971975', N'P697503396716', N'446/month')
INSERT [dbo].[Property_Feature_Mapping] ([id], [FeatureId], [PropertyId], [FeatureValue]) VALUES (1755, N'F417412669', N'P697503396716', N'1')
INSERT [dbo].[Property_Feature_Mapping] ([id], [FeatureId], [PropertyId], [FeatureValue]) VALUES (1756, N'F677138400', N'P697503396716', N'1')
INSERT [dbo].[Property_Feature_Mapping] ([id], [FeatureId], [PropertyId], [FeatureValue]) VALUES (1757, N'F338342725', N'P746268119629', N'2')
INSERT [dbo].[Property_Feature_Mapping] ([id], [FeatureId], [PropertyId], [FeatureValue]) VALUES (1758, N'F417412669', N'P746268119629', N'4')
INSERT [dbo].[Property_Feature_Mapping] ([id], [FeatureId], [PropertyId], [FeatureValue]) VALUES (1759, N'F677138400', N'P746268119629', N'2')
INSERT [dbo].[Property_Feature_Mapping] ([id], [FeatureId], [PropertyId], [FeatureValue]) VALUES (1760, N'F417412669', N'P732018690646', N'3')
INSERT [dbo].[Property_Feature_Mapping] ([id], [FeatureId], [PropertyId], [FeatureValue]) VALUES (1761, N'F677138400', N'P732018690646', N'2')
INSERT [dbo].[Property_Feature_Mapping] ([id], [FeatureId], [PropertyId], [FeatureValue]) VALUES (1762, N'F417412669', N'P708100239044', N'4')
INSERT [dbo].[Property_Feature_Mapping] ([id], [FeatureId], [PropertyId], [FeatureValue]) VALUES (1763, N'F677138400', N'P708100239044', N'2')
INSERT [dbo].[Property_Feature_Mapping] ([id], [FeatureId], [PropertyId], [FeatureValue]) VALUES (1764, N'F349971975', N'P678654927141', N'405/month')
INSERT [dbo].[Property_Feature_Mapping] ([id], [FeatureId], [PropertyId], [FeatureValue]) VALUES (1765, N'F417412669', N'P678654927141', N'2')
INSERT [dbo].[Property_Feature_Mapping] ([id], [FeatureId], [PropertyId], [FeatureValue]) VALUES (1766, N'F677138400', N'P678654927141', N'2')
INSERT [dbo].[Property_Feature_Mapping] ([id], [FeatureId], [PropertyId], [FeatureValue]) VALUES (1779, N'F349971975', N'P679604116513', N'593/month')
INSERT [dbo].[Property_Feature_Mapping] ([id], [FeatureId], [PropertyId], [FeatureValue]) VALUES (1780, N'F417412669', N'P679604116513', N'1')
INSERT [dbo].[Property_Feature_Mapping] ([id], [FeatureId], [PropertyId], [FeatureValue]) VALUES (1781, N'F677138400', N'P679604116513', N'2')
INSERT [dbo].[Property_Feature_Mapping] ([id], [FeatureId], [PropertyId], [FeatureValue]) VALUES (1791, N'F349971975', N'P514651329149', N'232/month')
