INSERT [dbo].[Contact_Tbl] ([CId], [ContactId], [Name], [Email], [Contact], [Subject], [Message], [Entrydate], [Status]) VALUES (406, N'C855882631', N'WilliamVOb', N'rogersaubrey@hotmail.com', N'83944477447', N'Paid Surveys: Earn $30,000 Or More Per Week', N'Make $200 per hour doing this: http://www.lookweb.it/milliondollars95533', CAST(N'2019-03-11T10:58:40.403' AS DateTime), 1)
INSERT [dbo].[Contact_Tbl] ([CId], [ContactId], [Name], [Email], [Contact], [Subject], [Message], [Entrydate], [Status]) VALUES (407, N'C191165626', N'Javiermebra', N'razia2000@msn.com', N'83475567913', N'Forex Trader predicts and makes $10,000 less than 3 hours', N'How To Make $100,000 Per Month With Forex Signals: http://www.lookweb.it/milliondollarsforex55405', CAST(N'2019-03-11T11:27:23.207' AS DateTime), 1)
INSERT [dbo].[Contact_Tbl] ([CId], [ContactId], [Name], [Email], [Contact], [Subject], [Message], [Entrydate], [Status]) VALUES (408, N'C988993469', N'RobertCex', N'kutlis23@hotmail.com', N'88359214535', N'What is the best way to get high quality traffic without seo', N'What Is High Quality Traffic & How Do I Get More of It: http://valeriemace.co.uk/getmoretraffic48821', CAST(N'2019-03-11T15:13:20.347' AS DateTime), 1)
INSERT [dbo].[Contact_Tbl] ([CId], [ContactId], [Name], [Email], [Contact], [Subject], [Message], [Entrydate], [Status]) VALUES (409, N'C530707332', N'KevinUniff', N'genesis_1612@yahoo.com', N'83136279971', N'SEnuke TNG - Rank #1 With Todays Top Ranking Factors', N'SEnuke TNG - Rank #1 With Todays Top Ranking Factors: http://www.lookweb.it/bestseotools43337', CAST(N'2019-03-11T21:41:10.113' AS DateTime), 1)
INSERT [dbo].[Contact_Tbl] ([CId], [ContactId], [Name], [Email], [Contact], [Subject], [Message], [Entrydate], [Status]) VALUES (410, N'C283760261', N'Miguelfag', N'kjdeyoung@hotmail.com', N'84712237514', N'How To Make Over $10,000 In One Trade | Live Forex Trading and Analysis', N'How You Can Make $100,000 Every Month Trading Forex: https://arill.us/milliondollarsforex66216', CAST(N'2019-03-12T00:22:05.963' AS DateTime), 1)
INSERT [dbo].[Contact_Tbl] ([CId], [ContactId], [Name], [Email], [Contact], [Subject], [Message], [Entrydate], [Status]) VALUES (411, N'C608604532', N'DanielSpeem', N'kmcoop@comcast.net', N'89722319786', N'How to make $3000 a day', N'I''m 23. I have $30000. How can I best use it to make more money: http://yourls.site/milliondollars16379', CAST(N'2019-03-12T01:35:02.543' AS DateTime), 1)
INSERT [dbo].[Contact_Tbl] ([CId], [ContactId], [Name], [Email], [Contact], [Subject], [Message], [Entrydate], [Status]) VALUES (412, N'C644525998', N'MiguelMet', N'teebone76@msn.com', N'84229295515', N'SEnuke TNG - Rank #1 With Todays Top Ranking Factors', N'The Power of Senuke TNG Linkbuilding software: http://jnl.io/bestseotools47642', CAST(N'2019-03-13T18:10:19.680' AS DateTime), 1)
INSERT [dbo].[Contact_Tbl] ([CId], [ContactId], [Name], [Email], [Contact], [Subject], [Message], [Entrydate], [Status]) VALUES (413, N'C129098118', N'Javiermebra', N'harntz@hotmail.com', N'87458355392', N'How To Make Over $10,000 In One Trade | Live Forex Trading and Analysis', N'Forex Prodigy Makes $10,000 in 30 Minutes! - Market Traders Institute: https://lil.ink/milliondollarsforex51949', CAST(N'2019-03-14T03:14:40.780' AS DateTime), 1)
INSERT [dbo].[Contact_Tbl] ([CId], [ContactId], [Name], [Email], [Contact], [Subject], [Message], [Entrydate], [Status]) VALUES (414, N'C851730396', N'WilliamVOb', N'tetsomuro@msn.com', N'82479438181', N'Invest $ 1000 and get $ 15000 every month', N'How To Make Extra Money From Home - $3000 Per Day Easy: http://to.ht/milliondollars76400', CAST(N'2019-03-14T05:27:19.167' AS DateTime), 1)
INSERT [dbo].[Contact_Tbl] ([CId], [ContactId], [Name], [Email], [Contact], [Subject], [Message], [Entrydate], [Status]) VALUES (415, N'C908236778', N'KevinUniff', N'cddrive@hotmail.com', N'88363128864', N'SEnuke TNG - Rank #1 With Todays Top Ranking Factors', N'SEnuke TNG - Rank #1 With Todays Top Ranking Factors: http://valeriemace.co.uk/bestseotools17608', CAST(N'2019-03-14T06:48:36.727' AS DateTime), 1)
INSERT [dbo].[Contact_Tbl] ([CId], [ContactId], [Name], [Email], [Contact], [Subject], [Message], [Entrydate], [Status]) VALUES (416, N'C142639105', N'SantosOdoge', N'ngogatlanta@gmail.com', N'86275489885', N'Beautiful girls for sex in your city', N'Meet sexy girls in your city: http://webhop.se/bestsexygirlsadultdating27383', CAST(N'2019-03-14T10:41:33.790' AS DateTime), 1)
INSERT [dbo].[Contact_Tbl] ([CId], [ContactId], [Name], [Email], [Contact], [Subject], [Message], [Entrydate], [Status]) VALUES (417, N'C122834721', N'RobertCex', N'gowiththefaux@aol.com', N'84656199382', N'Meet sexy girls in your city', N'Find yourself a girl for the night in your city: http://www.lookweb.it/bestsexygirlsadultdating74976', CAST(N'2019-03-14T15:29:53.077' AS DateTime), 1)
INSERT [dbo].[Contact_Tbl] ([CId], [ContactId], [Name], [Email], [Contact], [Subject], [Message], [Entrydate], [Status]) VALUES (418, N'C689399483', N'Javiermebra', N'dsb50@hotmail.com', N'84366164139', N'Sexy Girls fur die Nacht in deiner Stadt', N'Treffen Sie sexy Madchen in Ihrer Stadt: https://lil.ink/bestsexygirlsadultdating50577', CAST(N'2019-03-14T17:16:12.277' AS DateTime), 1)
INSERT [dbo].[Contact_Tbl] ([CId], [ContactId], [Name], [Email], [Contact], [Subject], [Message], [Entrydate], [Status]) VALUES (419, N'C142246236', N'MiguelMet', N'ikuta44@msn.com', N'88954882549', N'Rencontrez des filles sexy dans votre ville', N'Filles sexy pour la nuit dans votre ville: http://goto.iamaws.com/bestsexygirlsadultdating98674', CAST(N'2019-03-14T17:26:09.153' AS DateTime), 1)
INSERT [dbo].[Contact_Tbl] ([CId], [ContactId], [Name], [Email], [Contact], [Subject], [Message], [Entrydate], [Status]) VALUES (420, N'C351899591', N'WilliamVOb', N'info@scyc.co.uk', N'84368269411', N'Conoce chicas sexy en tu ciudad', N'Chicas sexys para pasar la noche en tu pueblo.: http://www.vkvi.net/bestsexygirlsadultdating37386', CAST(N'2019-03-15T00:39:08.153' AS DateTime), 1)
INSERT [dbo].[Contact_Tbl] ([CId], [ContactId], [Name], [Email], [Contact], [Subject], [Message], [Entrydate], [Status]) VALUES (421, N'C515534809', N'Miguelfag', N'ryanr38@hotmail.com', N'86897942889', N'Sexy Girls fur die Nacht in deiner Stadt', N'Treffen Sie sexy Madchen in Ihrer Stadt: http://rih.co/bestsexygirlsadultdating54388', CAST(N'2019-03-15T04:08:55.203' AS DateTime), 1)
INSERT [dbo].[Contact_Tbl] ([CId], [ContactId], [Name], [Email], [Contact], [Subject], [Message], [Entrydate], [Status]) VALUES (422, N'C631922333', N'KevinUniff', N'milacarter@hotmail.com', N'85483572767', N'Filles sexy pour la nuit dans votre ville', N'Filles sexy pour la nuit dans votre ville: http://goto.iamaws.com/bestsexygirlsadultdating76426', CAST(N'2019-03-15T04:49:11.793' AS DateTime), 1)
INSERT [dbo].[Contact_Tbl] ([CId], [ContactId], [Name], [Email], [Contact], [Subject], [Message], [Entrydate], [Status]) VALUES (423, N'C448927521', N'DanielSpeem', N'msmackone1@aol.com', N'86617566535', N'Chicas sexys para pasar la noche en tu pueblo.', N'Chicas sexys para pasar la noche en tu pueblo.: https://tinyurl.com/bestsexygirlsadultdating61793', CAST(N'2019-03-16T02:59:11.260' AS DateTime), 1)
INSERT [dbo].[Contact_Tbl] ([CId], [ContactId], [Name], [Email], [Contact], [Subject], [Message], [Entrydate], [Status]) VALUES (424, N'C489269322', N'Eric', N'eric@talkwithcustomer.com', N'416-385-3200', N'Do You Want Up to 100X More Conversions for khupho.com ?', N'Hello,

You have a website, right? 
  
Of course you do. I found khupho.com today.

It gets traffic every day – that you’re probably spending $2 / $4 / $10 or more a click to get.  Not including all of the work you put into creating social media, videos, blog posts, emails, and so on.

So you’re investing seriously in getting people to that site.

But how’s it working?  Great? Okay?  Not so much?

If that answer could be better, then it’s likely you’re putting a lot of time, effort, ', CAST(N'2019-03-16T21:42:37.623' AS DateTime), 1)
INSERT [dbo].[Contact_Tbl] ([CId], [ContactId], [Name], [Email], [Contact], [Subject], [Message], [Entrydate], [Status]) VALUES (425, N'C687089531', N'Aly Chiman', N'aly1@alychidesigns.com', N'416 39 178', N'Resource Link Enquiry', N'Hello there,

My name is Aly and I would like to know if you would have any interest to have your website here at khupho.com promoted as a resource on our blog alychidesign.com ? 

We are in the midst of updating our broken link resources to include current and up to date resources for our readers. Our resource links are manually approved allowing us to mark a link as a do-follow link as well
.
If you may be interested please in being included as a resource on our blog, please let me know.', CAST(N'2019-03-17T02:33:01.790' AS DateTime), 1)
INSERT [dbo].[Contact_Tbl] ([CId], [ContactId], [Name], [Email], [Contact], [Subject], [Message], [Entrydate], [Status]) VALUES (426, N'C293687226', N'SantosOdoge', N'thingamajiger@hotmail.com', N'81597139118', N'Find yourself a girl for the night in your city', N'The best women for sex in your town: https://lil.ink/bestsexygirlsadultdating87912', CAST(N'2019-03-17T04:05:10.110' AS DateTime), 1)
INSERT [dbo].[Contact_Tbl] ([CId], [ContactId], [Name], [Email], [Contact], [Subject], [Message], [Entrydate], [Status]) VALUES (427, N'C782380783', N'RobertCex', N'lbonazza_1999@yahoo.com', N'87976953936', N'The best girls for sex in your town', N'Meet sexy girls in your city: http://webhop.se/bestsexygirlsadultdating53579', CAST(N'2019-03-17T10:04:09.013' AS DateTime), 1)
INSERT [dbo].[Contact_Tbl] ([CId], [ContactId], [Name], [Email], [Contact], [Subject], [Message], [Entrydate], [Status]) VALUES (428, N'C632924567', N'MiguelMet', N'christopherduffy@hotmail.com', N'87881519432', N'Rencontrez des filles sexy dans votre ville', N'Filles sexy pour la nuit dans votre ville: http://goto.iamaws.com/bestsexygirlsadultdating84620', CAST(N'2019-03-17T10:57:48.163' AS DateTime), 1)
GO
INSERT [dbo].[Contact_Tbl] ([CId], [ContactId], [Name], [Email], [Contact], [Subject], [Message], [Entrydate], [Status]) VALUES (429, N'C467409356', N'Javiermebra', N'rebeccarogers78@msn.com', N'85424239755', N'Treffen Sie sexy Madchen in Ihrer Stadt', N'Sexy Girls fur die Nacht in deiner Stadt: http://goto.iamaws.com/bestsexygirlsadultdating65863', CAST(N'2019-03-17T10:57:48.210' AS DateTime), 1)
INSERT [dbo].[Contact_Tbl] ([CId], [ContactId], [Name], [Email], [Contact], [Subject], [Message], [Entrydate], [Status]) VALUES (430, N'C648696530', N'SantosOdoge', N'nani548@aim.com', N'82695613922', N'How to make $10,000 Per day FAST', N'$15,000 a month (30mins вЂњworkвЂќ lol): https://aaa.moda/15000investbinarycrypto41020', CAST(N'2019-03-17T19:30:01.070' AS DateTime), 1)
INSERT [dbo].[Contact_Tbl] ([CId], [ContactId], [Name], [Email], [Contact], [Subject], [Message], [Entrydate], [Status]) VALUES (431, N'C338624241', N'RobertCex', N'fhilltrking@yahoo.com', N'88862761943', N'How to make $450 per hour', N'Get $1500 вЂ“ $6000 per DAY: http://valeriemace.co.uk/15000investbinarycrypto96186', CAST(N'2019-03-17T23:35:06.310' AS DateTime), 1)
INSERT [dbo].[Contact_Tbl] ([CId], [ContactId], [Name], [Email], [Contact], [Subject], [Message], [Entrydate], [Status]) VALUES (432, N'C744825149', N'MiguelMet', N'don973@hotmail.com', N'88954789299', N'Cryptocurrency Investing 2019', N'2019 Cryptocurrency Investment Guide: http://www.lookweb.it/$15000investbinarycrypto38302', CAST(N'2019-03-18T02:01:38.233' AS DateTime), 1)
INSERT [dbo].[Contact_Tbl] ([CId], [ContactId], [Name], [Email], [Contact], [Subject], [Message], [Entrydate], [Status]) VALUES (433, N'C433078459', N'Javiermebra', N'pabloy@aol.com', N'86474663345', N'$10000 per day Binary Options Brokers Accepting Bitcoin Payments', N'$10000 per day Best Bitcoin Binary Options | Crunchbase: http://corta.co/15000investbinarycrypto95451', CAST(N'2019-03-18T02:01:38.610' AS DateTime), 1)
INSERT [dbo].[Contact_Tbl] ([CId], [ContactId], [Name], [Email], [Contact], [Subject], [Message], [Entrydate], [Status]) VALUES (434, N'C162528615', N'WilliamVOb', N'awi627@yahoo.com', N'87263877244', N'How To Make $100,000 Per Month With Forex Signals', N'How To Make $10,000 a Day Trading Forex - The Most EASIEST Way For Beginners (SECRET REVEALED): http://jnl.io/15000investbinarycrypto58745', CAST(N'2019-03-18T02:53:24.410' AS DateTime), 1)
INSERT [dbo].[Contact_Tbl] ([CId], [ContactId], [Name], [Email], [Contact], [Subject], [Message], [Entrydate], [Status]) VALUES (435, N'C841410662', N'KevinUniff', N'andrew.neel@yahoo.com', N'89222598287', N'What is the best cryptocurrency to invest in 2019', N'What is the best cryptocurrency to invest in 2019: http://rih.co/15000investbinarycrypto26344', CAST(N'2019-03-18T11:37:36.237' AS DateTime), 1)
INSERT [dbo].[Contact_Tbl] ([CId], [ContactId], [Name], [Email], [Contact], [Subject], [Message], [Entrydate], [Status]) VALUES (436, N'C972982660', N'Eric', N'eric@talkwithcustomer.com', N'416-385-3200', N'Do You Want Up to 100X More Conversions?', N'Hello,

You have a website, right? 
  
Of course you do. I found khupho.com today.

It gets traffic every day – that you’re probably spending $2 / $4 / $10 or more a click to get.  Not including all of the work you put into creating social media, videos, blog posts, emails, and so on.

So you’re investing seriously in getting people to that site.

But how’s it working?  Great? Okay?  Not so much?

If that answer could be better, then it’s likely you’re putting a lot of time, effort, ', CAST(N'2019-03-18T15:07:34.207' AS DateTime), 1)
INSERT [dbo].[Contact_Tbl] ([CId], [ContactId], [Name], [Email], [Contact], [Subject], [Message], [Entrydate], [Status]) VALUES (437, N'C052315298', N'DanielSpeem', N'sweetiein2006@yahoo.com', N'89341791811', N'Turning $10,000 into $1 Million in Forex | DailyForex', N'Turning $10,000 into $1 Million in Forex | DailyForex: http://jnl.io/15000investbinarycrypto40529', CAST(N'2019-03-18T16:18:45.250' AS DateTime), 1)
INSERT [dbo].[Contact_Tbl] ([CId], [ContactId], [Name], [Email], [Contact], [Subject], [Message], [Entrydate], [Status]) VALUES (438, N'C164090586', N'Miguelfag', N'Justin@perrydoleac.com', N'83727256241', N'$10000 per day Crypto Binary Options, How to earn +0.05922 btc in 5 mins', N'$10000 per day Bitcoin Trading with Binary Options: https://lil.ink/15000investbinarycrypto84275', CAST(N'2019-03-18T19:34:35.203' AS DateTime), 1)
INSERT [dbo].[Contact_Tbl] ([CId], [ContactId], [Name], [Email], [Contact], [Subject], [Message], [Entrydate], [Status]) VALUES (439, N'C557870887', N'WilliamVOb', N'sylvia.salinas@aes.com', N'89189957829', N'Forex trader makes $10,000 in minutes', N'Forex trader makes $10,000 in minutes: https://aaa.moda/15000investbinarycrypto86157', CAST(N'2019-03-19T19:08:19.910' AS DateTime), 1)
INSERT [dbo].[Contact_Tbl] ([CId], [ContactId], [Name], [Email], [Contact], [Subject], [Message], [Entrydate], [Status]) VALUES (440, N'C534605691', N'cynthya', N'gregorKeensegerne@gmail.com', N'15864166480', N'We offer you the opportunity to advertise your products and services.', N'We offer you the opportunity to advertise your products and services. 
 
Good day! There is nice offers for you. I can send your commercial offers or messages through feedback forms. The advantage of this method is that the messages sent through the feedback forms are included in the white list. This method increases the chance that your message will be read. The same way you received this message. 
Sending via Feedback Forms to any domain zones of the world. (more than 1000 domain zones.). 
', CAST(N'2019-03-19T20:41:38.030' AS DateTime), 1)
INSERT [dbo].[Contact_Tbl] ([CId], [ContactId], [Name], [Email], [Contact], [Subject], [Message], [Entrydate], [Status]) VALUES (441, N'C599334179', N'TimothyScomy', N'mitsura76@list.ru', N'85847735222', N'Жунжурова', N'Ольгой Жунжуровой 
 
<a href=http://www.compromat.ru/page_22434.htm>Жунжурова</a>', CAST(N'2019-03-20T03:20:40.467' AS DateTime), 1)
INSERT [dbo].[Contact_Tbl] ([CId], [ContactId], [Name], [Email], [Contact], [Subject], [Message], [Entrydate], [Status]) VALUES (442, N'C691749449', N'DanielSpeem', N'lilstuffy19@yahoo.com', N'85353519742', N'Forex Prodigy Makes $10,000 in 30 Minutes! - Market Traders Institute', N'How You Can Make $100,000 Every Month Trading Forex: https://lil.ink/15000investbinarycrypto90812', CAST(N'2019-03-20T10:35:54.410' AS DateTime), 1)
INSERT [dbo].[Contact_Tbl] ([CId], [ContactId], [Name], [Email], [Contact], [Subject], [Message], [Entrydate], [Status]) VALUES (443, N'C797550009', N'SantosOdoge', N'countrygal12@hotmail.com', N'85917312323', N'Find yourself a girl for the night in your city', N'Sexy girls for the night in your town: https://lil.ink/adultdating57948', CAST(N'2019-03-20T10:52:32.327' AS DateTime), 1)
INSERT [dbo].[Contact_Tbl] ([CId], [ContactId], [Name], [Email], [Contact], [Subject], [Message], [Entrydate], [Status]) VALUES (444, N'C303613938', N'RobertCex', N'ander61@hotmail.com', N'88523249183', N'Beautiful girls for sex in your city', N'Sexy girls for the night in your town: http://www.vkvi.net/adultdating82646', CAST(N'2019-03-20T14:59:35.653' AS DateTime), 1)
INSERT [dbo].[Contact_Tbl] ([CId], [ContactId], [Name], [Email], [Contact], [Subject], [Message], [Entrydate], [Status]) VALUES (445, N'C561220089', N'MiguelMet', N'feverism@msn.com', N'81783311862', N'The best girls for sex in your town', N'The best girls for sex in your town: http://valeriemace.co.uk/adultdating63757', CAST(N'2019-03-20T17:19:11.493' AS DateTime), 1)
INSERT [dbo].[Contact_Tbl] ([CId], [ContactId], [Name], [Email], [Contact], [Subject], [Message], [Entrydate], [Status]) VALUES (446, N'C268880877', N'WilliamVOb', N'bchoder@aol.com', N'83911376334', N'The best women for sex in your town', N'The best women for sex in your town: http://jnl.io/adultdating32293', CAST(N'2019-03-20T17:25:34.250' AS DateTime), 1)
INSERT [dbo].[Contact_Tbl] ([CId], [ContactId], [Name], [Email], [Contact], [Subject], [Message], [Entrydate], [Status]) VALUES (447, N'C266514757', N'Javiermebra', N'fenghuang@msn.com', N'87898288125', N'Beautiful women for sex in your town', N'Sexy girls for the night in your town: http://to.ht/adultdating92934', CAST(N'2019-03-20T18:17:07.907' AS DateTime), 1)
INSERT [dbo].[Contact_Tbl] ([CId], [ContactId], [Name], [Email], [Contact], [Subject], [Message], [Entrydate], [Status]) VALUES (448, N'C675584041', N'KevinUniff', N'breckenridge_m20@yahoo.com', N'82444781313', N'Meet sexy girls in your city', N'Sexy girls for the night in your town: http://www.lookweb.it/adultdating15112', CAST(N'2019-03-21T03:43:52.327' AS DateTime), 1)
INSERT [dbo].[Contact_Tbl] ([CId], [ContactId], [Name], [Email], [Contact], [Subject], [Message], [Entrydate], [Status]) VALUES (449, N'C422915729', N'Miguelfag', N'sk8trgirl5@hotmail.com', N'89726762823', N'Meet sexy girls in your city', N'Meet sexy girls in your city: http://perkele.ovh/adultdating83467', CAST(N'2019-03-21T07:44:15.930' AS DateTime), 1)
INSERT [dbo].[Contact_Tbl] ([CId], [ContactId], [Name], [Email], [Contact], [Subject], [Message], [Entrydate], [Status]) VALUES (450, N'C289843620', N'DanielSpeem', N'madi91104@yahoo.com', N'86297413662', N'Beautiful women for sex in your town', N'Beautiful girls for sex in your city: http://www.lookweb.it/adultdating88063', CAST(N'2019-03-21T19:03:20.867' AS DateTime), 1)
INSERT [dbo].[Contact_Tbl] ([CId], [ContactId], [Name], [Email], [Contact], [Subject], [Message], [Entrydate], [Status]) VALUES (451, N'C782154922', N'WilliamVOb', N'markking@aol.com', N'84523146716', N'Beautiful girls for sex in your city', N'Beautiful girls for sex in your city: http://goto.iamaws.com/adultdating93183', CAST(N'2019-03-22T19:05:09.357' AS DateTime), 1)
INSERT [dbo].[Contact_Tbl] ([CId], [ContactId], [Name], [Email], [Contact], [Subject], [Message], [Entrydate], [Status]) VALUES (452, N'C782154922', N'MiguelMet', N'moonshadow13@msn.com', N'88466569657', N'The best girls for sex in your town', N'The best girls for sex in your town: https://lil.ink/adultdating77251', CAST(N'2019-03-22T19:05:09.357' AS DateTime), 1)
INSERT [dbo].[Contact_Tbl] ([CId], [ContactId], [Name], [Email], [Contact], [Subject], [Message], [Entrydate], [Status]) VALUES (453, N'C314092488', N'SantosOdoge', N'cannon050803@yahoo.com', N'88192244471', N'How to Make $30000 FAST | Fast Money | The Busy Budgeter', N'What''s the easiest way to earn $30000 a month: http://www.lookweb.it/bestinvestcrepto49083', CAST(N'2019-03-22T20:51:24.910' AS DateTime), 1)
INSERT [dbo].[Contact_Tbl] ([CId], [ContactId], [Name], [Email], [Contact], [Subject], [Message], [Entrydate], [Status]) VALUES (454, N'C319525266', N'RobertCex', N'apansini@hotmail.com', N'81555294519', N'Get $1000 вЂ“ $6000 A Day', N'Paid Surveys: Earn $30,000 Or More Per Week: http://www.abcagency.se/bestinvestcrepto53408', CAST(N'2019-03-23T00:32:43.957' AS DateTime), 1)
INSERT [dbo].[Contact_Tbl] ([CId], [ContactId], [Name], [Email], [Contact], [Subject], [Message], [Entrydate], [Status]) VALUES (455, N'C110980453', N'MiguelMet', N'sweetconnie40@hotmail.com', N'83586197883', N'Wie man в‚¬ 3000 schnell macht Schnelles Geld | Der beschГ¤ftigte Budgeter', N'Ich bin 23. Ich habe в‚¬ 3000. Wie kann ich es am besten nutzen, um mehr Geld zu verdienen: http://goto.iamaws.com/bestinvestcrepto95933', CAST(N'2019-03-23T02:59:37.390' AS DateTime), 1)
INSERT [dbo].[Contact_Tbl] ([CId], [ContactId], [Name], [Email], [Contact], [Subject], [Message], [Entrydate], [Status]) VALUES (456, N'C681039827', N'Javiermebra', N'kd_blevins@yahoo.com', N'83657634362', N'What is the best cryptocurrency to invest in 2019', N'The Top 5 Best Cryptocurrencies 2019: http://www.lookweb.it/bestinvestcrepto70707', CAST(N'2019-03-23T02:59:37.437' AS DateTime), 1)
INSERT [dbo].[Contact_Tbl] ([CId], [ContactId], [Name], [Email], [Contact], [Subject], [Message], [Entrydate], [Status]) VALUES (457, N'C502878545', N'WilliamVOb', N'blitznr2@yahoo.com', N'83794882778', N'Comment transformer 3 000 в‚¬ en 128 000 в‚¬', N'Comment gagner 3000 в‚¬ Fast Fast Money | Le budget occupГ©: http://perkele.ovh/bestinvestcrepto14986', CAST(N'2019-03-23T03:37:22.253' AS DateTime), 1)
INSERT [dbo].[Contact_Tbl] ([CId], [ContactId], [Name], [Email], [Contact], [Subject], [Message], [Entrydate], [Status]) VALUES (458, N'C759141721', N'Haley Green', N'gonfanof@yahoo.com', N'805-372-1751', N'50% Discount On khupho.com Marketing Video Today', N'Hi
As you know, we''re giving companies like yours 50% off our packages as we build up testimonials in the market.

Here are a few videos we''ve done for companies across all market segments so far (albeit in different verticals) https://videosalespower.space/50-off/?=khupho.com

These types of videos are perfect for both internal and external use, on your website, social, and email channels - boosting a range of metrics: SEO, Bounce Rate, Conversion rate etc.

We also have 200+ examples an', CAST(N'2019-03-23T05:50:19.430' AS DateTime), 1)
INSERT [dbo].[Contact_Tbl] ([CId], [ContactId], [Name], [Email], [Contact], [Subject], [Message], [Entrydate], [Status]) VALUES (459, N'C259814679', N'KevinUniff', N'jeancrute@aol.com', N'88527698735', N'Wie mache ich в‚¬ 3000 pro Tag?', N'Wie mache ich в‚¬ 3000 pro Tag?: http://webhop.se/bestinvestcrepto27072', CAST(N'2019-03-23T14:18:55.503' AS DateTime), 1)
INSERT [dbo].[Contact_Tbl] ([CId], [ContactId], [Name], [Email], [Contact], [Subject], [Message], [Entrydate], [Status]) VALUES (460, N'C192264580', N'DanielSpeem', N'cjamurri@yahoo.com', N'85762383339', N'Comment gagner 3000 в‚¬ Fast Fast Money | Le budget occupГ©', N'EnquГЄtes rГ©munГ©rГ©es: gagnez 3 000 в‚¬ ou plus par semaine: https://lil.ink/bestinvestcrepto35250', CAST(N'2019-03-23T14:18:56.473' AS DateTime), 1)
INSERT [dbo].[Contact_Tbl] ([CId], [ContactId], [Name], [Email], [Contact], [Subject], [Message], [Entrydate], [Status]) VALUES (461, N'C498485255', N'Miguelfag', N'cnwugwd@yahoo.com', N'81759327937', N'Top Cryptocurrencies To Invest In 2018-2019', N'Best cryptocurrency to Invest 2019: http://www.lookweb.it/bestinvestcrepto37496', CAST(N'2019-03-23T18:06:37.140' AS DateTime), 1)
INSERT [dbo].[Contact_Tbl] ([CId], [ContactId], [Name], [Email], [Contact], [Subject], [Message], [Entrydate], [Status]) VALUES (462, N'C493064323', N'RobertEvede', N'pasha_bolabko@mail.ru', N'84395549719', N'Ольгой Жунжуровой', N'Ольгой Жунжуровой 
 
<a href=http://www.compromat.ru/page_22434.htm>Жунжурова</a>', CAST(N'2019-03-24T02:38:10.617' AS DateTime), 1)
INSERT [dbo].[Contact_Tbl] ([CId], [ContactId], [Name], [Email], [Contact], [Subject], [Message], [Entrydate], [Status]) VALUES (463, N'C327797181', N'SantosOdoge', N'lisa_calvert@msn.com', N'88154995927', N'Find yourself a girl for the night in your city', N'Sexy girls for the night in your town: http://perkele.ovh/bestadultdating90624', CAST(N'2019-03-24T20:56:30.960' AS DateTime), 1)
INSERT [dbo].[Contact_Tbl] ([CId], [ContactId], [Name], [Email], [Contact], [Subject], [Message], [Entrydate], [Status]) VALUES (464, N'C591556765', N'RobertCex', N'js159@hotmail.com', N'84255791516', N'The best women for sex in your town', N'Beautiful women for sex in your town: https://is.gd/bestadultdating15099', CAST(N'2019-03-25T00:41:49.590' AS DateTime), 1)
INSERT [dbo].[Contact_Tbl] ([CId], [ContactId], [Name], [Email], [Contact], [Subject], [Message], [Entrydate], [Status]) VALUES (465, N'C206706031', N'Javiermebra', N'jdh89@msn.com', N'85499623698', N'Chicas sexys para pasar la noche en tu pueblo.', N'Chicas sexys para pasar la noche en tu pueblo.: http://to.ht/bestadultdating52391', CAST(N'2019-03-25T03:22:35.343' AS DateTime), 1)
INSERT [dbo].[Contact_Tbl] ([CId], [ContactId], [Name], [Email], [Contact], [Subject], [Message], [Entrydate], [Status]) VALUES (466, N'C479869701', N'MiguelMet', N'cd_141@hotmail.com', N'83347348157', N'Filles sexy pour la nuit dans votre ville', N'Filles sexy pour la nuit dans votre ville: http://valeriemace.co.uk/bestadultdating31119', CAST(N'2019-03-25T03:22:35.470' AS DateTime), 1)
INSERT [dbo].[Contact_Tbl] ([CId], [ContactId], [Name], [Email], [Contact], [Subject], [Message], [Entrydate], [Status]) VALUES (467, N'C193533955', N'WilliamVOb', N'apcohymq@eopzlazx.com', N'87936716644', N'Treffen Sie sexy MГ¤dchen in Ihrer Stadt', N'Suchen Sie sich ein MГ¤dchen fГјr die Nacht in Ihrer Stadt: https://lil.ink/bestadultdating64035', CAST(N'2019-03-25T03:36:30.933' AS DateTime), 1)
INSERT [dbo].[Contact_Tbl] ([CId], [ContactId], [Name], [Email], [Contact], [Subject], [Message], [Entrydate], [Status]) VALUES (468, N'C671062877', N'DanielSpeem', N'LEON_TERRY@YAHOO.COM', N'86621966291', N'Suchen Sie sich ein MГ¤dchen fГјr die Nacht in Ihrer Stadt', N'Suchen Sie sich ein MГ¤dchen fГјr die Nacht in Ihrer Stadt: http://www.abcagency.se/bestadultdating67294', CAST(N'2019-03-25T15:09:00.843' AS DateTime), 1)
INSERT [dbo].[Contact_Tbl] ([CId], [ContactId], [Name], [Email], [Contact], [Subject], [Message], [Entrydate], [Status]) VALUES (469, N'C152890999', N'Miguelfag', N'b2spirt2001@yahoo.com', N'89857689489', N'Chicas sexys para pasar la noche en tu pueblo.', N'Encuentra una chica para pasar la noche en tu ciudad.: https://lil.ink/bestadultdating22556', CAST(N'2019-03-25T16:39:07.707' AS DateTime), 1)
INSERT [dbo].[Contact_Tbl] ([CId], [ContactId], [Name], [Email], [Contact], [Subject], [Message], [Entrydate], [Status]) VALUES (470, N'C440809333', N'KevinUniff', N'lisa.mandall@yahoo.com', N'82815666584', N'Filles sexy pour la nuit dans votre ville', N'Trouvez-vous une fille pour la nuit dans votre ville: http://www.lookweb.it/bestadultdating93126', CAST(N'2019-03-25T22:02:54.777' AS DateTime), 1)
INSERT [dbo].[Contact_Tbl] ([CId], [ContactId], [Name], [Email], [Contact], [Subject], [Message], [Entrydate], [Status]) VALUES (471, N'C665873088', N'SantosOdoge', N'wittel@msn.com', N'83985366688', N'The best girls for sex in your town', N'Beautiful women for sex in your town: https://aaa.moda/adultdatinginyourcity69688', CAST(N'2019-03-26T11:54:46.817' AS DateTime), 1)
INSERT [dbo].[Contact_Tbl] ([CId], [ContactId], [Name], [Email], [Contact], [Subject], [Message], [Entrydate], [Status]) VALUES (472, N'C581673671', N'MiguelMet', N'romanhermann@hotmail.com', N'86743799914', N'Sexy girls for the night in your town', N'Beautiful girls for sex in your city: http://www.lookweb.it/bestadultdating99370', CAST(N'2019-03-26T18:29:58.457' AS DateTime), 1)
INSERT [dbo].[Contact_Tbl] ([CId], [ContactId], [Name], [Email], [Contact], [Subject], [Message], [Entrydate], [Status]) VALUES (473, N'C844086206', N'WilliamVOb', N'wareed@msn.com', N'88828148931', N'Find yourself a girl for the night in your city', N'The best women for sex in your town: https://lil.ink/bestadultdating43441', CAST(N'2019-03-26T18:29:59.147' AS DateTime), 1)
INSERT [dbo].[Contact_Tbl] ([CId], [ContactId], [Name], [Email], [Contact], [Subject], [Message], [Entrydate], [Status]) VALUES (474, N'C952655424', N'RobertCex', N'lengge@msn.com', N'83152826843', N'Beautiful women for sex in your town', N'The best girls for sex in your town: http://jnl.io/adultdatinginyourcity37346', CAST(N'2019-03-26T23:32:18.357' AS DateTime), 1)
INSERT [dbo].[Contact_Tbl] ([CId], [ContactId], [Name], [Email], [Contact], [Subject], [Message], [Entrydate], [Status]) VALUES (475, N'C475287680', N'Javiermebra', N'b_brouillette@msn.com', N'85964973367', N'Beautiful girls for sex in your city', N'Find yourself a girl for the night in your city: https://aaa.moda/bestadultdating82627', CAST(N'2019-03-27T03:30:24.423' AS DateTime), 1)
INSERT [dbo].[Contact_Tbl] ([CId], [ContactId], [Name], [Email], [Contact], [Subject], [Message], [Entrydate], [Status]) VALUES (476, N'C681464940', N'DanielSpeem', N'ladyjones4551@yahoo.com', N'88332639919', N'The best women for sex in your town', N'Meet sexy girls in your city: http://rih.co/bestadultdating79458', CAST(N'2019-03-27T04:51:54.687' AS DateTime), 1)
INSERT [dbo].[Contact_Tbl] ([CId], [ContactId], [Name], [Email], [Contact], [Subject], [Message], [Entrydate], [Status]) VALUES (477, N'C815858410', N'KevinUniff', N'djjoestylez@yahoo.com', N'87116296146', N'The best women for sex in your town', N'Find yourself a girl for the night in your city: http://rih.co/bestadultdating90186', CAST(N'2019-03-27T04:51:55.373' AS DateTime), 1)
INSERT [dbo].[Contact_Tbl] ([CId], [ContactId], [Name], [Email], [Contact], [Subject], [Message], [Entrydate], [Status]) VALUES (478, N'C980913133', N'reklamaNub', N'semizhonowakseniya199639@mail.ru', N'81378616972', N'Рекламно-производственная компания', N' 
<a href=http://moriart-nn.ru>козырек навес</a>  - подробнее на сайте алмазного бурения <a href=http://moriart-nn.ru/>moriart-nn.ru</a>', CAST(N'2019-03-27T06:10:13.480' AS DateTime), 1)
INSERT [dbo].[Contact_Tbl] ([CId], [ContactId], [Name], [Email], [Contact], [Subject], [Message], [Entrydate], [Status]) VALUES (479, N'C619441737', N'Miguelfag', N'pjacksonec@yahoo.com', N'88224872681', N'Beautiful girls for sex in your city', N'Meet sexy girls in your city: http://to.ht/bestadultdating76282', CAST(N'2019-03-27T18:35:54.610' AS DateTime), 1)
INSERT [dbo].[Contact_Tbl] ([CId], [ContactId], [Name], [Email], [Contact], [Subject], [Message], [Entrydate], [Status]) VALUES (480, N'C377689624', N'SantosOdoge', N'fia05@msn.com', N'81554485612', N'2019 Cryptocurrency Investment Guide', N'Invest from $ 50,000 in cryptocurrency mining and get passive income from $ 1,500 to $ 5,000 per day for the whole year: http://corta.co/from1500perday98644', CAST(N'2019-03-27T20:18:40.170' AS DateTime), 1)
INSERT [dbo].[Contact_Tbl] ([CId], [ContactId], [Name], [Email], [Contact], [Subject], [Message], [Entrydate], [Status]) VALUES (481, N'C170102758', N'Jared', N'storybite22@gmail.com', N'217152675', N'Considering an animated explainer video in 2019?', N'Hi there, 
 
I came across your website and wanted to get in touch. 
 
I run an animation studio that produces animated explainer videos helping companies to explain what they do, why it matters and how they''re unique in less than 2 minutes. 
 
Here are some examples of our work: 
http://www.bit.ly/animationworks - pretty good right? 
 
I wanted to reach out to hear if the idea of an animated explainer video is something you’ve ever thought about creating and could be interested in expl', CAST(N'2019-03-27T21:14:55.530' AS DateTime), 1)
INSERT [dbo].[Contact_Tbl] ([CId], [ContactId], [Name], [Email], [Contact], [Subject], [Message], [Entrydate], [Status]) VALUES (482, N'C995647807', N'Lisa Price', N'lisap@greatvideo1.com', N'323-129-2654', N'website khupho.com', N'Hello, after visiting your web-site I wanted to let you know that we work with companies like yours to publish a custom-made marketing and promotional video, featuring your company online.

The 90-second video below shows you what this custom-made video can do for your company:

To watch the video simply visit:
https://www.greatvideo1.com/?=khupho.com

And if you like, we’ll send you a free marketing report for your company – just visit https://www.greatvideo1.com/?=khupho.com
 
Thanks ', CAST(N'2019-03-27T22:03:31.967' AS DateTime), 1)
INSERT [dbo].[Contact_Tbl] ([CId], [ContactId], [Name], [Email], [Contact], [Subject], [Message], [Entrydate], [Status]) VALUES (483, N'C393499949', N'RobertCex', N'joelgolfer@aol.com', N'84848831311', N'Top Cryptocurrencies To Invest In 2018-2019', N'The Best Cryptocurrency to Invest in 2019: http://www.abcagency.se/from1500perday68669', CAST(N'2019-03-28T00:04:45.180' AS DateTime), 1)
INSERT [dbo].[Contact_Tbl] ([CId], [ContactId], [Name], [Email], [Contact], [Subject], [Message], [Entrydate], [Status]) VALUES (484, N'C343049967', N'Javiermebra', N'mrs.canada01@yahoo.com', N'87984191862', N'Find yourself a girl for the night in your city', N'Beautiful women for sex in your town: http://goto.iamaws.com/bestadultdating67528', CAST(N'2019-03-28T02:56:31.943' AS DateTime), 1)
INSERT [dbo].[Contact_Tbl] ([CId], [ContactId], [Name], [Email], [Contact], [Subject], [Message], [Entrydate], [Status]) VALUES (485, N'C274019727', N'WilliamVOb', N'coleybaby923@yahoo.com', N'82244466368', N'The best women for sex in your town', N'Sexy girls for the night in your town: http://rih.co/bestadultdating80227', CAST(N'2019-03-28T02:56:31.990' AS DateTime), 1)
INSERT [dbo].[Contact_Tbl] ([CId], [ContactId], [Name], [Email], [Contact], [Subject], [Message], [Entrydate], [Status]) VALUES (486, N'C456517593', N'MiguelMet', N'shaggy964@msn.com', N'88711834746', N'Beautiful women for sex in your town', N'Beautiful women for sex in your town: http://www.lookweb.it/bestadultdating83271', CAST(N'2019-03-28T02:56:32.317' AS DateTime), 1)
INSERT [dbo].[Contact_Tbl] ([CId], [ContactId], [Name], [Email], [Contact], [Subject], [Message], [Entrydate], [Status]) VALUES (487, N'C218396228', N'DanielSpeem', N'rckja3@aol.com', N'83625554337', N'Sexy girls for the night in your town', N'The best women for sex in your town: http://webhop.se/adultdating17610', CAST(N'2019-03-28T13:28:47.663' AS DateTime), 1)
INSERT [dbo].[Contact_Tbl] ([CId], [ContactId], [Name], [Email], [Contact], [Subject], [Message], [Entrydate], [Status]) VALUES (488, N'C510886328', N'Miguelfag', N'shardy78@msn.com', N'82759299347', N'The best girls for sex in your town', N'Find yourself a girl for the night in your city: http://www.lookweb.it/bestadultdating25316', CAST(N'2019-03-28T14:31:41.823' AS DateTime), 1)
INSERT [dbo].[Contact_Tbl] ([CId], [ContactId], [Name], [Email], [Contact], [Subject], [Message], [Entrydate], [Status]) VALUES (489, N'C219655700', N'SantosOdoge', N'jmatchefts@hotmail.com', N'89563928371', N'Make $200 per hour doing this', N'How To Make Extra Money From Home - $3000 Per Day Easy: http://valeriemace.co.uk/5000perday31326', CAST(N'2019-03-28T20:38:02.810' AS DateTime), 1)
INSERT [dbo].[Contact_Tbl] ([CId], [ContactId], [Name], [Email], [Contact], [Subject], [Message], [Entrydate], [Status]) VALUES (490, N'C061175989', N'RobertCex', N'azweifler@centurytel.net', N'84443536462', N'Make $200 per hour doing this', N'$200 for 10 mins вЂњwork?вЂќ: http://www.vkvi.net/5000perday37373', CAST(N'2019-03-29T00:40:51.127' AS DateTime), 1)
INSERT [dbo].[Contact_Tbl] ([CId], [ContactId], [Name], [Email], [Contact], [Subject], [Message], [Entrydate], [Status]) VALUES (491, N'C389702253', N'MiguelMet', N'barb536@hotmail.com', N'88638721437', N'Auto Mass Money Maker', N'Make $200 per hour doing this: http://to.ht/5000perday15511', CAST(N'2019-03-29T03:14:12.150' AS DateTime), 1)
INSERT [dbo].[Contact_Tbl] ([CId], [ContactId], [Name], [Email], [Contact], [Subject], [Message], [Entrydate], [Status]) VALUES (492, N'C461499794', N'KevinUniff', N'marianosemail@gmail.com', N'86814952438', N'Get $1500 вЂ“ $6000 per DAY', N'Auto Mass Money Maker: http://to.ht/5000perday86317', CAST(N'2019-03-29T15:19:23.070' AS DateTime), 1)
INSERT [dbo].[Contact_Tbl] ([CId], [ContactId], [Name], [Email], [Contact], [Subject], [Message], [Entrydate], [Status]) VALUES (493, N'C011935885', N'Manuelpaups', N'albert.tsublov@mail.ru', N'88367132589', N'максим иванчук отзывы', N'максим иванчук пластический хирург киев 
 
https://plastic-surgeon.ru/forum/showthread.php?t=13277', CAST(N'2019-03-29T20:37:22.233' AS DateTime), 1)
INSERT [dbo].[Contact_Tbl] ([CId], [ContactId], [Name], [Email], [Contact], [Subject], [Message], [Entrydate], [Status]) VALUES (494, N'C545510100', N'Eric', N'eric@talkwithcustomer.com', N'416-385-3200', N'Do You Want Up to 100X More Conversions for khupho.com ?', N'Hello,

You have a website, right? 
  
Of course you do. I found khupho.com today.

It gets traffic every day – that you’re probably spending $2 / $4 / $10 or more a click to get.  Not including all of the work you put into creating social media, videos, blog posts, emails, and so on.

So you’re investing seriously in getting people to that site.

But how’s it working?  Great? Okay?  Not so much?

If that answer could be better, then it’s likely you’re putting a lot of time, effort, ', CAST(N'2019-03-30T01:00:03.900' AS DateTime), 1)
INSERT [dbo].[Contact_Tbl] ([CId], [ContactId], [Name], [Email], [Contact], [Subject], [Message], [Entrydate], [Status]) VALUES (495, N'C848679622', N'Javiermebra', N'anthonyb20@hotmail.com', N'88598412584', N'The best women for sex in your town', N'Sexy girls for the night in your town: http://goto.iamaws.com/adultdatinginyourcity26586', CAST(N'2019-03-30T02:07:45.463' AS DateTime), 1)
INSERT [dbo].[Contact_Tbl] ([CId], [ContactId], [Name], [Email], [Contact], [Subject], [Message], [Entrydate], [Status]) VALUES (496, N'C237395649', N'WilliamVOb', N'sdewing67@googlemail.com', N'86896537888', N'Beautiful women for sex in your town', N'Sexy girls for the night in your town: http://webhop.se/bestadultdating48057', CAST(N'2019-03-30T02:07:46.167' AS DateTime), 1)
INSERT [dbo].[Contact_Tbl] ([CId], [ContactId], [Name], [Email], [Contact], [Subject], [Message], [Entrydate], [Status]) VALUES (497, N'C742207596', N'TerryGom', N'pete-gvm-affiliate@gmail.com', N'211734744', N'Question…', N'My name is Pete and I want to share a proven system with you that makes me money while I sleep! This system allows you to TRY the whole thing for F R E E for a whole 30 days! That''s right, you can finally change your future without giving up any sensitive information in advance! I signed up myself just a while ago and I''m already making a nice profit. 
 
In short, this is probably the BEST THING THAT EVER HAPPENED TO YOU IF YOU TAKE ACTION NOW!!! 
 
If you''re interested in knowing more about', CAST(N'2019-03-30T07:34:40.847' AS DateTime), 1)
INSERT [dbo].[Contact_Tbl] ([CId], [ContactId], [Name], [Email], [Contact], [Subject], [Message], [Entrydate], [Status]) VALUES (498, N'C450041668', N'DanielSpeem', N'wilgeniastarks@yahoo.com', N'86748125845', N'Beautiful girls for sex in your city', N'Meet sexy girls in your city: https://tinyurl.com/bestadultdating54285', CAST(N'2019-03-30T14:28:53.893' AS DateTime), 1)
INSERT [dbo].[Contact_Tbl] ([CId], [ContactId], [Name], [Email], [Contact], [Subject], [Message], [Entrydate], [Status]) VALUES (499, N'C251461422', N'Manuelpaups', N'albert.tsublov@mail.ru', N'86467117442', N'Плохие отзывы об Иванчуке максиме сергеевиче', N'максим иванчук пластический хирург киев 
 
https://forum.plastic-surgeon.com.ua/showthread.php?t=234', CAST(N'2019-03-30T15:24:53.357' AS DateTime), 1)
INSERT [dbo].[Contact_Tbl] ([CId], [ContactId], [Name], [Email], [Contact], [Subject], [Message], [Entrydate], [Status]) VALUES (500, N'C916014240', N'Miguelfag', N'masonben@msn.com', N'87756728942', N'Sexy girls for the night in your town', N'Meet sexy girls in your city: http://www.lookweb.it/bestadultdating38301', CAST(N'2019-03-30T15:29:53.977' AS DateTime), 1)
INSERT [dbo].[Contact_Tbl] ([CId], [ContactId], [Name], [Email], [Contact], [Subject], [Message], [Entrydate], [Status]) VALUES (501, N'C106792924', N'SantosOdoge', N'nammylee@bellsouth.net', N'89552347615', N'How to make $3000 a day', N'Auto Mass Money Maker: https://aaa.moda/5000perday36523', CAST(N'2019-03-30T19:01:24.793' AS DateTime), 1)
INSERT [dbo].[Contact_Tbl] ([CId], [ContactId], [Name], [Email], [Contact], [Subject], [Message], [Entrydate], [Status]) VALUES (502, N'C511141995', N'MiguelMet', N'rolks@hotmail.com', N'84322295922', N'LAZY way for $200 in 20 mins', N'Where to invest $ 3000 once and receive every month from $ 55000: http://rih.co/5000perday84370', CAST(N'2019-03-31T14:11:53.973' AS DateTime), 1)
INSERT [dbo].[Contact_Tbl] ([CId], [ContactId], [Name], [Email], [Contact], [Subject], [Message], [Entrydate], [Status]) VALUES (503, N'C726320779', N'RobertCex', N'the_true_rayuno@hotmail.com', N'81515397835', N'How to make $3000 a day', N'$200 for 10 mins вЂњwork?вЂќ: http://to.ht/5000perday55481', CAST(N'2019-03-31T17:32:02.133' AS DateTime), 1)
INSERT [dbo].[Contact_Tbl] ([CId], [ContactId], [Name], [Email], [Contact], [Subject], [Message], [Entrydate], [Status]) VALUES (504, N'C862466767', N'Javiermebra', N'whisperstone@msn.com', N'84797113864', N'Beautiful girls for sex in your city', N'The best girls for sex in your town: http://to.ht/adultdatinginyourcity20277', CAST(N'2019-03-31T17:51:37.613' AS DateTime), 1)
INSERT [dbo].[Contact_Tbl] ([CId], [ContactId], [Name], [Email], [Contact], [Subject], [Message], [Entrydate], [Status]) VALUES (505, N'C082698798', N'SantosOdoge', N'tegdirb27@hotmail.com', N'87587749643', N'The best girls for sex in your town', N'Meet sexy girls in your city: http://to.ht/bestadultdating57909', CAST(N'2019-03-31T22:47:13.250' AS DateTime), 1)
INSERT [dbo].[Contact_Tbl] ([CId], [ContactId], [Name], [Email], [Contact], [Subject], [Message], [Entrydate], [Status]) VALUES (506, N'C613315240', N'RobertCex', N'lhunter56@msn.com', N'86935994391', N'Beautiful girls for sex in your city', N'Sexy girls for the night in your town: http://www.abcagency.se/bestadultdating25693', CAST(N'2019-04-01T02:43:07.910' AS DateTime), 1)
INSERT [dbo].[Contact_Tbl] ([CId], [ContactId], [Name], [Email], [Contact], [Subject], [Message], [Entrydate], [Status]) VALUES (507, N'C281102510', N'MiguelMet', N'james8205@msn.com', N'85441734216', N'Meet sexy girls in your city', N'Meet sexy girls in your city: http://www.lookweb.it/bestadultdating59361', CAST(N'2019-04-01T05:34:18.600' AS DateTime), 1)
INSERT [dbo].[Contact_Tbl] ([CId], [ContactId], [Name], [Email], [Contact], [Subject], [Message], [Entrydate], [Status]) VALUES (508, N'C787450788', N'Javiermebra', N'pjexpress1@yahoo.com', N'85623813452', N'Find yourself a girl for the night in your city', N'Meet sexy girls in your city: http://corta.co/bestadultdating66523', CAST(N'2019-04-01T05:41:45.537' AS DateTime), 1)
INSERT [dbo].[Contact_Tbl] ([CId], [ContactId], [Name], [Email], [Contact], [Subject], [Message], [Entrydate], [Status]) VALUES (509, N'C445609492', N'WilliamVOb', N'stevestepen@aol.com', N'85291612492', N'Find yourself a girl for the night in your city', N'The best women for sex in your town: https://tinyurl.com/bestadultdating49990', CAST(N'2019-04-01T05:41:47.397' AS DateTime), 1)
INSERT [dbo].[Contact_Tbl] ([CId], [ContactId], [Name], [Email], [Contact], [Subject], [Message], [Entrydate], [Status]) VALUES (510, N'C822722700', N'KevinUniff', N'peer.schouten@globalstudies.gu.se', N'87143685133', N'Find yourself a girl for the night in your city', N'Beautiful women for sex in your town: http://corta.co/bestadultdating84195', CAST(N'2019-04-01T17:08:13.793' AS DateTime), 1)
INSERT [dbo].[Contact_Tbl] ([CId], [ContactId], [Name], [Email], [Contact], [Subject], [Message], [Entrydate], [Status]) VALUES (511, N'C849562118', N'Miguelfag', N'rrodriguez032003@yahoo.com', N'89289747588', N'Find yourself a girl for the night in your city', N'Sexy girls for the night in your town: http://rih.co/bestadultdating82797', CAST(N'2019-04-01T17:08:27.920' AS DateTime), 1)
INSERT [dbo].[Contact_Tbl] ([CId], [ContactId], [Name], [Email], [Contact], [Subject], [Message], [Entrydate], [Status]) VALUES (512, N'C535345337', N'DanielSpeem', N'davefubulife@aol.com', N'87638896478', N'The best girls for sex in your town', N'Meet sexy girls in your city: http://rih.co/bestadultdating53420', CAST(N'2019-04-01T17:09:17.033' AS DateTime), 1)
INSERT [dbo].[Contact_Tbl] ([CId], [ContactId], [Name], [Email], [Contact], [Subject], [Message], [Entrydate], [Status]) VALUES (513, N'C339326645', N'krasotannmaf', N'konstantinzemlyankin7@mail.ru', N'82968849969', N'Академия красоты Флер де Солей', N' 
 http://krasotann.ru - курсы визаж цена  -  подробнее на нашем сайте http://krasotann.ru - krasotann.ru 
Курсы парикмахеров, косметологов, визажистов, мастеров ногтевого сервиса (маникюр, педикюр, наращивание ногтей акрилом и гелем), а также обучение различным видам массажа. 
Обучение проводится в специально оборудованных классах на профессиональной косметике известных мировых брендов под руководством высококвалифицированных преподавателей, которые обязательно позаботятся о том, чтобы проце', CAST(N'2019-04-02T06:03:03.153' AS DateTime), 1)
INSERT [dbo].[Contact_Tbl] ([CId], [ContactId], [Name], [Email], [Contact], [Subject], [Message], [Entrydate], [Status]) VALUES (514, N'C993743113', N'SantosOdoge', N'dehalterman@comcast.net', N'81781818523', N'Invest $ 5,000 in Bitcoin once and get $ 7,000 passive income per month', N'Invest $ 5,000 in Bitcoin once and get $ 7,000 passive income per month: http://www.vkvi.net/investcrypto26813', CAST(N'2019-04-02T09:38:37.260' AS DateTime), 1)
INSERT [dbo].[Contact_Tbl] ([CId], [ContactId], [Name], [Email], [Contact], [Subject], [Message], [Entrydate], [Status]) VALUES (515, N'C720131164', N'WilliamVOb', N'rolfschmid@hotmail.com', N'83545652326', N'Cryptocurrency Trading & Investing Strategie voor 2019. Ontvang een passief inkomen van $ 7.000 per ', N'Investeer eenmaal $ 5.000 in cryptocurrency en ontvang $ 7.000 passief inkomen per maand: http://jnl.io/investcrypto55765', CAST(N'2019-04-02T16:22:33.877' AS DateTime), 1)
INSERT [dbo].[Contact_Tbl] ([CId], [ContactId], [Name], [Email], [Contact], [Subject], [Message], [Entrydate], [Status]) VALUES (516, N'C639640886', N'Javiermebra', N'carricum@hotmail.com', N'81532272492', N'UPDATE: Cryptocurrency-Investing-Strategie - 2. Quartal 2019. Erhalten Sie ein passives Einkommen vo', N'Wie man in bitcoins $ 5000 investiert - erzielt eine Rendite von bis zu 2000%: http://corta.co/investcrypto43438', CAST(N'2019-04-02T16:22:34.283' AS DateTime), 1)
INSERT [dbo].[Contact_Tbl] ([CId], [ContactId], [Name], [Email], [Contact], [Subject], [Message], [Entrydate], [Status]) VALUES (517, N'C079479487', N'RobertCex', N'sunnylucy@hotmail.com', N'81961738923', N'How to invest in bitcoins $ 5000 - get a return of up to 2000%', N'Cryptocurrency Trading & Investing Strategy for 2019. Receive passive income of $ 7,000 per month: http://corta.co/investcrypto14152', CAST(N'2019-04-02T16:28:19.180' AS DateTime), 1)
INSERT [dbo].[Contact_Tbl] ([CId], [ContactId], [Name], [Email], [Contact], [Subject], [Message], [Entrydate], [Status]) VALUES (518, N'C319782544', N'MiguelMet', N'crystalb_14@hotmail.com', N'82492171152', N'Cryptocurrency Trading & Investing Strategy for 2019. Receive passive income of $ 7,000 per month', N'Invest $ 5,000 in Bitcoin once and get $ 7,000 passive income per month: http://jnl.io/investcrypto93561', CAST(N'2019-04-02T17:53:35.780' AS DateTime), 1)
INSERT [dbo].[Contact_Tbl] ([CId], [ContactId], [Name], [Email], [Contact], [Subject], [Message], [Entrydate], [Status]) VALUES (519, N'C237072686', N'Miguelfag', N'dmawyer@hotmail.com', N'84275483191', N'Investieren Sie einmalig 5.000 USD in Kryptowahrung und erhalten Sie ein passives Einkommen von 7.00', N'Wie man in bitcoins $ 5000 investiert - erzielt eine Rendite von bis zu 2000%: https://aaa.moda/investcrypto27873', CAST(N'2019-04-03T03:23:31.803' AS DateTime), 1)
INSERT [dbo].[Contact_Tbl] ([CId], [ContactId], [Name], [Email], [Contact], [Subject], [Message], [Entrydate], [Status]) VALUES (520, N'C803961994', N'DanielSpeem', N'divapatrick@aol.com', N'89534897347', N'Als u in 2011 $ 1.000 in bitcoin hebt geГЇnvesteerd, heeft u nu $ 4 miljoen', N'Hoe te beleggen in bitcoins $ 5000 - krijg een rendement van maximaal 2000%: http://www.abcagency.se/investcrypto39484', CAST(N'2019-04-03T04:43:16.393' AS DateTime), 1)
INSERT [dbo].[Contact_Tbl] ([CId], [ContactId], [Name], [Email], [Contact], [Subject], [Message], [Entrydate], [Status]) VALUES (521, N'C680721229', N'KevinUniff', N'kkinkellar@msn.com', N'81385996743', N'Cryptocurrency Trading & Investing Strategy for 2019. Receive passive income of $ 7,000 per month', N'UPDATE: Cryptocurrency Investing Strategy - Q2 2019. Receive passive income of $ 7,000 per month: https://aaa.moda/investcrypto21441', CAST(N'2019-04-03T05:30:21.310' AS DateTime), 1)
INSERT [dbo].[Contact_Tbl] ([CId], [ContactId], [Name], [Email], [Contact], [Subject], [Message], [Entrydate], [Status]) VALUES (522, N'C830284134', N'AvtoNub', N'razgonovmiroslav19882266@mail.ru', N'86317677543', N'Интернет-магазин sbk-torg.ru автохимиии и аксесуаров', N'Интернет-магазин sbk-torg.ru предлагает купить автомобильные масела, антифроз, тосол, присодки, фильтры, автокосметику, автофильтры, незамерзайку. В наличии на складе в Нижнем Новгороде 
 
 
http://sbk-torg.ru/Filtry-dlya-kommer-transporta.html - фильтр fleetguard fs19925 ', CAST(N'2019-04-03T09:00:40.373' AS DateTime), 1)
INSERT [dbo].[Contact_Tbl] ([CId], [ContactId], [Name], [Email], [Contact], [Subject], [Message], [Entrydate], [Status]) VALUES (523, N'C687765775', N'SantosOdoge', N'dollardp@hotmail.com', N'87683448515', N'Invest in mining cryptocurrency $ 5000 once and get passive income of $ 7000 per month', N'Invest in mining cryptocurrency $ 5000 once and get passive income of $ 7000 per month: http://jnl.io/investcrypto88631', CAST(N'2019-04-04T11:19:37.020' AS DateTime), 1)
INSERT [dbo].[Contact_Tbl] ([CId], [ContactId], [Name], [Email], [Contact], [Subject], [Message], [Entrydate], [Status]) VALUES (524, N'C832840786', N'Megan Rodriguez', N'meganmg96krodriguez@aol.com', N'(805) 372-1751', N'Instagram Growth for khupho.com', N'Hi,
  I had a look at your Instagram https://www.instagram.com/khu_pho and it looks pretty good.  
 
The question I have is this, is your Instagram giving you the traffic and engagement that you deserve?  
 
We help people organically increase their followers and engagement.  Discover how we can help you get the genuine followers you deserve:

https://www.leadaccelerator.online/insta?=khupho.com

Regards,
Megan
Instagram Growth Specialist
SEO Vale









500 Westover Dr #', CAST(N'2019-04-04T13:25:03.417' AS DateTime), 1)
INSERT [dbo].[Contact_Tbl] ([CId], [ContactId], [Name], [Email], [Contact], [Subject], [Message], [Entrydate], [Status]) VALUES (525, N'C366370595', N'Javiermebra', N'mabell19@hotmail.com', N'89847556293', N'Cryptocurrency Trading & Investing-Strategie fur 2019. Erhalten Sie ein passives Einkommen von 7.000', N'Investieren Sie einmalig in den Abbau von Kryptowahrung 5.000 USD und erzielen Sie ein passives Einkommen von 7.000 USD pro Monat: http://www.abcagency.se/investcrypto21590', CAST(N'2019-04-04T18:19:10.507' AS DateTime), 1)
INSERT [dbo].[Contact_Tbl] ([CId], [ContactId], [Name], [Email], [Contact], [Subject], [Message], [Entrydate], [Status]) VALUES (526, N'C426725384', N'WilliamVOb', N't_maravilla@hotmail.com', N'84936241775', N'Investeer Г©Г©n keer in cryptocurrency voor $ 5000 en ontvang een passief inkomen van $ 7000 per maa', N'UPDATE: Cryptocurrency Investing Strategy - Q2 2019. Ontvang een passief inkomen van $ 7.000 per maand: http://www.vkvi.net/investcrypto63935', CAST(N'2019-04-04T19:23:21.783' AS DateTime), 1)
INSERT [dbo].[Contact_Tbl] ([CId], [ContactId], [Name], [Email], [Contact], [Subject], [Message], [Entrydate], [Status]) VALUES (527, N'C932069337', N'RobertCex', N'dominiquegdugas@yahoo.com', N'86325633994', N'How to invest in bitcoins $ 5000 - get a return of up to 2000%', N'Invest $ 5,000 in Bitcoin once and get $ 7,000 passive income per month: http://www.vkvi.net/investcrypto86582', CAST(N'2019-04-04T20:02:56.127' AS DateTime), 1)
INSERT [dbo].[Contact_Tbl] ([CId], [ContactId], [Name], [Email], [Contact], [Subject], [Message], [Entrydate], [Status]) VALUES (528, N'C545146122', N'MiguelMet', N'rce14@msn.com', N'82243481717', N'If you invested $1,000 in bitcoin in 2011, now you have $4 million', N'Invest $ 5,000 in Bitcoin mining once and get $ 7,000 passive income per month: http://corta.co/investcrypto14152', CAST(N'2019-04-04T20:35:31.570' AS DateTime), 1)
GO
INSERT [dbo].[Contact_Tbl] ([CId], [ContactId], [Name], [Email], [Contact], [Subject], [Message], [Entrydate], [Status]) VALUES (529, N'C217336163', N'SantosOdoge', N'victor_bernabe@hotmail.com', N'86458347578', N'Invest in mining cryptocurrency $ 5000 once and get passive income of $ 7000 per month', N'If you invested $1,000 in bitcoin in 2011, now you have $4 million: http://www.lookweb.it/cryptoinvest76499', CAST(N'2019-04-04T22:54:37.460' AS DateTime), 1)
INSERT [dbo].[Contact_Tbl] ([CId], [ContactId], [Name], [Email], [Contact], [Subject], [Message], [Entrydate], [Status]) VALUES (530, N'C420432522', N'RobertCex', N'castafly2001@yahoo.com', N'81414684481', N'If you invested $1,000 in bitcoin in 2011, now you have $4 million', N'UPDATE: Cryptocurrency Investing Strategy - Q2 2019. Receive passive income of $ 7,000 per month: http://rih.co/cryptoinvest13029', CAST(N'2019-04-05T03:00:03.973' AS DateTime), 1)
INSERT [dbo].[Contact_Tbl] ([CId], [ContactId], [Name], [Email], [Contact], [Subject], [Message], [Entrydate], [Status]) VALUES (531, N'C229762889', N'WilliamVOb', N'atharrazaajnabi@hotmail.com', N'82346691961', N'How to invest in bitcoins in 2019 and receive passive income of $ 7,000 per month', N'Invest in mining cryptocurrency $ 5000 once and get passive income of $ 7000 per month: http://corta.co/cryptoinvest27507', CAST(N'2019-04-05T05:40:28.877' AS DateTime), 1)
INSERT [dbo].[Contact_Tbl] ([CId], [ContactId], [Name], [Email], [Contact], [Subject], [Message], [Entrydate], [Status]) VALUES (532, N'C229762889', N'Javiermebra', N'nattleka_j@hotmail.com', N'83547876121', N'How to invest in bitcoins $ 5000 - get a return of up to 2000%', N'Cryptocurrency Trading & Investing Strategy for 2019. Receive passive income of $ 7,000 per month: http://jnl.io/cryptoinvest76196', CAST(N'2019-04-05T05:40:28.877' AS DateTime), 1)
INSERT [dbo].[Contact_Tbl] ([CId], [ContactId], [Name], [Email], [Contact], [Subject], [Message], [Entrydate], [Status]) VALUES (533, N'C229762889', N'MiguelMet', N'jcmiami13@yahoo.com', N'85863156782', N'Invest in mining cryptocurrency $ 5000 once and get passive income of $ 7000 per month', N'Invest $ 5,000 in Bitcoin mining once and get $ 7,000 passive income per month: http://www.vkvi.net/cryptoinvest64527', CAST(N'2019-04-05T05:40:28.877' AS DateTime), 1)
INSERT [dbo].[Contact_Tbl] ([CId], [ContactId], [Name], [Email], [Contact], [Subject], [Message], [Entrydate], [Status]) VALUES (534, N'C659544867', N'Miguelfag', N'ann61086@gmail.com', N'85851878658', N'Invest $ 5,000 in Bitcoin once and get $ 7,000 passive income per month', N'Invest in mining cryptocurrency $ 5000 once and get passive income of $ 7000 per month: http://jnl.io/cryptoinvest48437', CAST(N'2019-04-05T17:33:54.227' AS DateTime), 1)
INSERT [dbo].[Contact_Tbl] ([CId], [ContactId], [Name], [Email], [Contact], [Subject], [Message], [Entrydate], [Status]) VALUES (535, N'C296561426', N'KevinUniff', N'qpnpgq1998@yahoo.co.uk', N'86377931794', N'How to invest in bitcoins $ 5000 - get a return of up to 2000%', N'How to invest in bitcoins $ 5000 - get a return of up to 2000%: http://www.vkvi.net/cryptoinvest41340', CAST(N'2019-04-05T17:33:54.850' AS DateTime), 1)
INSERT [dbo].[Contact_Tbl] ([CId], [ContactId], [Name], [Email], [Contact], [Subject], [Message], [Entrydate], [Status]) VALUES (536, N'C112386458', N'SantosOdoge', N'munesh_loverboy@yahoo.com', N'89941342817', N'Win an iPhone X | Free Competitions', N'Now''s your chance to win a free iPhone X: http://rih.co/winiphone16139', CAST(N'2019-04-05T20:59:43.800' AS DateTime), 1)
INSERT [dbo].[Contact_Tbl] ([CId], [ContactId], [Name], [Email], [Contact], [Subject], [Message], [Entrydate], [Status]) VALUES (537, N'C152390949', N'reklamaNub', N'kashtanovalida878@mail.ru', N'89419121575', N'Рекламно-производственная компания', N' 
<a href=http://arma-nn.ru>рекламное оформление торгового объекта</a>  - подробнее на сайте алмазного бурения <a href=http://arma-nn.ru/>arma-nn.ru</a>', CAST(N'2019-04-05T22:00:51.507' AS DateTime), 1)
INSERT [dbo].[Contact_Tbl] ([CId], [ContactId], [Name], [Email], [Contact], [Subject], [Message], [Entrydate], [Status]) VALUES (538, N'C725107278', N'Aly Chiman', N'aly1@alychidesigns.com', N'509-482-9207', N'Resource Link Enquiry', N'Hello there,

My name is Aly and I would like to know if you would have any interest to have your website here at khupho.com promoted as a resource on our blog alychidesign.com ? 

We are in the midst of updating our broken link resources to include current and up to date resources for our readers. Our resource links are manually approved allowing us to mark a link as a do-follow link as well
.
If you may be interested please in being included as a resource on our blog, please let me know.', CAST(N'2019-04-06T00:23:38.643' AS DateTime), 1)
INSERT [dbo].[Contact_Tbl] ([CId], [ContactId], [Name], [Email], [Contact], [Subject], [Message], [Entrydate], [Status]) VALUES (539, N'C647983139', N'RobertCex', N'crisunaten1973@yahoo.com', N'82925893579', N'You win iphone X - Apple Community', N'Enter to win an iPhone XS Max & AirPods in this free giveaway: http://jnl.io/winiphone51704', CAST(N'2019-04-06T01:05:48.663' AS DateTime), 1)
INSERT [dbo].[Contact_Tbl] ([CId], [ContactId], [Name], [Email], [Contact], [Subject], [Message], [Entrydate], [Status]) VALUES (540, N'C966803768', N'Javiermebra', N'nebaseballrocks@hotmail.com', N'81197173575', N'Win an iPhone X | Free Competitions', N'Now''s your chance to win a free iPhone X: http://www.lookweb.it/winiphone48441', CAST(N'2019-04-06T03:51:44.933' AS DateTime), 1)
INSERT [dbo].[Contact_Tbl] ([CId], [ContactId], [Name], [Email], [Contact], [Subject], [Message], [Entrydate], [Status]) VALUES (541, N'C377794466', N'WilliamVOb', N'umangnarang@yahoo.co.in', N'84949958411', N'Enter to win an iPhone XS Max & AirPods in this free giveaway', N'iPhone X Giveaway 2019 - Participate to Win an iPhone X: http://jnl.io/winiphone25165', CAST(N'2019-04-06T03:51:45.170' AS DateTime), 1)
INSERT [dbo].[Contact_Tbl] ([CId], [ContactId], [Name], [Email], [Contact], [Subject], [Message], [Entrydate], [Status]) VALUES (542, N'C624151379', N'MiguelMet', N'Tigert38344@yahoo.com', N'87967499525', N'You win iphone X - Apple Community', N'Iphone X Giveaway! Win iPhone for free: http://www.lookweb.it/winiphone93185', CAST(N'2019-04-06T03:51:45.260' AS DateTime), 1)
INSERT [dbo].[Contact_Tbl] ([CId], [ContactId], [Name], [Email], [Contact], [Subject], [Message], [Entrydate], [Status]) VALUES (543, N'C279373487', N'KevinUniff', N'minhtuancl@yahoo.com', N'85232392756', N'Enter to win an iPhone XS Max & AirPods in this free giveaway', N'Now''s your chance to win a free iPhone X: http://corta.co/winiphone23182', CAST(N'2019-04-06T17:02:41.680' AS DateTime), 1)
INSERT [dbo].[Contact_Tbl] ([CId], [ContactId], [Name], [Email], [Contact], [Subject], [Message], [Entrydate], [Status]) VALUES (544, N'C279373487', N'Keithsor', N'alexandre.ise@gmail.com', N'86921172388', N'You win iphone X - Apple Community', N'Now''s your chance to win a free iPhone X: https://lil.ink/winiphone54450', CAST(N'2019-04-06T17:02:41.680' AS DateTime), 1)
INSERT [dbo].[Contact_Tbl] ([CId], [ContactId], [Name], [Email], [Contact], [Subject], [Message], [Entrydate], [Status]) VALUES (545, N'C519959250', N'Miguelfag', N'genaroi12@yahoo.com', N'86188734281', N'You win iphone X - Apple Community', N'Enter to win an iPhone XS Max & AirPods in this free giveaway: https://lil.ink/winiphone14016', CAST(N'2019-04-06T17:02:41.757' AS DateTime), 1)
INSERT [dbo].[Contact_Tbl] ([CId], [ContactId], [Name], [Email], [Contact], [Subject], [Message], [Entrydate], [Status]) VALUES (546, N'C865736971', N'Walterwes', N'casey_andrea@hotmail.com', N'87457919672', N'You win iphone X - Apple Community', N'iPhone X Giveaway 2019 - Participate to Win an iPhone X: http://www.lookweb.it/winiphone72365', CAST(N'2019-04-07T10:44:41.583' AS DateTime), 1)
INSERT [dbo].[Contact_Tbl] ([CId], [ContactId], [Name], [Email], [Contact], [Subject], [Message], [Entrydate], [Status]) VALUES (547, N'C463103234', N'Jamessauff', N'psours1015@yahoo.com', N'85146125922', N'Win an iPhone X | Free Competitions', N'You win iphone X - Apple Community: http://www.lookweb.it/winiphone95530', CAST(N'2019-04-07T15:01:18.957' AS DateTime), 1)
INSERT [dbo].[Contact_Tbl] ([CId], [ContactId], [Name], [Email], [Contact], [Subject], [Message], [Entrydate], [Status]) VALUES (548, N'C824735922', N'Frankblody', N'connie@conniemelton.com', N'81448899549', N'Enter to win an iPhone XS Max & AirPods in this free giveaway', N'Iphone X Giveaway! Win iPhone for free: https://aaa.moda/winiphone43916', CAST(N'2019-04-07T19:06:15.533' AS DateTime), 1)
INSERT [dbo].[Contact_Tbl] ([CId], [ContactId], [Name], [Email], [Contact], [Subject], [Message], [Entrydate], [Status]) VALUES (549, N'C849926368', N'Lonniered', N'salus14@hotmail.com', N'82946899343', N'iPhone X Giveaway 2019 - Participate to Win an iPhone X', N'Now''s your chance to win a free iPhone X: http://jnl.io/winiphone21101', CAST(N'2019-04-07T19:06:15.593' AS DateTime), 1)
INSERT [dbo].[Contact_Tbl] ([CId], [ContactId], [Name], [Email], [Contact], [Subject], [Message], [Entrydate], [Status]) VALUES (550, N'C734081192', N'ClarkNip', N'iccameron@msn.com', N'84471446354', N'iPhone XS Giveaway Contest - Enter to Win an iPhone XS Free', N'Iphone X Giveaway! Win iPhone for free: http://www.lookweb.it/winiphone83320', CAST(N'2019-04-07T20:12:07.643' AS DateTime), 1)
INSERT [dbo].[Contact_Tbl] ([CId], [ContactId], [Name], [Email], [Contact], [Subject], [Message], [Entrydate], [Status]) VALUES (551, N'C383406350', N'MarcusWense', N'melissa@cetlink.net', N'84452769223', N'Enter to win an iPhone XS Max & AirPods in this free giveaway', N'Now''s your chance to win a free iPhone X: https://lil.ink/winiphone11258', CAST(N'2019-04-08T06:11:36.090' AS DateTime), 1)
INSERT [dbo].[Contact_Tbl] ([CId], [ContactId], [Name], [Email], [Contact], [Subject], [Message], [Entrydate], [Status]) VALUES (552, N'C434829687', N'ClintonpeS', N'bryan811@gmail.com', N'88141179996', N'You win iphone X - Apple Community', N'iPhone XS Giveaway Contest - Enter to Win an iPhone XS Free: http://valeriemace.co.uk/winiphone21885', CAST(N'2019-04-08T06:19:47.623' AS DateTime), 1)
INSERT [dbo].[Contact_Tbl] ([CId], [ContactId], [Name], [Email], [Contact], [Subject], [Message], [Entrydate], [Status]) VALUES (553, N'C135592732', N'JeffreyCig', N'jnufeld@cableaz.com', N'88366934882', N'Enter to win an iPhone XS Max & AirPods in this free giveaway', N'Now''s your chance to win a free iPhone X: http://www.lookweb.it/winiphone60187', CAST(N'2019-04-08T09:06:46.907' AS DateTime), 1)
INSERT [dbo].[Contact_Tbl] ([CId], [ContactId], [Name], [Email], [Contact], [Subject], [Message], [Entrydate], [Status]) VALUES (554, N'C249964825', N'Andrewbleno', N'plan.b.fundingoptions@gmail.com', N'326278385', N'Funding Available Now! For your 2019 Projects/Ventures.', N'Hello from Plan B - Funding Options LLC 
 
 
*If you''re thinking about starting your own business or if you need funding for most other reasons there''s 3 things that you need to keep in mind. 
 
 
1. You need to make a well thought out plan, try to cover everything you want to accomplish and think of what could go wrong along the way. You could create a business plan and or executive summary to use as your guideline. As a rule, it’s best NOT to ask family or friends for money its best to u', CAST(N'2019-04-08T09:35:18.940' AS DateTime), 1)
INSERT [dbo].[Contact_Tbl] ([CId], [ContactId], [Name], [Email], [Contact], [Subject], [Message], [Entrydate], [Status]) VALUES (555, N'C186069089', N'Walterwes', N'mirkolino@msn.com', N'88932374237', N'Beautiful girls for sex in your city', N'Sexy girls for the night in your town: https://lil.ink/adultdatingincity62732', CAST(N'2019-04-08T10:39:19.777' AS DateTime), 1)
INSERT [dbo].[Contact_Tbl] ([CId], [ContactId], [Name], [Email], [Contact], [Subject], [Message], [Entrydate], [Status]) VALUES (556, N'C414304748', N'Jamessauff', N'rosegraham@hotmail.com', N'88351163847', N'Meet sexy girls in your city', N'Beautiful women for sex in your town: http://to.ht/adultdatingincity76147', CAST(N'2019-04-08T14:46:59.450' AS DateTime), 1)
INSERT [dbo].[Contact_Tbl] ([CId], [ContactId], [Name], [Email], [Contact], [Subject], [Message], [Entrydate], [Status]) VALUES (557, N'C385490805', N'Frankblody', N'zlkelly2002@yahoo.com', N'83724316611', N'Beautiful girls for sex in your city', N'Beautiful women for sex in your town: https://tinyurl.com/adultdatingincity57240', CAST(N'2019-04-08T17:42:24.397' AS DateTime), 1)
INSERT [dbo].[Contact_Tbl] ([CId], [ContactId], [Name], [Email], [Contact], [Subject], [Message], [Entrydate], [Status]) VALUES (558, N'C262881952', N'ClarkNip', N'cgetan@hotmail.com', N'83351773924', N'Beautiful girls for sex in your city', N'Beautiful women for sex in your town: http://valeriemace.co.uk/adultdatingincity66278', CAST(N'2019-04-08T18:02:26.453' AS DateTime), 1)
INSERT [dbo].[Contact_Tbl] ([CId], [ContactId], [Name], [Email], [Contact], [Subject], [Message], [Entrydate], [Status]) VALUES (559, N'C109906341', N'Hannah Martin', N'hannahqevz0martin@aol.com', N'573-738-8918', N'Visitors for you', N'Found your site today and I liked how good it looked.  However I do have a question, could your site handle more traffic?  

We can drive guaranteed targeted visitors to your site based multiple factors.

If you want more site visitors you can see more here:

https://choicetraffic.icu/up?=khupho.com

Hannah
Choice Traffic


















361 Southwest Drive Suite #731 Jonesboro, AR 72401

Not the right commercial message for you?  All good, we don’t'' want to bothe', CAST(N'2019-04-08T19:02:07.447' AS DateTime), 1)
INSERT [dbo].[Contact_Tbl] ([CId], [ContactId], [Name], [Email], [Contact], [Subject], [Message], [Entrydate], [Status]) VALUES (560, N'C260546323', N'Lonniered', N'anniefg3@msn.com', N'88781632682', N'Find yourself a girl for the night in your city', N'The best girls for sex in your town: http://www.lookweb.it/adultdatingincity21430', CAST(N'2019-04-08T19:58:33.743' AS DateTime), 1)
INSERT [dbo].[Contact_Tbl] ([CId], [ContactId], [Name], [Email], [Contact], [Subject], [Message], [Entrydate], [Status]) VALUES (561, N'C319968608', N'MarcusWense', N'apodacaantonio@comcast.net', N'88652218741', N'Meet sexy girls in your city', N'Beautiful girls for sex in your city: http://corta.co/adultdatingincity55202', CAST(N'2019-04-09T04:00:52.263' AS DateTime), 1)
INSERT [dbo].[Contact_Tbl] ([CId], [ContactId], [Name], [Email], [Contact], [Subject], [Message], [Entrydate], [Status]) VALUES (562, N'C407413113', N'JeffreyCig', N'ca9bra@aol.com', N'85148425264', N'The best women for sex in your town', N'Find yourself a girl for the night in your city: http://www.lookweb.it/adultdatingincity47736', CAST(N'2019-04-09T05:41:46.390' AS DateTime), 1)
INSERT [dbo].[Contact_Tbl] ([CId], [ContactId], [Name], [Email], [Contact], [Subject], [Message], [Entrydate], [Status]) VALUES (563, N'C748425511', N'ClintonpeS', N'powerpak@bellsouth.net', N'88679588231', N'Beautiful girls for sex in your city', N'Beautiful girls for sex in your city: http://goto.iamaws.com/adultdatingincity32113', CAST(N'2019-04-09T07:08:08.580' AS DateTime), 1)
INSERT [dbo].[Contact_Tbl] ([CId], [ContactId], [Name], [Email], [Contact], [Subject], [Message], [Entrydate], [Status]) VALUES (564, N'C832976526', N'Jere Haas', N'luarie.pevitt@gmail.com', N'275653316', N'IMMEDIATE SUPPLY', N'Dear Sir, 
I bring to your notice this multi million business supply that will benefit you and me. 
My company wants to purchase some raw material from your country urgently. 
This raw material is the major material our company uses in production and for research purposes since 2005 and my boss wants to visit your country to source for this raw material but due to my interest in this business, I have contacted you to stand-in as the supplier to supply this raw material to my boss so that we c', CAST(N'2019-04-09T15:53:04.150' AS DateTime), 1)
INSERT [dbo].[Contact_Tbl] ([CId], [ContactId], [Name], [Email], [Contact], [Subject], [Message], [Entrydate], [Status]) VALUES (565, N'C035293254', N'SantosOdoge', N'dr.kenneth.sanders@gmail.com', N'87287179969', N'Sexy girls for the night in your town', N'The best women for sex in your town: http://www.abcagency.se/adultdatingincity99963', CAST(N'2019-04-10T00:41:34.180' AS DateTime), 1)
INSERT [dbo].[Contact_Tbl] ([CId], [ContactId], [Name], [Email], [Contact], [Subject], [Message], [Entrydate], [Status]) VALUES (566, N'C291879170', N'RobertCex', N'trequartistan@gmail.com', N'86433663822', N'Beautiful women for sex in your town', N'Beautiful girls for sex in your city: https://tinyurl.com/adultdatingincity38932', CAST(N'2019-04-10T04:50:02.903' AS DateTime), 1)
INSERT [dbo].[Contact_Tbl] ([CId], [ContactId], [Name], [Email], [Contact], [Subject], [Message], [Entrydate], [Status]) VALUES (567, N'C730303404', N'WilliamVOb', N'tulika_23@yahoo.com', N'85116977769', N'The best girls for sex in your town', N'Sexy girls for the night in your town: http://www.abcagency.se/adultdatingincity62230', CAST(N'2019-04-10T07:24:57.960' AS DateTime), 1)
INSERT [dbo].[Contact_Tbl] ([CId], [ContactId], [Name], [Email], [Contact], [Subject], [Message], [Entrydate], [Status]) VALUES (568, N'C971299220', N'Javiermebra', N'bkr5215352@hotmail.com', N'85266689783', N'Beautiful girls for sex in your city', N'The best girls for sex in your town: https://lil.ink/adultdatingincity52512', CAST(N'2019-04-10T07:30:38.217' AS DateTime), 1)
INSERT [dbo].[Contact_Tbl] ([CId], [ContactId], [Name], [Email], [Contact], [Subject], [Message], [Entrydate], [Status]) VALUES (569, N'C792435871', N'MiguelMet', N'hangqtt@gmail.com', N'81687469176', N'Beautiful girls for sex in your city', N'The best women for sex in your town: https://aaa.moda/adultdatingincity56725', CAST(N'2019-04-10T09:09:40.450' AS DateTime), 1)
INSERT [dbo].[Contact_Tbl] ([CId], [ContactId], [Name], [Email], [Contact], [Subject], [Message], [Entrydate], [Status]) VALUES (570, N'C893520404', N'Linda Morgan', N'linda@videoenhance1.com', N'323-129-2755', N'website khupho.com', N'Greetings, after seeing your website I wanted to let you know that we work with businesses like yours to publish a custom marketing & promotional video, featuring your business online.

The short video below shows you what this custom made video can do for your business:

Visit the website below to learn more:
https://www.videoenhance1.com/?=khupho.com

Also, we will send you a free marketing report for your company – simply visit https://www.videoenhance1.com/?=khupho.com
 
Thank you.
', CAST(N'2019-04-10T12:38:56.263' AS DateTime), 1)
INSERT [dbo].[Contact_Tbl] ([CId], [ContactId], [Name], [Email], [Contact], [Subject], [Message], [Entrydate], [Status]) VALUES (571, N'C382275330', N'Keithsor', N'fgrdc4f@gmail.com', N'83128287635', N'Sexy girls for the night in your town', N'The best girls for sex in your town: http://www.vkvi.net/adultdatingincity43950', CAST(N'2019-04-10T17:23:02.120' AS DateTime), 1)
INSERT [dbo].[Contact_Tbl] ([CId], [ContactId], [Name], [Email], [Contact], [Subject], [Message], [Entrydate], [Status]) VALUES (572, N'C419767590', N'Miguelfag', N'dmsheck@gmx.de', N'89954996355', N'Meet sexy girls in your city', N'Sexy girls for the night in your town: http://valeriemace.co.uk/adultdatingincity88492', CAST(N'2019-04-10T21:43:23.807' AS DateTime), 1)
INSERT [dbo].[Contact_Tbl] ([CId], [ContactId], [Name], [Email], [Contact], [Subject], [Message], [Entrydate], [Status]) VALUES (573, N'C015444326', N'KevinUniff', N'jicnwdvc@hotmailboxlive.com', N'87161327753', N'Beautiful women for sex in your town', N'Meet sexy girls in your city: http://www.lookweb.it/adultdatingincity47020', CAST(N'2019-04-10T22:21:51.047' AS DateTime), 1)
INSERT [dbo].[Contact_Tbl] ([CId], [ContactId], [Name], [Email], [Contact], [Subject], [Message], [Entrydate], [Status]) VALUES (574, N'C201184358', N'MiguelMet', N'exveemon_guy@hotmail.com', N'83892341613', N'Invest in mining cryptocurrency $ 5000 once and get passive income of $ 7000 per month', N'How to invest in bitcoins in 2019 and receive passive income of $ 7,000 per month: http://swish.st/88142', CAST(N'2019-04-12T00:56:20.473' AS DateTime), 1)
INSERT [dbo].[Contact_Tbl] ([CId], [ContactId], [Name], [Email], [Contact], [Subject], [Message], [Entrydate], [Status]) VALUES (575, N'C819108835', N'WilliamVOb', N'thesati3@gmail.com', N'86412268148', N'Cryptocurrency Trading & Investing Strategy for 2019. Receive passive income of $ 7,000 per month', N'If you invested $1,000 in bitcoin in 2011, now you have $4 million: http://www.lookweb.it/INVESTINBITCOIN53867', CAST(N'2019-04-12T00:56:20.580' AS DateTime), 1)
INSERT [dbo].[Contact_Tbl] ([CId], [ContactId], [Name], [Email], [Contact], [Subject], [Message], [Entrydate], [Status]) VALUES (576, N'C140501661', N'Javiermebra', N'santosh.r.suryawanshi@gmail.com', N'89582736296', N'If you invested $1,000 in bitcoin in 2011, now you have $4 million', N'Invest in mining cryptocurrency $ 5000 once and get passive income of $ 7000 per month: http://jnl.io/28267', CAST(N'2019-04-12T00:56:21.033' AS DateTime), 1)
INSERT [dbo].[Contact_Tbl] ([CId], [ContactId], [Name], [Email], [Contact], [Subject], [Message], [Entrydate], [Status]) VALUES (577, N'C397671196', N'KevinUniff', N'andrewdalefry@gmail.com', N'86534288954', N'If you invested $1,000 in bitcoin in 2011, now you have $4 million', N'Cryptocurrency Trading & Investing Strategy for 2019. Receive passive income of $ 7,000 per month: https://lil.ink/INVESTINBITCOIN84578', CAST(N'2019-04-12T12:07:12.940' AS DateTime), 1)
INSERT [dbo].[Contact_Tbl] ([CId], [ContactId], [Name], [Email], [Contact], [Subject], [Message], [Entrydate], [Status]) VALUES (578, N'C397671196', N'Keithsor', N'info@fincaurlaub-mallorca.de', N'81871554618', N'Invest in mining cryptocurrency $ 5000 once and get passive income of $ 7000 per month', N'Invest $ 5,000 in Bitcoin once and get $ 7,000 passive income per month: http://jnl.io/63396', CAST(N'2019-04-12T12:07:12.940' AS DateTime), 1)
INSERT [dbo].[Contact_Tbl] ([CId], [ContactId], [Name], [Email], [Contact], [Subject], [Message], [Entrydate], [Status]) VALUES (579, N'C701717173', N'Miguelfag', N'recyclebin@hotmail.com', N'88437281718', N'If you invested $1,000 in bitcoin in 2011, now you have $4 million', N'Invest in mining cryptocurrency $ 5000 once and get passive income of $ 7000 per month: http://www.abcagency.se/67402', CAST(N'2019-04-12T12:07:13.237' AS DateTime), 1)
INSERT [dbo].[Contact_Tbl] ([CId], [ContactId], [Name], [Email], [Contact], [Subject], [Message], [Entrydate], [Status]) VALUES (580, N'C120940711', N'ClarkNip', N'courtney3234@hotmail.com', N'89991273417', N'How to invest in bitcoins in 2019 and receive passive income of $ 7,000 per month', N'If you invested $1,000 in bitcoin in 2011, now you have $4 million: http://rih.co/28111', CAST(N'2019-04-13T17:10:12.717' AS DateTime), 1)
INSERT [dbo].[Contact_Tbl] ([CId], [ContactId], [Name], [Email], [Contact], [Subject], [Message], [Entrydate], [Status]) VALUES (581, N'C120940711', N'Lonniered', N'ldiamond23@msn.com', N'86222568986', N'How to invest in bitcoins in 2019 and receive passive income of $ 7,000 per month', N'Invest $ 5,000 in cryptocurrency once and get $ 7,000 passive income per month: http://www.abcagency.se/53947', CAST(N'2019-04-13T17:10:12.717' AS DateTime), 1)
INSERT [dbo].[Contact_Tbl] ([CId], [ContactId], [Name], [Email], [Contact], [Subject], [Message], [Entrydate], [Status]) VALUES (582, N'C375287709', N'Frankblody', N'enchantedrainbow8@hotmail.com', N'84629541464', N'Invest $ 5,000 in Bitcoin once and get $ 7,000 passive income per month', N'Invest in mining cryptocurrency $ 5000 once and get passive income of $ 7000 per month: http://webhop.se/14888', CAST(N'2019-04-13T17:10:13.043' AS DateTime), 1)
INSERT [dbo].[Contact_Tbl] ([CId], [ContactId], [Name], [Email], [Contact], [Subject], [Message], [Entrydate], [Status]) VALUES (583, N'C996201126', N'MarcusWense', N'randy_becky2000@yahoo.com', N'86444737252', N'Cryptocurrency Trading & Investing Strategy for 2019. Receive passive income of $ 7,000 per month', N'Invest $ 5,000 in Bitcoin once and get $ 7,000 passive income per month: http://www.lookweb.it/INVESTINBITCOIN76352', CAST(N'2019-04-14T06:54:44.143' AS DateTime), 1)
INSERT [dbo].[Contact_Tbl] ([CId], [ContactId], [Name], [Email], [Contact], [Subject], [Message], [Entrydate], [Status]) VALUES (584, N'C491967807', N'ClintonpeS', N'elmogonzo@insightbb.com', N'89138492564', N'Invest in mining cryptocurrency $ 5000 once and get passive income of $ 7000 per month', N'Invest $ 5,000 in cryptocurrency once and get $ 7,000 passive income per month: http://rih.co/97938', CAST(N'2019-04-14T06:54:44.160' AS DateTime), 1)
INSERT [dbo].[Contact_Tbl] ([CId], [ContactId], [Name], [Email], [Contact], [Subject], [Message], [Entrydate], [Status]) VALUES (585, N'C257669628', N'JeffreyCig', N'aduvelius@sbcglobal.net', N'81141622386', N'Invest $ 5,000 in cryptocurrency once and get $ 7,000 passive income per month', N'Invest $ 5,000 in cryptocurrency once and get $ 7,000 passive income per month: http://www.abcagency.se/11827', CAST(N'2019-04-14T18:36:16.877' AS DateTime), 1)
INSERT [dbo].[Contact_Tbl] ([CId], [ContactId], [Name], [Email], [Contact], [Subject], [Message], [Entrydate], [Status]) VALUES (586, N'C555801897', N'SantosOdoge', N'melisacohen@yahoo.com', N'84415989695', N'Win an iPhone X | Free Competitions', N'iPhone X Giveaway 2019 - Participate to Win an iPhone X: http://www.51baixian.com/link.php?url=https://vk.cc/9hFGzh', CAST(N'2019-04-14T20:42:21.827' AS DateTime), 1)
INSERT [dbo].[Contact_Tbl] ([CId], [ContactId], [Name], [Email], [Contact], [Subject], [Message], [Entrydate], [Status]) VALUES (587, N'C832393057', N'RobertCex', N'vjunggrg@yahoo.com', N'87274146357', N'iPhone XS Giveaway Contest - Enter to Win an iPhone XS Free', N'You win iphone X - Apple Community: http://ladomenicadivicenza.gruppovideomedia.it/redirect.php?id=106&url=https://vk.cc/9hFGzh', CAST(N'2019-04-15T00:51:55.693' AS DateTime), 1)
INSERT [dbo].[Contact_Tbl] ([CId], [ContactId], [Name], [Email], [Contact], [Subject], [Message], [Entrydate], [Status]) VALUES (588, N'C009883386', N'ClarkNip', N'coezn@hotmail.com', N'84264585536', N'Now''s your chance to win a free iPhone X', N'iPhone X Giveaway 2019 - Participate to Win an iPhone X: https://www.clicksports.ro/utils/price.php?preturi_in=eur&referer=https://vk.cc/9hFGzh', CAST(N'2019-04-15T02:49:27.223' AS DateTime), 1)
INSERT [dbo].[Contact_Tbl] ([CId], [ContactId], [Name], [Email], [Contact], [Subject], [Message], [Entrydate], [Status]) VALUES (589, N'C723748287', N'Frankblody', N'jsheridan@pmaconsultants.com', N'88522176515', N'iPhone XS Giveaway Contest - Enter to Win an iPhone XS Free', N'iPhone X Giveaway 2019 - Participate to Win an iPhone X: http://hongdouwang.com/home/link.php?url=https://vk.cc/9hFGzh', CAST(N'2019-04-15T02:49:27.363' AS DateTime), 1)
INSERT [dbo].[Contact_Tbl] ([CId], [ContactId], [Name], [Email], [Contact], [Subject], [Message], [Entrydate], [Status]) VALUES (590, N'C215994024', N'Lonniered', N'whammond32@hotmail.com', N'85541225646', N'iPhone XS Giveaway Contest - Enter to Win an iPhone XS Free', N'iPhone XS Giveaway Contest - Enter to Win an iPhone XS Free: https://www.abcgezondheid.be/cb.php?url=https://vk.cc/9hFGzh', CAST(N'2019-04-15T02:49:27.503' AS DateTime), 1)
INSERT [dbo].[Contact_Tbl] ([CId], [ContactId], [Name], [Email], [Contact], [Subject], [Message], [Entrydate], [Status]) VALUES (591, N'C470374374', N'MarcusWense', N'jsaladin@hotmail.com', N'81678112445', N'iPhone X Giveaway 2019 - Participate to Win an iPhone X', N'Win an iPhone X | Free Competitions: http://www.vkvi.net/winiphonex22263', CAST(N'2019-04-15T14:03:54.130' AS DateTime), 1)
INSERT [dbo].[Contact_Tbl] ([CId], [ContactId], [Name], [Email], [Contact], [Subject], [Message], [Entrydate], [Status]) VALUES (592, N'C459786792', N'JeffreyCig', N'fober@yahoo.com', N'81526328942', N'iPhone X Giveaway 2019 - Participate to Win an iPhone X', N'Win an iPhone X | Free Competitions: http://www.vkvi.net/winiphonex35858', CAST(N'2019-04-15T15:28:47.920' AS DateTime), 1)
INSERT [dbo].[Contact_Tbl] ([CId], [ContactId], [Name], [Email], [Contact], [Subject], [Message], [Entrydate], [Status]) VALUES (593, N'C459786792', N'ClintonpeS', N'dandziee@yahoo.com', N'85479339837', N'Iphone X Giveaway! Win iPhone for free', N'Win an iPhone X | Free Competitions: http://www.onlyevent.info/li/rank.cgi?mode=link&id=82&url=https://vk.cc/9hFGzh', CAST(N'2019-04-15T15:28:47.920' AS DateTime), 1)
INSERT [dbo].[Contact_Tbl] ([CId], [ContactId], [Name], [Email], [Contact], [Subject], [Message], [Entrydate], [Status]) VALUES (594, N'C472311515', N'SantosOdoge', N'Selfonik@gmail.com', N'85124942627', N'Find yourself a girl for the night in your city', N'Beautiful women for sex in your town: http://www.star174.ru/redir.php?url=https://vk.cc/9hUq5L', CAST(N'2019-04-15T19:30:25.223' AS DateTime), 1)
INSERT [dbo].[Contact_Tbl] ([CId], [ContactId], [Name], [Email], [Contact], [Subject], [Message], [Entrydate], [Status]) VALUES (595, N'C093421862', N'RobertCex', N'brow.z@hotmail.co.uk', N'87986549364', N'Sexy girls for the night in your town', N'The best girls for sex in your town: http://ucco.com.ua/bitrix/redirect.php?event1=&event2=&event3=&goto=https://vk.cc/9hUq5L', CAST(N'2019-04-15T23:26:14.603' AS DateTime), 1)
INSERT [dbo].[Contact_Tbl] ([CId], [ContactId], [Name], [Email], [Contact], [Subject], [Message], [Entrydate], [Status]) VALUES (596, N'C132553904', N'Frankblody', N'dbwilson@netscape.com', N'82513614473', N'Sexy girls for the night in your town', N'The best girls for sex in your town: https://www.mymapblog.com/redirect.php?url=https://vk.cc/9hUq5L', CAST(N'2019-04-16T01:53:46.003' AS DateTime), 1)
INSERT [dbo].[Contact_Tbl] ([CId], [ContactId], [Name], [Email], [Contact], [Subject], [Message], [Entrydate], [Status]) VALUES (597, N'C466036020', N'ClarkNip', N'carolita80@hotmail.com', N'89384251621', N'Meet sexy girls in your city', N'The best girls for sex in your town: http://www.ccedisp.com/about/redirect.php?url=https://vk.cc/9hUq5L', CAST(N'2019-04-16T01:54:50.350' AS DateTime), 1)
INSERT [dbo].[Contact_Tbl] ([CId], [ContactId], [Name], [Email], [Contact], [Subject], [Message], [Entrydate], [Status]) VALUES (598, N'C637330731', N'Lonniered', N'zemog14@hotmail.com', N'84949821419', N'Meet sexy girls in your city', N'Beautiful women for sex in your town: http://andronet.ru/bitrix/rk.php?goto=https://vk.cc/9hUq5L', CAST(N'2019-04-16T01:54:51.117' AS DateTime), 1)
INSERT [dbo].[Contact_Tbl] ([CId], [ContactId], [Name], [Email], [Contact], [Subject], [Message], [Entrydate], [Status]) VALUES (599, N'C404104217', N'MarcusWense', N'pouch@peoplepc.com', N'81556975916', N'Find yourself a girl for the night in your city', N'Find yourself a girl for the night in your city: http://raborak.com/saladedemais/go.php?https://vk.cc/9hUq5L', CAST(N'2019-04-16T14:10:03.833' AS DateTime), 1)
INSERT [dbo].[Contact_Tbl] ([CId], [ContactId], [Name], [Email], [Contact], [Subject], [Message], [Entrydate], [Status]) VALUES (600, N'C109652475', N'JeffreyCig', N'dreamhomes888@yahoo.com', N'83889111873', N'Beautiful women for sex in your town', N'The best girls for sex in your town: http://xn--80aanlo6abmdk.xn--80acgfbsl1azdqr.xn--p1ai/go/?url=https://vk.cc/9hUq5L', CAST(N'2019-04-16T15:46:29.563' AS DateTime), 1)
INSERT [dbo].[Contact_Tbl] ([CId], [ContactId], [Name], [Email], [Contact], [Subject], [Message], [Entrydate], [Status]) VALUES (601, N'C696544371', N'ClintonpeS', N'harbringer@comcast.net', N'89265548392', N'Beautiful girls for sex in your city', N'Beautiful women for sex in your town: http://catshelter.be/forward.php?url=https://vk.cc/9hUq5L', CAST(N'2019-04-16T15:46:29.593' AS DateTime), 1)
SET IDENTITY_INSERT [dbo].[Contact_Tbl] OFF
SET IDENTITY_INSERT [dbo].[ContactPage] ON 

INSERT [dbo].[ContactPage] ([Id], [Primary_Email], [Secondary_Email], [Primary_Contact], [Secondary_Contact], [Address], [City], [ZipCode], [Status]) VALUES (4, N'info@khupho.com', N'1khupho@gmail.com', N'650-268-4727', N'650-268-4727', N'Palo Alto, CA, USA', N'Palo Alto', NULL, 1)
SET IDENTITY_INSERT [dbo].[ContactPage] OFF
SET IDENTITY_INSERT [dbo].[Content_tbl] ON 

INSERT [dbo].[Content_tbl] ([Id], [Page_Name], [Page_Title], [Page_Heading], [Section], [Page_Content]) VALUES (1, N'Home', N'Home', N'Home', N'Find New Home', N'<h1>Find your new home today or tomorrow.</h1>

<p>The real estate agents can also create a profile and upload their property listings into the website&nbsp;</p>
')
SET IDENTITY_INSERT [dbo].[Content_tbl] OFF
SET IDENTITY_INSERT [dbo].[Coupon_tbl] ON 

INSERT [dbo].[Coupon_tbl] ([CId], [Coupon_Id], [UserId], [Coupon_Code], [Coupon_Amt], [Coupon_Type], [Coupon_StartDate], [Coupon_EndDate], [Coupon_EntryDate], [Coupon_AStatus], [Coupon_Status]) VALUES (3, N'CU068258619', N'Admin', N'1234567', CAST(5.00 AS Decimal(18, 2)), N'AMT', CAST(N'2018-09-12T00:00:00.000' AS DateTime), CAST(N'2018-09-19T00:00:00.000' AS DateTime), CAST(N'2018-09-13T00:02:51.983' AS DateTime), N'Active', 1)
INSERT [dbo].[Coupon_tbl] ([CId], [Coupon_Id], [UserId], [Coupon_Code], [Coupon_Amt], [Coupon_Type], [Coupon_StartDate], [Coupon_EndDate], [Coupon_EntryDate], [Coupon_AStatus], [Coupon_Status]) VALUES (1, N'CU086491316', N'U831603621', N'123456', CAST(5.00 AS Decimal(18, 2)), N'AMT', CAST(N'2018-09-11T00:00:00.000' AS DateTime), CAST(N'2018-09-14T00:00:00.000' AS DateTime), CAST(N'2018-09-11T14:10:21.760' AS DateTime), N'Active', 1)
INSERT [dbo].[Coupon_tbl] ([CId], [Coupon_Id], [UserId], [Coupon_Code], [Coupon_Amt], [Coupon_Type], [Coupon_StartDate], [Coupon_EndDate], [Coupon_EntryDate], [Coupon_AStatus], [Coupon_Status]) VALUES (2, N'CU450095257', N'U831603621', N'654654654', CAST(10.00 AS Decimal(18, 2)), N'PER', CAST(N'2018-09-11T00:00:00.000' AS DateTime), CAST(N'2018-09-14T00:00:00.000' AS DateTime), CAST(N'2018-09-11T21:41:37.287' AS DateTime), N'InActive', 0)
SET IDENTITY_INSERT [dbo].[Coupon_tbl] OFF
SET IDENTITY_INSERT [dbo].[Coupon_Tracking] ON 

INSERT [dbo].[Coupon_Tracking] ([TCouponId], [Coupon_Id], [UserId]) VALUES (1, N'CU068258619', N'U831603621')
INSERT [dbo].[Coupon_Tracking] ([TCouponId], [Coupon_Id], [UserId]) VALUES (2, N'CU086491316', N'U831603621')
INSERT [dbo].[Coupon_Tracking] ([TCouponId], [Coupon_Id], [UserId]) VALUES (3, N'CU068258619', N'U831603621')
SET IDENTITY_INSERT [dbo].[Coupon_Tracking] OFF
SET IDENTITY_INSERT [dbo].[EmailVerfied_Flag_Tbl] ON 

INSERT [dbo].[EmailVerfied_Flag_Tbl] ([EVId], [UserId], [EmailVerified_Flag]) VALUES (1, N'U706998036', 0)
INSERT [dbo].[EmailVerfied_Flag_Tbl] ([EVId], [UserId], [EmailVerified_Flag]) VALUES (4, N'U831603621', 1)
INSERT [dbo].[EmailVerfied_Flag_Tbl] ([EVId], [UserId], [EmailVerified_Flag]) VALUES (2, N'U848224942', 0)
INSERT [dbo].[EmailVerfied_Flag_Tbl] ([EVId], [UserId], [EmailVerified_Flag]) VALUES (3, N'U867869980', 0)
SET IDENTITY_INSERT [dbo].[EmailVerfied_Flag_Tbl] OFF
INSERT [dbo].[Events_Table] ([EventId], [EventTitle], [Description], [ShownType], [ShowingDay], [Start_Date], [End_Date], [Start_Time], [End_Time], [IsActive], [Entry_Date], [CreatedBy], [Event_Type], [PropertyId], [DisplayStatus]) VALUES (N'E039869187', NULL, NULL, N'DATE', NULL, CAST(N'2017-08-16' AS Date), NULL, CAST(N'15:30:00' AS Time), CAST(N'15:45:00' AS Time), 1, CAST(N'2017-08-16T02:40:08.103' AS DateTime), N'U616637881', N'OPEN HOUSE', N'P201046313', N'active')
INSERT [dbo].[Events_Table] ([EventId], [EventTitle], [Description], [ShownType], [ShowingDay], [Start_Date], [End_Date], [Start_Time], [End_Time], [IsActive], [Entry_Date], [CreatedBy], [Event_Type], [PropertyId], [DisplayStatus]) VALUES (N'E054774091', NULL, NULL, N'EVERY', 0, NULL, NULL, CAST(N'13:45:00' AS Time), CAST(N'14:00:00' AS Time), 1, CAST(N'2017-10-19T13:45:40.960' AS DateTime), N'U831603621', N'OPEN HOUSE', NULL, N'active')
INSERT [dbo].[Events_Table] ([EventId], [EventTitle], [Description], [ShownType], [ShowingDay], [Start_Date], [End_Date], [Start_Time], [End_Time], [IsActive], [Entry_Date], [CreatedBy], [Event_Type], [PropertyId], [DisplayStatus]) VALUES (N'E054882719', NULL, NULL, N'DATE', NULL, CAST(N'2018-11-01' AS Date), NULL, CAST(N'17:00:00' AS Time), CAST(N'17:15:00' AS Time), 1, CAST(N'2018-11-27T04:21:45.800' AS DateTime), N'U831603621', N'OPEN HOUSE', NULL, N'active')
INSERT [dbo].[Events_Table] ([EventId], [EventTitle], [Description], [ShownType], [ShowingDay], [Start_Date], [End_Date], [Start_Time], [End_Time], [IsActive], [Entry_Date], [CreatedBy], [Event_Type], [PropertyId], [DisplayStatus]) VALUES (N'E060643618', NULL, NULL, N'DATE', NULL, CAST(N'2017-08-12' AS Date), NULL, CAST(N'15:00:00' AS Time), CAST(N'17:00:00' AS Time), 1, CAST(N'2017-08-06T11:41:20.777' AS DateTime), N'U616637881', N'OPEN HOUSE', N'P103902545', N'active')
INSERT [dbo].[Events_Table] ([EventId], [EventTitle], [Description], [ShownType], [ShowingDay], [Start_Date], [End_Date], [Start_Time], [End_Time], [IsActive], [Entry_Date], [CreatedBy], [Event_Type], [PropertyId], [DisplayStatus]) VALUES (N'E066189265', NULL, NULL, N'DATE', NULL, CAST(N'2017-09-09' AS Date), NULL, NULL, NULL, 1, CAST(N'2017-09-07T09:46:51.553' AS DateTime), N'U889546954', N'OPEN HOUSE', N'P660086996', N'active')
INSERT [dbo].[Events_Table] ([EventId], [EventTitle], [Description], [ShownType], [ShowingDay], [Start_Date], [End_Date], [Start_Time], [End_Time], [IsActive], [Entry_Date], [CreatedBy], [Event_Type], [PropertyId], [DisplayStatus]) VALUES (N'E070552022', NULL, N'DASFASDF', N'EVERY', NULL, NULL, NULL, NULL, NULL, 1, CAST(N'2017-07-01T22:44:40.943' AS DateTime), N'U831603621', N'REMINDER', NULL, N'active')
INSERT [dbo].[Events_Table] ([EventId], [EventTitle], [Description], [ShownType], [ShowingDay], [Start_Date], [End_Date], [Start_Time], [End_Time], [IsActive], [Entry_Date], [CreatedBy], [Event_Type], [PropertyId], [DisplayStatus]) VALUES (N'E084528127', N'', N'', N'Date', 0, CAST(N'1900-01-01' AS Date), CAST(N'1900-01-01' AS Date), CAST(N'00:59:00' AS Time), CAST(N'00:59:00' AS Time), 1, CAST(N'2018-12-05T00:39:12.040' AS DateTime), N'U831603621', N'Open House', N'P367253258', N'active')
INSERT [dbo].[Events_Table] ([EventId], [EventTitle], [Description], [ShownType], [ShowingDay], [Start_Date], [End_Date], [Start_Time], [End_Time], [IsActive], [Entry_Date], [CreatedBy], [Event_Type], [PropertyId], [DisplayStatus]) VALUES (N'E102399368', NULL, N'Test', N'EVERY', 1, NULL, NULL, CAST(N'06:15:00' AS Time), CAST(N'16:00:00' AS Time), 1, CAST(N'2018-02-25T23:13:42.467' AS DateTime), N'U032042354', N'REMINDER', NULL, N'active')
INSERT [dbo].[Events_Table] ([EventId], [EventTitle], [Description], [ShownType], [ShowingDay], [Start_Date], [End_Date], [Start_Time], [End_Time], [IsActive], [Entry_Date], [CreatedBy], [Event_Type], [PropertyId], [DisplayStatus]) VALUES (N'E130823948', N'', N'00methjjkk', N'DATE', NULL, NULL, NULL, CAST(N'00:17:00' AS Time), CAST(N'00:17:00' AS Time), 1, CAST(N'2019-03-15T00:18:01.457' AS DateTime), N'U831603621', N'REMINDER', N'P367253258', N'active')
INSERT [dbo].[Events_Table] ([EventId], [EventTitle], [Description], [ShownType], [ShowingDay], [Start_Date], [End_Date], [Start_Time], [End_Time], [IsActive], [Entry_Date], [CreatedBy], [Event_Type], [PropertyId], [DisplayStatus]) VALUES (N'E135116119', N'', N'test', N'DATE', NULL, CAST(N'2018-12-29' AS Date), NULL, CAST(N'23:14:00' AS Time), CAST(N'00:15:00' AS Time), 1, CAST(N'2018-12-30T00:15:29.240' AS DateTime), N'U831603621', N'REMINDER', N'P367253258', N'active')
INSERT [dbo].[Events_Table] ([EventId], [EventTitle], [Description], [ShownType], [ShowingDay], [Start_Date], [End_Date], [Start_Time], [End_Time], [IsActive], [Entry_Date], [CreatedBy], [Event_Type], [PropertyId], [DisplayStatus]) VALUES (N'E172963184', N'', N'2819', N'DATE', NULL, NULL, NULL, CAST(N'02:03:00' AS Time), CAST(N'02:03:00' AS Time), 1, CAST(N'2019-02-08T03:03:59.857' AS DateTime), N'U831603621', N'REMINDER', N'P367253258', N'active')
INSERT [dbo].[Events_Table] ([EventId], [EventTitle], [Description], [ShownType], [ShowingDay], [Start_Date], [End_Date], [Start_Time], [End_Time], [IsActive], [Entry_Date], [CreatedBy], [Event_Type], [PropertyId], [DisplayStatus]) VALUES (N'E191890628', N'', NULL, N'Date', NULL, NULL, NULL, CAST(N'00:59:00' AS Time), CAST(N'00:59:00' AS Time), 1, CAST(N'2018-12-05T00:31:08.960' AS DateTime), N'U831603621', N'Open House', N'P367253258', N'active')
INSERT [dbo].[Events_Table] ([EventId], [EventTitle], [Description], [ShownType], [ShowingDay], [Start_Date], [End_Date], [Start_Time], [End_Time], [IsActive], [Entry_Date], [CreatedBy], [Event_Type], [PropertyId], [DisplayStatus]) VALUES (N'E194806357', N'', NULL, N'Date', NULL, CAST(N'2018-11-27' AS Date), CAST(N'2018-11-27' AS Date), CAST(N'17:10:00' AS Time), CAST(N'17:10:00' AS Time), 1, CAST(N'2018-11-27T04:40:42.190' AS DateTime), N'U831603621', N'Open House', N'P367253258', N'active')
INSERT [dbo].[Events_Table] ([EventId], [EventTitle], [Description], [ShownType], [ShowingDay], [Start_Date], [End_Date], [Start_Time], [End_Time], [IsActive], [Entry_Date], [CreatedBy], [Event_Type], [PropertyId], [DisplayStatus]) VALUES (N'E209884897', N'', N'Test Description', N'DATE', NULL, CAST(N'1900-01-01' AS Date), NULL, CAST(N'11:15:00' AS Time), CAST(N'12:30:00' AS Time), 1, CAST(N'2018-12-04T23:51:28.630' AS DateTime), N'U831603621', N'OPEN HOUSE', N'P367253258', N'active')
INSERT [dbo].[Events_Table] ([EventId], [EventTitle], [Description], [ShownType], [ShowingDay], [Start_Date], [End_Date], [Start_Time], [End_Time], [IsActive], [Entry_Date], [CreatedBy], [Event_Type], [PropertyId], [DisplayStatus]) VALUES (N'E220401322', N'', NULL, N'DATE', NULL, NULL, NULL, CAST(N'01:03:00' AS Time), CAST(N'01:03:00' AS Time), 1, CAST(N'2019-03-15T01:04:23.297' AS DateTime), N'U831603621', N'OPEN HOUSE', N'P367253258', N'active')
INSERT [dbo].[Events_Table] ([EventId], [EventTitle], [Description], [ShownType], [ShowingDay], [Start_Date], [End_Date], [Start_Time], [End_Time], [IsActive], [Entry_Date], [CreatedBy], [Event_Type], [PropertyId], [DisplayStatus]) VALUES (N'E223933478', NULL, NULL, N'BETWEEN', NULL, CAST(N'2017-07-28' AS Date), CAST(N'2017-07-29' AS Date), CAST(N'18:00:00' AS Time), CAST(N'20:00:00' AS Time), 1, CAST(N'2017-07-25T06:30:16.973' AS DateTime), N'U831603621', N'OPEN HOUSE', N'P129699116', N'active')
INSERT [dbo].[Events_Table] ([EventId], [EventTitle], [Description], [ShownType], [ShowingDay], [Start_Date], [End_Date], [Start_Time], [End_Time], [IsActive], [Entry_Date], [CreatedBy], [Event_Type], [PropertyId], [DisplayStatus]) VALUES (N'E233728166', NULL, NULL, N'DATE', NULL, CAST(N'2017-08-26' AS Date), NULL, CAST(N'01:00:00' AS Time), CAST(N'15:15:00' AS Time), 1, CAST(N'2017-08-22T00:35:30.683' AS DateTime), N'U831603621', N'OPEN HOUSE', N'P130282523', N'active')
INSERT [dbo].[Events_Table] ([EventId], [EventTitle], [Description], [ShownType], [ShowingDay], [Start_Date], [End_Date], [Start_Time], [End_Time], [IsActive], [Entry_Date], [CreatedBy], [Event_Type], [PropertyId], [DisplayStatus]) VALUES (N'E248568821', N'', NULL, N'DATE', NULL, NULL, NULL, CAST(N'15:34:00' AS Time), CAST(N'15:34:00' AS Time), 1, CAST(N'2019-02-08T03:04:51.700' AS DateTime), N'U831603621', N'OPEN HOUSE', N'P367253258', N'active')
INSERT [dbo].[Events_Table] ([EventId], [EventTitle], [Description], [ShownType], [ShowingDay], [Start_Date], [End_Date], [Start_Time], [End_Time], [IsActive], [Entry_Date], [CreatedBy], [Event_Type], [PropertyId], [DisplayStatus]) VALUES (N'E259986522', N'', N'120418 test reminder', N'Date', NULL, CAST(N'2018-12-04' AS Date), CAST(N'2018-12-04' AS Date), CAST(N'22:28:00' AS Time), CAST(N'11:28:00' AS Time), 1, CAST(N'2018-12-04T23:28:47.257' AS DateTime), N'U831603621', N'Reminder', N'P367253258', N'active')
INSERT [dbo].[Events_Table] ([EventId], [EventTitle], [Description], [ShownType], [ShowingDay], [Start_Date], [End_Date], [Start_Time], [End_Time], [IsActive], [Entry_Date], [CreatedBy], [Event_Type], [PropertyId], [DisplayStatus]) VALUES (N'E261822083', NULL, N'testing', N'DATE', NULL, CAST(N'2018-01-01' AS Date), NULL, CAST(N'23:15:00' AS Time), CAST(N'23:15:00' AS Time), 1, CAST(N'2018-01-02T00:23:12.857' AS DateTime), N'U831603621', N'REMINDER', NULL, N'active')
INSERT [dbo].[Events_Table] ([EventId], [EventTitle], [Description], [ShownType], [ShowingDay], [Start_Date], [End_Date], [Start_Time], [End_Time], [IsActive], [Entry_Date], [CreatedBy], [Event_Type], [PropertyId], [DisplayStatus]) VALUES (N'E262758900', N'', NULL, N'DATE', NULL, CAST(N'2018-12-22' AS Date), NULL, CAST(N'06:41:00' AS Time), CAST(N'06:41:00' AS Time), 1, CAST(N'2018-12-20T18:11:20.997' AS DateTime), N'U706998036', N'OPEN HOUSE', N'P120037035', N'active')
INSERT [dbo].[Events_Table] ([EventId], [EventTitle], [Description], [ShownType], [ShowingDay], [Start_Date], [End_Date], [Start_Time], [End_Time], [IsActive], [Entry_Date], [CreatedBy], [Event_Type], [PropertyId], [DisplayStatus]) VALUES (N'E265220657', N'', N'test', N'Date', NULL, CAST(N'2018-11-27' AS Date), CAST(N'2018-11-27' AS Date), CAST(N'02:08:00' AS Time), CAST(N'17:05:00' AS Time), 1, CAST(N'2018-11-27T13:08:25.813' AS DateTime), N'U831603621', N'Reminder', N'P367253258', N'done')
INSERT [dbo].[Events_Table] ([EventId], [EventTitle], [Description], [ShownType], [ShowingDay], [Start_Date], [End_Date], [Start_Time], [End_Time], [IsActive], [Entry_Date], [CreatedBy], [Event_Type], [PropertyId], [DisplayStatus]) VALUES (N'E271148564', NULL, N'nat test 2', N'EVERY', NULL, NULL, NULL, CAST(N'22:15:00' AS Time), CAST(N'22:15:00' AS Time), 1, CAST(N'2017-06-30T21:58:42.520' AS DateTime), N'U974389827', N'OPEN HOUSE', NULL, N'active')
INSERT [dbo].[Events_Table] ([EventId], [EventTitle], [Description], [ShownType], [ShowingDay], [Start_Date], [End_Date], [Start_Time], [End_Time], [IsActive], [Entry_Date], [CreatedBy], [Event_Type], [PropertyId], [DisplayStatus]) VALUES (N'E286981749', N'', N'test', N'DATE', NULL, NULL, NULL, CAST(N'23:41:00' AS Time), CAST(N'23:41:00' AS Time), 1, CAST(N'2019-01-30T00:42:00.527' AS DateTime), N'U831603621', N'REMINDER', N'P367253258', N'active')
INSERT [dbo].[Events_Table] ([EventId], [EventTitle], [Description], [ShownType], [ShowingDay], [Start_Date], [End_Date], [Start_Time], [End_Time], [IsActive], [Entry_Date], [CreatedBy], [Event_Type], [PropertyId], [DisplayStatus]) VALUES (N'E289107909', NULL, N'will', N'DATE', NULL, CAST(N'2018-12-21' AS Date), NULL, NULL, NULL, 1, CAST(N'2018-12-21T04:49:08.310' AS DateTime), N'U831603621', N'REMINDER', NULL, N'active')
INSERT [dbo].[Events_Table] ([EventId], [EventTitle], [Description], [ShownType], [ShowingDay], [Start_Date], [End_Date], [Start_Time], [End_Time], [IsActive], [Entry_Date], [CreatedBy], [Event_Type], [PropertyId], [DisplayStatus]) VALUES (N'E300462250', NULL, N'CLOSE CLOSE CLOSE', N'DATE', NULL, CAST(N'2017-07-22' AS Date), NULL, NULL, NULL, 1, CAST(N'2017-07-20T12:52:37.887' AS DateTime), N'U831603621', N'REMINDER', NULL, N'active')
INSERT [dbo].[Events_Table] ([EventId], [EventTitle], [Description], [ShownType], [ShowingDay], [Start_Date], [End_Date], [Start_Time], [End_Time], [IsActive], [Entry_Date], [CreatedBy], [Event_Type], [PropertyId], [DisplayStatus]) VALUES (N'E330418649', N'', N'test', N'BETWEEN', 3, CAST(N'2019-01-12' AS Date), CAST(N'2018-12-27' AS Date), CAST(N'00:45:00' AS Time), CAST(N'00:45:00' AS Time), 1, CAST(N'2018-12-06T00:17:29.063' AS DateTime), N'U831603621', N'REMINDER', N'P397110897', N'done')
INSERT [dbo].[Events_Table] ([EventId], [EventTitle], [Description], [ShownType], [ShowingDay], [Start_Date], [End_Date], [Start_Time], [End_Time], [IsActive], [Entry_Date], [CreatedBy], [Event_Type], [PropertyId], [DisplayStatus]) VALUES (N'E361112539', N'', N'test demo dem', N'DATE', NULL, CAST(N'2018-12-20' AS Date), NULL, CAST(N'00:45:00' AS Time), CAST(N'00:45:00' AS Time), 1, CAST(N'2018-12-06T00:18:16.450' AS DateTime), N'U831603621', N'REMINDER', N'P367253258', N'done')
INSERT [dbo].[Events_Table] ([EventId], [EventTitle], [Description], [ShownType], [ShowingDay], [Start_Date], [End_Date], [Start_Time], [End_Time], [IsActive], [Entry_Date], [CreatedBy], [Event_Type], [PropertyId], [DisplayStatus]) VALUES (N'E393423882', N'', N'nat test 12-25-18', N'DATE', NULL, NULL, NULL, CAST(N'22:14:00' AS Time), CAST(N'22:14:00' AS Time), 1, CAST(N'2018-12-25T23:14:52.590' AS DateTime), N'U831603621', N'REMINDER', N'P367253258', N'active')
INSERT [dbo].[Events_Table] ([EventId], [EventTitle], [Description], [ShownType], [ShowingDay], [Start_Date], [End_Date], [Start_Time], [End_Time], [IsActive], [Entry_Date], [CreatedBy], [Event_Type], [PropertyId], [DisplayStatus]) VALUES (N'E409039970', NULL, N'test calendar 111618', N'DATE', NULL, CAST(N'2018-11-16' AS Date), NULL, CAST(N'11:00:00' AS Time), CAST(N'11:15:00' AS Time), 1, CAST(N'2018-11-16T12:02:24.490' AS DateTime), N'U831603621', N'REMINDER', NULL, N'active')
INSERT [dbo].[Events_Table] ([EventId], [EventTitle], [Description], [ShownType], [ShowingDay], [Start_Date], [End_Date], [Start_Time], [End_Time], [IsActive], [Entry_Date], [CreatedBy], [Event_Type], [PropertyId], [DisplayStatus]) VALUES (N'E417608218', N'', N'test', N'Date', NULL, CAST(N'2018-11-27' AS Date), CAST(N'2018-11-27' AS Date), CAST(N'02:08:00' AS Time), CAST(N'17:05:00' AS Time), 1, CAST(N'2018-11-27T13:09:12.643' AS DateTime), N'U831603621', N'Reminder', N'P367253258', N'active')
INSERT [dbo].[Events_Table] ([EventId], [EventTitle], [Description], [ShownType], [ShowingDay], [Start_Date], [End_Date], [Start_Time], [End_Time], [IsActive], [Entry_Date], [CreatedBy], [Event_Type], [PropertyId], [DisplayStatus]) VALUES (N'E418349641', N'', N'happy v day', N'DATE', NULL, NULL, NULL, CAST(N'23:04:00' AS Time), CAST(N'23:04:00' AS Time), 1, CAST(N'2019-02-15T00:04:46.370' AS DateTime), N'U831603621', N'REMINDER', N'P367253258', N'active')
INSERT [dbo].[Events_Table] ([EventId], [EventTitle], [Description], [ShownType], [ShowingDay], [Start_Date], [End_Date], [Start_Time], [End_Time], [IsActive], [Entry_Date], [CreatedBy], [Event_Type], [PropertyId], [DisplayStatus]) VALUES (N'E427158218', N'', NULL, N'Date', NULL, CAST(N'2018-12-05' AS Date), CAST(N'2018-12-05' AS Date), CAST(N'04:20:00' AS Time), CAST(N'17:25:00' AS Time), 1, CAST(N'2018-12-05T00:16:53.267' AS DateTime), N'U831603621', N'Open House', N'P367253258', N'active')
INSERT [dbo].[Events_Table] ([EventId], [EventTitle], [Description], [ShownType], [ShowingDay], [Start_Date], [End_Date], [Start_Time], [End_Time], [IsActive], [Entry_Date], [CreatedBy], [Event_Type], [PropertyId], [DisplayStatus]) VALUES (N'E455997173', N'', NULL, N'DATE', NULL, NULL, NULL, CAST(N'00:33:00' AS Time), CAST(N'00:33:00' AS Time), 1, CAST(N'2019-03-15T00:33:33.530' AS DateTime), N'U831603621', N'OPEN HOUSE', N'P367253258', N'active')
INSERT [dbo].[Events_Table] ([EventId], [EventTitle], [Description], [ShownType], [ShowingDay], [Start_Date], [End_Date], [Start_Time], [End_Time], [IsActive], [Entry_Date], [CreatedBy], [Event_Type], [PropertyId], [DisplayStatus]) VALUES (N'E458153092', N'', NULL, N'Date', NULL, NULL, NULL, CAST(N'00:59:00' AS Time), CAST(N'00:59:00' AS Time), 1, CAST(N'2018-12-05T00:40:10.963' AS DateTime), N'U831603621', N'Open House', N'P367253258', N'active')
INSERT [dbo].[Events_Table] ([EventId], [EventTitle], [Description], [ShownType], [ShowingDay], [Start_Date], [End_Date], [Start_Time], [End_Time], [IsActive], [Entry_Date], [CreatedBy], [Event_Type], [PropertyId], [DisplayStatus]) VALUES (N'E464707811', NULL, NULL, N'DATE', NULL, CAST(N'2017-08-12' AS Date), NULL, CAST(N'13:30:00' AS Time), CAST(N'14:00:00' AS Time), 1, CAST(N'2017-08-09T13:27:39.107' AS DateTime), N'U831603621', N'OPEN HOUSE', N'P130282523', N'active')
INSERT [dbo].[Events_Table] ([EventId], [EventTitle], [Description], [ShownType], [ShowingDay], [Start_Date], [End_Date], [Start_Time], [End_Time], [IsActive], [Entry_Date], [CreatedBy], [Event_Type], [PropertyId], [DisplayStatus]) VALUES (N'E494078132', NULL, NULL, N'EVERY', 0, NULL, NULL, CAST(N'13:15:00' AS Time), CAST(N'13:15:00' AS Time), 1, CAST(N'2018-11-19T00:29:10.170' AS DateTime), N'U831603621', N'OPEN HOUSE', N'P367253258', N'active')
INSERT [dbo].[Events_Table] ([EventId], [EventTitle], [Description], [ShownType], [ShowingDay], [Start_Date], [End_Date], [Start_Time], [End_Time], [IsActive], [Entry_Date], [CreatedBy], [Event_Type], [PropertyId], [DisplayStatus]) VALUES (N'E494259298', NULL, NULL, N'EVERY', NULL, NULL, NULL, NULL, NULL, 1, CAST(N'2018-04-08T21:03:49.940' AS DateTime), N'U169031428', N'REMINDER', NULL, N'active')
INSERT [dbo].[Events_Table] ([EventId], [EventTitle], [Description], [ShownType], [ShowingDay], [Start_Date], [End_Date], [Start_Time], [End_Time], [IsActive], [Entry_Date], [CreatedBy], [Event_Type], [PropertyId], [DisplayStatus]) VALUES (N'E499613952', N'', NULL, N'BETWEEN', 6, CAST(N'2018-12-22' AS Date), NULL, CAST(N'13:00:00' AS Time), CAST(N'16:00:00' AS Time), 1, CAST(N'2018-12-17T02:54:13.680' AS DateTime), N'U831603621', N'OPEN HOUSE', N'P367253258', N'active')
INSERT [dbo].[Events_Table] ([EventId], [EventTitle], [Description], [ShownType], [ShowingDay], [Start_Date], [End_Date], [Start_Time], [End_Time], [IsActive], [Entry_Date], [CreatedBy], [Event_Type], [PropertyId], [DisplayStatus]) VALUES (N'E505353143', N'', N'Test Description', N'DATE', NULL, CAST(N'2018-12-05' AS Date), NULL, CAST(N'11:15:00' AS Time), CAST(N'12:30:00' AS Time), 1, CAST(N'2018-12-04T23:51:50.647' AS DateTime), N'U831603621', N'OPEN HOUSE', N'P367253258', N'active')
INSERT [dbo].[Events_Table] ([EventId], [EventTitle], [Description], [ShownType], [ShowingDay], [Start_Date], [End_Date], [Start_Time], [End_Time], [IsActive], [Entry_Date], [CreatedBy], [Event_Type], [PropertyId], [DisplayStatus]) VALUES (N'E522256486', NULL, NULL, N'DATE', NULL, CAST(N'2017-08-19' AS Date), NULL, CAST(N'08:00:00' AS Time), CAST(N'08:30:00' AS Time), 1, CAST(N'2017-08-17T07:15:49.070' AS DateTime), N'U889546954', N'OPEN HOUSE', N'P595991847', N'active')
INSERT [dbo].[Events_Table] ([EventId], [EventTitle], [Description], [ShownType], [ShowingDay], [Start_Date], [End_Date], [Start_Time], [End_Time], [IsActive], [Entry_Date], [CreatedBy], [Event_Type], [PropertyId], [DisplayStatus]) VALUES (N'E525582731', NULL, N'demo', N'DATE', NULL, CAST(N'2018-11-06' AS Date), NULL, CAST(N'15:15:00' AS Time), CAST(N'15:45:00' AS Time), 1, CAST(N'2018-11-23T02:29:07.213' AS DateTime), N'U831603621', N'REMINDER', NULL, N'active')
INSERT [dbo].[Events_Table] ([EventId], [EventTitle], [Description], [ShownType], [ShowingDay], [Start_Date], [End_Date], [Start_Time], [End_Time], [IsActive], [Entry_Date], [CreatedBy], [Event_Type], [PropertyId], [DisplayStatus]) VALUES (N'E526198905', NULL, N'web event 020819', N'DATE', NULL, CAST(N'2019-02-08' AS Date), NULL, NULL, NULL, 1, CAST(N'2019-02-08T03:05:29.557' AS DateTime), N'U831603621', N'REMINDER', NULL, N'done')
INSERT [dbo].[Events_Table] ([EventId], [EventTitle], [Description], [ShownType], [ShowingDay], [Start_Date], [End_Date], [Start_Time], [End_Time], [IsActive], [Entry_Date], [CreatedBy], [Event_Type], [PropertyId], [DisplayStatus]) VALUES (N'E529750933', NULL, N'OPEN OPEN OPEN', N'DATE', NULL, CAST(N'2017-07-22' AS Date), NULL, NULL, NULL, 1, CAST(N'2017-07-20T12:52:10.537' AS DateTime), N'U831603621', N'REMINDER', NULL, N'active')
INSERT [dbo].[Events_Table] ([EventId], [EventTitle], [Description], [ShownType], [ShowingDay], [Start_Date], [End_Date], [Start_Time], [End_Time], [IsActive], [Entry_Date], [CreatedBy], [Event_Type], [PropertyId], [DisplayStatus]) VALUES (N'E533877633', NULL, NULL, N'DATE', NULL, CAST(N'2017-07-29' AS Date), NULL, NULL, NULL, 1, CAST(N'2017-07-25T09:36:22.360' AS DateTime), N'U831603621', N'OPEN HOUSE', N'P317239079', N'active')
INSERT [dbo].[Events_Table] ([EventId], [EventTitle], [Description], [ShownType], [ShowingDay], [Start_Date], [End_Date], [Start_Time], [End_Time], [IsActive], [Entry_Date], [CreatedBy], [Event_Type], [PropertyId], [DisplayStatus]) VALUES (N'E553242460', NULL, NULL, N'DATE', NULL, CAST(N'2017-08-05' AS Date), NULL, CAST(N'13:00:00' AS Time), CAST(N'16:00:00' AS Time), 1, CAST(N'2017-08-01T07:17:08.870' AS DateTime), N'U831603621', N'OPEN HOUSE', N'P129699116', N'active')
INSERT [dbo].[Events_Table] ([EventId], [EventTitle], [Description], [ShownType], [ShowingDay], [Start_Date], [End_Date], [Start_Time], [End_Time], [IsActive], [Entry_Date], [CreatedBy], [Event_Type], [PropertyId], [DisplayStatus]) VALUES (N'E575292532', N'', NULL, N'DATE', NULL, NULL, NULL, CAST(N'06:41:00' AS Time), CAST(N'06:41:00' AS Time), 1, CAST(N'2018-12-20T18:11:13.097' AS DateTime), N'U706998036', N'OPEN HOUSE', N'P120037035', N'active')
INSERT [dbo].[Events_Table] ([EventId], [EventTitle], [Description], [ShownType], [ShowingDay], [Start_Date], [End_Date], [Start_Time], [End_Time], [IsActive], [Entry_Date], [CreatedBy], [Event_Type], [PropertyId], [DisplayStatus]) VALUES (N'E575458570', NULL, NULL, N'EVERY', 2, NULL, NULL, CAST(N'15:30:00' AS Time), CAST(N'15:45:00' AS Time), 1, CAST(N'2018-02-09T02:27:34.317' AS DateTime), N'U980239693', N'OPEN HOUSE', N'P202818635', N'active')
INSERT [dbo].[Events_Table] ([EventId], [EventTitle], [Description], [ShownType], [ShowingDay], [Start_Date], [End_Date], [Start_Time], [End_Time], [IsActive], [Entry_Date], [CreatedBy], [Event_Type], [PropertyId], [DisplayStatus]) VALUES (N'E617277167', N'', N'test event input 112718', N'Date', NULL, CAST(N'2018-11-27' AS Date), CAST(N'2018-11-27' AS Date), CAST(N'22:40:00' AS Time), CAST(N'22:40:00' AS Time), 1, CAST(N'2018-11-27T23:40:46.617' AS DateTime), N'U831603621', N'Reminder', N'P367253258', N'active')
INSERT [dbo].[Events_Table] ([EventId], [EventTitle], [Description], [ShownType], [ShowingDay], [Start_Date], [End_Date], [Start_Time], [End_Time], [IsActive], [Entry_Date], [CreatedBy], [Event_Type], [PropertyId], [DisplayStatus]) VALUES (N'E632235243', N'', NULL, N'Date', NULL, CAST(N'2018-12-05' AS Date), CAST(N'2018-12-05' AS Date), CAST(N'14:15:00' AS Time), CAST(N'05:33:00' AS Time), 1, CAST(N'2018-12-04T23:29:13.150' AS DateTime), N'U831603621', N'Open House', N'P367253258', N'active')
INSERT [dbo].[Events_Table] ([EventId], [EventTitle], [Description], [ShownType], [ShowingDay], [Start_Date], [End_Date], [Start_Time], [End_Time], [IsActive], [Entry_Date], [CreatedBy], [Event_Type], [PropertyId], [DisplayStatus]) VALUES (N'E666671756', N'', N'', N'', 0, CAST(N'1900-01-01' AS Date), CAST(N'1900-01-01' AS Date), CAST(N'00:00:00' AS Time), CAST(N'00:00:00' AS Time), 1, CAST(N'2018-11-27T03:00:44.160' AS DateTime), N'U831603621', N'', N'', N'active')
INSERT [dbo].[Events_Table] ([EventId], [EventTitle], [Description], [ShownType], [ShowingDay], [Start_Date], [End_Date], [Start_Time], [End_Time], [IsActive], [Entry_Date], [CreatedBy], [Event_Type], [PropertyId], [DisplayStatus]) VALUES (N'E684937561', N'', N'test', N'DATE', NULL, NULL, NULL, CAST(N'23:15:00' AS Time), CAST(N'23:15:00' AS Time), 1, CAST(N'2019-02-21T00:15:26.917' AS DateTime), N'U831603621', N'REMINDER', N'P367253258', N'active')
INSERT [dbo].[Events_Table] ([EventId], [EventTitle], [Description], [ShownType], [ShowingDay], [Start_Date], [End_Date], [Start_Time], [End_Time], [IsActive], [Entry_Date], [CreatedBy], [Event_Type], [PropertyId], [DisplayStatus]) VALUES (N'E696459264', N'', NULL, N'DATE', NULL, NULL, NULL, CAST(N'15:36:00' AS Time), CAST(N'15:36:00' AS Time), 1, CAST(N'2019-02-08T03:07:04.167' AS DateTime), N'U831603621', N'OPEN HOUSE', N'P367253258', N'active')
INSERT [dbo].[Events_Table] ([EventId], [EventTitle], [Description], [ShownType], [ShowingDay], [Start_Date], [End_Date], [Start_Time], [End_Time], [IsActive], [Entry_Date], [CreatedBy], [Event_Type], [PropertyId], [DisplayStatus]) VALUES (N'E707087887', NULL, NULL, N'EVERY', 1, NULL, NULL, CAST(N'15:30:00' AS Time), CAST(N'15:45:00' AS Time), 1, CAST(N'2018-02-09T02:47:47.867' AS DateTime), N'U980239693', N'OPEN HOUSE', N'P202818635', N'active')
INSERT [dbo].[Events_Table] ([EventId], [EventTitle], [Description], [ShownType], [ShowingDay], [Start_Date], [End_Date], [Start_Time], [End_Time], [IsActive], [Entry_Date], [CreatedBy], [Event_Type], [PropertyId], [DisplayStatus]) VALUES (N'E723685063', N'', N'test', N'DATE', NULL, NULL, NULL, CAST(N'23:41:00' AS Time), CAST(N'23:41:00' AS Time), 1, CAST(N'2019-01-30T00:42:05.043' AS DateTime), N'U831603621', N'REMINDER', N'P367253258', N'active')
INSERT [dbo].[Events_Table] ([EventId], [EventTitle], [Description], [ShownType], [ShowingDay], [Start_Date], [End_Date], [Start_Time], [End_Time], [IsActive], [Entry_Date], [CreatedBy], [Event_Type], [PropertyId], [DisplayStatus]) VALUES (N'E726289703', NULL, NULL, N'EVERY', 0, NULL, NULL, CAST(N'06:30:00' AS Time), CAST(N'18:30:00' AS Time), 1, CAST(N'2017-09-08T09:23:08.463' AS DateTime), N'U572543338', N'OPEN HOUSE', N'P524693414', N'active')
INSERT [dbo].[Events_Table] ([EventId], [EventTitle], [Description], [ShownType], [ShowingDay], [Start_Date], [End_Date], [Start_Time], [End_Time], [IsActive], [Entry_Date], [CreatedBy], [Event_Type], [PropertyId], [DisplayStatus]) VALUES (N'E733245739', NULL, NULL, N'EVERY', NULL, NULL, NULL, NULL, NULL, 1, CAST(N'2018-04-08T21:03:38.360' AS DateTime), N'U169031428', N'OPEN HOUSE', NULL, N'active')
INSERT [dbo].[Events_Table] ([EventId], [EventTitle], [Description], [ShownType], [ShowingDay], [Start_Date], [End_Date], [Start_Time], [End_Time], [IsActive], [Entry_Date], [CreatedBy], [Event_Type], [PropertyId], [DisplayStatus]) VALUES (N'E735952471', NULL, N'demo not working', N'DATE', NULL, CAST(N'2019-02-06' AS Date), NULL, CAST(N'14:30:00' AS Time), CAST(N'15:00:00' AS Time), 1, CAST(N'2018-12-24T02:00:03.657' AS DateTime), N'U831603621', N'REMINDER', NULL, N'done')
INSERT [dbo].[Events_Table] ([EventId], [EventTitle], [Description], [ShownType], [ShowingDay], [Start_Date], [End_Date], [Start_Time], [End_Time], [IsActive], [Entry_Date], [CreatedBy], [Event_Type], [PropertyId], [DisplayStatus]) VALUES (N'E736172167', NULL, NULL, N'BETWEEN', NULL, CAST(N'2017-09-16' AS Date), CAST(N'2017-09-16' AS Date), CAST(N'13:00:00' AS Time), CAST(N'17:00:00' AS Time), 1, CAST(N'2017-09-08T08:53:36.747' AS DateTime), N'U068476417', N'OPEN HOUSE', N'P192016571', N'active')
INSERT [dbo].[Events_Table] ([EventId], [EventTitle], [Description], [ShownType], [ShowingDay], [Start_Date], [End_Date], [Start_Time], [End_Time], [IsActive], [Entry_Date], [CreatedBy], [Event_Type], [PropertyId], [DisplayStatus]) VALUES (N'E758104052', NULL, N'CALL CUSTOMERS', N'DATE', NULL, CAST(N'2017-07-06' AS Date), NULL, CAST(N'07:00:00' AS Time), CAST(N'07:15:00' AS Time), 1, CAST(N'2017-07-01T06:52:28.097' AS DateTime), N'U974389827', N'REMINDER', NULL, N'active')
INSERT [dbo].[Events_Table] ([EventId], [EventTitle], [Description], [ShownType], [ShowingDay], [Start_Date], [End_Date], [Start_Time], [End_Time], [IsActive], [Entry_Date], [CreatedBy], [Event_Type], [PropertyId], [DisplayStatus]) VALUES (N'E768545512', NULL, NULL, N'DATE', NULL, CAST(N'2018-11-06' AS Date), NULL, CAST(N'11:45:00' AS Time), CAST(N'12:15:00' AS Time), 1, CAST(N'2018-11-22T22:57:41.147' AS DateTime), N'U831603621', N'OPEN HOUSE', N'P984123417', N'active')
INSERT [dbo].[Events_Table] ([EventId], [EventTitle], [Description], [ShownType], [ShowingDay], [Start_Date], [End_Date], [Start_Time], [End_Time], [IsActive], [Entry_Date], [CreatedBy], [Event_Type], [PropertyId], [DisplayStatus]) VALUES (N'E786285190', N'', N'addd', N'DATE', NULL, NULL, NULL, CAST(N'23:14:00' AS Time), CAST(N'23:14:00' AS Time), 1, CAST(N'2018-12-18T10:44:34.457' AS DateTime), N'U706998036', N'REMINDER', N'P120037035', N'active')
INSERT [dbo].[Events_Table] ([EventId], [EventTitle], [Description], [ShownType], [ShowingDay], [Start_Date], [End_Date], [Start_Time], [End_Time], [IsActive], [Entry_Date], [CreatedBy], [Event_Type], [PropertyId], [DisplayStatus]) VALUES (N'E787677343', NULL, N'Notes', N'BETWEEN', NULL, CAST(N'2017-07-03' AS Date), CAST(N'2017-07-05' AS Date), CAST(N'14:30:00' AS Time), CAST(N'15:30:00' AS Time), 1, CAST(N'2017-07-03T01:55:16.600' AS DateTime), N'U983041850', N'REMINDER', NULL, N'active')
INSERT [dbo].[Events_Table] ([EventId], [EventTitle], [Description], [ShownType], [ShowingDay], [Start_Date], [End_Date], [Start_Time], [End_Time], [IsActive], [Entry_Date], [CreatedBy], [Event_Type], [PropertyId], [DisplayStatus]) VALUES (N'E817154110', N'', N'qwkwkkw', N'DATE', NULL, NULL, NULL, CAST(N'06:54:00' AS Time), CAST(N'06:54:00' AS Time), 1, CAST(N'2019-02-28T07:54:38.543' AS DateTime), N'U831603621', N'REMINDER', N'P367253258', N'active')
INSERT [dbo].[Events_Table] ([EventId], [EventTitle], [Description], [ShownType], [ShowingDay], [Start_Date], [End_Date], [Start_Time], [End_Time], [IsActive], [Entry_Date], [CreatedBy], [Event_Type], [PropertyId], [DisplayStatus]) VALUES (N'E817378025', N'', N'test', N'BETWEEN', 3, CAST(N'2019-01-12' AS Date), CAST(N'2018-12-19' AS Date), CAST(N'00:45:00' AS Time), CAST(N'00:45:00' AS Time), 1, CAST(N'2018-12-06T00:16:45.813' AS DateTime), N'U831603621', N'REMINDER', N'P397110897', N'done')
INSERT [dbo].[Events_Table] ([EventId], [EventTitle], [Description], [ShownType], [ShowingDay], [Start_Date], [End_Date], [Start_Time], [End_Time], [IsActive], [Entry_Date], [CreatedBy], [Event_Type], [PropertyId], [DisplayStatus]) VALUES (N'E821233082', NULL, NULL, N'DATE', NULL, CAST(N'2017-09-09' AS Date), NULL, NULL, NULL, 1, CAST(N'2017-09-08T07:33:26.750' AS DateTime), N'U679844771', N'OPEN HOUSE', N'P530536721', N'active')
INSERT [dbo].[Events_Table] ([EventId], [EventTitle], [Description], [ShownType], [ShowingDay], [Start_Date], [End_Date], [Start_Time], [End_Time], [IsActive], [Entry_Date], [CreatedBy], [Event_Type], [PropertyId], [DisplayStatus]) VALUES (N'E836035397', N'', NULL, N'Date', NULL, NULL, NULL, CAST(N'00:59:00' AS Time), CAST(N'00:59:00' AS Time), 1, CAST(N'2018-12-05T00:32:18.923' AS DateTime), N'U831603621', N'Open House', N'P367253258', N'active')
INSERT [dbo].[Events_Table] ([EventId], [EventTitle], [Description], [ShownType], [ShowingDay], [Start_Date], [End_Date], [Start_Time], [End_Time], [IsActive], [Entry_Date], [CreatedBy], [Event_Type], [PropertyId], [DisplayStatus]) VALUES (N'E853318667', NULL, N'REMINDER CALL TO CLIENTS 2', N'DATE', NULL, CAST(N'2017-07-23' AS Date), NULL, CAST(N'07:00:00' AS Time), CAST(N'07:15:00' AS Time), 1, CAST(N'2017-07-01T06:51:08.910' AS DateTime), N'U974389827', N'REMINDER', NULL, N'done')
INSERT [dbo].[Events_Table] ([EventId], [EventTitle], [Description], [ShownType], [ShowingDay], [Start_Date], [End_Date], [Start_Time], [End_Time], [IsActive], [Entry_Date], [CreatedBy], [Event_Type], [PropertyId], [DisplayStatus]) VALUES (N'E856411057', N'', NULL, N'Date', NULL, NULL, NULL, CAST(N'00:59:00' AS Time), CAST(N'00:59:00' AS Time), 1, CAST(N'2018-12-05T00:31:48.233' AS DateTime), N'U831603621', N'Open House', N'P367253258', N'active')
INSERT [dbo].[Events_Table] ([EventId], [EventTitle], [Description], [ShownType], [ShowingDay], [Start_Date], [End_Date], [Start_Time], [End_Time], [IsActive], [Entry_Date], [CreatedBy], [Event_Type], [PropertyId], [DisplayStatus]) VALUES (N'E862549654', NULL, NULL, N'DATE', NULL, CAST(N'2017-08-19' AS Date), NULL, CAST(N'13:00:00' AS Time), CAST(N'14:00:00' AS Time), 1, CAST(N'2017-08-17T12:38:58.370' AS DateTime), N'U100955369', N'OPEN HOUSE', N'P606913025', N'active')
INSERT [dbo].[Events_Table] ([EventId], [EventTitle], [Description], [ShownType], [ShowingDay], [Start_Date], [End_Date], [Start_Time], [End_Time], [IsActive], [Entry_Date], [CreatedBy], [Event_Type], [PropertyId], [DisplayStatus]) VALUES (N'E899183867', N'', N'Willie', N'DATE', NULL, NULL, NULL, CAST(N'03:43:00' AS Time), CAST(N'03:43:00' AS Time), 1, CAST(N'2018-12-21T04:44:28.870' AS DateTime), N'U831603621', N'REMINDER', N'P367253258', N'active')
INSERT [dbo].[Events_Table] ([EventId], [EventTitle], [Description], [ShownType], [ShowingDay], [Start_Date], [End_Date], [Start_Time], [End_Time], [IsActive], [Entry_Date], [CreatedBy], [Event_Type], [PropertyId], [DisplayStatus]) VALUES (N'E909978330', N'', N'event added', N'DATE', NULL, CAST(N'2018-12-22' AS Date), NULL, CAST(N'06:41:00' AS Time), CAST(N'06:41:00' AS Time), 1, CAST(N'2018-12-20T18:12:00.573' AS DateTime), N'U706998036', N'REMINDER', N'P120037035', N'active')
INSERT [dbo].[Events_Table] ([EventId], [EventTitle], [Description], [ShownType], [ShowingDay], [Start_Date], [End_Date], [Start_Time], [End_Time], [IsActive], [Entry_Date], [CreatedBy], [Event_Type], [PropertyId], [DisplayStatus]) VALUES (N'E911371795', N'', NULL, N'Date', NULL, NULL, NULL, CAST(N'00:59:00' AS Time), CAST(N'00:59:00' AS Time), 1, CAST(N'2018-12-05T00:33:38.873' AS DateTime), N'U831603621', N'Open House', N'P367253258', N'active')
INSERT [dbo].[Events_Table] ([EventId], [EventTitle], [Description], [ShownType], [ShowingDay], [Start_Date], [End_Date], [Start_Time], [End_Time], [IsActive], [Entry_Date], [CreatedBy], [Event_Type], [PropertyId], [DisplayStatus]) VALUES (N'E914763776', N'', N'Willis', N'DATE', NULL, NULL, NULL, CAST(N'03:47:00' AS Time), CAST(N'06:47:00' AS Time), 1, CAST(N'2018-12-21T04:48:12.903' AS DateTime), N'U831603621', N'REMINDER', N'P367253258', N'active')
INSERT [dbo].[Events_Table] ([EventId], [EventTitle], [Description], [ShownType], [ShowingDay], [Start_Date], [End_Date], [Start_Time], [End_Time], [IsActive], [Entry_Date], [CreatedBy], [Event_Type], [PropertyId], [DisplayStatus]) VALUES (N'E917894277', NULL, NULL, N'DATE', NULL, CAST(N'2018-12-11' AS Date), NULL, CAST(N'10:45:00' AS Time), CAST(N'11:00:00' AS Time), 1, CAST(N'2018-12-06T21:58:24.957' AS DateTime), N'U831603621', N'OPEN HOUSE', N'P445908545', N'active')
INSERT [dbo].[Events_Table] ([EventId], [EventTitle], [Description], [ShownType], [ShowingDay], [Start_Date], [End_Date], [Start_Time], [End_Time], [IsActive], [Entry_Date], [CreatedBy], [Event_Type], [PropertyId], [DisplayStatus]) VALUES (N'E943298976', NULL, NULL, N'EVERY', 6, NULL, NULL, CAST(N'13:00:00' AS Time), CAST(N'14:32:00' AS Time), 1, CAST(N'2017-09-20T04:54:52.787' AS DateTime), N'U831603621', N'OPEN HOUSE', N'P667672818', N'active')
INSERT [dbo].[Events_Table] ([EventId], [EventTitle], [Description], [ShownType], [ShowingDay], [Start_Date], [End_Date], [Start_Time], [End_Time], [IsActive], [Entry_Date], [CreatedBy], [Event_Type], [PropertyId], [DisplayStatus]) VALUES (N'E949420008', N'', N'tes6', N'DATE', NULL, NULL, NULL, CAST(N'09:14:00' AS Time), CAST(N'09:14:00' AS Time), 1, CAST(N'2019-03-04T10:14:21.287' AS DateTime), N'U831603621', N'REMINDER', N'P367253258', N'active')
INSERT [dbo].[Events_Table] ([EventId], [EventTitle], [Description], [ShownType], [ShowingDay], [Start_Date], [End_Date], [Start_Time], [End_Time], [IsActive], [Entry_Date], [CreatedBy], [Event_Type], [PropertyId], [DisplayStatus]) VALUES (N'E957442815', NULL, N'web note 031519', N'DATE', NULL, CAST(N'2019-03-15' AS Date), NULL, NULL, NULL, 1, CAST(N'2019-03-15T00:18:52.023' AS DateTime), N'U831603621', N'REMINDER', NULL, N'done')
INSERT [dbo].[Events_Table] ([EventId], [EventTitle], [Description], [ShownType], [ShowingDay], [Start_Date], [End_Date], [Start_Time], [End_Time], [IsActive], [Entry_Date], [CreatedBy], [Event_Type], [PropertyId], [DisplayStatus]) VALUES (N'E980014623', NULL, NULL, N'DATE', NULL, CAST(N'2017-09-08' AS Date), NULL, CAST(N'15:30:00' AS Time), CAST(N'16:00:00' AS Time), 1, CAST(N'2017-09-08T02:29:54.303' AS DateTime), N'U616637881', N'OPEN HOUSE', N'P201046313', N'active')
INSERT [dbo].[Events_Table] ([EventId], [EventTitle], [Description], [ShownType], [ShowingDay], [Start_Date], [End_Date], [Start_Time], [End_Time], [IsActive], [Entry_Date], [CreatedBy], [Event_Type], [PropertyId], [DisplayStatus]) VALUES (N'E983129237', N'', NULL, N'DATE', NULL, NULL, NULL, CAST(N'13:44:00' AS Time), CAST(N'13:44:00' AS Time), 1, CAST(N'2019-03-05T01:14:49.240' AS DateTime), N'U706998036', N'OPEN HOUSE', N'P120037035', N'active')
INSERT [dbo].[Events_Table] ([EventId], [EventTitle], [Description], [ShownType], [ShowingDay], [Start_Date], [End_Date], [Start_Time], [End_Time], [IsActive], [Entry_Date], [CreatedBy], [Event_Type], [PropertyId], [DisplayStatus]) VALUES (N'E987638673', N'', N'test', N'DATE', NULL, NULL, NULL, CAST(N'07:22:00' AS Time), CAST(N'07:22:00' AS Time), 1, CAST(N'2019-02-05T08:23:17.227' AS DateTime), N'U831603621', N'REMINDER', N'P424316988831', N'active')
SET IDENTITY_INSERT [dbo].[Favourite_Property] ON 

INSERT [dbo].[Favourite_Property] ([Id], [Profile_Id], [PropertyId], [Entrydate]) VALUES (2, N'U974389827', N'P908594713', CAST(N'2017-07-05T23:00:27.903' AS DateTime))
INSERT [dbo].[Favourite_Property] ([Id], [Profile_Id], [PropertyId], [Entrydate]) VALUES (4, N'U014877963', N'P908594713', CAST(N'2017-07-06T05:50:12.610' AS DateTime))
INSERT [dbo].[Favourite_Property] ([Id], [Profile_Id], [PropertyId], [Entrydate]) VALUES (5, N'U014877963', N'P077985836', CAST(N'2017-07-06T05:53:44.660' AS DateTime))
INSERT [dbo].[Favourite_Property] ([Id], [Profile_Id], [PropertyId], [Entrydate]) VALUES (6, N'U831603621', N'P613563970', CAST(N'2017-07-06T08:28:08.167' AS DateTime))
INSERT [dbo].[Favourite_Property] ([Id], [Profile_Id], [PropertyId], [Entrydate]) VALUES (14, N'U831603621', N'P908594713', CAST(N'2017-07-17T07:33:30.310' AS DateTime))
INSERT [dbo].[Favourite_Property] ([Id], [Profile_Id], [PropertyId], [Entrydate]) VALUES (17, N'U831603621', N'P129699116', CAST(N'2017-07-29T07:37:36.530' AS DateTime))
INSERT [dbo].[Favourite_Property] ([Id], [Profile_Id], [PropertyId], [Entrydate]) VALUES (22, N'U679844771', N'P103902545', CAST(N'2017-08-07T07:47:15.830' AS DateTime))
INSERT [dbo].[Favourite_Property] ([Id], [Profile_Id], [PropertyId], [Entrydate]) VALUES (24, N'U974389827', N'P530536721', CAST(N'2017-08-08T07:38:28.297' AS DateTime))
INSERT [dbo].[Favourite_Property] ([Id], [Profile_Id], [PropertyId], [Entrydate]) VALUES (26, N'U572543338', N'P524693414', CAST(N'2017-09-09T17:35:15.390' AS DateTime))
INSERT [dbo].[Favourite_Property] ([Id], [Profile_Id], [PropertyId], [Entrydate]) VALUES (28, N'U831603621', N'P569146898', CAST(N'2017-09-12T11:53:22.937' AS DateTime))
INSERT [dbo].[Favourite_Property] ([Id], [Profile_Id], [PropertyId], [Entrydate]) VALUES (43, N'U831603621', N'P033573244', CAST(N'2017-11-07T10:18:15.313' AS DateTime))
INSERT [dbo].[Favourite_Property] ([Id], [Profile_Id], [PropertyId], [Entrydate]) VALUES (48, N'U032042354', N'P969574723', CAST(N'2017-12-07T21:24:22.133' AS DateTime))
INSERT [dbo].[Favourite_Property] ([Id], [Profile_Id], [PropertyId], [Entrydate]) VALUES (51, N'U831603621', N'P067470676', CAST(N'2017-12-26T00:34:27.687' AS DateTime))
INSERT [dbo].[Favourite_Property] ([Id], [Profile_Id], [PropertyId], [Entrydate]) VALUES (52, N'U831603621', N'P389204975', CAST(N'2018-01-16T23:48:07.067' AS DateTime))
INSERT [dbo].[Favourite_Property] ([Id], [Profile_Id], [PropertyId], [Entrydate]) VALUES (53, N'U831603621', N'P528109910', CAST(N'2018-01-16T23:48:09.957' AS DateTime))
INSERT [dbo].[Favourite_Property] ([Id], [Profile_Id], [PropertyId], [Entrydate]) VALUES (55, N'U286157411', N'P062160271', CAST(N'2018-01-23T13:02:28.117' AS DateTime))
INSERT [dbo].[Favourite_Property] ([Id], [Profile_Id], [PropertyId], [Entrydate]) VALUES (56, N'U286157411', N'P969574723', CAST(N'2018-01-23T13:02:30.040' AS DateTime))
INSERT [dbo].[Favourite_Property] ([Id], [Profile_Id], [PropertyId], [Entrydate]) VALUES (57, N'U286157411', N'P067470676', CAST(N'2018-01-23T13:02:30.960' AS DateTime))
INSERT [dbo].[Favourite_Property] ([Id], [Profile_Id], [PropertyId], [Entrydate]) VALUES (58, N'U846618448', N'P389204975', CAST(N'2018-02-06T22:55:52.677' AS DateTime))
INSERT [dbo].[Favourite_Property] ([Id], [Profile_Id], [PropertyId], [Entrydate]) VALUES (64, N'U980239693', N'P706857042', CAST(N'2018-02-09T02:35:01.617' AS DateTime))
INSERT [dbo].[Favourite_Property] ([Id], [Profile_Id], [PropertyId], [Entrydate]) VALUES (67, N'U980239693', N'P969574723', CAST(N'2018-02-09T02:37:40.333' AS DateTime))
INSERT [dbo].[Favourite_Property] ([Id], [Profile_Id], [PropertyId], [Entrydate]) VALUES (80, N'U169031428', N'P708263032', CAST(N'2018-04-06T01:49:11.100' AS DateTime))
INSERT [dbo].[Favourite_Property] ([Id], [Profile_Id], [PropertyId], [Entrydate]) VALUES (85, N'U169031428', N'P543101030604', CAST(N'2018-04-06T01:52:06.977' AS DateTime))
INSERT [dbo].[Favourite_Property] ([Id], [Profile_Id], [PropertyId], [Entrydate]) VALUES (96, N'U706998036', N'P559843110', CAST(N'2018-04-25T06:47:06.800' AS DateTime))
INSERT [dbo].[Favourite_Property] ([Id], [Profile_Id], [PropertyId], [Entrydate]) VALUES (97, N'U097531010', N'P120805197264', CAST(N'2018-04-25T07:16:57.797' AS DateTime))
INSERT [dbo].[Favourite_Property] ([Id], [Profile_Id], [PropertyId], [Entrydate]) VALUES (103, N'U706998036', N'P672093335532', CAST(N'2018-04-27T00:29:54.900' AS DateTime))
INSERT [dbo].[Favourite_Property] ([Id], [Profile_Id], [PropertyId], [Entrydate]) VALUES (105, N'U706998036', N'P706857042', CAST(N'2018-05-13T22:41:01.237' AS DateTime))
INSERT [dbo].[Favourite_Property] ([Id], [Profile_Id], [PropertyId], [Entrydate]) VALUES (112, N'U867869980', N'P188494468937', CAST(N'2018-06-09T04:29:06.147' AS DateTime))
INSERT [dbo].[Favourite_Property] ([Id], [Profile_Id], [PropertyId], [Entrydate]) VALUES (113, N'U867869980', N'P166874945450', CAST(N'2018-06-09T04:30:37.237' AS DateTime))
INSERT [dbo].[Favourite_Property] ([Id], [Profile_Id], [PropertyId], [Entrydate]) VALUES (117, N'U037283187', N'P984123417', CAST(N'2018-08-23T02:33:29.460' AS DateTime))
INSERT [dbo].[Favourite_Property] ([Id], [Profile_Id], [PropertyId], [Entrydate]) VALUES (118, N'U037283187', N'P395713628', CAST(N'2018-08-23T02:33:31.040' AS DateTime))
INSERT [dbo].[Favourite_Property] ([Id], [Profile_Id], [PropertyId], [Entrydate]) VALUES (135, N'U831603621', N'P930050101123', CAST(N'2018-11-01T05:44:08.453' AS DateTime))
INSERT [dbo].[Favourite_Property] ([Id], [Profile_Id], [PropertyId], [Entrydate]) VALUES (148, N'U831603621', N'P523814529463', CAST(N'2018-11-27T23:31:20.847' AS DateTime))
INSERT [dbo].[Favourite_Property] ([Id], [Profile_Id], [PropertyId], [Entrydate]) VALUES (149, N'U831603621', N'P308819027', CAST(N'2018-12-20T02:38:54.920' AS DateTime))
INSERT [dbo].[Favourite_Property] ([Id], [Profile_Id], [PropertyId], [Entrydate]) VALUES (151, N'U831603621', N'P367253258', CAST(N'2018-12-21T05:49:20.640' AS DateTime))
INSERT [dbo].[Favourite_Property] ([Id], [Profile_Id], [PropertyId], [Entrydate]) VALUES (152, N'U831603621', N'P687936129', CAST(N'2019-01-02T05:07:38.293' AS DateTime))
INSERT [dbo].[Favourite_Property] ([Id], [Profile_Id], [PropertyId], [Entrydate]) VALUES (161, N'U564715475', N'P824906364', CAST(N'2019-02-21T05:56:32.223' AS DateTime))
INSERT [dbo].[Favourite_Property] ([Id], [Profile_Id], [PropertyId], [Entrydate]) VALUES (162, N'U831603621', N'P903473258', CAST(N'2019-03-27T05:35:53.380' AS DateTime))
SET IDENTITY_INSERT [dbo].[Favourite_Property] OFF
INSERT [dbo].[FeatureCategory] ([FeatureCatId], [FeatureCategory], [EntryDate]) VALUES (N'FC184141611', N'Indoor Amenities', CAST(N'2017-05-16T06:07:07.993' AS DateTime))
INSERT [dbo].[FeatureCategory] ([FeatureCatId], [FeatureCategory], [EntryDate]) VALUES (N'FC193035638', N'garden', CAST(N'2018-02-25T21:29:49.437' AS DateTime))
INSERT [dbo].[FeatureCategory] ([FeatureCatId], [FeatureCategory], [EntryDate]) VALUES (N'FC417412669', N'Basic Feature', CAST(N'2017-05-25T04:10:48.937' AS DateTime))
INSERT [dbo].[FeatureCategory] ([FeatureCatId], [FeatureCategory], [EntryDate]) VALUES (N'FC480985221', N'Utilities Available', CAST(N'2017-05-16T06:09:53.557' AS DateTime))
INSERT [dbo].[FeatureCategory] ([FeatureCatId], [FeatureCategory], [EntryDate]) VALUES (N'FC593505960', N'Outdoor Amenities', CAST(N'2017-05-16T06:08:29.040' AS DateTime))
INSERT [dbo].[FeatureCategory] ([FeatureCatId], [FeatureCategory], [EntryDate]) VALUES (N'FC674205160', N'demo', CAST(N'2017-11-07T03:57:03.470' AS DateTime))
INSERT [dbo].[FeatureCategory] ([FeatureCatId], [FeatureCategory], [EntryDate]) VALUES (N'FC812935988', N'OTHER FEATURES', CAST(N'2017-10-18T14:45:06.233' AS DateTime))
INSERT [dbo].[FeatureMaster] ([FeatureId], [FeatureName], [FeatureType], [FeatureCatId], [IsDefault]) VALUES (N'F055491247', N'APN', N'NUMBER', N'FC417412669', 1)
INSERT [dbo].[FeatureMaster] ([FeatureId], [FeatureName], [FeatureType], [FeatureCatId], [IsDefault]) VALUES (N'F193035638', N'rose valley', N'CHECKBOX', N'FC193035638', NULL)
INSERT [dbo].[FeatureMaster] ([FeatureId], [FeatureName], [FeatureType], [FeatureCatId], [IsDefault]) VALUES (N'F268378060', N'Wifi', N'CHECKBOX', N'FC184141611', NULL)
INSERT [dbo].[FeatureMaster] ([FeatureId], [FeatureName], [FeatureType], [FeatureCatId], [IsDefault]) VALUES (N'F312616356', N'Security System', N'CHECKBOX', N'FC184141611', NULL)
INSERT [dbo].[FeatureMaster] ([FeatureId], [FeatureName], [FeatureType], [FeatureCatId], [IsDefault]) VALUES (N'F338342725', N'Garage', N'NUMBER', N'FC417412669', 1)
INSERT [dbo].[FeatureMaster] ([FeatureId], [FeatureName], [FeatureType], [FeatureCatId], [IsDefault]) VALUES (N'F349971975', N'HOA', N'NORMAL', N'FC417412669', 1)
INSERT [dbo].[FeatureMaster] ([FeatureId], [FeatureName], [FeatureType], [FeatureCatId], [IsDefault]) VALUES (N'F374882122', N'Fence', N'CHECKBOX', N'FC184141611', NULL)
INSERT [dbo].[FeatureMaster] ([FeatureId], [FeatureName], [FeatureType], [FeatureCatId], [IsDefault]) VALUES (N'F417412669', N'Beds', N'NUMBER', N'FC417412669', 1)
INSERT [dbo].[FeatureMaster] ([FeatureId], [FeatureName], [FeatureType], [FeatureCatId], [IsDefault]) VALUES (N'F504317936', N'Internet', N'CHECKBOX', N'FC184141611', NULL)
INSERT [dbo].[FeatureMaster] ([FeatureId], [FeatureName], [FeatureType], [FeatureCatId], [IsDefault]) VALUES (N'F630017472', N'Fans', N'CHECKBOX', N'FC184141611', NULL)
INSERT [dbo].[FeatureMaster] ([FeatureId], [FeatureName], [FeatureType], [FeatureCatId], [IsDefault]) VALUES (N'F677138400', N'Baths', N'NUMBER', N'FC417412669', 1)
INSERT [dbo].[FeatureMaster] ([FeatureId], [FeatureName], [FeatureType], [FeatureCatId], [IsDefault]) VALUES (N'F695439706', N'bb', N'NORMAL', N'FC695439706', NULL)
INSERT [dbo].[FeatureMaster] ([FeatureId], [FeatureName], [FeatureType], [FeatureCatId], [IsDefault]) VALUES (N'F703366878', N'cc', N'CHECKBOX', N'FC695439706', 0)
INSERT [dbo].[FeatureMaster] ([FeatureId], [FeatureName], [FeatureType], [FeatureCatId], [IsDefault]) VALUES (N'F812935988', N'OTHER FEATURES', N'NUMBER', N'FC812935988', NULL)
SET IDENTITY_INSERT [dbo].[Follow] ON 

INSERT [dbo].[Follow] ([id], [AgentId], [FollowedBy]) VALUES (13, N'U831603621', N'U693742650')
INSERT [dbo].[Follow] ([id], [AgentId], [FollowedBy]) VALUES (14, N'U773408446', N'U693742650')
INSERT [dbo].[Follow] ([id], [AgentId], [FollowedBy]) VALUES (15, N'U286157411', N'U693742650')
INSERT [dbo].[Follow] ([id], [AgentId], [FollowedBy]) VALUES (16, N'U831603621', N'U846618448')
INSERT [dbo].[Follow] ([id], [AgentId], [FollowedBy]) VALUES (25, N'U693742650', N'U286157411')
INSERT [dbo].[Follow] ([id], [AgentId], [FollowedBy]) VALUES (26, N'U773408446', N'U286157411')
INSERT [dbo].[Follow] ([id], [AgentId], [FollowedBy]) VALUES (27, N'U693742650', N'U831603621')
INSERT [dbo].[Follow] ([id], [AgentId], [FollowedBy]) VALUES (29, N'U773408446', N'U846618448')
INSERT [dbo].[Follow] ([id], [AgentId], [FollowedBy]) VALUES (30, N'U286157411', N'U846618448')
INSERT [dbo].[Follow] ([id], [AgentId], [FollowedBy]) VALUES (31, N'U831603621', N'U773408446')
INSERT [dbo].[Follow] ([id], [AgentId], [FollowedBy]) VALUES (32, N'U286157411', N'U616316358')
INSERT [dbo].[Follow] ([id], [AgentId], [FollowedBy]) VALUES (38, N'U693742650', N'U773408446')
INSERT [dbo].[Follow] ([id], [AgentId], [FollowedBy]) VALUES (39, N'U286157411', N'U773408446')
INSERT [dbo].[Follow] ([id], [AgentId], [FollowedBy]) VALUES (40, N'U100955369', N'U773408446')
INSERT [dbo].[Follow] ([id], [AgentId], [FollowedBy]) VALUES (41, N'U846618448', N'U773408446')
INSERT [dbo].[Follow] ([id], [AgentId], [FollowedBy]) VALUES (46, N'U831603621', N'U980239693')
INSERT [dbo].[Follow] ([id], [AgentId], [FollowedBy]) VALUES (47, N'U831603621', N'U182249519')
INSERT [dbo].[Follow] ([id], [AgentId], [FollowedBy]) VALUES (49, N'U831603621', N'U056212896')
INSERT [dbo].[Follow] ([id], [AgentId], [FollowedBy]) VALUES (53, N'U867869980', N'U980239693')
INSERT [dbo].[Follow] ([id], [AgentId], [FollowedBy]) VALUES (54, N'U037283187', N'U056212896')
INSERT [dbo].[Follow] ([id], [AgentId], [FollowedBy]) VALUES (57, N'U037283187', N'U831603621')
INSERT [dbo].[Follow] ([id], [AgentId], [FollowedBy]) VALUES (59, N'U831603621', N'U286157411')
INSERT [dbo].[Follow] ([id], [AgentId], [FollowedBy]) VALUES (61, N'U056212896', N'U831603621')
INSERT [dbo].[Follow] ([id], [AgentId], [FollowedBy]) VALUES (62, N'U767366570', N'U831603621')
INSERT [dbo].[Follow] ([id], [AgentId], [FollowedBy]) VALUES (63, N'U037283187', N'U616316358')
INSERT [dbo].[Follow] ([id], [AgentId], [FollowedBy]) VALUES (64, N'U831603621', N'U616316358')
INSERT [dbo].[Follow] ([id], [AgentId], [FollowedBy]) VALUES (65, N'U867869980', N'U831603621')
INSERT [dbo].[Follow] ([id], [AgentId], [FollowedBy]) VALUES (67, N'U980239693', N'U037283187')
INSERT [dbo].[Follow] ([id], [AgentId], [FollowedBy]) VALUES (69, N'U897523176', N'U476971405')
INSERT [dbo].[Follow] ([id], [AgentId], [FollowedBy]) VALUES (70, N'U037283187', N'U476971405')
INSERT [dbo].[Follow] ([id], [AgentId], [FollowedBy]) VALUES (72, N'U867869980', N'U564715475')
INSERT [dbo].[Follow] ([id], [AgentId], [FollowedBy]) VALUES (73, N'U773408446', N'U831603621')
SET IDENTITY_INSERT [dbo].[Follow] OFF
SET IDENTITY_INSERT [dbo].[Friends_tbl] ON 

INSERT [dbo].[Friends_tbl] ([Id], [From], [To], [Status], [EntryDate], [IsFavorite]) VALUES (10055, N'U024552998', N'U867869980', N'accepted', CAST(N'2019-03-14T21:59:05.837' AS DateTime), 0)
INSERT [dbo].[Friends_tbl] ([Id], [From], [To], [Status], [EntryDate], [IsFavorite]) VALUES (10056, N'U024552998', N'U831603621', N'accepted', CAST(N'2019-03-14T21:59:08.303' AS DateTime), 0)
INSERT [dbo].[Friends_tbl] ([Id], [From], [To], [Status], [EntryDate], [IsFavorite]) VALUES (10057, N'U897523176', N'U037283187', N'accepted', CAST(N'2019-03-14T22:19:18.943' AS DateTime), 0)
INSERT [dbo].[Friends_tbl] ([Id], [From], [To], [Status], [EntryDate], [IsFavorite]) VALUES (10058, N'U897523176', N'U673389939', N'accepted', CAST(N'2019-03-14T22:19:21.177' AS DateTime), 0)
INSERT [dbo].[Friends_tbl] ([Id], [From], [To], [Status], [EntryDate], [IsFavorite]) VALUES (10059, N'U831603621', N'U867869980', N'accepted', CAST(N'2019-04-10T06:26:13.520' AS DateTime), 0)
INSERT [dbo].[Friends_tbl] ([Id], [From], [To], [Status], [EntryDate], [IsFavorite]) VALUES (10060, N'U831603621', N'U980239693', N'accepted', CAST(N'2019-04-10T06:26:15.897' AS DateTime), 0)
INSERT [dbo].[Friends_tbl] ([Id], [From], [To], [Status], [EntryDate], [IsFavorite]) VALUES (10061, N'U100955369', N'U831603621', N'accepted', CAST(N'2019-04-10T08:49:48.443' AS DateTime), 0)
INSERT [dbo].[Friends_tbl] ([Id], [From], [To], [Status], [EntryDate], [IsFavorite]) VALUES (10062, N'U706998036', N'U831603621', N'accepted', CAST(N'2019-04-10T21:36:43.793' AS DateTime), 0)
INSERT [dbo].[Friends_tbl] ([Id], [From], [To], [Status], [EntryDate], [IsFavorite]) VALUES (10063, N'U706998036', N'U673389939', N'accepted', CAST(N'2019-04-10T21:41:02.397' AS DateTime), 0)
SET IDENTITY_INSERT [dbo].[Friends_tbl] OFF
INSERT [dbo].[Gallery] ([id], [Title], [Image]) VALUES (N'I039629872', N'Tenant', N'I039629872.jpg')
INSERT [dbo].[Gallery] ([id], [Title], [Image]) VALUES (N'I081598253', N'Image4', N'I081598253.jpg')
INSERT [dbo].[Gallery] ([id], [Title], [Image]) VALUES (N'I129210128', N'OverseaProperty2', N'I129210128.jpg')
INSERT [dbo].[Gallery] ([id], [Title], [Image]) VALUES (N'I171633148', N'Image3', N'I171633148.jpg')
INSERT [dbo].[Gallery] ([id], [Title], [Image]) VALUES (N'I208190579', N'Tenant', N'I208190579.jpg')
INSERT [dbo].[Gallery] ([id], [Title], [Image]) VALUES (N'I213187259', N'Tenant', N'I213187259.jpg')
INSERT [dbo].[Gallery] ([id], [Title], [Image]) VALUES (N'I315756091', N'Tenant', N'I315756091.jpg')
INSERT [dbo].[Gallery] ([id], [Title], [Image]) VALUES (N'I385803056', N' Gryphonestate Image', N'I385803056.jpg')
INSERT [dbo].[Gallery] ([id], [Title], [Image]) VALUES (N'I401984130', N' Gryphonestate Image', N'I401984130.jpg')
INSERT [dbo].[Gallery] ([id], [Title], [Image]) VALUES (N'I430585441', N' Gryphonestate Image', N'I430585441.jpg')
INSERT [dbo].[Gallery] ([id], [Title], [Image]) VALUES (N'I664690215', N'Image5', N'I664690215.jpg')
INSERT [dbo].[Gallery] ([id], [Title], [Image]) VALUES (N'I673564003', N'Tenant', N'I673564003.jpg')
INSERT [dbo].[Gallery] ([id], [Title], [Image]) VALUES (N'I769177582', N'OverseaProperty1', N'I769177582.jpg')
INSERT [dbo].[Gallery] ([id], [Title], [Image]) VALUES (N'I775252986', N' Gryphonestate Image', N'I775252986.jpg')
INSERT [dbo].[Gallery] ([id], [Title], [Image]) VALUES (N'I790665004', N'Image1', N'I790665004.jpg')
INSERT [dbo].[Gallery] ([id], [Title], [Image]) VALUES (N'I793912232', N'Image2', N'I793912232.jpg')
INSERT [dbo].[Gallery] ([id], [Title], [Image]) VALUES (N'I865797233', N' Gryphonestate Image', N'I865797233.jpg')
INSERT [dbo].[Gallery] ([id], [Title], [Image]) VALUES (N'I877149846', N'OverseaProperty', N'I877149846.jpg')
INSERT [dbo].[Gallery] ([id], [Title], [Image]) VALUES (N'I878952499', N'Image', N'I878952499.jpg')
INSERT [dbo].[Gallery] ([id], [Title], [Image]) VALUES (N'I893868161', N' Gryphonestate Image', N'I893868161.jpg')
INSERT [dbo].[Holiday_tbl] ([HolidayId], [Holiday_Name], [Holiday_On], [Holiday_Date], [Start_Date], [End_Date], [About_Holiday], [Entry_Date]) VALUES (N'H067730964', N'NEW YEAR''S EVE', N'Date', CAST(N'2017-12-31' AS Date), CAST(N'0001-01-01' AS Date), CAST(N'0001-01-01' AS Date), N'Quick Facts
New Year''s Eve is the last day of the year in the Gregorian calendar. Many parties to welcome the New Year are held in in the United States on New Year''s Eve.', CAST(N'2017-09-19T15:17:27.140' AS DateTime))
INSERT [dbo].[Holiday_tbl] ([HolidayId], [Holiday_Name], [Holiday_On], [Holiday_Date], [Start_Date], [End_Date], [About_Holiday], [Entry_Date]) VALUES (N'H118828682', N'test holiday', N'Date', CAST(N'2017-11-02' AS Date), CAST(N'0001-01-01' AS Date), CAST(N'0001-01-01' AS Date), N'test holiday', CAST(N'2017-11-02T22:25:02.193' AS DateTime))
INSERT [dbo].[Holiday_tbl] ([HolidayId], [Holiday_Name], [Holiday_On], [Holiday_Date], [Start_Date], [End_Date], [About_Holiday], [Entry_Date]) VALUES (N'H204561438', N'NEW YEAR 2018', N'Date', CAST(N'2018-01-01' AS Date), CAST(N'0001-01-01' AS Date), CAST(N'0001-01-01' AS Date), N'NEW YEAR 2018', CAST(N'2018-01-02T00:48:03.420' AS DateTime))
INSERT [dbo].[Holiday_tbl] ([HolidayId], [Holiday_Name], [Holiday_On], [Holiday_Date], [Start_Date], [End_Date], [About_Holiday], [Entry_Date]) VALUES (N'H232541312', N'CHRISTMAS DAY', N'Date', CAST(N'2017-12-25' AS Date), CAST(N'0001-01-01' AS Date), CAST(N'0001-01-01' AS Date), N'Quick Facts
Christmas Day celebrates Jesus Christ''s birth.', CAST(N'2017-09-19T15:16:35.897' AS DateTime))
INSERT [dbo].[Holiday_tbl] ([HolidayId], [Holiday_Name], [Holiday_On], [Holiday_Date], [Start_Date], [End_Date], [About_Holiday], [Entry_Date]) VALUES (N'H394819495', N'Demo', N'Date', CAST(N'2017-11-15' AS Date), CAST(N'0001-01-01' AS Date), CAST(N'0001-01-01' AS Date), N'Demo', CAST(N'2017-11-14T01:50:19.647' AS DateTime))
INSERT [dbo].[Holiday_tbl] ([HolidayId], [Holiday_Name], [Holiday_On], [Holiday_Date], [Start_Date], [End_Date], [About_Holiday], [Entry_Date]) VALUES (N'H524267418', N'COLUMBUS DAY', N'Date', CAST(N'2017-10-12' AS Date), CAST(N'0001-01-01' AS Date), CAST(N'0001-01-01' AS Date), N'On October 12, 1492, Italian navigator Christopher Columbus landed in the New World. Although most other nations of the Americas observe this holiday on October 12, in the United States it takes place', CAST(N'2017-08-22T12:20:31.397' AS DateTime))
INSERT [dbo].[Holiday_tbl] ([HolidayId], [Holiday_Name], [Holiday_On], [Holiday_Date], [Start_Date], [End_Date], [About_Holiday], [Entry_Date]) VALUES (N'H653639379', N'NATIONAL COFFEE DAY', N'Date', CAST(N'2017-09-29' AS Date), CAST(N'0001-01-01' AS Date), CAST(N'0001-01-01' AS Date), N'Coffee is as integral a part of American culture as McDonald''s, rock n'' roll, and blue jeans. But if it weren''t for the Boston Tea Party of 1773, Americans may never have adopted coffee as their natio', CAST(N'2017-09-29T08:40:40.743' AS DateTime))
INSERT [dbo].[Holiday_tbl] ([HolidayId], [Holiday_Name], [Holiday_On], [Holiday_Date], [Start_Date], [End_Date], [About_Holiday], [Entry_Date]) VALUES (N'H723784037', N'THANKSGIVING DAY', N'Date', CAST(N'2017-11-23' AS Date), CAST(N'0001-01-01' AS Date), CAST(N'0001-01-01' AS Date), N'Quick Facts
Thanksgiving Day in the United States is traditionally a holiday to give thanks for the food collected at the end of the harvest season.
', CAST(N'2017-09-19T15:11:29.347' AS DateTime))
INSERT [dbo].[Holiday_tbl] ([HolidayId], [Holiday_Name], [Holiday_On], [Holiday_Date], [Start_Date], [End_Date], [About_Holiday], [Entry_Date]) VALUES (N'H801311393', N'CHRISTMAS EVE', N'Date', CAST(N'2017-12-24' AS Date), CAST(N'0001-01-01' AS Date), CAST(N'0001-01-01' AS Date), N'Quick Facts
Christmas Eve in the United States is on December 24 each year.', CAST(N'2017-09-19T15:15:44.737' AS DateTime))
INSERT [dbo].[Holiday_tbl] ([HolidayId], [Holiday_Name], [Holiday_On], [Holiday_Date], [Start_Date], [End_Date], [About_Holiday], [Entry_Date]) VALUES (N'H894717092', N'HALLOWEEN', N'Date', CAST(N'2017-10-31' AS Date), CAST(N'0001-01-01' AS Date), CAST(N'0001-01-01' AS Date), N'Quick Facts
Halloween is celebrated by hosting costume parties, playing ''trick-or-treat'', watching horror films, visiting haunted houses or carving lanterns out of pumpkins.', CAST(N'2017-09-19T15:10:25.560' AS DateTime))
INSERT [dbo].[InvocePublicMarket_tbl] ([InvoiceId], [InvoiceDate], [FromDate], [ToDate], [UserId], [TotalAmt], [ComsnAmt], [ComsnPer], [PaidAmt], [IsPaid], [PaidDate]) VALUES (N'I266291830', CAST(N'2018-10-02T23:05:00.527' AS DateTime), CAST(N'2018-09-01T00:00:00.000' AS DateTime), CAST(N'2018-10-02T00:00:00.000' AS DateTime), N'U056212896', CAST(40.00 AS Decimal(18, 2)), CAST(0.00 AS Decimal(18, 2)), CAST(0.00 AS Decimal(18, 2)), CAST(40.00 AS Decimal(18, 2)), 0, NULL)
INSERT [dbo].[InvocePublicMarket_tbl] ([InvoiceId], [InvoiceDate], [FromDate], [ToDate], [UserId], [TotalAmt], [ComsnAmt], [ComsnPer], [PaidAmt], [IsPaid], [PaidDate]) VALUES (N'I329115593', CAST(N'2018-09-29T15:20:41.103' AS DateTime), CAST(N'2018-09-29T00:00:00.000' AS DateTime), CAST(N'2018-09-29T00:00:00.000' AS DateTime), N'U831603621', CAST(150.00 AS Decimal(18, 2)), CAST(15.00 AS Decimal(18, 2)), CAST(10.00 AS Decimal(18, 2)), CAST(135.00 AS Decimal(18, 2)), 0, NULL)
INSERT [dbo].[InvocePublicMarket_tbl] ([InvoiceId], [InvoiceDate], [FromDate], [ToDate], [UserId], [TotalAmt], [ComsnAmt], [ComsnPer], [PaidAmt], [IsPaid], [PaidDate]) VALUES (N'I330023688', CAST(N'2018-10-08T11:42:12.353' AS DateTime), CAST(N'2018-08-01T00:00:00.000' AS DateTime), CAST(N'2018-10-08T00:00:00.000' AS DateTime), N'U037283187', CAST(1199.00 AS Decimal(18, 2)), CAST(119.90 AS Decimal(18, 2)), CAST(10.00 AS Decimal(18, 2)), CAST(1079.10 AS Decimal(18, 2)), 0, NULL)
INSERT [dbo].[InvocePublicMarket_tbl] ([InvoiceId], [InvoiceDate], [FromDate], [ToDate], [UserId], [TotalAmt], [ComsnAmt], [ComsnPer], [PaidAmt], [IsPaid], [PaidDate]) VALUES (N'I564300404', CAST(N'2018-10-02T23:17:10.337' AS DateTime), CAST(N'2018-09-01T00:00:00.000' AS DateTime), CAST(N'2018-10-02T00:00:00.000' AS DateTime), N'U831603621', CAST(150.00 AS Decimal(18, 2)), CAST(0.00 AS Decimal(18, 2)), CAST(0.00 AS Decimal(18, 2)), CAST(150.00 AS Decimal(18, 2)), 0, NULL)
SET IDENTITY_INSERT [dbo].[InvocePublicMarketDetails] ON 

INSERT [dbo].[InvocePublicMarketDetails] ([id], [InvoiceId], [Product_Id], [Order_Id], [PayableAmt], [Payment_For], [Payement_By], [IsPaid], [Price], [Qty]) VALUES (1, N'I329115593', N'P611852409', N'O186497203', CAST(150.00 AS Decimal(18, 2)), N'ProductInOrder', N'HandToHand', 1, 150, 1)
INSERT [dbo].[InvocePublicMarketDetails] ([id], [InvoiceId], [Product_Id], [Order_Id], [PayableAmt], [Payment_For], [Payement_By], [IsPaid], [Price], [Qty]) VALUES (2, N'I266291830', N'P439065606', N'O651344968', CAST(40.00 AS Decimal(18, 2)), N'ProductInOrder', N'HandToHand', 1, 40, 1)
INSERT [dbo].[InvocePublicMarketDetails] ([id], [InvoiceId], [Product_Id], [Order_Id], [PayableAmt], [Payment_For], [Payement_By], [IsPaid], [Price], [Qty]) VALUES (3, N'I564300404', N'P407006831', N'O625805592', CAST(50.00 AS Decimal(18, 2)), N'ProductInOrder', N'HandToHand', 1, 50, 1)
INSERT [dbo].[InvocePublicMarketDetails] ([id], [InvoiceId], [Product_Id], [Order_Id], [PayableAmt], [Payment_For], [Payement_By], [IsPaid], [Price], [Qty]) VALUES (4, N'I564300404', N'P407006831', N'O675894915', CAST(50.00 AS Decimal(18, 2)), N'ProductInOrder', N'HandToHand', 1, 50, 1)
INSERT [dbo].[InvocePublicMarketDetails] ([id], [InvoiceId], [Product_Id], [Order_Id], [PayableAmt], [Payment_For], [Payement_By], [IsPaid], [Price], [Qty]) VALUES (5, N'I564300404', N'P407006831', N'O528626759', CAST(50.00 AS Decimal(18, 2)), N'ProductInOrder', N'HandToHand', 1, 50, 1)
INSERT [dbo].[InvocePublicMarketDetails] ([id], [InvoiceId], [Product_Id], [Order_Id], [PayableAmt], [Payment_For], [Payement_By], [IsPaid], [Price], [Qty]) VALUES (6, N'I330023688', N'P827710397', N'O925899553', CAST(1199.00 AS Decimal(18, 2)), N'ProductInOrder', N'HandToHand', 1, 1199, 1)
SET IDENTITY_INSERT [dbo].[InvocePublicMarketDetails] OFF
SET IDENTITY_INSERT [dbo].[Login_Table] ON 

INSERT [dbo].[Login_Table] ([LoginId], [Uid], [UserId], [EmailId], [FirstName], [LastName], [Password], [Status], [Email_verified], [Last_visited], [googleId], [FaceBookId]) VALUES (1, 2, N'U831603621', N'john@gmail.com', N'JOHN', N'Doe', N'123456', 1, 1, CAST(N'2019-04-15T00:35:45.193' AS DateTime), NULL, NULL)
INSERT [dbo].[Login_Table] ([LoginId], [Uid], [UserId], [EmailId], [FirstName], [LastName], [Password], [Status], [Email_verified], [Last_visited], [googleId], [FaceBookId]) VALUES (5, 3, N'U097531010', N'lynda@gmail.com', N'Lynda', N'Rossy', N'123456', 0, 1, CAST(N'2017-12-07T06:02:05.320' AS DateTime), NULL, NULL)
INSERT [dbo].[Login_Table] ([LoginId], [Uid], [UserId], [EmailId], [FirstName], [LastName], [Password], [Status], [Email_verified], [Last_visited], [googleId], [FaceBookId]) VALUES (15, 2, N'U100955369', N'william1@gmail.com', N'WILLIAM', N'NGUYEN', N'123456', 1, 1, CAST(N'2019-04-16T15:36:43.873' AS DateTime), NULL, NULL)
INSERT [dbo].[Login_Table] ([LoginId], [Uid], [UserId], [EmailId], [FirstName], [LastName], [Password], [Status], [Email_verified], [Last_visited], [googleId], [FaceBookId]) VALUES (22, 2, N'U773408446', N'apx510@gmail.com', N'Nhat', N'Nguyen', N'123456', 1, 1, CAST(N'2018-11-04T17:57:32.477' AS DateTime), N'100068823830666799384', NULL)
INSERT [dbo].[Login_Table] ([LoginId], [Uid], [UserId], [EmailId], [FirstName], [LastName], [Password], [Status], [Email_verified], [Last_visited], [googleId], [FaceBookId]) VALUES (24, 1, N'U616316358', N'info@khupho.com', N'CUSTOMER', N'SUPPORT', NULL, 1, 1, NULL, N'107293186269575060359', NULL)
INSERT [dbo].[Login_Table] ([LoginId], [Uid], [UserId], [EmailId], [FirstName], [LastName], [Password], [Status], [Email_verified], [Last_visited], [googleId], [FaceBookId]) VALUES (25, 1, N'U775321957', N'wearegoigi@gmail.com', N'Weare', N'Goigi', NULL, 1, 1, NULL, N'661490047572593', N'735057676882496')
INSERT [dbo].[Login_Table] ([LoginId], [Uid], [UserId], [EmailId], [FirstName], [LastName], [Password], [Status], [Email_verified], [Last_visited], [googleId], [FaceBookId]) VALUES (26, 2, N'U286157411', N'robertbrathian@gmail.com', N'Robert', N'Barathian', N'123456', 1, 1, CAST(N'2018-08-24T10:18:00.220' AS DateTime), NULL, NULL)
INSERT [dbo].[Login_Table] ([LoginId], [Uid], [UserId], [EmailId], [FirstName], [LastName], [Password], [Status], [Email_verified], [Last_visited], [googleId], [FaceBookId]) VALUES (27, 2, N'U693742650', N'kayly@khupho.com', N'KHU', N'PHO', NULL, 1, 1, NULL, N'151605672272572', N'222696125163526')
INSERT [dbo].[Login_Table] ([LoginId], [Uid], [UserId], [EmailId], [FirstName], [LastName], [Password], [Status], [Email_verified], [Last_visited], [googleId], [FaceBookId]) VALUES (28, 2, N'U846618448', N'apx916@gmail.com', N'WILLIAM', N'NGUYEN', N'123456', 1, 1, CAST(N'2018-08-21T08:54:10.460' AS DateTime), NULL, NULL)
INSERT [dbo].[Login_Table] ([LoginId], [Uid], [UserId], [EmailId], [FirstName], [LastName], [Password], [Status], [Email_verified], [Last_visited], [googleId], [FaceBookId]) VALUES (29, 1, N'U245126973', N'wielogorski727@gmail.com', N'SimonSek', N'SimonSekQL', N'g2q6^ptsL3G', 1, 0, NULL, NULL, NULL)
INSERT [dbo].[Login_Table] ([LoginId], [Uid], [UserId], [EmailId], [FirstName], [LastName], [Password], [Status], [Email_verified], [Last_visited], [googleId], [FaceBookId]) VALUES (30, 2, N'U980239693', N'android1@goigi.com', N'akshay', N'garg', N'123456', 1, 1, CAST(N'2018-08-09T01:39:33.250' AS DateTime), NULL, NULL)
INSERT [dbo].[Login_Table] ([LoginId], [Uid], [UserId], [EmailId], [FirstName], [LastName], [Password], [Status], [Email_verified], [Last_visited], [googleId], [FaceBookId]) VALUES (31, 1, N'U785281653', N'thaohoang815@icloud.com', N'Thao', N'Hoang', NULL, 1, 1, NULL, N'169703933827683', NULL)
INSERT [dbo].[Login_Table] ([LoginId], [Uid], [UserId], [EmailId], [FirstName], [LastName], [Password], [Status], [Email_verified], [Last_visited], [googleId], [FaceBookId]) VALUES (33, 2, N'U660642360', N'android11@goigi.com', N'ram', N'gopal', N'123456', 1, 0, CAST(N'2018-04-03T03:09:20.737' AS DateTime), NULL, NULL)
INSERT [dbo].[Login_Table] ([LoginId], [Uid], [UserId], [EmailId], [FirstName], [LastName], [Password], [Status], [Email_verified], [Last_visited], [googleId], [FaceBookId]) VALUES (35, 1, N'U491991432', N'abc@gmail.com', N'drgredgreg', N'rdsdgsfgs', N'123456', 1, 0, CAST(N'2018-04-03T04:51:53.393' AS DateTime), NULL, NULL)
INSERT [dbo].[Login_Table] ([LoginId], [Uid], [UserId], [EmailId], [FirstName], [LastName], [Password], [Status], [Email_verified], [Last_visited], [googleId], [FaceBookId]) VALUES (38, 1, N'U706998036', N'testuser@gmail.com', N'Tom', N'Jery', N'123456', 1, 1, CAST(N'2019-04-11T00:51:02.820' AS DateTime), NULL, NULL)
INSERT [dbo].[Login_Table] ([LoginId], [Uid], [UserId], [EmailId], [FirstName], [LastName], [Password], [Status], [Email_verified], [Last_visited], [googleId], [FaceBookId]) VALUES (39, 1, N'U848224942', N'jack@gmail.com', N'Jack', N'Smith', N'123456', 1, 0, NULL, N'123456', NULL)
INSERT [dbo].[Login_Table] ([LoginId], [Uid], [UserId], [EmailId], [FirstName], [LastName], [Password], [Status], [Email_verified], [Last_visited], [googleId], [FaceBookId]) VALUES (40, 2, N'U942379783', N'amitkr@gmail.com', N'amit', N'kumar', N'123456', 1, 0, NULL, NULL, NULL)
INSERT [dbo].[Login_Table] ([LoginId], [Uid], [UserId], [EmailId], [FirstName], [LastName], [Password], [Status], [Email_verified], [Last_visited], [googleId], [FaceBookId]) VALUES (42, 1, N'U967947584', N'testuser1@gmail.com', N'Tom', N'Jery', N'123456', 1, 1, CAST(N'2019-04-10T21:38:55.557' AS DateTime), NULL, NULL)
INSERT [dbo].[Login_Table] ([LoginId], [Uid], [UserId], [EmailId], [FirstName], [LastName], [Password], [Status], [Email_verified], [Last_visited], [googleId], [FaceBookId]) VALUES (43, 2, N'U646271665', N'jhgf@gmail.com', N'ghsdh', N'dhhddhhd', N'123456', 1, 0, NULL, NULL, NULL)
INSERT [dbo].[Login_Table] ([LoginId], [Uid], [UserId], [EmailId], [FirstName], [LastName], [Password], [Status], [Email_verified], [Last_visited], [googleId], [FaceBookId]) VALUES (44, 2, N'U867869980', N'androidteam2@goigi.in', N'86yhd', N'sjshshdj', N'123456', 1, 1, CAST(N'2018-12-28T02:13:01.683' AS DateTime), NULL, NULL)
INSERT [dbo].[Login_Table] ([LoginId], [Uid], [UserId], [EmailId], [FirstName], [LastName], [Password], [Status], [Email_verified], [Last_visited], [googleId], [FaceBookId]) VALUES (45, 2, N'U767366570', N'email12321@gmail.com', N'first', N'last', N'123456', 1, 0, NULL, NULL, NULL)
INSERT [dbo].[Login_Table] ([LoginId], [Uid], [UserId], [EmailId], [FirstName], [LastName], [Password], [Status], [Email_verified], [Last_visited], [googleId], [FaceBookId]) VALUES (46, 2, N'U018540448', N'support@goigi.com', N'hggthjk', N'cgh', N'123456', 1, 1, NULL, NULL, NULL)
INSERT [dbo].[Login_Table] ([LoginId], [Uid], [UserId], [EmailId], [FirstName], [LastName], [Password], [Status], [Email_verified], [Last_visited], [googleId], [FaceBookId]) VALUES (47, 2, N'U055151874', N'email332w@gmail.com', N'jssj', N'susud', N'123456', 1, 0, NULL, NULL, NULL)
INSERT [dbo].[Login_Table] ([LoginId], [Uid], [UserId], [EmailId], [FirstName], [LastName], [Password], [Status], [Email_verified], [Last_visited], [googleId], [FaceBookId]) VALUES (48, 2, N'U897523176', N'test@gmail.com', N'Test', N'User', N'123456', 1, 1, CAST(N'2019-04-10T06:53:05.453' AS DateTime), NULL, NULL)
INSERT [dbo].[Login_Table] ([LoginId], [Uid], [UserId], [EmailId], [FirstName], [LastName], [Password], [Status], [Email_verified], [Last_visited], [googleId], [FaceBookId]) VALUES (49, 1, N'U836813822', N'qa3@goigi.co', N'Amit ', N'Buyer', N'123456', 1, 1, CAST(N'2018-08-23T02:45:50.117' AS DateTime), NULL, NULL)
INSERT [dbo].[Login_Table] ([LoginId], [Uid], [UserId], [EmailId], [FirstName], [LastName], [Password], [Status], [Email_verified], [Last_visited], [googleId], [FaceBookId]) VALUES (50, 2, N'U037283187', N'goigitest1@gmail.com', N'Amit', N'Agent', N'123456', 1, 1, CAST(N'2018-08-20T03:18:06.317' AS DateTime), NULL, NULL)
INSERT [dbo].[Login_Table] ([LoginId], [Uid], [UserId], [EmailId], [FirstName], [LastName], [Password], [Status], [Email_verified], [Last_visited], [googleId], [FaceBookId]) VALUES (51, 3, N'U056212896', N'testseller@gmail.com', N'Robin', N'Mathew', N'123456', 1, 1, CAST(N'2019-01-01T23:34:45.187' AS DateTime), NULL, NULL)
INSERT [dbo].[Login_Table] ([LoginId], [Uid], [UserId], [EmailId], [FirstName], [LastName], [Password], [Status], [Email_verified], [Last_visited], [googleId], [FaceBookId]) VALUES (52, 3, N'U923029648', N'dirisonto@yandex.com', N'traktorren', N'traktorrenZP', N'2D1k@ei3tuJ', 1, 0, NULL, NULL, NULL)
INSERT [dbo].[Login_Table] ([LoginId], [Uid], [UserId], [EmailId], [FirstName], [LastName], [Password], [Status], [Email_verified], [Last_visited], [googleId], [FaceBookId]) VALUES (53, 2, N'U439459316', N'emailll@gmail.com', N'gdhdd', N'gshdhd', N'123456', 1, 0, NULL, NULL, NULL)
INSERT [dbo].[Login_Table] ([LoginId], [Uid], [UserId], [EmailId], [FirstName], [LastName], [Password], [Status], [Email_verified], [Last_visited], [googleId], [FaceBookId]) VALUES (54, 1, N'U611427755', N'apx415@gmail.com', N'Nhat', N'Nguyen', NULL, 1, 1, NULL, N'113738194819999892294', NULL)
INSERT [dbo].[Login_Table] ([LoginId], [Uid], [UserId], [EmailId], [FirstName], [LastName], [Password], [Status], [Email_verified], [Last_visited], [googleId], [FaceBookId]) VALUES (55, 1, N'U483505325', N'2khupho@gmail.com', N'NHAT', N'NGUYEN', NULL, 1, 1, NULL, N'109764852626391559930', NULL)
INSERT [dbo].[Login_Table] ([LoginId], [Uid], [UserId], [EmailId], [FirstName], [LastName], [Password], [Status], [Email_verified], [Last_visited], [googleId], [FaceBookId]) VALUES (56, 3, N'U741116007', N'fghserf@bigmir.net', N'Douglasboymn', N'DouglasboymnVE', N'7d7^aYd9lcG', 1, 0, NULL, NULL, NULL)
INSERT [dbo].[Login_Table] ([LoginId], [Uid], [UserId], [EmailId], [FirstName], [LastName], [Password], [Status], [Email_verified], [Last_visited], [googleId], [FaceBookId]) VALUES (57, 1, N'U698798533', N'heatherlj23@yahoo.com', N'DADA', N'dadad', N'Carebear541!', 1, 1, CAST(N'2018-12-28T20:13:28.427' AS DateTime), NULL, NULL)
INSERT [dbo].[Login_Table] ([LoginId], [Uid], [UserId], [EmailId], [FirstName], [LastName], [Password], [Status], [Email_verified], [Last_visited], [googleId], [FaceBookId]) VALUES (58, 2, N'U673389939', N'demo@gmail.com', N'demo', N'demo', N'123456', 1, 1, CAST(N'2019-04-10T21:40:45.443' AS DateTime), NULL, NULL)
INSERT [dbo].[Login_Table] ([LoginId], [Uid], [UserId], [EmailId], [FirstName], [LastName], [Password], [Status], [Email_verified], [Last_visited], [googleId], [FaceBookId]) VALUES (59, 2, N'U169791120', N'testkhupho@gmail.com', N'khupho', N'test', N'Khupho123', 1, 1, NULL, NULL, NULL)
INSERT [dbo].[Login_Table] ([LoginId], [Uid], [UserId], [EmailId], [FirstName], [LastName], [Password], [Status], [Email_verified], [Last_visited], [googleId], [FaceBookId]) VALUES (60, 1, N'U796263749', N'rrp@gmail.com', N'Rahul ', N'Ravi', N'1234', 1, 0, NULL, NULL, NULL)
INSERT [dbo].[Login_Table] ([LoginId], [Uid], [UserId], [EmailId], [FirstName], [LastName], [Password], [Status], [Email_verified], [Last_visited], [googleId], [FaceBookId]) VALUES (61, 1, N'U153036887', N'rrp@igi.com', N'Rahul ', N'Ravi Prakash ', N'123456', 1, 0, NULL, NULL, NULL)
INSERT [dbo].[Login_Table] ([LoginId], [Uid], [UserId], [EmailId], [FirstName], [LastName], [Password], [Status], [Email_verified], [Last_visited], [googleId], [FaceBookId]) VALUES (62, 1, N'U562897464', N'rrpr@igi.com', N'Rahul', N'Ravi Prakash ', N'123456', 1, 0, NULL, NULL, NULL)
INSERT [dbo].[Login_Table] ([LoginId], [Uid], [UserId], [EmailId], [FirstName], [LastName], [Password], [Status], [Email_verified], [Last_visited], [googleId], [FaceBookId]) VALUES (63, 1, N'U641855176', N'a@b.com', N'a', N'a', N'123456', 1, 0, NULL, NULL, NULL)
INSERT [dbo].[Login_Table] ([LoginId], [Uid], [UserId], [EmailId], [FirstName], [LastName], [Password], [Status], [Email_verified], [Last_visited], [googleId], [FaceBookId]) VALUES (64, 1, N'U497971049', N'g@f.in', N't', N'g', N'123456', 1, 0, NULL, NULL, NULL)
INSERT [dbo].[Login_Table] ([LoginId], [Uid], [UserId], [EmailId], [FirstName], [LastName], [Password], [Status], [Email_verified], [Last_visited], [googleId], [FaceBookId]) VALUES (65, 1, N'U154414902', N'c@d.in', N'a', N'b', N'123', 1, 0, NULL, NULL, NULL)
INSERT [dbo].[Login_Table] ([LoginId], [Uid], [UserId], [EmailId], [FirstName], [LastName], [Password], [Status], [Email_verified], [Last_visited], [googleId], [FaceBookId]) VALUES (66, 1, N'U998478711', N'e@g.in', N'a', N'b', N'123456', 1, 0, NULL, NULL, NULL)
INSERT [dbo].[Login_Table] ([LoginId], [Uid], [UserId], [EmailId], [FirstName], [LastName], [Password], [Status], [Email_verified], [Last_visited], [googleId], [FaceBookId]) VALUES (67, 1, N'U507230023', N'g@g.in', N'a', N'b', N'12345678', 1, 0, NULL, NULL, NULL)
INSERT [dbo].[Login_Table] ([LoginId], [Uid], [UserId], [EmailId], [FirstName], [LastName], [Password], [Status], [Email_verified], [Last_visited], [googleId], [FaceBookId]) VALUES (68, 2, N'U985562943', N'albar@gmail.com', N'Albar', N'Lee', N'123456', 1, 0, NULL, NULL, NULL)
INSERT [dbo].[Login_Table] ([LoginId], [Uid], [UserId], [EmailId], [FirstName], [LastName], [Password], [Status], [Email_verified], [Last_visited], [googleId], [FaceBookId]) VALUES (69, 2, N'U476971405', N'amrit2012tutun@gmail.com', N'Albar', N'Lee', N'123456', 1, 1, NULL, NULL, NULL)
INSERT [dbo].[Login_Table] ([LoginId], [Uid], [UserId], [EmailId], [FirstName], [LastName], [Password], [Status], [Email_verified], [Last_visited], [googleId], [FaceBookId]) VALUES (70, 1, N'U564715475', N'subhadeep.sahapoddar88@gmail.com', N'vamshi', N'Dhantola', N'123456', 1, 1, NULL, NULL, NULL)
INSERT [dbo].[Login_Table] ([LoginId], [Uid], [UserId], [EmailId], [FirstName], [LastName], [Password], [Status], [Email_verified], [Last_visited], [googleId], [FaceBookId]) VALUES (71, 2, N'U841493613', N'savitridontula@gmail.com', N'Vamshi', N'Krishna', NULL, NULL, 1, NULL, NULL, N'2334915960075118')
INSERT [dbo].[Login_Table] ([LoginId], [Uid], [UserId], [EmailId], [FirstName], [LastName], [Password], [Status], [Email_verified], [Last_visited], [googleId], [FaceBookId]) VALUES (72, 1, N'U072215658', N'savitridontula6@gmail.com', N'vamshi', N'Krishna', N'123456', 1, 0, NULL, NULL, NULL)
SET IDENTITY_INSERT [dbo].[Login_Table] OFF
INSERT [dbo].[Message] ([Msg_id], [msg_from_user_id], [Msg_To_User_Id], [Message], [Is_Read], [Msg_Date], [Msg_Status], [Deleted_By], [IsPublic]) VALUES (N'000353461', N'U831603621', N'U100955369', N'koala ', 1, CAST(N'2019-01-24T18:04:14.990' AS DateTime), N'Send', N'NA', 0)
INSERT [dbo].[Message] ([Msg_id], [msg_from_user_id], [Msg_To_User_Id], [Message], [Is_Read], [Msg_Date], [Msg_Status], [Deleted_By], [IsPublic]) VALUES (N'001640254', N'U831603621', N'U286157411', N'<img alt="😅" class="emojioneemoji" src="https://cdnjs.cloudflare.com/ajax/libs/emojione/2.2.7/assets/png/1f605.png"><img alt="😅" class="emojioneemoji" src="https://cdnjs.cloudflare.com/ajax/libs/emojione/2.2.7/assets/png/1f605.png"><img alt="😅" class="emojioneemoji" src="https://cdnjs.cloudflare.com/ajax/libs/emojione/2.2.7/assets/png/1f605.png">', 1, CAST(N'2018-02-07T10:13:39.237' AS DateTime), N'Send', N'NA', 0)
INSERT [dbo].[Message] ([Msg_id], [msg_from_user_id], [Msg_To_User_Id], [Message], [Is_Read], [Msg_Date], [Msg_Status], [Deleted_By], [IsPublic]) VALUES (N'004463763', N'U831603621', N'U846618448', N'hello', 0, CAST(N'2019-01-30T07:57:03.527' AS DateTime), N'Send', N'NA', 0)
INSERT [dbo].[Message] ([Msg_id], [msg_from_user_id], [Msg_To_User_Id], [Message], [Is_Read], [Msg_Date], [Msg_Status], [Deleted_By], [IsPublic]) VALUES (N'004600826', N'U100955369', N'U831603621', N'hello', 1, CAST(N'2018-05-21T09:08:10.403' AS DateTime), N'Send', N'NA', 0)
INSERT [dbo].[Message] ([Msg_id], [msg_from_user_id], [Msg_To_User_Id], [Message], [Is_Read], [Msg_Date], [Msg_Status], [Deleted_By], [IsPublic]) VALUES (N'006300991', N'U831603621', N'U100955369', N'3', 1, CAST(N'2019-01-30T07:34:27.337' AS DateTime), N'Send', N'NA', 0)
INSERT [dbo].[Message] ([Msg_id], [msg_from_user_id], [Msg_To_User_Id], [Message], [Is_Read], [Msg_Date], [Msg_Status], [Deleted_By], [IsPublic]) VALUES (N'007248362', N'U831603621', N'U100955369', N'😙', 1, CAST(N'2019-01-24T07:01:47.023' AS DateTime), N'Send', N'NA', 0)
INSERT [dbo].[Message] ([Msg_id], [msg_from_user_id], [Msg_To_User_Id], [Message], [Is_Read], [Msg_Date], [Msg_Status], [Deleted_By], [IsPublic]) VALUES (N'009977384', N'U831603621', N'U056212896', N'jhajN', 0, CAST(N'2019-01-23T07:21:34.543' AS DateTime), N'Send', N'NA', 0)
INSERT [dbo].[Message] ([Msg_id], [msg_from_user_id], [Msg_To_User_Id], [Message], [Is_Read], [Msg_Date], [Msg_Status], [Deleted_By], [IsPublic]) VALUES (N'013009424', N'U100955369', N'U831603621', N'<img alt="🙃" class="emojioneemoji" src="https://cdnjs.cloudflare.com/ajax/libs/emojione/2.2.7/assets/png/1f643.png">', 1, CAST(N'2019-01-24T18:03:33.697' AS DateTime), N'Send', N'NA', 0)
INSERT [dbo].[Message] ([Msg_id], [msg_from_user_id], [Msg_To_User_Id], [Message], [Is_Read], [Msg_Date], [Msg_Status], [Deleted_By], [IsPublic]) VALUES (N'013234570', N'U286157411', N'U831603621', N'Nice', 1, CAST(N'2018-02-07T05:14:57.643' AS DateTime), N'Send', N'NA', 0)
INSERT [dbo].[Message] ([Msg_id], [msg_from_user_id], [Msg_To_User_Id], [Message], [Is_Read], [Msg_Date], [Msg_Status], [Deleted_By], [IsPublic]) VALUES (N'013816464', N'U831603621', N'U100955369', N'r', 1, CAST(N'2019-03-06T03:38:23.813' AS DateTime), N'Send', N'NA', 0)
INSERT [dbo].[Message] ([Msg_id], [msg_from_user_id], [Msg_To_User_Id], [Message], [Is_Read], [Msg_Date], [Msg_Status], [Deleted_By], [IsPublic]) VALUES (N'014703258', N'U100955369', N'U831603621', N'hi', 1, CAST(N'2018-02-07T05:37:22.207' AS DateTime), N'Send', N'U831603621', 0)
INSERT [dbo].[Message] ([Msg_id], [msg_from_user_id], [Msg_To_User_Id], [Message], [Is_Read], [Msg_Date], [Msg_Status], [Deleted_By], [IsPublic]) VALUES (N'018356873', N'U286157411', N'U831603621', N'Hi dear', 1, CAST(N'2018-02-07T09:06:04.997' AS DateTime), N'Send', N'NA', 0)
INSERT [dbo].[Message] ([Msg_id], [msg_from_user_id], [Msg_To_User_Id], [Message], [Is_Read], [Msg_Date], [Msg_Status], [Deleted_By], [IsPublic]) VALUES (N'020698570', N'U100955369', N'U831603621', N'HELLO', 1, CAST(N'2019-01-08T21:50:26.893' AS DateTime), N'Send', N'NA', 0)
INSERT [dbo].[Message] ([Msg_id], [msg_from_user_id], [Msg_To_User_Id], [Message], [Is_Read], [Msg_Date], [Msg_Status], [Deleted_By], [IsPublic]) VALUES (N'021040459', N'U037283187', N'U836813822', N'Hello', 1, CAST(N'2018-08-23T10:35:44.297' AS DateTime), N'Send', N'NA', 0)
INSERT [dbo].[Message] ([Msg_id], [msg_from_user_id], [Msg_To_User_Id], [Message], [Is_Read], [Msg_Date], [Msg_Status], [Deleted_By], [IsPublic]) VALUES (N'022380942', N'U831603621', N'U100955369', N'koala ', 1, CAST(N'2019-01-08T21:51:15.277' AS DateTime), N'Send', N'NA', 0)
INSERT [dbo].[Message] ([Msg_id], [msg_from_user_id], [Msg_To_User_Id], [Message], [Is_Read], [Msg_Date], [Msg_Status], [Deleted_By], [IsPublic]) VALUES (N'023131357', N'U100955369', N'U831603621', N'hello', 1, CAST(N'2019-04-10T15:50:05.960' AS DateTime), N'Send', N'NA', 0)
INSERT [dbo].[Message] ([Msg_id], [msg_from_user_id], [Msg_To_User_Id], [Message], [Is_Read], [Msg_Date], [Msg_Status], [Deleted_By], [IsPublic]) VALUES (N'023793540', N'U897523176', N'U673389939', N'<img alt="😎" class="emojioneemoji" src="https://cdnjs.cloudflare.com/ajax/libs/emojione/2.2.7/assets/png/1f60e.png">', 1, CAST(N'2019-03-26T09:48:51.713' AS DateTime), N'Send', N'NA', 0)
INSERT [dbo].[Message] ([Msg_id], [msg_from_user_id], [Msg_To_User_Id], [Message], [Is_Read], [Msg_Date], [Msg_Status], [Deleted_By], [IsPublic]) VALUES (N'031055965', N'U831603621', N'U100955369', N'test ', 1, CAST(N'2019-01-24T18:02:41.690' AS DateTime), N'Send', N'NA', 0)
INSERT [dbo].[Message] ([Msg_id], [msg_from_user_id], [Msg_To_User_Id], [Message], [Is_Read], [Msg_Date], [Msg_Status], [Deleted_By], [IsPublic]) VALUES (N'031123009', N'U286157411', N'U831603621', N'1', 1, CAST(N'2018-02-07T09:19:57.230' AS DateTime), N'Send', N'NA', 0)
INSERT [dbo].[Message] ([Msg_id], [msg_from_user_id], [Msg_To_User_Id], [Message], [Is_Read], [Msg_Date], [Msg_Status], [Deleted_By], [IsPublic]) VALUES (N'032074253', N'U831603621', N'U100955369', N'd', 1, CAST(N'2018-10-15T04:59:05.023' AS DateTime), N'Send', N'NA', 0)
INSERT [dbo].[Message] ([Msg_id], [msg_from_user_id], [Msg_To_User_Id], [Message], [Is_Read], [Msg_Date], [Msg_Status], [Deleted_By], [IsPublic]) VALUES (N'033785610', N'U100955369', N'U831603621', N'<img class="emojioneemoji" alt="😍" src="https://cdnjs.cloudflare.com/ajax/libs/emojione/2.2.7/assets/png/1f60d.png">', 1, CAST(N'2019-04-11T07:34:02.367' AS DateTime), N'Send', N'NA', 0)
INSERT [dbo].[Message] ([Msg_id], [msg_from_user_id], [Msg_To_User_Id], [Message], [Is_Read], [Msg_Date], [Msg_Status], [Deleted_By], [IsPublic]) VALUES (N'035705395', N'U100955369', N'U831603621', N'hiii', 1, CAST(N'2019-01-28T07:23:46.237' AS DateTime), N'Send', N'NA', 0)
INSERT [dbo].[Message] ([Msg_id], [msg_from_user_id], [Msg_To_User_Id], [Message], [Is_Read], [Msg_Date], [Msg_Status], [Deleted_By], [IsPublic]) VALUES (N'038878154', N'U286157411', N'U831603621', N'gggggggg', 1, CAST(N'2018-02-07T10:01:45.170' AS DateTime), N'Send', N'NA', 0)
INSERT [dbo].[Message] ([Msg_id], [msg_from_user_id], [Msg_To_User_Id], [Message], [Is_Read], [Msg_Date], [Msg_Status], [Deleted_By], [IsPublic]) VALUES (N'041930046', N'U706998036', N'U673389939', N'<img style="width:100px;" alt="" src="data:image/jpeg;base64,[encoded data, 350702 characters]